62.164.177.0 - - [10/Feb/2026:07:15:04 +0000] "GET /wp-admin/ HTTP/1.1" 302 - www.kenilworthcourt.com "-" "Mozilla/5.0 (Macintosh; Intel Mac OS X 11_3_0) AppleWebKit/605.1.15 (KHTML, like Gecko) Version/14.0.3 Safari/605.1.15" "-"
62.164.177.0 - - [10/Feb/2026:07:15:05 +0000] "GET /wp-login.php?redirect_to=https%3A%2F%2Fwww.kenilworthcourt.com%2Fwp-admin%2F&reauth=1 HTTP/1.1" 503 339 kenilworthcourt.com "https://www.kenilworthcourt.com/wp-admin/" "Mozilla/5.0 (Macintosh; Intel Mac OS X 11_3_0) AppleWebKit/605.1.15 (KHTML, like Gecko) Version/14.0.3 Safari/605.1.15" "-"
62.164.177.0 - - [10/Feb/2026:07:15:06 +0000] "GET /wp-admin/ HTTP/1.1" 302 - www.kenilworthcourt.com "-" "Mozilla/5.0 (Macintosh; Intel Mac OS X 11_3_0) AppleWebKit/605.1.15 (KHTML, like Gecko) Version/14.0.3 Safari/605.1.15" "-"
62.164.177.0 - - [10/Feb/2026:07:15:06 +0000] "GET /wp-login.php?redirect_to=https%3A%2F%2Fwww.kenilworthcourt.com%2Fwp-admin%2F&reauth=1 HTTP/1.1" 503 339 kenilworthcourt.com "https://www.kenilworthcourt.com/wp-admin/" "Mozilla/5.0 (Macintosh; Intel Mac OS X 11_3_0) AppleWebKit/605.1.15 (KHTML, like Gecko) Version/14.0.3 Safari/605.1.15" "-"
62.164.177.0 - - [10/Feb/2026:07:15:06 +0000] "GET /wp-admin/ HTTP/1.1" 301 280 www.kenilworthcourt.com "-" "Mozilla/5.0 (Macintosh; Intel Mac OS X 11_3_0) AppleWebKit/605.1.15 (KHTML, like Gecko) Version/14.0.3 Safari/605.1.15" "-"
198.244.242.0 - - [10/Feb/2026:07:15:06 +0000] "GET /advantages-of-gut-inflammation-peptide-sciences-drugs HTTP/1.1" 200 29447 kenilworthcourt.com "-" "Mozilla/5.0 (compatible; AhrefsBot/7.0; +http://ahrefs.com/robot/)" "-"
62.164.177.0 - - [10/Feb/2026:07:15:06 +0000] "GET / HTTP/1.1" 301 - www.kenilworthcourt.com "http://www.kenilworthcourt.com/wp-admin/" "Mozilla/5.0 (Macintosh; Intel Mac OS X 11_3_0) AppleWebKit/605.1.15 (KHTML, like Gecko) Version/14.0.3 Safari/605.1.15" "-"
62.164.177.0 - - [10/Feb/2026:07:15:06 +0000] "GET / HTTP/1.1" 200 32153 kenilworthcourt.com "https://www.kenilworthcourt.com/" "Mozilla/5.0 (Macintosh; Intel Mac OS X 11_3_0) AppleWebKit/605.1.15 (KHTML, like Gecko) Version/14.0.3 Safari/605.1.15" "-"
62.164.177.0 - - [10/Feb/2026:07:15:08 +0000] "GET /wp-admin/ HTTP/1.1" 301 280 www.kenilworthcourt.com "-" "Mozilla/5.0 (Macintosh; Intel Mac OS X 11_3_0) AppleWebKit/605.1.15 (KHTML, like Gecko) Version/14.0.3 Safari/605.1.15" "-"
62.164.177.0 - - [10/Feb/2026:07:15:08 +0000] "GET / HTTP/1.1" 301 - www.kenilworthcourt.com "http://www.kenilworthcourt.com/wp-admin/" "Mozilla/5.0 (Macintosh; Intel Mac OS X 11_3_0) AppleWebKit/605.1.15 (KHTML, like Gecko) Version/14.0.3 Safari/605.1.15" "-"
62.164.177.0 - - [10/Feb/2026:07:15:09 +0000] "GET / HTTP/1.1" 200 32153 kenilworthcourt.com "https://www.kenilworthcourt.com/" "Mozilla/5.0 (Macintosh; Intel Mac OS X 11_3_0) AppleWebKit/605.1.15 (KHTML, like Gecko) Version/14.0.3 Safari/605.1.15" "-"
62.164.177.0 - - [10/Feb/2026:07:15:09 +0000] "GET /wp/wp-login.php HTTP/1.1" 503 339 kenilworthcourt.com "-" "Mozilla/5.0 (Macintosh; Intel Mac OS X 11_3_0) AppleWebKit/605.1.15 (KHTML, like Gecko) Version/14.0.3 Safari/605.1.15" "-"
62.164.177.0 - - [10/Feb/2026:07:15:10 +0000] "GET /wp/wp-login.php HTTP/1.1" 503 339 kenilworthcourt.com "-" "Mozilla/5.0 (Macintosh; Intel Mac OS X 11_3_0) AppleWebKit/605.1.15 (KHTML, like Gecko) Version/14.0.3 Safari/605.1.15" "-"
62.164.177.0 - - [10/Feb/2026:07:15:10 +0000] "GET /wordpress/wp-login.php HTTP/1.1" 503 339 kenilworthcourt.com "-" "Mozilla/5.0 (Macintosh; Intel Mac OS X 11_3_0) AppleWebKit/605.1.15 (KHTML, like Gecko) Version/14.0.3 Safari/605.1.15" "-"
62.164.177.0 - - [10/Feb/2026:07:15:11 +0000] "GET /wordpress/wp-login.php HTTP/1.1" 503 339 kenilworthcourt.com "-" "Mozilla/5.0 (Macintosh; Intel Mac OS X 11_3_0) AppleWebKit/605.1.15 (KHTML, like Gecko) Version/14.0.3 Safari/605.1.15" "-"
62.164.177.0 - - [10/Feb/2026:07:15:11 +0000] "GET /wp/wp-admin/ HTTP/1.1" 404 24756 kenilworthcourt.com "-" "Mozilla/5.0 (Macintosh; Intel Mac OS X 11_3_0) AppleWebKit/605.1.15 (KHTML, like Gecko) Version/14.0.3 Safari/605.1.15" "-"
62.164.177.0 - - [10/Feb/2026:07:15:12 +0000] "GET /wp/wp-admin/ HTTP/1.1" 404 24756 kenilworthcourt.com "-" "Mozilla/5.0 (Macintosh; Intel Mac OS X 11_3_0) AppleWebKit/605.1.15 (KHTML, like Gecko) Version/14.0.3 Safari/605.1.15" "-"
62.164.177.0 - - [10/Feb/2026:07:15:12 +0000] "GET /wordpress/wp-admin/ HTTP/1.1" 404 24756 kenilworthcourt.com "-" "Mozilla/5.0 (Macintosh; Intel Mac OS X 11_3_0) AppleWebKit/605.1.15 (KHTML, like Gecko) Version/14.0.3 Safari/605.1.15" "-"
3.83.76.0 - - [10/Feb/2026:07:15:13 +0000] "GET /spinny-glucksspiel-fur-jeden-nervenkitzel HTTP/1.1" 200 31655 kenilworthcourt.com "-" "TerraCotta https://github.com/CeramicTeam/CeramicTerracotta" "-"
62.164.177.0 - - [10/Feb/2026:07:15:14 +0000] "GET /wordpress/wp-admin/ HTTP/1.1" 404 24756 kenilworthcourt.com "-" "Mozilla/5.0 (Macintosh; Intel Mac OS X 11_3_0) AppleWebKit/605.1.15 (KHTML, like Gecko) Version/14.0.3 Safari/605.1.15" "-"
62.164.177.0 - - [10/Feb/2026:07:15:14 +0000] "GET /wp/wp-login.php HTTP/1.1" 503 339 kenilworthcourt.com "-" "Mozilla/5.0 (Macintosh; Intel Mac OS X 11_3_0) AppleWebKit/605.1.15 (KHTML, like Gecko) Version/14.0.3 Safari/605.1.15" "-"
62.164.177.0 - - [10/Feb/2026:07:15:15 +0000] "GET /wp/wp-login.php HTTP/1.1" 503 339 kenilworthcourt.com "-" "Mozilla/5.0 (Macintosh; Intel Mac OS X 11_3_0) AppleWebKit/605.1.15 (KHTML, like Gecko) Version/14.0.3 Safari/605.1.15" "-"
62.164.177.0 - - [10/Feb/2026:07:15:15 +0000] "GET /wordpress/wp-login.php HTTP/1.1" 503 339 kenilworthcourt.com "-" "Mozilla/5.0 (Macintosh; Intel Mac OS X 11_3_0) AppleWebKit/605.1.15 (KHTML, like Gecko) Version/14.0.3 Safari/605.1.15" "-"
62.164.177.0 - - [10/Feb/2026:07:15:16 +0000] "GET /wordpress/wp-login.php HTTP/1.1" 503 339 kenilworthcourt.com "-" "Mozilla/5.0 (Macintosh; Intel Mac OS X 11_3_0) AppleWebKit/605.1.15 (KHTML, like Gecko) Version/14.0.3 Safari/605.1.15" "-"
62.164.177.0 - - [10/Feb/2026:07:15:16 +0000] "GET /wp/wp-admin/ HTTP/1.1" 301 276 kenilworthcourt.com "-" "Mozilla/5.0 (Macintosh; Intel Mac OS X 11_3_0) AppleWebKit/605.1.15 (KHTML, like Gecko) Version/14.0.3 Safari/605.1.15" "-"
62.164.177.0 - - [10/Feb/2026:07:15:16 +0000] "GET / HTTP/1.1" 200 32153 kenilworthcourt.com "http://kenilworthcourt.com/wp/wp-admin/" "Mozilla/5.0 (Macintosh; Intel Mac OS X 11_3_0) AppleWebKit/605.1.15 (KHTML, like Gecko) Version/14.0.3 Safari/605.1.15" "-"
62.164.177.0 - - [10/Feb/2026:07:15:17 +0000] "GET /wp/wp-admin/ HTTP/1.1" 301 276 kenilworthcourt.com "-" "Mozilla/5.0 (Macintosh; Intel Mac OS X 11_3_0) AppleWebKit/605.1.15 (KHTML, like Gecko) Version/14.0.3 Safari/605.1.15" "-"
62.164.177.0 - - [10/Feb/2026:07:15:17 +0000] "GET / HTTP/1.1" 200 32153 kenilworthcourt.com "http://kenilworthcourt.com/wp/wp-admin/" "Mozilla/5.0 (Macintosh; Intel Mac OS X 11_3_0) AppleWebKit/605.1.15 (KHTML, like Gecko) Version/14.0.3 Safari/605.1.15" "-"
62.164.177.0 - - [10/Feb/2026:07:15:18 +0000] "GET /wordpress/wp-admin/ HTTP/1.1" 301 276 kenilworthcourt.com "-" "Mozilla/5.0 (Macintosh; Intel Mac OS X 11_3_0) AppleWebKit/605.1.15 (KHTML, like Gecko) Version/14.0.3 Safari/605.1.15" "-"
62.164.177.0 - - [10/Feb/2026:07:15:18 +0000] "GET / HTTP/1.1" 200 32153 kenilworthcourt.com "http://kenilworthcourt.com/wordpress/wp-admin/" "Mozilla/5.0 (Macintosh; Intel Mac OS X 11_3_0) AppleWebKit/605.1.15 (KHTML, like Gecko) Version/14.0.3 Safari/605.1.15" "-"
62.164.177.0 - - [10/Feb/2026:07:15:19 +0000] "GET /wordpress/wp-admin/ HTTP/1.1" 301 276 kenilworthcourt.com "-" "Mozilla/5.0 (Macintosh; Intel Mac OS X 11_3_0) AppleWebKit/605.1.15 (KHTML, like Gecko) Version/14.0.3 Safari/605.1.15" "-"
62.164.177.0 - - [10/Feb/2026:07:15:19 +0000] "GET / HTTP/1.1" 200 32153 kenilworthcourt.com "http://kenilworthcourt.com/wordpress/wp-admin/" "Mozilla/5.0 (Macintosh; Intel Mac OS X 11_3_0) AppleWebKit/605.1.15 (KHTML, like Gecko) Version/14.0.3 Safari/605.1.15" "-"
62.164.177.0 - - [10/Feb/2026:07:15:19 +0000] "GET /wp/wp-login.php HTTP/1.1" 503 339 www.kenilworthcourt.com "-" "Mozilla/5.0 (Macintosh; Intel Mac OS X 11_3_0) AppleWebKit/605.1.15 (KHTML, like Gecko) Version/14.0.3 Safari/605.1.15" "-"
198.244.183.0 - - [10/Feb/2026:07:15:20 +0000] "GET /category/20bet-%E7%99%BB%E9%8C%B2%E6%96%B9%E6%B3%95-142 HTTP/1.1" 200 72389 kenilworthcourt.com "-" "Mozilla/5.0 (compatible; AhrefsBot/7.0; +http://ahrefs.com/robot/)" "-"
62.164.177.0 - - [10/Feb/2026:07:15:21 +0000] "GET /wp/wp-login.php HTTP/1.1" 503 339 www.kenilworthcourt.com "-" "Mozilla/5.0 (Macintosh; Intel Mac OS X 11_3_0) AppleWebKit/605.1.15 (KHTML, like Gecko) Version/14.0.3 Safari/605.1.15" "-"
62.164.177.0 - - [10/Feb/2026:07:15:21 +0000] "GET /wordpress/wp-login.php HTTP/1.1" 503 339 www.kenilworthcourt.com "-" "Mozilla/5.0 (Macintosh; Intel Mac OS X 11_3_0) AppleWebKit/605.1.15 (KHTML, like Gecko) Version/14.0.3 Safari/605.1.15" "-"
3.83.76.0 - - [10/Feb/2026:07:15:21 +0000] "GET /chicken-road-34 HTTP/1.1" 200 35418 kenilworthcourt.com "-" "TerraCotta https://github.com/CeramicTeam/CeramicTerracotta" "-"
62.164.177.0 - - [10/Feb/2026:07:15:22 +0000] "GET /wordpress/wp-login.php HTTP/1.1" 503 339 www.kenilworthcourt.com "-" "Mozilla/5.0 (Macintosh; Intel Mac OS X 11_3_0) AppleWebKit/605.1.15 (KHTML, like Gecko) Version/14.0.3 Safari/605.1.15" "-"
62.164.177.0 - - [10/Feb/2026:07:15:22 +0000] "GET /wp/wp-admin/ HTTP/1.1" 301 - www.kenilworthcourt.com "-" "Mozilla/5.0 (Macintosh; Intel Mac OS X 11_3_0) AppleWebKit/605.1.15 (KHTML, like Gecko) Version/14.0.3 Safari/605.1.15" "-"
40.77.167.0 - - [10/Feb/2026:07:15:22 +0000] "GET /ULTIMATE%20CARBURETOR%20REBUILD%20REPAIR%20KIT%20W/PLUG%20FOR%2080-82%20CB750C%20CB750K%20CB750SC%20-%20WFxbWl5CW0ZFW1Fd HTTP/1.1" 301 - www.kenilworthcourt.com "-" "Mozilla/5.0 AppleWebKit/537.36 (KHTML, like Gecko; compatible; bingbot/2.0; +http://www.bing.com/bingbot.htm) Chrome/116.0.1938.76 Safari/537.36" "-"
62.164.177.0 - - [10/Feb/2026:07:15:22 +0000] "GET /wp/wp-admin/ HTTP/1.1" 404 24756 kenilworthcourt.com "https://www.kenilworthcourt.com/wp/wp-admin/" "Mozilla/5.0 (Macintosh; Intel Mac OS X 11_3_0) AppleWebKit/605.1.15 (KHTML, like Gecko) Version/14.0.3 Safari/605.1.15" "-"
62.164.177.0 - - [10/Feb/2026:07:15:23 +0000] "GET /wp/wp-admin/ HTTP/1.1" 301 - www.kenilworthcourt.com "-" "Mozilla/5.0 (Macintosh; Intel Mac OS X 11_3_0) AppleWebKit/605.1.15 (KHTML, like Gecko) Version/14.0.3 Safari/605.1.15" "-"
62.164.177.0 - - [10/Feb/2026:07:15:23 +0000] "GET /wp/wp-admin/ HTTP/1.1" 404 24756 kenilworthcourt.com "https://www.kenilworthcourt.com/wp/wp-admin/" "Mozilla/5.0 (Macintosh; Intel Mac OS X 11_3_0) AppleWebKit/605.1.15 (KHTML, like Gecko) Version/14.0.3 Safari/605.1.15" "-"
62.164.177.0 - - [10/Feb/2026:07:15:24 +0000] "GET /wordpress/wp-admin/ HTTP/1.1" 301 - www.kenilworthcourt.com "-" "Mozilla/5.0 (Macintosh; Intel Mac OS X 11_3_0) AppleWebKit/605.1.15 (KHTML, like Gecko) Version/14.0.3 Safari/605.1.15" "-"
62.164.177.0 - - [10/Feb/2026:07:15:24 +0000] "GET /wordpress/wp-admin/ HTTP/1.1" 404 24756 kenilworthcourt.com "https://www.kenilworthcourt.com/wordpress/wp-admin/" "Mozilla/5.0 (Macintosh; Intel Mac OS X 11_3_0) AppleWebKit/605.1.15 (KHTML, like Gecko) Version/14.0.3 Safari/605.1.15" "-"
62.164.177.0 - - [10/Feb/2026:07:15:25 +0000] "GET /wordpress/wp-admin/ HTTP/1.1" 301 - www.kenilworthcourt.com "-" "Mozilla/5.0 (Macintosh; Intel Mac OS X 11_3_0) AppleWebKit/605.1.15 (KHTML, like Gecko) Version/14.0.3 Safari/605.1.15" "-"
62.164.177.0 - - [10/Feb/2026:07:15:25 +0000] "GET /wordpress/wp-admin/ HTTP/1.1" 404 24756 kenilworthcourt.com "https://www.kenilworthcourt.com/wordpress/wp-admin/" "Mozilla/5.0 (Macintosh; Intel Mac OS X 11_3_0) AppleWebKit/605.1.15 (KHTML, like Gecko) Version/14.0.3 Safari/605.1.15" "-"
62.164.177.0 - - [10/Feb/2026:07:15:26 +0000] "GET /wordpress/wp-login.php HTTP/1.1" 503 339 www.kenilworthcourt.com "-" "Mozilla/5.0 (Macintosh; Intel Mac OS X 11_3_0) AppleWebKit/605.1.15 (KHTML, like Gecko) Version/14.0.3 Safari/605.1.15" "-"
3.83.76.0 - - [10/Feb/2026:07:15:26 +0000] "GET /category/luxury-casino-50-free-spins-881 HTTP/1.1" 200 63894 kenilworthcourt.com "-" "TerraCotta https://github.com/CeramicTeam/CeramicTerracotta" "-"
62.164.177.0 - - [10/Feb/2026:07:15:27 +0000] "GET /wordpress/wp-login.php HTTP/1.1" 503 339 www.kenilworthcourt.com "-" "Mozilla/5.0 (Macintosh; Intel Mac OS X 11_3_0) AppleWebKit/605.1.15 (KHTML, like Gecko) Version/14.0.3 Safari/605.1.15" "-"
62.164.177.0 - - [10/Feb/2026:07:15:27 +0000] "GET /wp/wp-login.php HTTP/1.1" 503 339 www.kenilworthcourt.com "-" "Mozilla/5.0 (Macintosh; Intel Mac OS X 11_3_0) AppleWebKit/605.1.15 (KHTML, like Gecko) Version/14.0.3 Safari/605.1.15" "-"
216.73.216.0 - - [10/Feb/2026:07:15:27 +0000] "GET /angeschlossen-kasino-unter-einsatz-von-handyrechnung-begleichen-inside-ihr-schweizerische-eidgenossenschaft-casino-mit-400-einzahlungsbonus-2025/feed HTTP/1.1" 200 1178 kenilworthcourt.com "-" "Mozilla/5.0 AppleWebKit/537.36 (KHTML, like Gecko; compatible; ClaudeBot/1.0; +claudebot@anthropic.com)" "-"
62.164.177.0 - - [10/Feb/2026:07:15:28 +0000] "GET /wp/wp-login.php HTTP/1.1" 503 339 www.kenilworthcourt.com "-" "Mozilla/5.0 (Macintosh; Intel Mac OS X 11_3_0) AppleWebKit/605.1.15 (KHTML, like Gecko) Version/14.0.3 Safari/605.1.15" "-"
62.164.177.0 - - [10/Feb/2026:07:15:28 +0000] "GET /wordpress/wp-admin/ HTTP/1.1" 301 280 www.kenilworthcourt.com "-" "Mozilla/5.0 (Macintosh; Intel Mac OS X 11_3_0) AppleWebKit/605.1.15 (KHTML, like Gecko) Version/14.0.3 Safari/605.1.15" "-"
62.164.177.0 - - [10/Feb/2026:07:15:28 +0000] "GET / HTTP/1.1" 301 - www.kenilworthcourt.com "http://www.kenilworthcourt.com/wordpress/wp-admin/" "Mozilla/5.0 (Macintosh; Intel Mac OS X 11_3_0) AppleWebKit/605.1.15 (KHTML, like Gecko) Version/14.0.3 Safari/605.1.15" "-"
62.164.177.0 - - [10/Feb/2026:07:15:28 +0000] "GET / HTTP/1.1" 200 32153 kenilworthcourt.com "https://www.kenilworthcourt.com/" "Mozilla/5.0 (Macintosh; Intel Mac OS X 11_3_0) AppleWebKit/605.1.15 (KHTML, like Gecko) Version/14.0.3 Safari/605.1.15" "-"
3.83.76.0 - - [10/Feb/2026:07:15:29 +0000] "GET /tag/vulkan-vegas-kasyno HTTP/1.1" 200 90754 kenilworthcourt.com "-" "TerraCotta https://github.com/CeramicTeam/CeramicTerracotta" "-"
62.164.177.0 - - [10/Feb/2026:07:15:30 +0000] "GET /wordpress/wp-admin/ HTTP/1.1" 301 280 www.kenilworthcourt.com "-" "Mozilla/5.0 (Macintosh; Intel Mac OS X 11_3_0) AppleWebKit/605.1.15 (KHTML, like Gecko) Version/14.0.3 Safari/605.1.15" "-"
62.164.177.0 - - [10/Feb/2026:07:15:30 +0000] "GET / HTTP/1.1" 301 - www.kenilworthcourt.com "http://www.kenilworthcourt.com/wordpress/wp-admin/" "Mozilla/5.0 (Macintosh; Intel Mac OS X 11_3_0) AppleWebKit/605.1.15 (KHTML, like Gecko) Version/14.0.3 Safari/605.1.15" "-"
149.5.246.0 - - [10/Feb/2026:07:15:30 +0000] "GET /wp-login.php HTTP/1.1" 200 4740 kenilworthcourt.com "-" "Mozilla/5.0 (Windows NT 10.0; Win64; x64) AppleWebKit/537.36 (KHTML, like Gecko) Chrome/130.0.0.0 Safari/537.36" "-"
62.164.177.0 - - [10/Feb/2026:07:15:30 +0000] "GET / HTTP/1.1" 200 32153 kenilworthcourt.com "https://www.kenilworthcourt.com/" "Mozilla/5.0 (Macintosh; Intel Mac OS X 11_3_0) AppleWebKit/605.1.15 (KHTML, like Gecko) Version/14.0.3 Safari/605.1.15" "-"
62.164.177.0 - - [10/Feb/2026:07:15:30 +0000] "GET /wp/wp-admin/ HTTP/1.1" 301 280 www.kenilworthcourt.com "-" "Mozilla/5.0 (Macintosh; Intel Mac OS X 11_3_0) AppleWebKit/605.1.15 (KHTML, like Gecko) Version/14.0.3 Safari/605.1.15" "-"
62.164.177.0 - - [10/Feb/2026:07:15:30 +0000] "GET / HTTP/1.1" 301 - www.kenilworthcourt.com "http://www.kenilworthcourt.com/wp/wp-admin/" "Mozilla/5.0 (Macintosh; Intel Mac OS X 11_3_0) AppleWebKit/605.1.15 (KHTML, like Gecko) Version/14.0.3 Safari/605.1.15" "-"
62.164.177.0 - - [10/Feb/2026:07:15:31 +0000] "GET / HTTP/1.1" 200 32153 kenilworthcourt.com "https://www.kenilworthcourt.com/" "Mozilla/5.0 (Macintosh; Intel Mac OS X 11_3_0) AppleWebKit/605.1.15 (KHTML, like Gecko) Version/14.0.3 Safari/605.1.15" "-"
62.164.177.0 - - [10/Feb/2026:07:15:32 +0000] "GET /wp/wp-admin/ HTTP/1.1" 301 280 www.kenilworthcourt.com "-" "Mozilla/5.0 (Macintosh; Intel Mac OS X 11_3_0) AppleWebKit/605.1.15 (KHTML, like Gecko) Version/14.0.3 Safari/605.1.15" "-"
54.38.147.0 - - [10/Feb/2026:07:15:32 +0000] "GET /tag/hellspin-3/feed HTTP/1.1" 200 59911 kenilworthcourt.com "-" "Mozilla/5.0 (compatible; AhrefsBot/7.0; +http://ahrefs.com/robot/)" "-"
62.164.177.0 - - [10/Feb/2026:07:15:32 +0000] "GET / HTTP/1.1" 301 - www.kenilworthcourt.com "http://www.kenilworthcourt.com/wp/wp-admin/" "Mozilla/5.0 (Macintosh; Intel Mac OS X 11_3_0) AppleWebKit/605.1.15 (KHTML, like Gecko) Version/14.0.3 Safari/605.1.15" "-"
62.164.177.0 - - [10/Feb/2026:07:15:33 +0000] "GET / HTTP/1.1" 200 32153 kenilworthcourt.com "https://www.kenilworthcourt.com/" "Mozilla/5.0 (Macintosh; Intel Mac OS X 11_3_0) AppleWebKit/605.1.15 (KHTML, like Gecko) Version/14.0.3 Safari/605.1.15" "-"
3.83.76.0 - - [10/Feb/2026:07:15:34 +0000] "GET /tag/0x5ae74aae HTTP/1.1" 200 26281 kenilworthcourt.com "-" "TerraCotta https://github.com/CeramicTeam/CeramicTerracotta" "-"
3.83.76.0 - - [10/Feb/2026:07:15:42 +0000] "GET /teamviewer-2025-crack-portable-lifetime-lifetime-filehippo HTTP/1.1" 200 154530 kenilworthcourt.com "-" "TerraCotta https://github.com/CeramicTeam/CeramicTerracotta" "-"
198.244.168.0 - - [10/Feb/2026:07:15:44 +0000] "GET /normal-durchgang-50-kostenlose-spins-within-fruit-shop-slot-big-fruit-shop-slotauszahlung-besorgt-keine-einzahlung HTTP/1.1" 200 39667 kenilworthcourt.com "-" "Mozilla/5.0 (compatible; AhrefsBot/7.0; +http://ahrefs.com/robot/)" "-"
3.83.76.0 - - [10/Feb/2026:07:15:45 +0000] "GET /category/20bet-casino-login-126 HTTP/1.1" 200 74030 kenilworthcourt.com "-" "TerraCotta https://github.com/CeramicTeam/CeramicTerracotta" "-"
51.195.215.0 - - [10/Feb/2026:07:15:54 +0000] "GET /liverpool-rengia-pokalbius-kad-padetu-jums-issinuomoti-turta-taigi-ar-tikrasis-madrido-uzpuolikas-bus-itrauktas-hitnspin-lietuva-premijos-i-slot-rating/feed HTTP/1.1" 200 1221 kenilworthcourt.com "-" "Mozilla/5.0 (compatible; AhrefsBot/7.0; +http://ahrefs.com/robot/)" "-"
198.244.242.0 - - [10/Feb/2026:07:16:02 +0000] "GET /kakim-obrazom-dushevnyj-nastroj-vozdejstvuet-na-interpretatsiju-dostizhenija/feed HTTP/1.1" 200 1032 kenilworthcourt.com "-" "Mozilla/5.0 (compatible; AhrefsBot/7.0; +http://ahrefs.com/robot/)" "-"
54.38.147.0 - - [10/Feb/2026:07:16:12 +0000] "GET /beste-casinobonus-finn-norske-casinobonuser-bob-the-epic-bankrover-beauty-and-the-beast-online-quest-mobil-inne-i-2025 HTTP/1.1" 200 37304 kenilworthcourt.com "-" "Mozilla/5.0 (compatible; AhrefsBot/7.0; +http://ahrefs.com/robot/)" "-"
3.83.76.0 - - [10/Feb/2026:07:16:13 +0000] "GET /droga-kurczat-w-kasynie HTTP/1.1" 200 33381 kenilworthcourt.com "-" "TerraCotta https://github.com/CeramicTeam/CeramicTerracotta" "-"
3.83.76.0 - - [10/Feb/2026:07:16:17 +0000] "GET /category/hellspin-promo-code-408 HTTP/1.1" 200 62992 kenilworthcourt.com "-" "TerraCotta https://github.com/CeramicTeam/CeramicTerracotta" "-"
198.244.168.0 - - [10/Feb/2026:07:16:24 +0000] "GET /tag/win-spark-login HTTP/1.1" 200 148431 kenilworthcourt.com "-" "Mozilla/5.0 (compatible; AhrefsBot/7.0; +http://ahrefs.com/robot/)" "-"
3.83.76.0 - - [10/Feb/2026:07:16:30 +0000] "GET /cricket-road-game-rtp-volatility-and-payout-analysis-in-india HTTP/1.1" 200 35297 kenilworthcourt.com "-" "TerraCotta https://github.com/CeramicTeam/CeramicTerracotta" "-"
72.167.150.0 - - [10/Feb/2026:07:16:32 +0000] "GET /wp-login.php HTTP/1.1" 200 4740 kenilworthcourt.com "-" "Mozilla/5.0 (Windows NT 10.0; Win64; x64) AppleWebKit/537.36 (KHTML, like Gecko) Chrome/130.0.0.0 Safari/537.36" "-"
3.83.76.0 - - [10/Feb/2026:07:16:33 +0000] "GET /category/unibet-osterreich HTTP/1.1" 200 33823 kenilworthcourt.com "-" "TerraCotta https://github.com/CeramicTeam/CeramicTerracotta" "-"
198.244.183.0 - - [10/Feb/2026:07:16:33 +0000] "GET /vasy-casino-4/feed HTTP/1.1" 200 782 kenilworthcourt.com "-" "Mozilla/5.0 (compatible; AhrefsBot/7.0; +http://ahrefs.com/robot/)" "-"
51.195.215.0 - - [10/Feb/2026:07:16:43 +0000] "GET /category/888casino-apk-126 HTTP/1.1" 200 76611 kenilworthcourt.com "-" "Mozilla/5.0 (compatible; AhrefsBot/7.0; +http://ahrefs.com/robot/)" "-"
72.167.150.0 - - [10/Feb/2026:07:16:44 +0000] "POST /wp-login.php HTTP/1.1" 200 5110 kenilworthcourt.com "https://kenilworthcourt.com/wp-login.php" "Mozilla/5.0 (Windows NT 10.0; Win64; x64) AppleWebKit/537.36 (KHTML, like Gecko) Chrome/130.0.0.0 Safari/537.36" "-"
3.83.76.0 - - [10/Feb/2026:07:16:52 +0000] "GET /category/uptown-pokies-review-137 HTTP/1.1" 200 72908 kenilworthcourt.com "-" "TerraCotta https://github.com/CeramicTeam/CeramicTerracotta" "-"
51.195.244.0 - - [10/Feb/2026:07:16:53 +0000] "GET /the-cats-slots-for-iphone-newest-position-other-sites-which-have-el-torero-fifty-free-spins-no-deposit-2025-complete-amount-weed-marijuana-development/feed HTTP/1.1" 200 1195 kenilworthcourt.com "-" "Mozilla/5.0 (compatible; AhrefsBot/7.0; +http://ahrefs.com/robot/)" "-"
216.73.216.0 - - [10/Feb/2026:07:16:54 +0000] "GET /5-effective-team-info-sought-after-to-own-casino-gladiator-2025 HTTP/1.1" 200 38005 kenilworthcourt.com "-" "Mozilla/5.0 AppleWebKit/537.36 (KHTML, like Gecko; compatible; ClaudeBot/1.0; +claudebot@anthropic.com)" "-"
3.83.76.0 - - [10/Feb/2026:07:16:56 +0000] "GET /category/betriot-no-deposit-333 HTTP/1.1" 200 66842 kenilworthcourt.com "-" "TerraCotta https://github.com/CeramicTeam/CeramicTerracotta" "-"
198.244.240.0 - - [10/Feb/2026:07:17:03 +0000] "GET /jili-slot-777-login-686 HTTP/1.1" 200 38520 kenilworthcourt.com "-" "Mozilla/5.0 (compatible; AhrefsBot/7.0; +http://ahrefs.com/robot/)" "-"
198.244.226.0 - - [10/Feb/2026:07:17:11 +0000] "GET /fortunejack-gambling-establishment-one-hundred-totally-free-revolves-no-deposit-zero-wager HTTP/1.1" 200 35840 kenilworthcourt.com "-" "Mozilla/5.0 (compatible; AhrefsBot/7.0; +http://ahrefs.com/robot/)" "-"
3.83.76.0 - - [10/Feb/2026:07:17:14 +0000] "GET /ovitoons-casino HTTP/1.1" 200 32516 kenilworthcourt.com "-" "TerraCotta https://github.com/CeramicTeam/CeramicTerracotta" "-"
198.244.183.0 - - [10/Feb/2026:07:17:20 +0000] "GET /best-on-line-poker-extra-requirements-planet-moolah-casino-in-the-usa-2025/feed HTTP/1.1" 200 967 kenilworthcourt.com "-" "Mozilla/5.0 (compatible; AhrefsBot/7.0; +http://ahrefs.com/robot/)" "-"
3.83.76.0 - - [10/Feb/2026:07:17:21 +0000] "GET /tag/playcroco-app HTTP/1.1" 200 73135 kenilworthcourt.com "-" "TerraCotta https://github.com/CeramicTeam/CeramicTerracotta" "-"
198.244.226.0 - - [10/Feb/2026:07:17:27 +0000] "GET /angeschlossen-spielbank-unter-einsatz-von-handyrechnung-begleichen-pay-by-lava-gold-spielautomat-phone-casinos HTTP/1.1" 200 35415 kenilworthcourt.com "-" "Mozilla/5.0 (compatible; AhrefsBot/7.0; +http://ahrefs.com/robot/)" "-"
3.83.76.0 - - [10/Feb/2026:07:17:29 +0000] "GET /gravira HTTP/1.1" 200 35026 kenilworthcourt.com "-" "TerraCotta https://github.com/CeramicTeam/CeramicTerracotta" "-"
85.208.98.0 - - [10/Feb/2026:07:17:31 +0000] "GET /robots.txt HTTP/1.1" 429 267 kenilworthcourt.com "-" "Mozilla/5.0 (compatible; SemrushBot-BA; +http://www.semrush.com/bot.html)" "-"
54.38.147.0 - - [10/Feb/2026:07:17:34 +0000] "GET /cashn-good-fresh-fruit-chance-243-by-the-1spin4win/feed HTTP/1.1" 200 902 kenilworthcourt.com "-" "Mozilla/5.0 (compatible; AhrefsBot/7.0; +http://ahrefs.com/robot/)" "-"
3.83.76.0 - - [10/Feb/2026:07:17:41 +0000] "GET /world-through-reading-fiction-books-art-of-taking HTTP/1.1" 200 27758 kenilworthcourt.com "-" "TerraCotta https://github.com/CeramicTeam/CeramicTerracotta" "-"
45.74.62.0 - - [10/Feb/2026:07:17:43 +0000] "POST /owa/auth.owa HTTP/1.1" 404 24756 kenilworthcourt.com "https://kenilworthcourt.com/owa/auth/logon.aspx?replaceCurrent=1&url=https%3a%2f%2fkenilworthcourt.com%2fowa%2f" "Mozilla/5.0 (Windows NT 10.0; Win64; x64) AppleWebKit/537.36 (KHTML, like Gecko) Chrome/96.0.4664.110 Safari/537.36" "-"
51.89.129.0 - - [10/Feb/2026:07:17:46 +0000] "GET /nun-wetten-gros-gewinnen/feed HTTP/1.1" 200 819 kenilworthcourt.com "-" "Mozilla/5.0 (compatible; AhrefsBot/7.0; +http://ahrefs.com/robot/)" "-"
94.103.90.0 - - [10/Feb/2026:07:17:47 +0000] "GET /adu-builders-in-sacramento-2 HTTP/1.1" 200 188952 kenilworthcourt.com "https://kenilworthcourt.com/" "Mozilla/5.0 (Linux x86_64; rv:114.0) Gecko/20100101 Firefox/114.0" "-"
94.103.90.0 - - [10/Feb/2026:07:17:51 +0000] "GET /wp-login.php?action=register HTTP/1.1" 302 - kenilworthcourt.com "https://kenilworthcourt.com/adu-builders-in-sacramento-2" "Mozilla/5.0 (Windows NT 6.3; Win64; x64) AppleWebKit/537.36 (KHTML, like Gecko) Chrome/103.0.0.0 Safari/537.36" "-"
94.103.90.0 - - [10/Feb/2026:07:17:52 +0000] "GET /wp-login.php?registration=disabled HTTP/1.1" 200 4932 kenilworthcourt.com "https://kenilworthcourt.com/wp-login.php?action=register" "Mozilla/5.0 (Windows NT 6.3; Win64; x64) AppleWebKit/537.36 (KHTML, like Gecko) Chrome/103.0.0.0 Safari/537.36" "-"
198.71.60.0 - - [10/Feb/2026:07:17:54 +0000] "GET /wp-login.php HTTP/1.1" 200 4740 kenilworthcourt.com "-" "Mozilla/5.0 (Windows NT 10.0; Win64; x64) AppleWebKit/537.36 (KHTML, like Gecko) Chrome/130.0.0.0 Safari/537.36" "-"
3.83.76.0 - - [10/Feb/2026:07:17:55 +0000] "GET /tag/bay-888-casino HTTP/1.1" 200 175742 kenilworthcourt.com "-" "TerraCotta https://github.com/CeramicTeam/CeramicTerracotta" "-"
51.195.215.0 - - [10/Feb/2026:07:17:55 +0000] "GET /huit-choy-sun-doa-casino-meilleurs-sites-de-machines-a-sous-un-peu-en-monnaie-reel-2025/feed HTTP/1.1" 200 1008 kenilworthcourt.com "-" "Mozilla/5.0 (compatible; AhrefsBot/7.0; +http://ahrefs.com/robot/)" "-"
3.83.76.0 - - [10/Feb/2026:07:18:00 +0000] "GET /category/queen777-casino-login-610 HTTP/1.1" 200 73742 kenilworthcourt.com "-" "TerraCotta https://github.com/CeramicTeam/CeramicTerracotta" "-"
3.83.76.0 - - [10/Feb/2026:07:18:03 +0000] "GET /spin-your-way-to-mythical-riches-with-age-of-the-gods-wheels-of-olympus-slot HTTP/1.1" 200 34203 kenilworthcourt.com "-" "TerraCotta https://github.com/CeramicTeam/CeramicTerracotta" "-"
198.71.60.0 - - [10/Feb/2026:07:18:06 +0000] "POST /wp-login.php HTTP/1.1" 200 5110 kenilworthcourt.com "https://kenilworthcourt.com/wp-login.php" "Mozilla/5.0 (Windows NT 10.0; Win64; x64) AppleWebKit/537.36 (KHTML, like Gecko) Chrome/130.0.0.0 Safari/537.36" "-"
198.244.240.0 - - [10/Feb/2026:07:18:08 +0000] "GET /highest-restrict-baccarat-fruits-1-deposit-studios-that-have-customized-limitations/feed HTTP/1.1" 200 995 kenilworthcourt.com "-" "Mozilla/5.0 (compatible; AhrefsBot/7.0; +http://ahrefs.com/robot/)" "-"
3.83.76.0 - - [10/Feb/2026:07:18:13 +0000] "GET /cashback-offers-getting-value-from-losses-p-in-the-competitive-world-of-online-gambling-players-are-constantly-seeking-ways-to-maximize-their-returns-and-minimize-losses-one-effective-strategy-gaining HTTP/1.1" 200 61953 kenilworthcourt.com "-" "TerraCotta https://github.com/CeramicTeam/CeramicTerracotta" "-"
51.195.183.0 - - [10/Feb/2026:07:18:17 +0000] "GET /unleash-fortune-with-gold-blitz-ultimate-slot-endless-riches-awaits-you/feed HTTP/1.1" 200 967 kenilworthcourt.com "-" "Mozilla/5.0 (compatible; AhrefsBot/7.0; +http://ahrefs.com/robot/)" "-"
3.83.76.0 - - [10/Feb/2026:07:18:20 +0000] "GET /category/spin-casino-login-778 HTTP/1.1" 200 66803 kenilworthcourt.com "-" "TerraCotta https://github.com/CeramicTeam/CeramicTerracotta" "-"
51.89.129.0 - - [10/Feb/2026:07:18:24 +0000] "GET /the-oops-legacy-continues-unchecked/feed HTTP/1.1" 200 850 kenilworthcourt.com "-" "Mozilla/5.0 (compatible; AhrefsBot/7.0; +http://ahrefs.com/robot/)" "-"
198.244.242.0 - - [10/Feb/2026:07:18:32 +0000] "GET /inter-city-express-kasino-25-ecu-maklercourtage-ohne-einzahlung-50-freispiele/feed HTTP/1.1" 200 977 kenilworthcourt.com "-" "Mozilla/5.0 (compatible; AhrefsBot/7.0; +http://ahrefs.com/robot/)" "-"
3.83.76.0 - - [10/Feb/2026:07:18:41 +0000] "GET /ms-m365-small-business-x86-lifetime-activated-github-micro-dow%f0%9d%9a%97l%f0%9d%9a%98ad-to%f0%9d%9a%9brent HTTP/1.1" 200 106761 kenilworthcourt.com "-" "TerraCotta https://github.com/CeramicTeam/CeramicTerracotta" "-"
198.244.240.0 - - [10/Feb/2026:07:18:42 +0000] "GET /10-greatest-on-line-pokies-for-real-currency-2025-30-free-spins-no-deposit-required-keep-what-you-win-nz-spin-gambling-establishment HTTP/1.1" 200 37585 kenilworthcourt.com "-" "Mozilla/5.0 (compatible; AhrefsBot/7.0; +http://ahrefs.com/robot/)" "-"
37.140.223.0 - - [10/Feb/2026:07:18:47 +0000] "POST /wp-login.php HTTP/1.1" 200 5110 kenilworthcourt.com "-" "Mozilla/5.0" "-"
37.140.223.0 - - [10/Feb/2026:07:18:48 +0000] "POST /wp-login.php HTTP/1.1" 200 5162 kenilworthcourt.com "-" "Mozilla/5.0" "-"
64.225.25.0 - - [10/Feb/2026:07:18:49 +0000] "GET /wp-login.php HTTP/1.1" 200 4740 kenilworthcourt.com "-" "Mozilla/5.0 (Windows NT 10.0; Win64; x64) AppleWebKit/537.36 (KHTML, like Gecko) Chrome/130.0.0.0 Safari/537.36" "-"
198.244.240.0 - - [10/Feb/2026:07:18:51 +0000] "GET /phlwin-app-16/feed HTTP/1.1" 200 854 kenilworthcourt.com "-" "Mozilla/5.0 (compatible; AhrefsBot/7.0; +http://ahrefs.com/robot/)" "-"
3.83.76.0 - - [10/Feb/2026:07:18:52 +0000] "GET /tag/bmw-slot-casino HTTP/1.1" 200 89273 kenilworthcourt.com "-" "TerraCotta https://github.com/CeramicTeam/CeramicTerracotta" "-"
216.73.216.0 - - [10/Feb/2026:07:18:58 +0000] "GET /?p=1557 HTTP/1.1" 301 - kenilworthcourt.com "-" "Mozilla/5.0 AppleWebKit/537.36 (KHTML, like Gecko; compatible; ClaudeBot/1.0; +claudebot@anthropic.com)" "-"
216.73.216.0 - - [10/Feb/2026:07:18:59 +0000] "GET /angeschlossen-kasino-unter-einsatz-von-handyrechnung-begleichen-inside-ihr-schweizerische-eidgenossenschaft-casino-mit-400-einzahlungsbonus-2025 HTTP/1.1" 200 39096 kenilworthcourt.com "https://kenilworthcourt.com/?p=1557" "Mozilla/5.0 AppleWebKit/537.36 (KHTML, like Gecko; compatible; ClaudeBot/1.0; +claudebot@anthropic.com)" "-"
198.244.226.0 - - [10/Feb/2026:07:19:01 +0000] "GET /f1-spielsaal-erfahrungen-2025-provision-bis-dahinter-300percent-promo-kode/feed HTTP/1.1" 200 968 kenilworthcourt.com "-" "Mozilla/5.0 (compatible; AhrefsBot/7.0; +http://ahrefs.com/robot/)" "-"
64.225.25.0 - - [10/Feb/2026:07:19:01 +0000] "POST /wp-login.php HTTP/1.1" 200 5110 kenilworthcourt.com "https://kenilworthcourt.com/wp-login.php" "Mozilla/5.0 (Windows NT 10.0; Win64; x64) AppleWebKit/537.36 (KHTML, like Gecko) Chrome/130.0.0.0 Safari/537.36" "-"
3.83.76.0 - - [10/Feb/2026:07:19:01 +0000] "GET /%d0%bf%d0%be%d1%87%d0%b5%d0%bc%d1%83-%d0%ba%d0%bb%d0%b5%d0%bd%d0%b1%d1%83%d1%82%d0%b5%d1%80%d0%be%d0%bb-%d0%bd%d0%b5-%d0%bf%d0%be%d0%b4%d1%85%d0%be%d0%b4%d0%b8%d1%82-%d0%b4%d0%bb%d1%8f-%d0%bd%d0%b0 HTTP/1.1" 200 33165 kenilworthcourt.com "-" "TerraCotta https://github.com/CeramicTeam/CeramicTerracotta" "-"
198.244.226.0 - - [10/Feb/2026:07:19:12 +0000] "GET /online-poker-sites-pro-casino-casumo-sign-up-bonus-recommendations-to-have-aug-2025/feed HTTP/1.1" 200 994 kenilworthcourt.com "-" "Mozilla/5.0 (compatible; AhrefsBot/7.0; +http://ahrefs.com/robot/)" "-"
3.83.76.0 - - [10/Feb/2026:07:19:14 +0000] "GET /como-tomar-androstenediona-1-andro-de-manera-efectiva HTTP/1.1" 200 30390 kenilworthcourt.com "-" "TerraCotta https://github.com/CeramicTeam/CeramicTerracotta" "-"
3.83.76.0 - - [10/Feb/2026:07:19:16 +0000] "GET /casino-%d0%bf%d1%92%d0%be%c2%b1%d0%be%e2%84%96%d0%bf%e2%80%a1%d0%be%d1%95%d0%be%e2%84%96%d0%be%d2%91%d0%be%e2%84%96%d0%be%c2%b1-%d0%be%d2%91%d0%bf%e2%80%b0%d0%bf%d1%93%d0%be%c2%b5%d0%be%c2%b1%d0%be HTTP/1.1" 200 28585 kenilworthcourt.com "-" "TerraCotta https://github.com/CeramicTeam/CeramicTerracotta" "-"
54.38.147.0 - - [10/Feb/2026:07:19:20 +0000] "GET /beste-angeschlossen-casinos-2025-die-top-100-testberichte/feed HTTP/1.1" 200 916 kenilworthcourt.com "-" "Mozilla/5.0 (compatible; AhrefsBot/7.0; +http://ahrefs.com/robot/)" "-"
66.249.68.0 - - [10/Feb/2026:07:19:27 +0000] "GET /beyond-the-cards-master-andar-bahar-elevate-your-winning/feed HTTP/1.1" 200 931 kenilworthcourt.com "-" "Mozilla/5.0 (Linux; Android 6.0.1; Nexus 5X Build/MMB29P) AppleWebKit/537.36 (KHTML, like Gecko) Chrome/144.0.7559.132 Mobile Safari/537.36 (compatible; Googlebot/2.1; +http://www.google.com/bot.html)" "-"
51.195.215.0 - - [10/Feb/2026:07:19:29 +0000] "GET /category/spin-casino-online-249 HTTP/1.1" 200 66925 kenilworthcourt.com "-" "Mozilla/5.0 (compatible; AhrefsBot/7.0; +http://ahrefs.com/robot/)" "-"
85.208.98.0 - - [10/Feb/2026:07:19:34 +0000] "GET /gift-shirt-k.html HTTP/1.1" 429 267 kenilworthcourt.com "-" "Mozilla/5.0 (compatible; SemrushBot-BA; +http://www.semrush.com/bot.html)" "-"
3.83.76.0 - - [10/Feb/2026:07:19:34 +0000] "GET /office-2024-x86-offline-installer-v16-90-super-lite-yts-dow%f0%9d%9a%97l%f0%9d%9a%98ad-to%f0%9d%9a%9brent HTTP/1.1" 200 106508 kenilworthcourt.com "-" "TerraCotta https://github.com/CeramicTeam/CeramicTerracotta" "-"
198.244.168.0 - - [10/Feb/2026:07:19:37 +0000] "GET /tag/0x24c2ae08/feed HTTP/1.1" 200 2039 kenilworthcourt.com "-" "Mozilla/5.0 (compatible; AhrefsBot/7.0; +http://ahrefs.com/robot/)" "-"
2a03:2880:f800:: - - [10/Feb/2026:07:19:38 +0000] "GET /kraj-drobiow-szansa-na-zaduszone-nagrody HTTP/1.1" 200 32560 kenilworthcourt.com "-" "meta-externalagent/1.1 (+https://developers.facebook.com/docs/sharing/webmasters/crawler)" "-"
51.195.183.0 - - [10/Feb/2026:07:19:46 +0000] "GET /better-a-real-income-casino-programs-mr-bet-no-deposit-bonus-code-2025-greatest-mobile-playing/feed HTTP/1.1" 200 1027 kenilworthcourt.com "-" "Mozilla/5.0 (compatible; AhrefsBot/7.0; +http://ahrefs.com/robot/)" "-"
198.244.183.0 - - [10/Feb/2026:07:19:56 +0000] "GET /book-of-ra-deluxe-en-space-wars-ranura-en-linea-internet-tratar-gratuito-acerca-de-slotjava-seria/feed HTTP/1.1" 200 1040 kenilworthcourt.com "-" "Mozilla/5.0 (compatible; AhrefsBot/7.0; +http://ahrefs.com/robot/)" "-"
3.83.76.0 - - [10/Feb/2026:07:20:01 +0000] "GET /category/128 HTTP/1.1" 200 70507 kenilworthcourt.com "-" "TerraCotta https://github.com/CeramicTeam/CeramicTerracotta" "-"
3.83.76.0 - - [10/Feb/2026:07:20:06 +0000] "GET /fruit-party-slot HTTP/1.1" 200 32301 kenilworthcourt.com "-" "TerraCotta https://github.com/CeramicTeam/CeramicTerracotta" "-"
198.244.242.0 - - [10/Feb/2026:07:20:06 +0000] "GET /hellspin-bonus-code-no-deposit-659 HTTP/1.1" 200 44629 kenilworthcourt.com "-" "Mozilla/5.0 (compatible; AhrefsBot/7.0; +http://ahrefs.com/robot/)" "-"
193.36.225.0 - - [10/Feb/2026:07:20:10 +0000] "POST /wp-login.php HTTP/1.1" 200 5110 kenilworthcourt.com "-" "Mozilla/5.0" "-"
37.140.223.0 - - [10/Feb/2026:07:20:10 +0000] "POST /wp-login.php HTTP/1.1" 200 5162 kenilworthcourt.com "-" "Mozilla/5.0" "-"
51.195.183.0 - - [10/Feb/2026:07:20:13 +0000] "GET /category/10-jili-slot-910 HTTP/1.1" 200 62873 kenilworthcourt.com "-" "Mozilla/5.0 (compatible; AhrefsBot/7.0; +http://ahrefs.com/robot/)" "-"
198.244.183.0 - - [10/Feb/2026:07:20:22 +0000] "GET /tag/hellspin-bonus-bez-depozytu HTTP/1.1" 200 92472 kenilworthcourt.com "-" "Mozilla/5.0 (compatible; AhrefsBot/7.0; +http://ahrefs.com/robot/)" "-"
125.209.235.0 - - [10/Feb/2026:07:20:29 +0000] "GET /robots.txt HTTP/1.1" 200 120 kenilworthcourt.com "-" "Mozilla/5.0 (Windows NT 10.0; Win64; x64) AppleWebKit/537.36 (KHTML, like Gecko; compatible; Yeti/1.1; +https://naver.me/spd) Chrome/140.0.0.0 Safari/537.36" "-"
51.89.129.0 - - [10/Feb/2026:07:20:30 +0000] "GET /joaca-casino-reel-kings-pacanele-online-olanda-rotiti-gratuite-ci-sedimen-take5-in-bani-reali-2025-%E7%8C%8E%E6%88%B7%E6%98%9F%E7%A9%BA%E5%BC%80%E5%8F%91%E8%80%85%E6%94%AF%E6%8C%81%E4%B8%AD%E5%BF%83 HTTP/1.1" 200 36375 kenilworthcourt.com "-" "Mozilla/5.0 (compatible; AhrefsBot/7.0; +http://ahrefs.com/robot/)" "-"
3.83.76.0 - - [10/Feb/2026:07:20:32 +0000] "GET /tag/delivery-service HTTP/1.1" 200 53679 kenilworthcourt.com "-" "TerraCotta https://github.com/CeramicTeam/CeramicTerracotta" "-"
114.111.32.0 - - [10/Feb/2026:07:20:32 +0000] "GET / HTTP/1.1" 200 32153 kenilworthcourt.com "-" "Mozilla/5.0 (Windows NT 10.0; Win64; x64) AppleWebKit/537.36 (KHTML, like Gecko; compatible; Yeti/1.1; +https://naver.me/spd) Chrome/140.0.0.0 Safari/537.36" "-"
50.62.144.0 - - [10/Feb/2026:07:20:33 +0000] "GET /wp-login.php HTTP/1.1" 200 4740 kenilworthcourt.com "-" "Mozilla/5.0 (Windows NT 10.0; Win64; x64) AppleWebKit/537.36 (KHTML, like Gecko) Chrome/130.0.0.0 Safari/537.36" "-"
114.111.32.0 - - [10/Feb/2026:07:20:33 +0000] "GET /wp-content/themes/twentythirteen/fonts/source-sans-pro-plus-bitter.css?ver=20230328 HTTP/1.1" 200 1448 kenilworthcourt.com "https://kenilworthcourt.com/" "Mozilla/5.0 (Windows NT 10.0; Win64; x64) AppleWebKit/537.36 (KHTML, like Gecko; compatible; Yeti/1.1; +https://naver.me/spd) Chrome/140.0.0.0 Safari/537.36" "-"
3.83.76.0 - - [10/Feb/2026:07:20:33 +0000] "GET /tag/nha-cai-8xbet HTTP/1.1" 200 171546 kenilworthcourt.com "-" "TerraCotta https://github.com/CeramicTeam/CeramicTerracotta" "-"
114.111.32.0 - - [10/Feb/2026:07:20:34 +0000] "GET /wp-content/themes/twentythirteen/style.css?ver=6.9.1 HTTP/1.1" 200 15170 kenilworthcourt.com "https://kenilworthcourt.com/" "Mozilla/5.0 (Windows NT 10.0; Win64; x64) AppleWebKit/537.36 (KHTML, like Gecko; compatible; Yeti/1.1; +https://naver.me/spd) Chrome/140.0.0.0 Safari/537.36" "-"
114.111.32.0 - - [10/Feb/2026:07:20:34 +0000] "GET /wp-content/themes/eins/style.css?ver=6.9.1 HTTP/1.1" 200 5426 kenilworthcourt.com "https://kenilworthcourt.com/" "Mozilla/5.0 (Windows NT 10.0; Win64; x64) AppleWebKit/537.36 (KHTML, like Gecko; compatible; Yeti/1.1; +https://naver.me/spd) Chrome/140.0.0.0 Safari/537.36" "-"
211.249.46.0 - - [10/Feb/2026:07:20:34 +0000] "GET /wp-content/themes/twentythirteen/genericons/genericons.css?ver=20251101 HTTP/1.1" 200 19647 kenilworthcourt.com "https://kenilworthcourt.com/" "Mozilla/5.0 (Windows NT 10.0; Win64; x64) AppleWebKit/537.36 (KHTML, like Gecko; compatible; Yeti/1.1; +https://naver.me/spd) Chrome/140.0.0.0 Safari/537.36" "-"
114.111.32.0 - - [10/Feb/2026:07:20:34 +0000] "GET /wp-content/themes/twentythirteen/css/blocks.css?ver=20240520 HTTP/1.1" 200 3686 kenilworthcourt.com "https://kenilworthcourt.com/" "Mozilla/5.0 (Windows NT 10.0; Win64; x64) AppleWebKit/537.36 (KHTML, like Gecko; compatible; Yeti/1.1; +https://naver.me/spd) Chrome/140.0.0.0 Safari/537.36" "-"
110.93.150.0 - - [10/Feb/2026:07:20:34 +0000] "GET /wp-content/themes/eins/style.css?ver=20251202 HTTP/1.1" 200 5426 kenilworthcourt.com "https://kenilworthcourt.com/" "Mozilla/5.0 (Windows NT 10.0; Win64; x64) AppleWebKit/537.36 (KHTML, like Gecko; compatible; Yeti/1.1; +https://naver.me/spd) Chrome/140.0.0.0 Safari/537.36" "-"
110.93.150.0 - - [10/Feb/2026:07:20:35 +0000] "GET /wp-includes/js/jquery/jquery.min.js?ver=3.7.1 HTTP/1.1" 200 35532 kenilworthcourt.com "https://kenilworthcourt.com/" "Mozilla/5.0 (Windows NT 10.0; Win64; x64) AppleWebKit/537.36 (KHTML, like Gecko; compatible; Yeti/1.1; +https://naver.me/spd) Chrome/140.0.0.0 Safari/537.36" "-"
114.111.32.0 - - [10/Feb/2026:07:20:35 +0000] "GET /wp-includes/js/jquery/jquery-migrate.min.js?ver=3.4.1 HTTP/1.1" 200 5348 kenilworthcourt.com "https://kenilworthcourt.com/" "Mozilla/5.0 (Windows NT 10.0; Win64; x64) AppleWebKit/537.36 (KHTML, like Gecko; compatible; Yeti/1.1; +https://naver.me/spd) Chrome/140.0.0.0 Safari/537.36" "-"
3.83.76.0 - - [10/Feb/2026:07:20:35 +0000] "GET /tag/queen777-login HTTP/1.1" 200 72505 kenilworthcourt.com "-" "TerraCotta https://github.com/CeramicTeam/CeramicTerracotta" "-"
114.111.32.0 - - [10/Feb/2026:07:20:36 +0000] "GET /wp-content/themes/twentythirteen/js/functions.js?ver=20250727 HTTP/1.1" 200 1723 kenilworthcourt.com "https://kenilworthcourt.com/" "Mozilla/5.0 (Windows NT 10.0; Win64; x64) AppleWebKit/537.36 (KHTML, like Gecko; compatible; Yeti/1.1; +https://naver.me/spd) Chrome/140.0.0.0 Safari/537.36" "-"
114.111.32.0 - - [10/Feb/2026:07:20:36 +0000] "GET /wp-includes/js/comment-reply.min.js?ver=6.9.1 HTTP/1.1" 200 1422 kenilworthcourt.com "https://kenilworthcourt.com/" "Mozilla/5.0 (Windows NT 10.0; Win64; x64) AppleWebKit/537.36 (KHTML, like Gecko; compatible; Yeti/1.1; +https://naver.me/spd) Chrome/140.0.0.0 Safari/537.36" "-"
3.83.76.0 - - [10/Feb/2026:07:20:36 +0000] "GET /bassbet-live-casino-slots HTTP/1.1" 200 45818 kenilworthcourt.com "-" "TerraCotta https://github.com/CeramicTeam/CeramicTerracotta" "-"
114.111.32.0 - - [10/Feb/2026:07:20:37 +0000] "GET /wp-includes/js/wp-emoji-release.min.js?ver=6.9.1 HTTP/1.1" 200 6295 kenilworthcourt.com "https://kenilworthcourt.com/" "Mozilla/5.0 (Windows NT 10.0; Win64; x64) AppleWebKit/537.36 (KHTML, like Gecko; compatible; Yeti/1.1; +https://naver.me/spd) Chrome/140.0.0.0 Safari/537.36" "-"
51.195.215.0 - - [10/Feb/2026:07:20:38 +0000] "GET /%D9%88%D8%B6%D8%B9-%D8%A5%D8%AD%D9%8A%D8%A7%D8%A1-%D8%A7%D9%84%D8%AF%D9%85-%D8%A7%D8%B3%D8%AA%D9%85%D8%AA%D8%B9-%D8%A8%D9%81%D8%AA%D8%AD%D8%A9-%D8%A5%D8%AD%D9%8A%D8%A7%D8%A1-%D8%A7%D9%84%D8%AF%D9%85/feed HTTP/1.1" 200 1252 kenilworthcourt.com "-" "Mozilla/5.0 (compatible; AhrefsBot/7.0; +http://ahrefs.com/robot/)" "-"
3.83.76.0 - - [10/Feb/2026:07:20:43 +0000] "GET /erfolgreiches-gluck-auf-der-huhnerstrase HTTP/1.1" 200 33180 kenilworthcourt.com "-" "TerraCotta https://github.com/CeramicTeam/CeramicTerracotta" "-"
50.62.144.0 - - [10/Feb/2026:07:20:45 +0000] "POST /wp-login.php HTTP/1.1" 200 5110 kenilworthcourt.com "https://kenilworthcourt.com/wp-login.php" "Mozilla/5.0 (Windows NT 10.0; Win64; x64) AppleWebKit/537.36 (KHTML, like Gecko) Chrome/130.0.0.0 Safari/537.36" "-"
51.195.215.0 - - [10/Feb/2026:07:20:49 +0000] "GET /20bet-%E8%A6%96%E8%81%B4%E6%96%B9%E6%B3%95-466 HTTP/1.1" 200 44402 kenilworthcourt.com "-" "Mozilla/5.0 (compatible; AhrefsBot/7.0; +http://ahrefs.com/robot/)" "-"
3.83.76.0 - - [10/Feb/2026:07:20:54 +0000] "GET /tag/codigo-promocional-20bet-argentina HTTP/1.1" 200 41194 kenilworthcourt.com "-" "TerraCotta https://github.com/CeramicTeam/CeramicTerracotta" "-"
3.83.76.0 - - [10/Feb/2026:07:20:59 +0000] "GET /category/slottica-kasyno-978 HTTP/1.1" 200 69324 kenilworthcourt.com "-" "TerraCotta https://github.com/CeramicTeam/CeramicTerracotta" "-"
54.38.147.0 - - [10/Feb/2026:07:21:00 +0000] "GET /20bet-promo-code-657/feed HTTP/1.1" 200 861 kenilworthcourt.com "-" "Mozilla/5.0 (compatible; AhrefsBot/7.0; +http://ahrefs.com/robot/)" "-"
3.83.76.0 - - [10/Feb/2026:07:21:05 +0000] "GET /casino-games-that-pay-real-money-overview-and-options-available-to-players HTTP/1.1" 200 33144 kenilworthcourt.com "-" "TerraCotta https://github.com/CeramicTeam/CeramicTerracotta" "-"
114.111.32.0 - - [10/Feb/2026:07:21:05 +0000] "GET /favicon.ico HTTP/1.1" 302 - kenilworthcourt.com "-" "Mozilla/5.0 (Windows NT 10.0; Win64; x64) AppleWebKit/537.36 (KHTML, like Gecko; compatible; Yeti/1.1; +https://naver.me/spd) Chrome/140.0.0.0 Safari/537.36" "-"
114.111.32.0 - - [10/Feb/2026:07:21:07 +0000] "GET /wp-includes/images/w-logo-blue-white-bg.png HTTP/1.1" 200 4119 kenilworthcourt.com "-" "Mozilla/5.0 (Windows NT 10.0; Win64; x64) AppleWebKit/537.36 (KHTML, like Gecko; compatible; Yeti/1.1; +https://naver.me/spd) Chrome/140.0.0.0 Safari/537.36" "-"
51.195.183.0 - - [10/Feb/2026:07:21:08 +0000] "GET /dragon-flame-on-line-position-during-deal-or-no-deal-slot-free-spins-the-cryptoslots-with-super-matrix/feed HTTP/1.1" 200 1051 kenilworthcourt.com "-" "Mozilla/5.0 (compatible; AhrefsBot/7.0; +http://ahrefs.com/robot/)" "-"
3.83.76.0 - - [10/Feb/2026:07:21:14 +0000] "GET /category/bizzo-casino-bonus-933 HTTP/1.1" 200 61464 kenilworthcourt.com "-" "TerraCotta https://github.com/CeramicTeam/CeramicTerracotta" "-"
54.38.147.0 - - [10/Feb/2026:07:21:17 +0000] "GET /betsafe-slots-282 HTTP/1.1" 200 38127 kenilworthcourt.com "-" "Mozilla/5.0 (compatible; AhrefsBot/7.0; +http://ahrefs.com/robot/)" "-"
3.83.76.0 - - [10/Feb/2026:07:21:17 +0000] "GET /huff-n-more-puff-slot-inhale-riches-exhale-fun HTTP/1.1" 200 33097 kenilworthcourt.com "-" "TerraCotta https://github.com/CeramicTeam/CeramicTerracotta" "-"
3.83.76.0 - - [10/Feb/2026:07:21:21 +0000] "GET /tag/playcroco-casino HTTP/1.1" 200 102679 kenilworthcourt.com "-" "TerraCotta https://github.com/CeramicTeam/CeramicTerracotta" "-"
195.85.19.0 - - [10/Feb/2026:07:21:22 +0000] "GET /wp-login.php HTTP/1.1" 200 4740 kenilworthcourt.com "-" "Mozilla/5.0 (Windows NT 10.0; Win64; x64) AppleWebKit/537.36 (KHTML, like Gecko) Chrome/130.0.0.0 Safari/537.36" "-"
198.244.226.0 - - [10/Feb/2026:07:21:25 +0000] "GET /category/hell-spin-free-spins-866 HTTP/1.1" 200 59002 kenilworthcourt.com "-" "Mozilla/5.0 (compatible; AhrefsBot/7.0; +http://ahrefs.com/robot/)" "-"
198.244.226.0 - - [10/Feb/2026:07:21:32 +0000] "GET /wanted-dead-or-a-wild-big-wins-in-wanted-dead-or-a-wild-slot/feed HTTP/1.1" 200 926 kenilworthcourt.com "-" "Mozilla/5.0 (compatible; AhrefsBot/7.0; +http://ahrefs.com/robot/)" "-"
195.85.19.0 - - [10/Feb/2026:07:21:34 +0000] "POST /wp-login.php HTTP/1.1" 200 5110 kenilworthcourt.com "https://kenilworthcourt.com/wp-login.php" "Mozilla/5.0 (Windows NT 10.0; Win64; x64) AppleWebKit/537.36 (KHTML, like Gecko) Chrome/130.0.0.0 Safari/537.36" "-"
41.72.131.0 - - [10/Feb/2026:07:21:36 +0000] "GET /wp-login.php HTTP/1.1" 200 4740 kenilworthcourt.com "-" "Mozilla/5.0 (Windows NT 10.0; Win64; x64) AppleWebKit/537.36 (KHTML, like Gecko) Chrome/130.0.0.0 Safari/537.36" "-"
54.38.147.0 - - [10/Feb/2026:07:21:40 +0000] "GET /20bet-casino-35/feed HTTP/1.1" 200 855 kenilworthcourt.com "-" "Mozilla/5.0 (compatible; AhrefsBot/7.0; +http://ahrefs.com/robot/)" "-"
47.82.11.0 - - [10/Feb/2026:07:21:41 +0000] "GET /?p=800427075 HTTP/1.1" 429 267 kenilworthcourt.com "https://kenilworthcourt.com/" "Mozilla/5.0 (Windows NT 10.0; Win64; x64) AppleWebKit/537.36 (KHTML, like Gecko) Chrome/124.0.0.0 Safari/537.36" "-"
3.83.76.0 - - [10/Feb/2026:07:21:43 +0000] "GET /a-csirkeuton-var-a-szerencse HTTP/1.1" 200 33034 kenilworthcourt.com "-" "TerraCotta https://github.com/CeramicTeam/CeramicTerracotta" "-"
3.83.76.0 - - [10/Feb/2026:07:21:44 +0000] "GET /market-trends-affecting-dragon-tiger-industry-analysis HTTP/1.1" 200 34602 kenilworthcourt.com "-" "TerraCotta https://github.com/CeramicTeam/CeramicTerracotta" "-"
3.83.76.0 - - [10/Feb/2026:07:21:47 +0000] "GET /tag/play-croco-australia HTTP/1.1" 200 69334 kenilworthcourt.com "-" "TerraCotta https://github.com/CeramicTeam/CeramicTerracotta" "-"
41.72.131.0 - - [10/Feb/2026:07:21:48 +0000] "POST /wp-login.php HTTP/1.1" 200 5110 kenilworthcourt.com "https://kenilworthcourt.com/wp-login.php" "Mozilla/5.0 (Windows NT 10.0; Win64; x64) AppleWebKit/537.36 (KHTML, like Gecko) Chrome/130.0.0.0 Safari/537.36" "-"
198.244.242.0 - - [10/Feb/2026:07:21:50 +0000] "GET /massive-gold-slot/feed HTTP/1.1" 200 796 kenilworthcourt.com "-" "Mozilla/5.0 (compatible; AhrefsBot/7.0; +http://ahrefs.com/robot/)" "-"
198.244.168.0 - - [10/Feb/2026:07:21:57 +0000] "GET /tag/slot-jackpot-monitor-jili HTTP/1.1" 200 144908 kenilworthcourt.com "-" "Mozilla/5.0 (compatible; AhrefsBot/7.0; +http://ahrefs.com/robot/)" "-"
3.83.76.0 - - [10/Feb/2026:07:21:59 +0000] "GET /microsoft-office-2025-home-student-x86-iso-image-updated-gdpr-ready-eztv-to%f0%9d%9a%9brent HTTP/1.1" 200 101582 kenilworthcourt.com "-" "TerraCotta https://github.com/CeramicTeam/CeramicTerracotta" "-"
3.83.76.0 - - [10/Feb/2026:07:22:01 +0000] "GET /tag/0xd4d32af6 HTTP/1.1" 200 26281 kenilworthcourt.com "-" "TerraCotta https://github.com/CeramicTeam/CeramicTerracotta" "-"
3.83.76.0 - - [10/Feb/2026:07:22:02 +0000] "GET /mines-game-easy-to-play-unforgettable-to-forget HTTP/1.1" 200 34291 kenilworthcourt.com "-" "TerraCotta https://github.com/CeramicTeam/CeramicTerracotta" "-"
198.244.240.0 - - [10/Feb/2026:07:22:06 +0000] "GET /kaasino-2/feed HTTP/1.1" 200 770 kenilworthcourt.com "-" "Mozilla/5.0 (compatible; AhrefsBot/7.0; +http://ahrefs.com/robot/)" "-"
3.83.76.0 - - [10/Feb/2026:07:22:09 +0000] "GET /ableton-live-portable-windows-x32x64-full-tested HTTP/1.1" 200 107757 kenilworthcourt.com "-" "TerraCotta https://github.com/CeramicTeam/CeramicTerracotta" "-"
41.72.131.0 - - [10/Feb/2026:07:22:12 +0000] "GET /wp-login.php HTTP/1.1" 200 4740 kenilworthcourt.com "-" "Mozilla/5.0 (Windows NT 10.0; Win64; x64) AppleWebKit/537.36 (KHTML, like Gecko) Chrome/130.0.0.0 Safari/537.36" "-"
198.244.240.0 - - [10/Feb/2026:07:22:13 +0000] "GET /tauchen-sie-ein-in-die-spannung-im-kingmaker-casino-in-oesterreich HTTP/1.1" 200 37828 kenilworthcourt.com "-" "Mozilla/5.0 (compatible; AhrefsBot/7.0; +http://ahrefs.com/robot/)" "-"
3.83.76.0 - - [10/Feb/2026:07:22:13 +0000] "GET /legacy-of-lost-gold-the-slot-that-turns-fun-into-fortune HTTP/1.1" 200 33428 kenilworthcourt.com "-" "TerraCotta https://github.com/CeramicTeam/CeramicTerracotta" "-"
3.83.76.0 - - [10/Feb/2026:07:22:16 +0000] "GET /understanding-very-well-slots-online-casino-games HTTP/1.1" 200 34576 kenilworthcourt.com "-" "TerraCotta https://github.com/CeramicTeam/CeramicTerracotta" "-"
198.244.183.0 - - [10/Feb/2026:07:22:21 +0000] "GET /50-mermaids-pearl-online-slot-noppes-spins-buitenshuis-betaling-jul-2025 HTTP/1.1" 200 35130 kenilworthcourt.com "-" "Mozilla/5.0 (compatible; AhrefsBot/7.0; +http://ahrefs.com/robot/)" "-"
3.83.76.0 - - [10/Feb/2026:07:22:26 +0000] "GET /nine-casino-spielen-gewinnen-wiederholen HTTP/1.1" 200 32202 kenilworthcourt.com "-" "TerraCotta https://github.com/CeramicTeam/CeramicTerracotta" "-"
51.89.129.0 - - [10/Feb/2026:07:22:28 +0000] "GET /cash-reef-trial-mayan-routine-step-one-put-by-oriental-fortune-play-the-habanero-play-the-free-ports/feed HTTP/1.1" 200 1046 kenilworthcourt.com "-" "Mozilla/5.0 (compatible; AhrefsBot/7.0; +http://ahrefs.com/robot/)" "-"
51.195.244.0 - - [10/Feb/2026:07:22:35 +0000] "GET /cashanova-from-the-microgaming-slot-review-2025-totally-free-spins-trial-gamble-today-inside-bitkingz-app-the-asia/feed HTTP/1.1" 200 1095 kenilworthcourt.com "-" "Mozilla/5.0 (compatible; AhrefsBot/7.0; +http://ahrefs.com/robot/)" "-"
193.24.211.0 - - [10/Feb/2026:07:22:42 +0000] "GET / HTTP/1.1" 200 32153 kenilworthcourt.com "-" "Mozilla/5.0 (Macintosh; Intel Mac OS X 13_5) AppleWebKit/605.1.15 (KHTML, like Gecko) Version/17.5 Safari/605.1.15" "-"
