143.198.91.0 - - [10/Feb/2026:07:05:37 +0000] "GET /adu-builders-in-sacramento-2 HTTP/1.1" 200 188952 kenilworthcourt.com "https://kenilworthcourt.com/" "Mozilla/5.0 (Windows NT 10.0; WOW64) AppleWebKit/537.36 (KHTML, like Gecko) Chrome/114.0.0.0 YaBrowser/22.7.0 Yowser/2.5 Safari/537.36" "-"
3.83.76.0 - - [10/Feb/2026:07:05:43 +0000] "GET /category/20-bet-543 HTTP/1.1" 200 66352 kenilworthcourt.com "-" "TerraCotta https://github.com/CeramicTeam/CeramicTerracotta" "-"
143.198.91.0 - - [10/Feb/2026:07:05:48 +0000] "GET /wp-login.php?action=register HTTP/1.1" 302 - kenilworthcourt.com "https://kenilworthcourt.com/adu-builders-in-sacramento-2" "Mozilla/5.0 (Windows NT 6.3; Win64; x64) AppleWebKit/537.36 (KHTML, like Gecko) Chrome/103.0.0.0 Safari/537.36" "-"
143.198.91.0 - - [10/Feb/2026:07:05:49 +0000] "GET /wp-login.php?registration=disabled HTTP/1.1" 200 4932 kenilworthcourt.com "https://kenilworthcourt.com/wp-login.php?action=register" "Mozilla/5.0 (Windows NT 6.3; Win64; x64) AppleWebKit/537.36 (KHTML, like Gecko) Chrome/103.0.0.0 Safari/537.36" "-"
3.83.76.0 - - [10/Feb/2026:07:05:51 +0000] "GET /1xbet-casino HTTP/1.1" 200 33327 kenilworthcourt.com "-" "TerraCotta https://github.com/CeramicTeam/CeramicTerracotta" "-"
198.244.168.0 - - [10/Feb/2026:07:05:51 +0000] "GET /a-knowledgeable-internet-poker-incentives-in-the-us-for-2025 HTTP/1.1" 200 34519 kenilworthcourt.com "-" "Mozilla/5.0 (compatible; AhrefsBot/7.0; +http://ahrefs.com/robot/)" "-"
3.83.76.0 - - [10/Feb/2026:07:05:52 +0000] "GET /category/hellspin-login-655 HTTP/1.1" 200 69009 kenilworthcourt.com "-" "TerraCotta https://github.com/CeramicTeam/CeramicTerracotta" "-"
3.83.76.0 - - [10/Feb/2026:07:06:03 +0000] "GET /spielbank-brandenburg-unterhaltung-und-glucksspiel-in-deutschland HTTP/1.1" 200 32639 kenilworthcourt.com "-" "TerraCotta https://github.com/CeramicTeam/CeramicTerracotta" "-"
162.241.242.0 - - [10/Feb/2026:07:06:04 +0000] "GET /wp-login.php HTTP/1.1" 200 4740 kenilworthcourt.com "-" "Mozilla/5.0 (Windows NT 10.0; Win64; x64) AppleWebKit/537.36 (KHTML, like Gecko) Chrome/130.0.0.0 Safari/537.36" "-"
3.83.76.0 - - [10/Feb/2026:07:06:04 +0000] "GET /tag/levelup-casino HTTP/1.1" 200 110450 kenilworthcourt.com "-" "TerraCotta https://github.com/CeramicTeam/CeramicTerracotta" "-"
3.83.76.0 - - [10/Feb/2026:07:06:07 +0000] "GET /tag/what-is-the-best-crypto-wallet HTTP/1.1" 200 38781 kenilworthcourt.com "-" "TerraCotta https://github.com/CeramicTeam/CeramicTerracotta" "-"
198.244.242.0 - - [10/Feb/2026:07:06:09 +0000] "GET /bizzo-casino-login-558 HTTP/1.1" 200 42592 kenilworthcourt.com "-" "Mozilla/5.0 (compatible; AhrefsBot/7.0; +http://ahrefs.com/robot/)" "-"
162.241.242.0 - - [10/Feb/2026:07:06:16 +0000] "POST /wp-login.php HTTP/1.1" 200 5110 kenilworthcourt.com "https://kenilworthcourt.com/wp-login.php" "Mozilla/5.0 (Windows NT 10.0; Win64; x64) AppleWebKit/537.36 (KHTML, like Gecko) Chrome/130.0.0.0 Safari/537.36" "-"
3.83.76.0 - - [10/Feb/2026:07:06:16 +0000] "GET /category/tadhana-slot-777-login-download-677 HTTP/1.1" 200 91431 kenilworthcourt.com "-" "TerraCotta https://github.com/CeramicTeam/CeramicTerracotta" "-"
3.83.76.0 - - [10/Feb/2026:07:06:17 +0000] "GET /spelautomatenvliegtuigspel HTTP/1.1" 200 33048 kenilworthcourt.com "-" "TerraCotta https://github.com/CeramicTeam/CeramicTerracotta" "-"
3.83.76.0 - - [10/Feb/2026:07:06:19 +0000] "GET /category/betriot-recensioni-46 HTTP/1.1" 200 73590 kenilworthcourt.com "-" "TerraCotta https://github.com/CeramicTeam/CeramicTerracotta" "-"
119.23.78.0 - - [10/Feb/2026:07:06:26 +0000] "GET /best-us-casinos-2025-greatest-casinos-on-the-internet-for-people-people HTTP/1.1" 200 37548 kenilworthcourt.com "https://kenilworthcourt.com/" "Mozilla/5.0 (Macintosh; Intel Mac OS X 12_5) AppleWebKit/605.1.15 (KHTML, like Gecko) Version/15.4 Safari/605.1.15" "-"
43.229.86.0 - - [10/Feb/2026:07:06:28 +0000] "GET /wp-login.php HTTP/1.1" 200 4740 kenilworthcourt.com "-" "Mozilla/5.0 (Windows NT 10.0; Win64; x64) AppleWebKit/537.36 (KHTML, like Gecko) Chrome/130.0.0.0 Safari/537.36" "-"
119.23.78.0 - - [10/Feb/2026:07:06:29 +0000] "GET /wp-login.php?action=register HTTP/1.1" 302 - kenilworthcourt.com "https://kenilworthcourt.com/best-us-casinos-2025-greatest-casinos-on-the-internet-for-people-people" "Mozilla/5.0 (Windows NT 6.3; Win64; x64) AppleWebKit/537.36 (KHTML, like Gecko) Chrome/103.0.0.0 Safari/537.36" "-"
119.23.78.0 - - [10/Feb/2026:07:06:30 +0000] "GET /wp-login.php?registration=disabled HTTP/1.1" 200 4932 kenilworthcourt.com "https://kenilworthcourt.com/wp-login.php?action=register" "Mozilla/5.0 (Windows NT 6.3; Win64; x64) AppleWebKit/537.36 (KHTML, like Gecko) Chrome/103.0.0.0 Safari/537.36" "-"
3.83.76.0 - - [10/Feb/2026:07:06:31 +0000] "GET /tag/playcroco-mobile-casino HTTP/1.1" 200 57632 kenilworthcourt.com "-" "TerraCotta https://github.com/CeramicTeam/CeramicTerracotta" "-"
198.244.240.0 - - [10/Feb/2026:07:06:31 +0000] "GET /20bet-promo-code-391/feed HTTP/1.1" 200 839 kenilworthcourt.com "-" "Mozilla/5.0 (compatible; AhrefsBot/7.0; +http://ahrefs.com/robot/)" "-"
43.229.86.0 - - [10/Feb/2026:07:06:40 +0000] "POST /wp-login.php HTTP/1.1" 200 5110 kenilworthcourt.com "https://kenilworthcourt.com/wp-login.php" "Mozilla/5.0 (Windows NT 10.0; Win64; x64) AppleWebKit/537.36 (KHTML, like Gecko) Chrome/130.0.0.0 Safari/537.36" "-"
198.244.240.0 - - [10/Feb/2026:07:06:51 +0000] "GET /play-online-roulette-for-real-money-roulette-websites-2025 HTTP/1.1" 200 34061 kenilworthcourt.com "-" "Mozilla/5.0 (compatible; AhrefsBot/7.0; +http://ahrefs.com/robot/)" "-"
85.208.98.0 - - [10/Feb/2026:07:06:52 +0000] "GET /tipi-di-pantaloni-donna-k.html HTTP/1.1" 429 267 kenilworthcourt.com "-" "Mozilla/5.0 (compatible; SemrushBot-BA; +http://www.semrush.com/bot.html)" "-"
3.83.76.0 - - [10/Feb/2026:07:06:57 +0000] "GET /play-real-time-dealer-games-online-at-sloterras-casino-in-united-kingdom HTTP/1.1" 200 38846 kenilworthcourt.com "-" "TerraCotta https://github.com/CeramicTeam/CeramicTerracotta" "-"
3.83.76.0 - - [10/Feb/2026:07:07:04 +0000] "GET /tag/lucky-cola-casino HTTP/1.1" 200 56666 kenilworthcourt.com "-" "TerraCotta https://github.com/CeramicTeam/CeramicTerracotta" "-"
51.195.244.0 - - [10/Feb/2026:07:07:05 +0000] "GET /drive-multiplier-mayhem-slot-bei-netent-qua-slot-book-of-gold-2-double-hit-echtgeld-online-zum-besten-geben/feed HTTP/1.1" 200 1067 kenilworthcourt.com "-" "Mozilla/5.0 (compatible; AhrefsBot/7.0; +http://ahrefs.com/robot/)" "-"
85.208.98.0 - - [10/Feb/2026:07:07:10 +0000] "GET /nomi-modelli-pantaloni-k.html HTTP/1.1" 429 267 kenilworthcourt.com "-" "Mozilla/5.0 (compatible; SemrushBot-BA; +http://www.semrush.com/bot.html)" "-"
131.72.236.0 - - [10/Feb/2026:07:07:13 +0000] "GET /wp-login.php HTTP/1.1" 200 4740 kenilworthcourt.com "-" "Mozilla/5.0 (Windows NT 10.0; Win64; x64) AppleWebKit/537.36 (KHTML, like Gecko) Chrome/130.0.0.0 Safari/537.36" "-"
85.208.98.0 - - [10/Feb/2026:07:07:20 +0000] "GET /siti-comprare-vestiti-k.html HTTP/1.1" 429 267 kenilworthcourt.com "-" "Mozilla/5.0 (compatible; SemrushBot-BA; +http://www.semrush.com/bot.html)" "-"
198.244.242.0 - - [10/Feb/2026:07:07:20 +0000] "GET /olympe-casino-5/feed HTTP/1.1" 200 788 kenilworthcourt.com "-" "Mozilla/5.0 (compatible; AhrefsBot/7.0; +http://ahrefs.com/robot/)" "-"
131.72.236.0 - - [10/Feb/2026:07:07:25 +0000] "POST /wp-login.php HTTP/1.1" 200 5110 kenilworthcourt.com "https://kenilworthcourt.com/wp-login.php" "Mozilla/5.0 (Windows NT 10.0; Win64; x64) AppleWebKit/537.36 (KHTML, like Gecko) Chrome/130.0.0.0 Safari/537.36" "-"
51.195.183.0 - - [10/Feb/2026:07:07:33 +0000] "GET /glucksspielangebote-bei-der-spielbank-baden-baden-in-deutschland-erortert/feed HTTP/1.1" 200 967 kenilworthcourt.com "-" "Mozilla/5.0 (compatible; AhrefsBot/7.0; +http://ahrefs.com/robot/)" "-"
109.123.255.0 - - [10/Feb/2026:07:07:44 +0000] "GET /wp-login.php HTTP/1.1" 200 4740 kenilworthcourt.com "-" "Mozilla/5.0 (Windows NT 10.0; Win64; x64) AppleWebKit/537.36 (KHTML, like Gecko) Chrome/130.0.0.0 Safari/537.36" "-"
51.195.244.0 - - [10/Feb/2026:07:07:48 +0000] "GET /luckyhunter-erfahrungen-2025-berechnung-probe-qua-ramses-2-slotspiel-fur-echtes-spielen-sie-enchanted-cleopatra-slot-online-ohne-download-bares-maklercourtage/feed HTTP/1.1" 200 1227 kenilworthcourt.com "-" "Mozilla/5.0 (compatible; AhrefsBot/7.0; +http://ahrefs.com/robot/)" "-"
85.208.98.0 - - [10/Feb/2026:07:07:53 +0000] "GET /vestitini-estivi-2016-k.html HTTP/1.1" 429 267 kenilworthcourt.com "-" "Mozilla/5.0 (compatible; SemrushBot-BA; +http://www.semrush.com/bot.html)" "-"
109.123.255.0 - - [10/Feb/2026:07:07:56 +0000] "POST /wp-login.php HTTP/1.1" 200 5110 kenilworthcourt.com "https://kenilworthcourt.com/wp-login.php" "Mozilla/5.0 (Windows NT 10.0; Win64; x64) AppleWebKit/537.36 (KHTML, like Gecko) Chrome/130.0.0.0 Safari/537.36" "-"
3.83.76.0 - - [10/Feb/2026:07:07:56 +0000] "GET /verkennen-van-de-eindeloze-entertainment-van-b7-ca HTTP/1.1" 200 36037 kenilworthcourt.com "-" "TerraCotta https://github.com/CeramicTeam/CeramicTerracotta" "-"
3.83.76.0 - - [10/Feb/2026:07:07:58 +0000] "GET /vasy-casino HTTP/1.1" 200 34708 kenilworthcourt.com "-" "TerraCotta https://github.com/CeramicTeam/CeramicTerracotta" "-"
3.83.76.0 - - [10/Feb/2026:07:08:01 +0000] "GET /e-sicuro-e-protetto-per-i-giocatori-nei-grandi-casino-in-italia HTTP/1.1" 200 41728 kenilworthcourt.com "-" "TerraCotta https://github.com/CeramicTeam/CeramicTerracotta" "-"
198.244.242.0 - - [10/Feb/2026:07:08:02 +0000] "GET /link-vao-188bet-573 HTTP/1.1" 200 40638 kenilworthcourt.com "-" "Mozilla/5.0 (compatible; AhrefsBot/7.0; +http://ahrefs.com/robot/)" "-"
45.138.68.0 - - [10/Feb/2026:07:08:09 +0000] "GET /wp-login.php HTTP/1.1" 200 4740 kenilworthcourt.com "-" "Mozilla/5.0 (Windows NT 10.0; Win64; x64) AppleWebKit/537.36 (KHTML, like Gecko) Chrome/130.0.0.0 Safari/537.36" "-"
3.83.76.0 - - [10/Feb/2026:07:08:10 +0000] "GET /kak-chuvstvo-shansa-sozdaet-epizod-osobennym HTTP/1.1" 200 46513 kenilworthcourt.com "-" "TerraCotta https://github.com/CeramicTeam/CeramicTerracotta" "-"
3.83.76.0 - - [10/Feb/2026:07:08:11 +0000] "GET /fourier-tressen-svarta-fot-av-lyxets-prastformaga HTTP/1.1" 200 34892 kenilworthcourt.com "-" "TerraCotta https://github.com/CeramicTeam/CeramicTerracotta" "-"
85.208.98.0 - - [10/Feb/2026:07:08:12 +0000] "GET /camicia-uomo-cerimonia-k.html HTTP/1.1" 429 267 kenilworthcourt.com "-" "Mozilla/5.0 (compatible; SemrushBot-BA; +http://www.semrush.com/bot.html)" "-"
3.83.76.0 - - [10/Feb/2026:07:08:14 +0000] "GET /pokies-lounge-casino-2 HTTP/1.1" 200 35445 kenilworthcourt.com "-" "TerraCotta https://github.com/CeramicTeam/CeramicTerracotta" "-"
3.83.76.0 - - [10/Feb/2026:07:08:18 +0000] "GET /category/fb777-slots-259 HTTP/1.1" 200 69089 kenilworthcourt.com "-" "TerraCotta https://github.com/CeramicTeam/CeramicTerracotta" "-"
198.244.183.0 - - [10/Feb/2026:07:08:21 +0000] "GET /las-mejores-juegos-sobre-estrategia-de-de-2025 HTTP/1.1" 200 46404 kenilworthcourt.com "-" "Mozilla/5.0 (compatible; AhrefsBot/7.0; +http://ahrefs.com/robot/)" "-"
45.138.68.0 - - [10/Feb/2026:07:08:21 +0000] "POST /wp-login.php HTTP/1.1" 200 5110 kenilworthcourt.com "https://kenilworthcourt.com/wp-login.php" "Mozilla/5.0 (Windows NT 10.0; Win64; x64) AppleWebKit/537.36 (KHTML, like Gecko) Chrome/130.0.0.0 Safari/537.36" "-"
3.83.76.0 - - [10/Feb/2026:07:08:26 +0000] "GET /the-thrill-of-unpredictable-wins-on-hot-and-cold-slots HTTP/1.1" 200 33323 kenilworthcourt.com "-" "TerraCotta https://github.com/CeramicTeam/CeramicTerracotta" "-"
3.83.76.0 - - [10/Feb/2026:07:08:29 +0000] "GET /category/188bet-hiphop-225 HTTP/1.1" 200 63228 kenilworthcourt.com "-" "TerraCotta https://github.com/CeramicTeam/CeramicTerracotta" "-"
198.244.240.0 - - [10/Feb/2026:07:08:35 +0000] "GET /examining-qualified-black-colored-jack-specialist-show-reduced-restrict-on-the-internet-a-real-income-added-bonus-offers-conditions-sportserve/feed HTTP/1.1" 200 1180 kenilworthcourt.com "-" "Mozilla/5.0 (compatible; AhrefsBot/7.0; +http://ahrefs.com/robot/)" "-"
3.83.76.0 - - [10/Feb/2026:07:08:39 +0000] "GET /tag/20bet-bono-sin-deposito HTTP/1.1" 200 92146 kenilworthcourt.com "-" "TerraCotta https://github.com/CeramicTeam/CeramicTerracotta" "-"
85.208.98.0 - - [10/Feb/2026:07:08:47 +0000] "GET /bracciale-antinausea-p6-k.html HTTP/1.1" 429 267 kenilworthcourt.com "-" "Mozilla/5.0 (compatible; SemrushBot-BA; +http://www.semrush.com/bot.html)" "-"
3.83.76.0 - - [10/Feb/2026:07:08:47 +0000] "GET /ultimate-gaming-adventure-at-lucky-hills-casino-in-uk HTTP/1.1" 200 39922 kenilworthcourt.com "-" "TerraCotta https://github.com/CeramicTeam/CeramicTerracotta" "-"
54.38.147.0 - - [10/Feb/2026:07:08:49 +0000] "GET /slots-codigo-de-publicidad-de-el-casino-mybet-eyes-precios-trabajos-asi-igual-que-opiniones/feed HTTP/1.1" 200 1024 kenilworthcourt.com "-" "Mozilla/5.0 (compatible; AhrefsBot/7.0; +http://ahrefs.com/robot/)" "-"
3.83.76.0 - - [10/Feb/2026:07:09:01 +0000] "GET /fischen-mit-gluck-bei-dem-beliebten-automatenspiel-fishin-frenzy-slot HTTP/1.1" 200 33118 kenilworthcourt.com "-" "TerraCotta https://github.com/CeramicTeam/CeramicTerracotta" "-"
198.244.240.0 - - [10/Feb/2026:07:09:01 +0000] "GET /double-multiple-evolution-slots-online-chance-slot-gamble-on-line-100-percent-free HTTP/1.1" 200 36350 kenilworthcourt.com "-" "Mozilla/5.0 (compatible; AhrefsBot/7.0; +http://ahrefs.com/robot/)" "-"
85.208.98.0 - - [10/Feb/2026:07:09:06 +0000] "GET /scarpe-eleganti-donne-2016-k.html HTTP/1.1" 429 267 kenilworthcourt.com "-" "Mozilla/5.0 (compatible; SemrushBot-BA; +http://www.semrush.com/bot.html)" "-"
3.83.76.0 - - [10/Feb/2026:07:09:11 +0000] "GET /category/8xbet-download-787 HTTP/1.1" 200 63547 kenilworthcourt.com "-" "TerraCotta https://github.com/CeramicTeam/CeramicTerracotta" "-"
3.83.76.0 - - [10/Feb/2026:07:09:14 +0000] "GET /category/hell-spin-no-deposit-bonus-898 HTTP/1.1" 200 66019 kenilworthcourt.com "-" "TerraCotta https://github.com/CeramicTeam/CeramicTerracotta" "-"
198.244.242.0 - - [10/Feb/2026:07:09:17 +0000] "GET /tag/fb777-login/page/2 HTTP/1.1" 200 68268 kenilworthcourt.com "-" "Mozilla/5.0 (compatible; AhrefsBot/7.0; +http://ahrefs.com/robot/)" "-"
3.83.76.0 - - [10/Feb/2026:07:09:20 +0000] "GET /royal-coins-2-hold-and-win-slot HTTP/1.1" 200 34083 kenilworthcourt.com "-" "TerraCotta https://github.com/CeramicTeam/CeramicTerracotta" "-"
3.83.76.0 - - [10/Feb/2026:07:09:24 +0000] "GET /winning-streaks-in-hot-and-cold-slots HTTP/1.1" 200 34363 kenilworthcourt.com "-" "TerraCotta https://github.com/CeramicTeam/CeramicTerracotta" "-"
3.83.76.0 - - [10/Feb/2026:07:09:25 +0000] "GET /jackpoty-casino-offers-variety-of-slot-games-and-bonuses HTTP/1.1" 200 37637 kenilworthcourt.com "-" "TerraCotta https://github.com/CeramicTeam/CeramicTerracotta" "-"
37.120.233.0 - - [10/Feb/2026:07:09:29 +0000] "GET /wp-admin/ HTTP/1.1" 302 - kenilworthcourt.com "-" "Mozilla/5.0 (Macintosh; Intel Mac OS X 10_15_7) AppleWebKit/537.36 (KHTML, like Gecko) Chrome/144.0.0.0 Safari/537.36" "-"
37.120.233.0 - - [10/Feb/2026:07:09:30 +0000] "GET /wp-login.php?redirect_to=https%3A%2F%2Fkenilworthcourt.com%2Fwp-admin%2F&reauth=1 HTTP/1.1" 200 4740 kenilworthcourt.com "https://kenilworthcourt.com/wp-admin/" "Mozilla/5.0 (Macintosh; Intel Mac OS X 10_15_7) AppleWebKit/537.36 (KHTML, like Gecko) Chrome/144.0.0.0 Safari/537.36" "-"
37.120.233.0 - - [10/Feb/2026:07:09:30 +0000] "POST /wp-login.php HTTP/1.1" 200 5572 kenilworthcourt.com "https://kenilworthcourt.com/wp-admin/" "Mozilla/5.0 (Macintosh; Intel Mac OS X 10_15_7) AppleWebKit/537.36 (KHTML, like Gecko) Chrome/144.0.0.0 Safari/537.36" "-"
198.244.242.0 - - [10/Feb/2026:07:09:32 +0000] "GET /honest-betsafe-gambling-establishment-opinion-100-added-bonus-and-150-online-casino-no-deposit-bonus-10-free-spins-100-percent-free-revolves/feed HTTP/1.1" 200 1165 kenilworthcourt.com "-" "Mozilla/5.0 (compatible; AhrefsBot/7.0; +http://ahrefs.com/robot/)" "-"
3.83.76.0 - - [10/Feb/2026:07:09:33 +0000] "GET /tag/zodiac-casino-connexion HTTP/1.1" 200 47434 kenilworthcourt.com "-" "TerraCotta https://github.com/CeramicTeam/CeramicTerracotta" "-"
142.93.120.0 - - [10/Feb/2026:07:09:36 +0000] "GET /wp-login.php HTTP/1.1" 200 4740 kenilworthcourt.com "-" "Mozilla/5.0 (Windows NT 10.0; Win64; x64) AppleWebKit/537.36 (KHTML, like Gecko) Chrome/130.0.0.0 Safari/537.36" "-"
3.83.76.0 - - [10/Feb/2026:07:09:37 +0000] "GET /winolympia HTTP/1.1" 200 33829 kenilworthcourt.com "-" "TerraCotta https://github.com/CeramicTeam/CeramicTerracotta" "-"
3.83.76.0 - - [10/Feb/2026:07:09:40 +0000] "GET /lamabet-online-casino-review-and-analysis HTTP/1.1" 200 37378 kenilworthcourt.com "-" "TerraCotta https://github.com/CeramicTeam/CeramicTerracotta" "-"
51.195.244.0 - - [10/Feb/2026:07:09:47 +0000] "GET /auffuhren-eltern-den-spielautomaten-the-money-game-online-slot-twin-spin/feed HTTP/1.1" 200 963 kenilworthcourt.com "-" "Mozilla/5.0 (compatible; AhrefsBot/7.0; +http://ahrefs.com/robot/)" "-"
142.93.120.0 - - [10/Feb/2026:07:09:48 +0000] "POST /wp-login.php HTTP/1.1" 200 5110 kenilworthcourt.com "https://kenilworthcourt.com/wp-login.php" "Mozilla/5.0 (Windows NT 10.0; Win64; x64) AppleWebKit/537.36 (KHTML, like Gecko) Chrome/130.0.0.0 Safari/537.36" "-"
85.208.98.0 - - [10/Feb/2026:07:09:50 +0000] "GET /pantaloni-al-polpaccio-donna-k.html HTTP/1.1" 429 267 kenilworthcourt.com "-" "Mozilla/5.0 (compatible; SemrushBot-BA; +http://www.semrush.com/bot.html)" "-"
198.244.168.0 - - [10/Feb/2026:07:09:59 +0000] "GET /beste-50-kostenlose-spins-hot-scatter-online-slot-in-tres-amigos-keine-einzahlung-novoline-spiele-comercio-digital-prefeitura-de-valenca HTTP/1.1" 200 38561 kenilworthcourt.com "-" "Mozilla/5.0 (compatible; AhrefsBot/7.0; +http://ahrefs.com/robot/)" "-"
85.208.98.0 - - [10/Feb/2026:07:10:00 +0000] "GET /camicie-formali-uomo-k.html HTTP/1.1" 429 267 kenilworthcourt.com "-" "Mozilla/5.0 (compatible; SemrushBot-BA; +http://www.semrush.com/bot.html)" "-"
195.85.19.0 - - [10/Feb/2026:07:10:00 +0000] "GET /wp-login.php HTTP/1.1" 200 4740 kenilworthcourt.com "-" "Mozilla/5.0 (Windows NT 10.0; Win64; x64) AppleWebKit/537.36 (KHTML, like Gecko) Chrome/130.0.0.0 Safari/537.36" "-"
3.83.76.0 - - [10/Feb/2026:07:10:05 +0000] "GET /optimalisatie-van-bodybuilding-waar-steroiden-kopen-en-veilig-gebruik HTTP/1.1" 200 29857 kenilworthcourt.com "-" "TerraCotta https://github.com/CeramicTeam/CeramicTerracotta" "-"
85.208.98.0 - - [10/Feb/2026:07:10:06 +0000] "GET /robots.txt HTTP/1.1" 429 267 kenilworthcourt.com "-" "Mozilla/5.0 (compatible; SemrushBot-BA; +http://www.semrush.com/bot.html)" "-"
85.208.98.0 - - [10/Feb/2026:07:10:11 +0000] "GET /camicie-strette-uomo-k.html HTTP/1.1" 429 267 kenilworthcourt.com "-" "Mozilla/5.0 (compatible; SemrushBot-BA; +http://www.semrush.com/bot.html)" "-"
51.195.215.0 - - [10/Feb/2026:07:10:11 +0000] "GET /category/spin-away-casino-327/feed HTTP/1.1" 200 33603 kenilworthcourt.com "-" "Mozilla/5.0 (compatible; AhrefsBot/7.0; +http://ahrefs.com/robot/)" "-"
3.83.76.0 - - [10/Feb/2026:07:10:12 +0000] "GET /category/188bet-vui-853 HTTP/1.1" 200 54348 kenilworthcourt.com "-" "TerraCotta https://github.com/CeramicTeam/CeramicTerracotta" "-"
195.85.19.0 - - [10/Feb/2026:07:10:12 +0000] "POST /wp-login.php HTTP/1.1" 200 5572 kenilworthcourt.com "https://kenilworthcourt.com/wp-login.php" "Mozilla/5.0 (Windows NT 10.0; Win64; x64) AppleWebKit/537.36 (KHTML, like Gecko) Chrome/130.0.0.0 Safari/537.36" "-"
3.83.76.0 - - [10/Feb/2026:07:10:20 +0000] "GET /cazimbo-casino-warum-es-bei-realen-spielern-global-auch-in-deutschland-so-geschaetzt-ist HTTP/1.1" 200 41218 kenilworthcourt.com "-" "TerraCotta https://github.com/CeramicTeam/CeramicTerracotta" "-"
85.208.98.0 - - [10/Feb/2026:07:10:21 +0000] "GET /scarpe-moda-2016-ragazza-k.html HTTP/1.1" 429 267 kenilworthcourt.com "-" "Mozilla/5.0 (compatible; SemrushBot-BA; +http://www.semrush.com/bot.html)" "-"
3.83.76.0 - - [10/Feb/2026:07:10:23 +0000] "GET /category/tadhana-slot-777-login-477 HTTP/1.1" 200 71544 kenilworthcourt.com "-" "TerraCotta https://github.com/CeramicTeam/CeramicTerracotta" "-"
198.244.168.0 - - [10/Feb/2026:07:10:24 +0000] "GET /2025-kentucky-girls-all-the-a-antique-ky-women-basketball-high-school HTTP/1.1" 200 35173 kenilworthcourt.com "-" "Mozilla/5.0 (compatible; AhrefsBot/7.0; +http://ahrefs.com/robot/)" "-"
85.208.98.0 - - [10/Feb/2026:07:10:29 +0000] "GET /pantaloni-modelli-k.html HTTP/1.1" 429 267 kenilworthcourt.com "-" "Mozilla/5.0 (compatible; SemrushBot-BA; +http://www.semrush.com/bot.html)" "-"
51.195.183.0 - - [10/Feb/2026:07:10:39 +0000] "GET /category/hellspin-casino-647/feed HTTP/1.1" 200 41698 kenilworthcourt.com "-" "Mozilla/5.0 (compatible; AhrefsBot/7.0; +http://ahrefs.com/robot/)" "-"
85.208.98.0 - - [10/Feb/2026:07:10:41 +0000] "GET /abbigliamento-uomo-camicia-k.html HTTP/1.1" 429 267 kenilworthcourt.com "-" "Mozilla/5.0 (compatible; SemrushBot-BA; +http://www.semrush.com/bot.html)" "-"
85.208.98.0 - - [10/Feb/2026:07:10:41 +0000] "GET /camicia-uomo-collo-rotondo-k.html HTTP/1.1" 429 267 kenilworthcourt.com "-" "Mozilla/5.0 (compatible; SemrushBot-BA; +http://www.semrush.com/bot.html)" "-"
85.208.98.0 - - [10/Feb/2026:07:10:41 +0000] "GET /scarpe-nere-per-ragazza-k.html HTTP/1.1" 429 267 kenilworthcourt.com "-" "Mozilla/5.0 (compatible; SemrushBot-BA; +http://www.semrush.com/bot.html)" "-"
85.208.98.0 - - [10/Feb/2026:07:10:49 +0000] "GET /teal-blue-polo-shirts-for-mens-k.html HTTP/1.1" 429 267 kenilworthcourt.com "-" "Mozilla/5.0 (compatible; SemrushBot-BA; +http://www.semrush.com/bot.html)" "-"
85.208.98.0 - - [10/Feb/2026:07:10:49 +0000] "GET /scarpe-elegante-2016-k.html HTTP/1.1" 429 267 kenilworthcourt.com "-" "Mozilla/5.0 (compatible; SemrushBot-BA; +http://www.semrush.com/bot.html)" "-"
85.208.98.0 - - [10/Feb/2026:07:10:49 +0000] "GET /cravatte-di-trump-k.html HTTP/1.1" 429 267 kenilworthcourt.com "-" "Mozilla/5.0 (compatible; SemrushBot-BA; +http://www.semrush.com/bot.html)" "-"
3.83.76.0 - - [10/Feb/2026:07:10:54 +0000] "GET /category/asia-12play-516 HTTP/1.1" 200 78026 kenilworthcourt.com "-" "TerraCotta https://github.com/CeramicTeam/CeramicTerracotta" "-"
51.195.215.0 - - [10/Feb/2026:07:10:55 +0000] "GET /five-gamble-video-poker-how-to-play-method-casino-wunderino-app-information/feed HTTP/1.1" 200 970 kenilworthcourt.com "-" "Mozilla/5.0 (compatible; AhrefsBot/7.0; +http://ahrefs.com/robot/)" "-"
85.208.98.0 - - [10/Feb/2026:07:11:01 +0000] "GET /cravatte-rosse-milano-k.html HTTP/1.1" 429 267 kenilworthcourt.com "-" "Mozilla/5.0 (compatible; SemrushBot-BA; +http://www.semrush.com/bot.html)" "-"
85.208.98.0 - - [10/Feb/2026:07:11:01 +0000] "GET /mercati-finanziari-oggi-k.html HTTP/1.1" 429 267 kenilworthcourt.com "-" "Mozilla/5.0 (compatible; SemrushBot-BA; +http://www.semrush.com/bot.html)" "-"
85.208.98.0 - - [10/Feb/2026:07:11:01 +0000] "GET /mascherine-stefano-bossi-k.html HTTP/1.1" 429 267 kenilworthcourt.com "-" "Mozilla/5.0 (compatible; SemrushBot-BA; +http://www.semrush.com/bot.html)" "-"
3.83.76.0 - - [10/Feb/2026:07:11:07 +0000] "GET /bonuses HTTP/1.1" 200 31860 kenilworthcourt.com "-" "TerraCotta https://github.com/CeramicTeam/CeramicTerracotta" "-"
51.195.215.0 - - [10/Feb/2026:07:11:12 +0000] "GET /category/fb777-pro-login-207 HTTP/1.1" 200 76507 kenilworthcourt.com "-" "Mozilla/5.0 (compatible; AhrefsBot/7.0; +http://ahrefs.com/robot/)" "-"
85.208.98.0 - - [10/Feb/2026:07:11:15 +0000] "GET /mascherine-antismog-veneto-k.html HTTP/1.1" 429 267 kenilworthcourt.com "-" "Mozilla/5.0 (compatible; SemrushBot-BA; +http://www.semrush.com/bot.html)" "-"
85.208.98.0 - - [10/Feb/2026:07:11:15 +0000] "GET /cravatte-donald-trump-k.html HTTP/1.1" 429 267 kenilworthcourt.com "-" "Mozilla/5.0 (compatible; SemrushBot-BA; +http://www.semrush.com/bot.html)" "-"
85.208.98.0 - - [10/Feb/2026:07:11:15 +0000] "GET /consigli-marche-cravatte-k.html HTTP/1.1" 429 267 kenilworthcourt.com "-" "Mozilla/5.0 (compatible; SemrushBot-BA; +http://www.semrush.com/bot.html)" "-"
198.244.240.0 - - [10/Feb/2026:07:11:26 +0000] "GET /energy-casino-772 HTTP/1.1" 200 39085 kenilworthcourt.com "-" "Mozilla/5.0 (compatible; AhrefsBot/7.0; +http://ahrefs.com/robot/)" "-"
180.149.197.0 - - [10/Feb/2026:07:11:33 +0000] "GET /wp-login.php HTTP/1.1" 200 4740 kenilworthcourt.com "-" "Mozilla/5.0 (Windows NT 10.0; Win64; x64) AppleWebKit/537.36 (KHTML, like Gecko) Chrome/130.0.0.0 Safari/537.36" "-"
3.83.76.0 - - [10/Feb/2026:07:11:34 +0000] "GET /category/hellspin-australia-104 HTTP/1.1" 200 70700 kenilworthcourt.com "-" "TerraCotta https://github.com/CeramicTeam/CeramicTerracotta" "-"
3.83.76.0 - - [10/Feb/2026:07:11:36 +0000] "GET /tag/0x4370b130 HTTP/1.1" 200 26282 kenilworthcourt.com "-" "TerraCotta https://github.com/CeramicTeam/CeramicTerracotta" "-"
3.83.76.0 - - [10/Feb/2026:07:11:38 +0000] "GET /microsoft-office-ltsc-x64-volume-licensed-gaming-edition-to%f0%9d%9a%9brent-dow%f0%9d%9a%97l%f0%9d%9a%98ad HTTP/1.1" 200 111249 kenilworthcourt.com "-" "TerraCotta https://github.com/CeramicTeam/CeramicTerracotta" "-"
198.244.240.0 - - [10/Feb/2026:07:11:40 +0000] "GET /katsubet-casino HTTP/1.1" 200 32318 kenilworthcourt.com "-" "Mozilla/5.0 (compatible; AhrefsBot/7.0; +http://ahrefs.com/robot/)" "-"
3.83.76.0 - - [10/Feb/2026:07:11:43 +0000] "GET /category/20-pm-bet-1 HTTP/1.1" 200 69303 kenilworthcourt.com "-" "TerraCotta https://github.com/CeramicTeam/CeramicTerracotta" "-"
180.149.197.0 - - [10/Feb/2026:07:11:45 +0000] "POST /wp-login.php HTTP/1.1" 200 5110 kenilworthcourt.com "https://kenilworthcourt.com/wp-login.php" "Mozilla/5.0 (Windows NT 10.0; Win64; x64) AppleWebKit/537.36 (KHTML, like Gecko) Chrome/130.0.0.0 Safari/537.36" "-"
3.83.76.0 - - [10/Feb/2026:07:11:53 +0000] "GET /category/phlwin-ph-94 HTTP/1.1" 200 76376 kenilworthcourt.com "-" "TerraCotta https://github.com/CeramicTeam/CeramicTerracotta" "-"
85.208.98.0 - - [10/Feb/2026:07:11:54 +0000] "GET /colori-per-capelli-k.html HTTP/1.1" 429 267 kenilworthcourt.com "-" "Mozilla/5.0 (compatible; SemrushBot-BA; +http://www.semrush.com/bot.html)" "-"
85.208.98.0 - - [10/Feb/2026:07:11:54 +0000] "GET /un-kit-di-cravatte-k.html HTTP/1.1" 429 267 kenilworthcourt.com "-" "Mozilla/5.0 (compatible; SemrushBot-BA; +http://www.semrush.com/bot.html)" "-"
85.208.98.0 - - [10/Feb/2026:07:11:55 +0000] "GET /nascondere-calvizie-amazon-k.html HTTP/1.1" 429 267 kenilworthcourt.com "-" "Mozilla/5.0 (compatible; SemrushBot-BA; +http://www.semrush.com/bot.html)" "-"
51.195.244.0 - - [10/Feb/2026:07:11:58 +0000] "GET /obtain-tonybet-cellular-software-to-your-android-and-ios HTTP/1.1" 200 34052 kenilworthcourt.com "-" "Mozilla/5.0 (compatible; AhrefsBot/7.0; +http://ahrefs.com/robot/)" "-"
43.173.182.0 - - [10/Feb/2026:07:12:00 +0000] "GET /fb777-register-login-118 HTTP/1.1" 200 46339 kenilworthcourt.com "-" "Mozilla/5.0 (Windows NT 10.0; Win64; x64) AppleWebKit/537.36 (KHTML, like Gecko) Chrome/133.0.0.0 Safari/537.36" "-"
3.83.76.0 - - [10/Feb/2026:07:12:05 +0000] "GET /tag/casino-gratogana HTTP/1.1" 200 76059 kenilworthcourt.com "-" "TerraCotta https://github.com/CeramicTeam/CeramicTerracotta" "-"
198.244.240.0 - - [10/Feb/2026:07:12:13 +0000] "GET /12play-online-casino-malaysia-55 HTTP/1.1" 200 41344 kenilworthcourt.com "-" "Mozilla/5.0 (compatible; AhrefsBot/7.0; +http://ahrefs.com/robot/)" "-"
3.83.76.0 - - [10/Feb/2026:07:12:17 +0000] "GET /bassbet-casino-payment-methods-and-methods HTTP/1.1" 200 33805 kenilworthcourt.com "-" "TerraCotta https://github.com/CeramicTeam/CeramicTerracotta" "-"
3.83.76.0 - - [10/Feb/2026:07:12:21 +0000] "GET /chicken-road-36 HTTP/1.1" 200 30455 kenilworthcourt.com "-" "TerraCotta https://github.com/CeramicTeam/CeramicTerracotta" "-"
3.83.76.0 - - [10/Feb/2026:07:12:24 +0000] "GET /rockwin HTTP/1.1" 200 38433 kenilworthcourt.com "-" "TerraCotta https://github.com/CeramicTeam/CeramicTerracotta" "-"
85.208.98.0 - - [10/Feb/2026:07:12:25 +0000] "GET /club-clothes-k.html HTTP/1.1" 429 267 kenilworthcourt.com "-" "Mozilla/5.0 (compatible; SemrushBot-BA; +http://www.semrush.com/bot.html)" "-"
85.208.98.0 - - [10/Feb/2026:07:12:25 +0000] "GET /cappelli-belli-sposa-k.html HTTP/1.1" 429 267 kenilworthcourt.com "-" "Mozilla/5.0 (compatible; SemrushBot-BA; +http://www.semrush.com/bot.html)" "-"
85.208.98.0 - - [10/Feb/2026:07:12:25 +0000] "GET /dark-green-satin-dress-k.html HTTP/1.1" 429 267 kenilworthcourt.com "-" "Mozilla/5.0 (compatible; SemrushBot-BA; +http://www.semrush.com/bot.html)" "-"
51.195.215.0 - - [10/Feb/2026:07:12:27 +0000] "GET /plinko-game-4/feed HTTP/1.1" 200 782 kenilworthcourt.com "-" "Mozilla/5.0 (compatible; AhrefsBot/7.0; +http://ahrefs.com/robot/)" "-"
85.208.98.0 - - [10/Feb/2026:07:12:36 +0000] "GET /lime-green-shoes-and-bag-k.html HTTP/1.1" 429 267 kenilworthcourt.com "-" "Mozilla/5.0 (compatible; SemrushBot-BA; +http://www.semrush.com/bot.html)" "-"
85.208.98.0 - - [10/Feb/2026:07:12:36 +0000] "GET /costume-body-k.html HTTP/1.1" 429 267 kenilworthcourt.com "-" "Mozilla/5.0 (compatible; SemrushBot-BA; +http://www.semrush.com/bot.html)" "-"
85.208.98.0 - - [10/Feb/2026:07:12:36 +0000] "GET /green-satin-dress-k.html HTTP/1.1" 429 267 kenilworthcourt.com "-" "Mozilla/5.0 (compatible; SemrushBot-BA; +http://www.semrush.com/bot.html)" "-"
198.244.168.0 - - [10/Feb/2026:07:12:39 +0000] "GET /tag/0x8de75a4a/feed HTTP/1.1" 200 2039 kenilworthcourt.com "-" "Mozilla/5.0 (compatible; AhrefsBot/7.0; +http://ahrefs.com/robot/)" "-"
3.83.76.0 - - [10/Feb/2026:07:12:48 +0000] "GET /category/energi-casino-887 HTTP/1.1" 200 57581 kenilworthcourt.com "-" "TerraCotta https://github.com/CeramicTeam/CeramicTerracotta" "-"
85.208.98.0 - - [10/Feb/2026:07:12:51 +0000] "GET /nike-junior-golf-shoes-uk-k.html HTTP/1.1" 429 267 kenilworthcourt.com "-" "Mozilla/5.0 (compatible; SemrushBot-BA; +http://www.semrush.com/bot.html)" "-"
3.83.76.0 - - [10/Feb/2026:07:12:51 +0000] "GET /spinia-registratieproces-in-minder-dan-een-minuut HTTP/1.1" 200 30986 kenilworthcourt.com "-" "TerraCotta https://github.com/CeramicTeam/CeramicTerracotta" "-"
198.244.183.0 - - [10/Feb/2026:07:12:53 +0000] "GET /massachusetts-black-jack-expert-collection-reduced-limit-online-casino-gambling-to-the-range-2025-gambling-enterprises-sporting-events-web-based-bonus-deposit-100-poker/feed HTTP/1.1" 200 1250 kenilworthcourt.com "-" "Mozilla/5.0 (compatible; AhrefsBot/7.0; +http://ahrefs.com/robot/)" "-"
198.244.242.0 - - [10/Feb/2026:07:13:08 +0000] "GET /free-online-harbors-enjoy-gambling-enterprise-slot-machines-enjoyment HTTP/1.1" 200 35748 kenilworthcourt.com "-" "Mozilla/5.0 (compatible; AhrefsBot/7.0; +http://ahrefs.com/robot/)" "-"
47.82.11.0 - - [10/Feb/2026:07:13:09 +0000] "GET /?p=1231865616 HTTP/1.1" 429 267 kenilworthcourt.com "http://kenilworthcourt.com/" "Mozilla/5.0 (Macintosh; Intel Mac OS X 10_15_7) AppleWebKit/537.36 (KHTML, like Gecko) Chrome/135.0.0.0 Safari/537.36" "-"
62.164.177.0 - - [10/Feb/2026:07:13:13 +0000] "HEAD / HTTP/1.1" 200 - kenilworthcourt.com "-" "Mozilla/5.0 (Linux; U; Android 9; en-US; Pixel 3 XL) AppleWebKit/537.36 (KHTML, like Gecko) Chrome/105.0.5195.125 Mobile Safari/537.36" "-"
62.164.177.0 - - [10/Feb/2026:07:13:13 +0000] "GET /wp-login.php HTTP/1.1" 200 4740 kenilworthcourt.com "-" "Mozilla/5.0 (Macintosh; Intel Mac OS X 11_3_0) AppleWebKit/605.1.15 (KHTML, like Gecko) Version/14.0.3 Safari/605.1.15" "-"
3.83.76.0 - - [10/Feb/2026:07:13:14 +0000] "GET /category/hell-spin-promo-code-306 HTTP/1.1" 200 66390 kenilworthcourt.com "-" "TerraCotta https://github.com/CeramicTeam/CeramicTerracotta" "-"
3.83.76.0 - - [10/Feb/2026:07:13:19 +0000] "GET /category/plus-777-slot-481 HTTP/1.1" 200 77519 kenilworthcourt.com "-" "TerraCotta https://github.com/CeramicTeam/CeramicTerracotta" "-"
62.164.177.0 - - [10/Feb/2026:07:13:25 +0000] "POST /wp-login.php HTTP/1.1" 200 6418 kenilworthcourt.com "-" "Mozilla/5.0 (Macintosh; Intel Mac OS X 11_3_0) AppleWebKit/605.1.15 (KHTML, like Gecko) Version/14.0.3 Safari/605.1.15" "-"
3.83.76.0 - - [10/Feb/2026:07:13:27 +0000] "GET /unibet-casino-kuinka-turvallinen-suomessa HTTP/1.1" 200 39943 kenilworthcourt.com "-" "TerraCotta https://github.com/CeramicTeam/CeramicTerracotta" "-"
198.244.183.0 - - [10/Feb/2026:07:13:27 +0000] "GET /lucky-fischer-spielautomat-flowers-kostenlose-spins-keine-einzahlung-verbinden-lucky-angler-erzielbar-slot-2021-kostenlose-spins-queen-hearts-deluxe-keine-einzahlung-%E5%85%BB%E6%AE%96%E6%97%A5/feed HTTP/1.1" 200 1309 kenilworthcourt.com "-" "Mozilla/5.0 (compatible; AhrefsBot/7.0; +http://ahrefs.com/robot/)" "-"
97.107.129.0 - - [10/Feb/2026:07:13:34 +0000] "GET /feed HTTP/1.1" 304 - kenilworthcourt.com "-" "MuckRackFeedParser/1.0 +https://muckrack.com" "-"
62.164.177.0 - - [10/Feb/2026:07:13:37 +0000] "GET /wp-login.php HTTP/1.1" 200 4740 kenilworthcourt.com "-" "Mozilla/5.0 (Macintosh; Intel Mac OS X 11_3_0) AppleWebKit/605.1.15 (KHTML, like Gecko) Version/14.0.3 Safari/605.1.15" "-"
62.164.177.0 - - [10/Feb/2026:07:13:38 +0000] "POST /wp-login.php HTTP/1.1" 200 6418 kenilworthcourt.com "-" "Mozilla/5.0 (Macintosh; Intel Mac OS X 11_3_0) AppleWebKit/605.1.15 (KHTML, like Gecko) Version/14.0.3 Safari/605.1.15" "-"
51.195.215.0 - - [10/Feb/2026:07:13:42 +0000] "GET /totally-free-spins-no-deposit-no-wagering-spin-millions-app-download-criteria HTTP/1.1" 200 36049 kenilworthcourt.com "-" "Mozilla/5.0 (compatible; AhrefsBot/7.0; +http://ahrefs.com/robot/)" "-"
3.83.76.0 - - [10/Feb/2026:07:13:45 +0000] "GET /piggybet-die-sicheren-online-spielbanken-in-deutschland-erweitern-ihre-angebote-taglich HTTP/1.1" 200 32684 kenilworthcourt.com "-" "TerraCotta https://github.com/CeramicTeam/CeramicTerracotta" "-"
62.164.177.0 - - [10/Feb/2026:07:13:50 +0000] "GET /wp-login.php HTTP/1.1" 301 276 kenilworthcourt.com "-" "Mozilla/5.0 (Macintosh; Intel Mac OS X 11_3_0) AppleWebKit/605.1.15 (KHTML, like Gecko) Version/14.0.3 Safari/605.1.15" "-"
62.164.177.0 - - [10/Feb/2026:07:13:50 +0000] "GET / HTTP/1.1" 200 32153 kenilworthcourt.com "http://kenilworthcourt.com/wp-login.php" "Mozilla/5.0 (Macintosh; Intel Mac OS X 11_3_0) AppleWebKit/605.1.15 (KHTML, like Gecko) Version/14.0.3 Safari/605.1.15" "-"
3.83.76.0 - - [10/Feb/2026:07:13:53 +0000] "GET /category/20bet-login-283 HTTP/1.1" 200 66792 kenilworthcourt.com "-" "TerraCotta https://github.com/CeramicTeam/CeramicTerracotta" "-"
198.244.226.0 - - [10/Feb/2026:07:13:57 +0000] "GET /fb-777-casino-login-493/feed HTTP/1.1" 200 851 kenilworthcourt.com "-" "Mozilla/5.0 (compatible; AhrefsBot/7.0; +http://ahrefs.com/robot/)" "-"
3.83.76.0 - - [10/Feb/2026:07:14:01 +0000] "GET /tag/20-win-bet HTTP/1.1" 200 96489 kenilworthcourt.com "-" "TerraCotta https://github.com/CeramicTeam/CeramicTerracotta" "-"
62.164.177.0 - - [10/Feb/2026:07:14:02 +0000] "GET /wp-login.php HTTP/1.1" 301 276 kenilworthcourt.com "-" "Mozilla/5.0 (Macintosh; Intel Mac OS X 11_3_0) AppleWebKit/605.1.15 (KHTML, like Gecko) Version/14.0.3 Safari/605.1.15" "-"
62.164.177.0 - - [10/Feb/2026:07:14:02 +0000] "GET / HTTP/1.1" 200 32153 kenilworthcourt.com "http://kenilworthcourt.com/wp-login.php" "Mozilla/5.0 (Macintosh; Intel Mac OS X 11_3_0) AppleWebKit/605.1.15 (KHTML, like Gecko) Version/14.0.3 Safari/605.1.15" "-"
62.164.177.0 - - [10/Feb/2026:07:14:02 +0000] "GET /wp-admin/ HTTP/1.1" 302 - kenilworthcourt.com "-" "Mozilla/5.0 (Macintosh; Intel Mac OS X 11_3_0) AppleWebKit/605.1.15 (KHTML, like Gecko) Version/14.0.3 Safari/605.1.15" "-"
62.164.177.0 - - [10/Feb/2026:07:14:02 +0000] "GET /wp-login.php?redirect_to=https%3A%2F%2Fkenilworthcourt.com%2Fwp-admin%2F&reauth=1 HTTP/1.1" 200 4740 kenilworthcourt.com "https://kenilworthcourt.com/wp-admin/" "Mozilla/5.0 (Macintosh; Intel Mac OS X 11_3_0) AppleWebKit/605.1.15 (KHTML, like Gecko) Version/14.0.3 Safari/605.1.15" "-"
3.83.76.0 - - [10/Feb/2026:07:14:05 +0000] "GET /tag/777slot-casino HTTP/1.1" 200 181098 kenilworthcourt.com "-" "TerraCotta https://github.com/CeramicTeam/CeramicTerracotta" "-"
18.214.138.0 - - [10/Feb/2026:07:14:07 +0000] "GET /s-kakoj-tselju-ljudi-prisoedinjajutsja-k-schastlivym-periodam HTTP/1.1" 200 36254 kenilworthcourt.com "-" "Mozilla/5.0 AppleWebKit/537.36 (KHTML, like Gecko; compatible; Amazonbot/0.1; +https://developer.amazon.com/support/amazonbot) Chrome/119.0.6045.214 Safari/537.36" "-"
68.221.72.0 - - [10/Feb/2026:07:14:08 +0000] "GET /wp-content/plugins/hellopress/wp_filemanager.php HTTP/1.1" 404 236 kenilworthcourt.com "-" "-" "-"
68.221.72.0 - - [10/Feb/2026:07:14:08 +0000] "GET /166.php HTTP/1.1" 301 276 kenilworthcourt.com "-" "-" "-"
3.83.76.0 - - [10/Feb/2026:07:14:09 +0000] "GET /drop-the-boss-slot-slot-online-testat-in-romania HTTP/1.1" 200 30713 kenilworthcourt.com "-" "TerraCotta https://github.com/CeramicTeam/CeramicTerracotta" "-"
68.221.72.0 - - [10/Feb/2026:07:14:09 +0000] "GET / HTTP/1.1" 200 32153 kenilworthcourt.com "-" "-" "-"
68.221.72.0 - - [10/Feb/2026:07:14:09 +0000] "GET /reze.php HTTP/1.1" 301 276 kenilworthcourt.com "-" "-" "-"
68.221.72.0 - - [10/Feb/2026:07:14:09 +0000] "GET / HTTP/1.1" 200 32153 kenilworthcourt.com "-" "-" "-"
68.221.72.0 - - [10/Feb/2026:07:14:09 +0000] "GET /lib.php HTTP/1.1" 301 276 kenilworthcourt.com "-" "-" "-"
68.221.72.0 - - [10/Feb/2026:07:14:09 +0000] "GET / HTTP/1.1" 200 32153 kenilworthcourt.com "-" "-" "-"
68.221.72.0 - - [10/Feb/2026:07:14:10 +0000] "GET /x.php HTTP/1.1" 301 276 kenilworthcourt.com "-" "-" "-"
68.221.72.0 - - [10/Feb/2026:07:14:10 +0000] "GET / HTTP/1.1" 200 32153 kenilworthcourt.com "-" "-" "-"
68.221.72.0 - - [10/Feb/2026:07:14:10 +0000] "GET /k.php HTTP/1.1" 301 276 kenilworthcourt.com "-" "-" "-"
68.221.72.0 - - [10/Feb/2026:07:14:10 +0000] "GET / HTTP/1.1" 200 32153 kenilworthcourt.com "-" "-" "-"
68.221.72.0 - - [10/Feb/2026:07:14:10 +0000] "GET /jga.php HTTP/1.1" 301 276 kenilworthcourt.com "-" "-" "-"
68.221.72.0 - - [10/Feb/2026:07:14:10 +0000] "GET / HTTP/1.1" 200 32153 kenilworthcourt.com "-" "-" "-"
43.229.86.0 - - [10/Feb/2026:07:14:10 +0000] "GET /wp-login.php HTTP/1.1" 200 4740 kenilworthcourt.com "-" "Mozilla/5.0 (Windows NT 10.0; Win64; x64) AppleWebKit/537.36 (KHTML, like Gecko) Chrome/130.0.0.0 Safari/537.36" "-"
68.221.72.0 - - [10/Feb/2026:07:14:11 +0000] "GET /past1.php HTTP/1.1" 301 276 kenilworthcourt.com "-" "-" "-"
68.221.72.0 - - [10/Feb/2026:07:14:11 +0000] "GET / HTTP/1.1" 200 32153 kenilworthcourt.com "-" "-" "-"
68.221.72.0 - - [10/Feb/2026:07:14:11 +0000] "GET /8xyz.php HTTP/1.1" 301 276 kenilworthcourt.com "-" "-" "-"
3.230.224.0 - - [10/Feb/2026:07:14:11 +0000] "GET /0x1c8c5b6a-64 HTTP/1.1" 200 28836 kenilworthcourt.com "-" "Mozilla/5.0 AppleWebKit/537.36 (KHTML, like Gecko; compatible; Amazonbot/0.1; +https://developer.amazon.com/support/amazonbot) Chrome/119.0.6045.214 Safari/537.36" "-"
68.221.72.0 - - [10/Feb/2026:07:14:11 +0000] "GET / HTTP/1.1" 200 32153 kenilworthcourt.com "-" "-" "-"
68.221.72.0 - - [10/Feb/2026:07:14:11 +0000] "GET /ol.php HTTP/1.1" 301 276 kenilworthcourt.com "-" "-" "-"
68.221.72.0 - - [10/Feb/2026:07:14:12 +0000] "GET / HTTP/1.1" 200 32153 kenilworthcourt.com "-" "-" "-"
68.221.72.0 - - [10/Feb/2026:07:14:12 +0000] "GET /bk.php HTTP/1.1" 301 276 kenilworthcourt.com "-" "-" "-"
68.221.72.0 - - [10/Feb/2026:07:14:12 +0000] "GET / HTTP/1.1" 200 32153 kenilworthcourt.com "-" "-" "-"
68.221.72.0 - - [10/Feb/2026:07:14:12 +0000] "GET /vx.php HTTP/1.1" 301 276 kenilworthcourt.com "-" "-" "-"
68.221.72.0 - - [10/Feb/2026:07:14:12 +0000] "GET / HTTP/1.1" 200 32153 kenilworthcourt.com "-" "-" "-"
68.221.72.0 - - [10/Feb/2026:07:14:13 +0000] "GET /sx.php HTTP/1.1" 301 276 kenilworthcourt.com "-" "-" "-"
68.221.72.0 - - [10/Feb/2026:07:14:13 +0000] "GET / HTTP/1.1" 200 32153 kenilworthcourt.com "-" "-" "-"
3.83.76.0 - - [10/Feb/2026:07:14:13 +0000] "GET /piperspin-casino-programma-vip-per-i-giocatori-italiani HTTP/1.1" 200 39985 kenilworthcourt.com "-" "TerraCotta https://github.com/CeramicTeam/CeramicTerracotta" "-"
62.164.177.0 - - [10/Feb/2026:07:14:14 +0000] "POST /wp-login.php HTTP/1.1" 200 6418 kenilworthcourt.com "-" "Mozilla/5.0 (Macintosh; Intel Mac OS X 11_3_0) AppleWebKit/605.1.15 (KHTML, like Gecko) Version/14.0.3 Safari/605.1.15" "-"
198.244.242.0 - - [10/Feb/2026:07:14:15 +0000] "GET /ultimul-interviu-al-metoda-de-plata-a-cazinoului-online-vacation-station-150-recenzii-gratuite-sa-rotiri-jurnalistei-iulia-marin-%E5%8C%97%E4%BA%AC%E7%B1%B3%E5%B0%BC%E7%B1%B3%E5%85%B9%E7%A7%91/feed HTTP/1.1" 200 1296 kenilworthcourt.com "-" "Mozilla/5.0 (compatible; AhrefsBot/7.0; +http://ahrefs.com/robot/)" "-"
62.164.177.0 - - [10/Feb/2026:07:14:15 +0000] "GET /wp-admin/ HTTP/1.1" 302 - kenilworthcourt.com "-" "Mozilla/5.0 (Macintosh; Intel Mac OS X 11_3_0) AppleWebKit/605.1.15 (KHTML, like Gecko) Version/14.0.3 Safari/605.1.15" "-"
62.164.177.0 - - [10/Feb/2026:07:14:15 +0000] "GET /wp-login.php?redirect_to=https%3A%2F%2Fkenilworthcourt.com%2Fwp-admin%2F&reauth=1 HTTP/1.1" 200 4740 kenilworthcourt.com "https://kenilworthcourt.com/wp-admin/" "Mozilla/5.0 (Macintosh; Intel Mac OS X 11_3_0) AppleWebKit/605.1.15 (KHTML, like Gecko) Version/14.0.3 Safari/605.1.15" "-"
52.5.242.0 - - [10/Feb/2026:07:14:18 +0000] "GET /spielautomat-desert-treasure-wild-abstinenzerscheinung-paypal-2-durch-highway-stars-online-slot-playtech HTTP/1.1" 200 35905 kenilworthcourt.com "-" "Mozilla/5.0 AppleWebKit/537.36 (KHTML, like Gecko; compatible; Amazonbot/0.1; +https://developer.amazon.com/support/amazonbot) Chrome/119.0.6045.214 Safari/537.36" "-"
23.21.119.0 - - [10/Feb/2026:07:14:19 +0000] "GET /188-bet-link-336/feed HTTP/1.1" 200 823 kenilworthcourt.com "-" "Mozilla/5.0 AppleWebKit/537.36 (KHTML, like Gecko; compatible; Amazonbot/0.1; +https://developer.amazon.com/support/amazonbot) Chrome/119.0.6045.214 Safari/537.36" "-"
3.83.76.0 - - [10/Feb/2026:07:14:20 +0000] "GET /el-principal-lugar-de-juegos-de-azar-en-linea-en-espana-es-el-casino-spinogambino HTTP/1.1" 200 42237 kenilworthcourt.com "-" "TerraCotta https://github.com/CeramicTeam/CeramicTerracotta" "-"
34.231.77.0 - - [10/Feb/2026:07:14:22 +0000] "GET /wp-json/oembed/1.0/embed?format=xml&url=https://kenilworthcourt.com/jednoreki-bandzior-automaty-do-odwiedzenia-gierek-online-kasyna-internetowe HTTP/1.1" 200 2641 kenilworthcourt.com "-" "Mozilla/5.0 AppleWebKit/537.36 (KHTML, like Gecko; compatible; Amazonbot/0.1; +https://developer.amazon.com/support/amazonbot) Chrome/119.0.6045.214 Safari/537.36" "-"
43.229.86.0 - - [10/Feb/2026:07:14:23 +0000] "POST /wp-login.php HTTP/1.1" 200 5110 kenilworthcourt.com "https://kenilworthcourt.com/wp-login.php" "Mozilla/5.0 (Windows NT 10.0; Win64; x64) AppleWebKit/537.36 (KHTML, like Gecko) Chrome/130.0.0.0 Safari/537.36" "-"
3.83.76.0 - - [10/Feb/2026:07:14:23 +0000] "GET /best-online-casino-fast-payout HTTP/1.1" 200 32493 kenilworthcourt.com "-" "TerraCotta https://github.com/CeramicTeam/CeramicTerracotta" "-"
62.164.177.0 - - [10/Feb/2026:07:14:26 +0000] "POST /wp-login.php HTTP/1.1" 200 6418 kenilworthcourt.com "-" "Mozilla/5.0 (Macintosh; Intel Mac OS X 11_3_0) AppleWebKit/605.1.15 (KHTML, like Gecko) Version/14.0.3 Safari/605.1.15" "-"
62.164.177.0 - - [10/Feb/2026:07:14:26 +0000] "GET /wp-admin/ HTTP/1.1" 301 276 kenilworthcourt.com "-" "Mozilla/5.0 (Macintosh; Intel Mac OS X 11_3_0) AppleWebKit/605.1.15 (KHTML, like Gecko) Version/14.0.3 Safari/605.1.15" "-"
62.164.177.0 - - [10/Feb/2026:07:14:26 +0000] "GET / HTTP/1.1" 200 32153 kenilworthcourt.com "http://kenilworthcourt.com/wp-admin/" "Mozilla/5.0 (Macintosh; Intel Mac OS X 11_3_0) AppleWebKit/605.1.15 (KHTML, like Gecko) Version/14.0.3 Safari/605.1.15" "-"
62.164.177.0 - - [10/Feb/2026:07:14:27 +0000] "GET /wp-admin/ HTTP/1.1" 301 276 kenilworthcourt.com "-" "Mozilla/5.0 (Macintosh; Intel Mac OS X 11_3_0) AppleWebKit/605.1.15 (KHTML, like Gecko) Version/14.0.3 Safari/605.1.15" "-"
18.214.124.0 - - [10/Feb/2026:07:14:28 +0000] "GET /wp-json/oembed/1.0/embed?format=xml&url=https://kenilworthcourt.com/new-crash-slot-by-inout-games HTTP/1.1" 200 2390 kenilworthcourt.com "-" "Mozilla/5.0 AppleWebKit/537.36 (KHTML, like Gecko; compatible; Amazonbot/0.1; +https://developer.amazon.com/support/amazonbot) Chrome/119.0.6045.214 Safari/537.36" "-"
62.164.177.0 - - [10/Feb/2026:07:14:28 +0000] "GET / HTTP/1.1" 200 32153 kenilworthcourt.com "http://kenilworthcourt.com/wp-admin/" "Mozilla/5.0 (Macintosh; Intel Mac OS X 11_3_0) AppleWebKit/605.1.15 (KHTML, like Gecko) Version/14.0.3 Safari/605.1.15" "-"
198.244.226.0 - - [10/Feb/2026:07:14:28 +0000] "GET /essential-features-that-help-make-spindog-live-chat-stand-out-throughout-real-time-help HTTP/1.1" 200 44633 kenilworthcourt.com "-" "Mozilla/5.0 (compatible; AhrefsBot/7.0; +http://ahrefs.com/robot/)" "-"
62.164.177.0 - - [10/Feb/2026:07:14:28 +0000] "GET /wp-login.php HTTP/1.1" 200 4740 www.kenilworthcourt.com "-" "Mozilla/5.0 (Macintosh; Intel Mac OS X 11_3_0) AppleWebKit/605.1.15 (KHTML, like Gecko) Version/14.0.3 Safari/605.1.15" "-"
3.83.76.0 - - [10/Feb/2026:07:14:28 +0000] "GET /tag/betsafe-casino HTTP/1.1" 200 77999 kenilworthcourt.com "-" "TerraCotta https://github.com/CeramicTeam/CeramicTerracotta" "-"
54.197.82.0 - - [10/Feb/2026:07:14:33 +0000] "GET /wp-json/wp/v2/posts/20282 HTTP/1.1" 200 10042 kenilworthcourt.com "-" "Mozilla/5.0 AppleWebKit/537.36 (KHTML, like Gecko; compatible; Amazonbot/0.1; +https://developer.amazon.com/support/amazonbot) Chrome/119.0.6045.214 Safari/537.36" "-"
54.156.124.0 - - [10/Feb/2026:07:14:36 +0000] "GET /wp-json/oembed/1.0/embed?url=https://kenilworthcourt.com/best-cool-wolf-slot-game-position-websites-in-the-slot-elementium-twist-16-online-the-uk-2025-top-10-casinos-to-possess-online-slots-games HTTP/1.1" 200 2795 kenilworthcourt.com "-" "Mozilla/5.0 AppleWebKit/537.36 (KHTML, like Gecko; compatible; Amazonbot/0.1; +https://developer.amazon.com/support/amazonbot) Chrome/119.0.6045.214 Safari/537.36" "-"
3.83.76.0 - - [10/Feb/2026:07:14:36 +0000] "GET /tag/asia-bet-188 HTTP/1.1" 200 71266 kenilworthcourt.com "-" "TerraCotta https://github.com/CeramicTeam/CeramicTerracotta" "-"
62.164.177.0 - - [10/Feb/2026:07:14:38 +0000] "POST /wp-login.php HTTP/1.1" 200 6418 kenilworthcourt.com "-" "Mozilla/5.0 (Macintosh; Intel Mac OS X 11_3_0) AppleWebKit/605.1.15 (KHTML, like Gecko) Version/14.0.3 Safari/605.1.15" "-"
18.205.213.0 - - [10/Feb/2026:07:14:39 +0000] "GET /wp-json/oembed/1.0/embed?url=https://kenilworthcourt.com/spinmama-casino-twoje-ostateczne-miejsce-gry-online HTTP/1.1" 200 2360 kenilworthcourt.com "-" "Mozilla/5.0 AppleWebKit/537.36 (KHTML, like Gecko; compatible; Amazonbot/0.1; +https://developer.amazon.com/support/amazonbot) Chrome/119.0.6045.214 Safari/537.36" "-"
3.83.76.0 - - [10/Feb/2026:07:14:39 +0000] "GET /follistatin-revolucni-peptid-pro-budovani-svalove-hmoty HTTP/1.1" 200 30203 kenilworthcourt.com "-" "TerraCotta https://github.com/CeramicTeam/CeramicTerracotta" "-"
62.164.177.0 - - [10/Feb/2026:07:14:40 +0000] "GET /wp-login.php HTTP/1.1" 503 339 www.kenilworthcourt.com "-" "Mozilla/5.0 (Macintosh; Intel Mac OS X 11_3_0) AppleWebKit/605.1.15 (KHTML, like Gecko) Version/14.0.3 Safari/605.1.15" "-"
198.244.242.0 - - [10/Feb/2026:07:14:40 +0000] "GET /play-emoticoins-harbors-game-totally-wisps-slot-machine-free-spins-no-deposit/feed HTTP/1.1" 200 976 kenilworthcourt.com "-" "Mozilla/5.0 (compatible; AhrefsBot/7.0; +http://ahrefs.com/robot/)" "-"
34.197.28.0 - - [10/Feb/2026:07:14:44 +0000] "GET /wp-json/wp/v2/tags/150 HTTP/1.1" 200 630 kenilworthcourt.com "-" "Mozilla/5.0 AppleWebKit/537.36 (KHTML, like Gecko; compatible; Amazonbot/0.1; +https://developer.amazon.com/support/amazonbot) Chrome/119.0.6045.214 Safari/537.36" "-"
23.20.178.0 - - [10/Feb/2026:07:14:48 +0000] "GET /wp-json/oembed/1.0/embed?url=https://kenilworthcourt.com/betriot-casino-italy-83 HTTP/1.1" 200 2289 kenilworthcourt.com "-" "Mozilla/5.0 AppleWebKit/537.36 (KHTML, like Gecko; compatible; Amazonbot/0.1; +https://developer.amazon.com/support/amazonbot) Chrome/119.0.6045.214 Safari/537.36" "-"
3.83.76.0 - - [10/Feb/2026:07:14:49 +0000] "GET /tag/777-slot-vip HTTP/1.1" 200 172225 kenilworthcourt.com "-" "TerraCotta https://github.com/CeramicTeam/CeramicTerracotta" "-"
62.164.177.0 - - [10/Feb/2026:07:14:52 +0000] "GET /wp-login.php HTTP/1.1" 503 339 www.kenilworthcourt.com "-" "Mozilla/5.0 (Macintosh; Intel Mac OS X 11_3_0) AppleWebKit/605.1.15 (KHTML, like Gecko) Version/14.0.3 Safari/605.1.15" "-"
3.83.76.0 - - [10/Feb/2026:07:14:52 +0000] "GET /vincispin-casino-offeriert-sichere-zahlungen-und-sofortige-belohnungen-in-belgien HTTP/1.1" 200 36085 kenilworthcourt.com "-" "TerraCotta https://github.com/CeramicTeam/CeramicTerracotta" "-"
54.166.104.0 - - [10/Feb/2026:07:14:52 +0000] "GET /wp-json/oembed/1.0/embed?format=xml&url=https://kenilworthcourt.com/casino-megeve-laissez-vous-gagner-par-l-univers-du HTTP/1.1" 200 2639 kenilworthcourt.com "-" "Mozilla/5.0 AppleWebKit/537.36 (KHTML, like Gecko; compatible; Amazonbot/0.1; +https://developer.amazon.com/support/amazonbot) Chrome/119.0.6045.214 Safari/537.36" "-"
51.195.215.0 - - [10/Feb/2026:07:14:54 +0000] "GET /tag/slottica-jak-usunac-konto HTTP/1.1" 200 93362 kenilworthcourt.com "-" "Mozilla/5.0 (compatible; AhrefsBot/7.0; +http://ahrefs.com/robot/)" "-"
52.45.194.0 - - [10/Feb/2026:07:14:55 +0000] "GET /wp-json/oembed/1.0/embed?url=https://kenilworthcourt.com/bizzo-casino-bonus-260 HTTP/1.1" 200 2293 kenilworthcourt.com "-" "Mozilla/5.0 AppleWebKit/537.36 (KHTML, like Gecko; compatible; Amazonbot/0.1; +https://developer.amazon.com/support/amazonbot) Chrome/119.0.6045.214 Safari/537.36" "-"
34.231.45.0 - - [10/Feb/2026:07:15:01 +0000] "GET /wp-json/wp/v2/posts/14094 HTTP/1.1" 200 14581 kenilworthcourt.com "-" "Mozilla/5.0 AppleWebKit/537.36 (KHTML, like Gecko; compatible; Amazonbot/0.1; +https://developer.amazon.com/support/amazonbot) Chrome/119.0.6045.214 Safari/537.36" "-"
62.164.177.0 - - [10/Feb/2026:07:15:04 +0000] "GET /wp-login.php HTTP/1.1" 503 339 www.kenilworthcourt.com "-" "Mozilla/5.0 (Macintosh; Intel Mac OS X 11_3_0) AppleWebKit/605.1.15 (KHTML, like Gecko) Version/14.0.3 Safari/605.1.15" "-"
