File: /homepages/18/d4299019518/htdocs/wordpress/wp-admin/access.log.current
51.195.183.0 - - [10/Feb/2026:00:00:04 +0000] "GET /tala888-free-100-932 HTTP/1.1" 200 39245 kenilworthcourt.com "-" "Mozilla/5.0 (compatible; AhrefsBot/7.0; +http://ahrefs.com/robot/)" "-"
3.83.76.0 - - [10/Feb/2026:00:00:11 +0000] "GET /tag/8k8-casino-slot HTTP/1.1" 200 156220 kenilworthcourt.com "-" "TerraCotta https://github.com/CeramicTeam/CeramicTerracotta" "-"
85.208.98.0 - - [10/Feb/2026:00:00:14 +0000] "GET /nike-brazen-lead-glasses-k.html HTTP/1.1" 429 267 kenilworthcourt.com "-" "Mozilla/5.0 (compatible; SemrushBot-BA; +http://www.semrush.com/bot.html)" "-"
3.83.76.0 - - [10/Feb/2026:00:00:19 +0000] "GET /category/bdm-bet-casino-20 HTTP/1.1" 200 67539 kenilworthcourt.com "-" "TerraCotta https://github.com/CeramicTeam/CeramicTerracotta" "-"
51.89.129.0 - - [10/Feb/2026:00:00:22 +0000] "GET /limitless-gambling-establishment-150-totally-free-revolves-no-choy-sun-doa-online-slot-deposit-added-bonus HTTP/1.1" 200 36576 kenilworthcourt.com "-" "Mozilla/5.0 (compatible; AhrefsBot/7.0; +http://ahrefs.com/robot/)" "-"
3.83.76.0 - - [10/Feb/2026:00:00:27 +0000] "GET /drop-the-boss-joc-romania-incearca-gratuit-acum HTTP/1.1" 200 30678 kenilworthcourt.com "-" "TerraCotta https://github.com/CeramicTeam/CeramicTerracotta" "-"
51.195.244.0 - - [10/Feb/2026:00:00:37 +0000] "GET /levelup-casino-australia-597 HTTP/1.1" 200 40743 kenilworthcourt.com "-" "Mozilla/5.0 (compatible; AhrefsBot/7.0; +http://ahrefs.com/robot/)" "-"
3.83.76.0 - - [10/Feb/2026:00:00:42 +0000] "GET /0x5ae74aae HTTP/1.1" 200 28975 kenilworthcourt.com "-" "TerraCotta https://github.com/CeramicTeam/CeramicTerracotta" "-"
3.83.76.0 - - [10/Feb/2026:00:00:46 +0000] "GET /tag/nv-kasyno-review HTTP/1.1" 200 112330 kenilworthcourt.com "-" "TerraCotta https://github.com/CeramicTeam/CeramicTerracotta" "-"
198.244.183.0 - - [10/Feb/2026:00:00:48 +0000] "GET /21-greatest-bitcoin-crypto-blackjack-no-limit-city-casino-games-internet-sites-2025-better-selections-ranked HTTP/1.1" 200 37900 kenilworthcourt.com "-" "Mozilla/5.0 (compatible; AhrefsBot/7.0; +http://ahrefs.com/robot/)" "-"
3.83.76.0 - - [10/Feb/2026:00:01:01 +0000] "GET /mythenmonster-wie-der-mokele-mbembe-und-die-yokai-die-fantasie-pragen HTTP/1.1" 200 34152 kenilworthcourt.com "-" "TerraCotta https://github.com/CeramicTeam/CeramicTerracotta" "-"
3.83.76.0 - - [10/Feb/2026:00:01:03 +0000] "GET /category/fb777-casino-144 HTTP/1.1" 200 66353 kenilworthcourt.com "-" "TerraCotta https://github.com/CeramicTeam/CeramicTerracotta" "-"
198.244.240.0 - - [10/Feb/2026:00:01:04 +0000] "GET /express-burn-cd-and-dvd-burner-full-activated-final-x32-x64-latest-multilingual HTTP/1.1" 200 161687 kenilworthcourt.com "-" "Mozilla/5.0 (compatible; AhrefsBot/7.0; +http://ahrefs.com/robot/)" "-"
3.83.76.0 - - [10/Feb/2026:00:01:09 +0000] "GET /rich-casino HTTP/1.1" 200 33878 kenilworthcourt.com "-" "TerraCotta https://github.com/CeramicTeam/CeramicTerracotta" "-"
66.249.68.0 - - [10/Feb/2026:00:01:09 +0000] "GET /can-anglers-cast-big-wins-with-the-fishin-frenzy-demo-its HTTP/1.1" 200 36946 kenilworthcourt.com "-" "Mozilla/5.0 (Linux; Android 6.0.1; Nexus 5X Build/MMB29P) AppleWebKit/537.36 (KHTML, like Gecko) Chrome/144.0.7559.132 Mobile Safari/537.36 (compatible; Googlebot/2.1; +http://www.google.com/bot.html)" "-"
3.83.76.0 - - [10/Feb/2026:00:01:12 +0000] "GET /tag/nv-kasyno HTTP/1.1" 200 154571 kenilworthcourt.com "-" "TerraCotta https://github.com/CeramicTeam/CeramicTerracotta" "-"
198.244.168.0 - - [10/Feb/2026:00:01:20 +0000] "GET /daring-dave-the-eye-of-ra-gewinnvideos-von-echten-casino-lucky-8-line-spielern HTTP/1.1" 200 38819 kenilworthcourt.com "-" "Mozilla/5.0 (compatible; AhrefsBot/7.0; +http://ahrefs.com/robot/)" "-"
3.83.76.0 - - [10/Feb/2026:00:01:25 +0000] "GET /category/energycasino-no-deposit-bonus-831 HTTP/1.1" 200 71813 kenilworthcourt.com "-" "TerraCotta https://github.com/CeramicTeam/CeramicTerracotta" "-"
103.8.27.0 - - [10/Feb/2026:00:01:31 +0000] "GET /admin/.env HTTP/1.1" 301 - www.kenilworthcourt.com "-" "Mozilla/5.0 (X11; Linux x86_64)" "-"
103.8.27.0 - - [10/Feb/2026:00:01:31 +0000] "GET /.env HTTP/1.1" 301 - www.kenilworthcourt.com "-" "Mozilla/5.0 (X11; Linux x86_64)" "-"
103.8.27.0 - - [10/Feb/2026:00:01:31 +0000] "GET /core/.env HTTP/1.1" 301 - www.kenilworthcourt.com "-" "Mozilla/5.0 (X11; Linux x86_64)" "-"
103.8.27.0 - - [10/Feb/2026:00:01:31 +0000] "GET /core/.env HTTP/1.1" 404 24756 kenilworthcourt.com "-" "Mozilla/5.0 (X11; Linux x86_64)" "-"
103.8.27.0 - - [10/Feb/2026:00:01:31 +0000] "GET /admin/.env HTTP/1.1" 404 24756 kenilworthcourt.com "-" "Mozilla/5.0 (X11; Linux x86_64)" "-"
103.8.27.0 - - [10/Feb/2026:00:01:31 +0000] "GET /.env HTTP/1.1" 404 24756 kenilworthcourt.com "-" "Mozilla/5.0 (X11; Linux x86_64)" "-"
103.8.27.0 - - [10/Feb/2026:00:01:32 +0000] "GET /core/.env HTTP/1.1" 404 24756 kenilworthcourt.com "https://www.kenilworthcourt.com/core/.env" "Mozilla/5.0 (X11; Linux x86_64)" "-"
103.8.27.0 - - [10/Feb/2026:00:01:32 +0000] "GET /admin/.env HTTP/1.1" 404 24756 kenilworthcourt.com "https://www.kenilworthcourt.com/admin/.env" "Mozilla/5.0 (X11; Linux x86_64)" "-"
103.8.27.0 - - [10/Feb/2026:00:01:32 +0000] "GET /.env HTTP/1.1" 404 24756 kenilworthcourt.com "https://www.kenilworthcourt.com/.env" "Mozilla/5.0 (X11; Linux x86_64)" "-"
198.244.240.0 - - [10/Feb/2026:00:01:34 +0000] "GET /goto-professional-business-pre-activated-patch-x86-x64-patch HTTP/1.1" 200 104558 kenilworthcourt.com "-" "Mozilla/5.0 (compatible; AhrefsBot/7.0; +http://ahrefs.com/robot/)" "-"
3.83.76.0 - - [10/Feb/2026:00:01:40 +0000] "GET /high-roller HTTP/1.1" 200 35414 kenilworthcourt.com "-" "TerraCotta https://github.com/CeramicTeam/CeramicTerracotta" "-"
85.208.98.0 - - [10/Feb/2026:00:01:41 +0000] "GET /one-piece-ski-suit-womens-k.html HTTP/1.1" 429 267 kenilworthcourt.com "-" "Mozilla/5.0 (compatible; SemrushBot-BA; +http://www.semrush.com/bot.html)" "-"
3.83.76.0 - - [10/Feb/2026:00:01:43 +0000] "GET /tag/bizzo-casino-bonus-code HTTP/1.1" 200 154355 kenilworthcourt.com "-" "TerraCotta https://github.com/CeramicTeam/CeramicTerracotta" "-"
51.195.183.0 - - [10/Feb/2026:00:01:48 +0000] "GET /phlwin-online-casino-360 HTTP/1.1" 200 45844 kenilworthcourt.com "-" "Mozilla/5.0 (compatible; AhrefsBot/7.0; +http://ahrefs.com/robot/)" "-"
2a03:2880:f800:: - - [10/Feb/2026:00:01:54 +0000] "GET /finest-esports-titles-by-top-viewers-2025 HTTP/1.1" 200 38041 kenilworthcourt.com "-" "meta-externalagent/1.1 (+https://developers.facebook.com/docs/sharing/webmasters/crawler)" "-"
3.83.76.0 - - [10/Feb/2026:00:02:00 +0000] "GET /il-numero-dell-8-simbolo-di-equilibrio-e-strategia-nel-gioco-moderno HTTP/1.1" 200 34914 kenilworthcourt.com "-" "TerraCotta https://github.com/CeramicTeam/CeramicTerracotta" "-"
198.244.226.0 - - [10/Feb/2026:00:02:03 +0000] "GET /online-spielbank-kurznachricht-fruit-case-casino-payment-osterreich-2025-zahlung-durch-kurznachricht HTTP/1.1" 200 38292 kenilworthcourt.com "-" "Mozilla/5.0 (compatible; AhrefsBot/7.0; +http://ahrefs.com/robot/)" "-"
198.244.242.0 - - [10/Feb/2026:00:02:16 +0000] "GET /tensorialgeometria-korkeampi-dimensio-reilu-matriisi-kaytto HTTP/1.1" 200 35334 kenilworthcourt.com "-" "Mozilla/5.0 (compatible; AhrefsBot/7.0; +http://ahrefs.com/robot/)" "-"
3.83.76.0 - - [10/Feb/2026:00:02:25 +0000] "GET /category/betriot-casino-526 HTTP/1.1" 200 72757 kenilworthcourt.com "-" "TerraCotta https://github.com/CeramicTeam/CeramicTerracotta" "-"
3.83.76.0 - - [10/Feb/2026:00:02:27 +0000] "GET /tag/uptown-pokies-login HTTP/1.1" 200 55933 kenilworthcourt.com "-" "TerraCotta https://github.com/CeramicTeam/CeramicTerracotta" "-"
198.244.226.0 - - [10/Feb/2026:00:02:32 +0000] "GET /local-casino-casino-zimpler-2025-carnaval-on-the-web-remark-evaluation-out-of-provides-and-you-will-security HTTP/1.1" 200 38610 kenilworthcourt.com "-" "Mozilla/5.0 (compatible; AhrefsBot/7.0; +http://ahrefs.com/robot/)" "-"
198.244.226.0 - - [10/Feb/2026:00:02:48 +0000] "GET /phlwin-online-casino-476 HTTP/1.1" 200 39126 kenilworthcourt.com "-" "Mozilla/5.0 (compatible; AhrefsBot/7.0; +http://ahrefs.com/robot/)" "-"
85.208.98.0 - - [10/Feb/2026:00:02:48 +0000] "GET /salomon-one-piece-ski-suit-k.html HTTP/1.1" 429 267 kenilworthcourt.com "-" "Mozilla/5.0 (compatible; SemrushBot-BA; +http://www.semrush.com/bot.html)" "-"
52.167.144.0 - - [10/Feb/2026:00:02:50 +0000] "GET /11.81%22%20LED%20Aluminum%20ChannelLed%20Strip%20Light%20Track%20with%20End%20Caps%20and%20Mounting%20C...%20-%20WVBYWFRPW0NAWlVe HTTP/1.1" 301 - www.kenilworthcourt.com "-" "Mozilla/5.0 AppleWebKit/537.36 (KHTML, like Gecko; compatible; bingbot/2.0; +http://www.bing.com/bingbot.htm) Chrome/116.0.1938.76 Safari/537.36" "-"
3.83.76.0 - - [10/Feb/2026:00:02:53 +0000] "GET /wild-slots-at-playzilla-casino HTTP/1.1" 200 35231 kenilworthcourt.com "-" "TerraCotta https://github.com/CeramicTeam/CeramicTerracotta" "-"
3.83.76.0 - - [10/Feb/2026:00:02:54 +0000] "GET /steganos-online-shield-vpn-licenseactivated-100-worked-clean-instant HTTP/1.1" 200 197947 kenilworthcourt.com "-" "TerraCotta https://github.com/CeramicTeam/CeramicTerracotta" "-"
3.83.76.0 - - [10/Feb/2026:00:03:02 +0000] "GET /euro-casino-jak-aktywowac-bonusy-etap-po-etapie-instrukcja-dotyczaca-bonusow HTTP/1.1" 200 35014 kenilworthcourt.com "-" "TerraCotta https://github.com/CeramicTeam/CeramicTerracotta" "-"
51.195.244.0 - - [10/Feb/2026:00:03:04 +0000] "GET /online-21-blackjack-video-the-wild-chase-casino-game HTTP/1.1" 200 37580 kenilworthcourt.com "-" "Mozilla/5.0 (compatible; AhrefsBot/7.0; +http://ahrefs.com/robot/)" "-"
3.83.76.0 - - [10/Feb/2026:00:03:12 +0000] "GET /category/hanzbet-br-com3 HTTP/1.1" 200 35798 kenilworthcourt.com "-" "TerraCotta https://github.com/CeramicTeam/CeramicTerracotta" "-"
3.83.76.0 - - [10/Feb/2026:00:03:18 +0000] "GET /tag/0x6611cd6d HTTP/1.1" 200 26282 kenilworthcourt.com "-" "TerraCotta https://github.com/CeramicTeam/CeramicTerracotta" "-"
198.244.226.0 - - [10/Feb/2026:00:03:21 +0000] "GET /greatest-you-a-real-black-wife-porno-income-on-line-blackjack-gambling-enterprises-inside-the-2025 HTTP/1.1" 200 38968 kenilworthcourt.com "-" "Mozilla/5.0 (compatible; AhrefsBot/7.0; +http://ahrefs.com/robot/)" "-"
3.83.76.0 - - [10/Feb/2026:00:03:27 +0000] "GET /hohepunkte-auf-dem-huhnerringweg-2 HTTP/1.1" 200 31663 kenilworthcourt.com "-" "TerraCotta https://github.com/CeramicTeam/CeramicTerracotta" "-"
85.208.98.0 - - [10/Feb/2026:00:03:29 +0000] "GET /robots.txt HTTP/1.1" 429 267 kenilworthcourt.com "-" "Mozilla/5.0 (compatible; SemrushBot-BA; +http://www.semrush.com/bot.html)" "-"
2a03:2880:f800:: - - [10/Feb/2026:00:03:37 +0000] "GET /silverplay-casino HTTP/1.1" 200 31650 kenilworthcourt.com "-" "meta-externalagent/1.1 (+https://developers.facebook.com/docs/sharing/webmasters/crawler)" "-"
54.38.147.0 - - [10/Feb/2026:00:03:37 +0000] "GET /how-coffee-changed-time-and-trade HTTP/1.1" 200 37252 kenilworthcourt.com "-" "Mozilla/5.0 (compatible; AhrefsBot/7.0; +http://ahrefs.com/robot/)" "-"
3.83.76.0 - - [10/Feb/2026:00:03:38 +0000] "GET /tag/mcw-casino-live HTTP/1.1" 200 39946 kenilworthcourt.com "-" "TerraCotta https://github.com/CeramicTeam/CeramicTerracotta" "-"
3.83.76.0 - - [10/Feb/2026:00:03:50 +0000] "GET /tag/888-casino-app HTTP/1.1" 200 189149 kenilworthcourt.com "-" "TerraCotta https://github.com/CeramicTeam/CeramicTerracotta" "-"
3.83.76.0 - - [10/Feb/2026:00:03:54 +0000] "GET /tag/8xbet-apk HTTP/1.1" 200 166622 kenilworthcourt.com "-" "TerraCotta https://github.com/CeramicTeam/CeramicTerracotta" "-"
198.244.240.0 - - [10/Feb/2026:00:03:55 +0000] "GET /how-much-does-top-online-casino-sign-up-bonuses-the-brand-new-money-icon-indicate-tool-from-money HTTP/1.1" 200 39256 kenilworthcourt.com "-" "Mozilla/5.0 (compatible; AhrefsBot/7.0; +http://ahrefs.com/robot/)" "-"
3.83.76.0 - - [10/Feb/2026:00:04:03 +0000] "GET /yeet-casino-wasza-brama-do-wrazen-w-kasynie-online-w-polsce HTTP/1.1" 200 34238 kenilworthcourt.com "-" "TerraCotta https://github.com/CeramicTeam/CeramicTerracotta" "-"
198.244.226.0 - - [10/Feb/2026:00:04:10 +0000] "GET /nv-casino-5-einzahlung-casino-sun-of-egypt-hold-and-win-maklercourtage-blos-einzahlung-20-ecu-no-abschlagzahlung HTTP/1.1" 200 36458 kenilworthcourt.com "-" "Mozilla/5.0 (compatible; AhrefsBot/7.0; +http://ahrefs.com/robot/)" "-"
3.83.76.0 - - [10/Feb/2026:00:04:12 +0000] "GET /tag/kasyno-nv HTTP/1.1" 200 69578 kenilworthcourt.com "-" "TerraCotta https://github.com/CeramicTeam/CeramicTerracotta" "-"
85.208.98.0 - - [10/Feb/2026:00:04:26 +0000] "GET /flange-uni-pn-16-amazon-k.html HTTP/1.1" 429 267 kenilworthcourt.com "-" "Mozilla/5.0 (compatible; SemrushBot-BA; +http://www.semrush.com/bot.html)" "-"
51.195.183.0 - - [10/Feb/2026:00:04:26 +0000] "GET /hellspin-app-608 HTTP/1.1" 200 40715 kenilworthcourt.com "-" "Mozilla/5.0 (compatible; AhrefsBot/7.0; +http://ahrefs.com/robot/)" "-"
3.83.76.0 - - [10/Feb/2026:00:04:33 +0000] "GET /tag/royal-bet-188 HTTP/1.1" 200 46825 kenilworthcourt.com "-" "TerraCotta https://github.com/CeramicTeam/CeramicTerracotta" "-"
198.244.168.0 - - [10/Feb/2026:00:04:45 +0000] "GET /tag/betriot-casino/page/2 HTTP/1.1" 200 157635 kenilworthcourt.com "-" "Mozilla/5.0 (compatible; AhrefsBot/7.0; +http://ahrefs.com/robot/)" "-"
23.92.16.0 - - [10/Feb/2026:00:04:54 +0000] "GET /feed HTTP/1.1" 304 - kenilworthcourt.com "-" "MuckRackFeedParser/1.0 +https://muckrack.com" "-"
3.83.76.0 - - [10/Feb/2026:00:04:54 +0000] "GET /jogue-de-forma-mais-inteligente-com-o-aplicativo-de-casino-do-ny-spins-casino-para-o-brasil HTTP/1.1" 200 40659 kenilworthcourt.com "-" "TerraCotta https://github.com/CeramicTeam/CeramicTerracotta" "-"
54.38.147.0 - - [10/Feb/2026:00:05:03 +0000] "GET /tag/ggbet-casino/feed HTTP/1.1" 200 66868 kenilworthcourt.com "-" "Mozilla/5.0 (compatible; AhrefsBot/7.0; +http://ahrefs.com/robot/)" "-"
2a03:2880:f800:: - - [10/Feb/2026:00:05:13 +0000] "GET /ms-office-2025-premium-32-bit-auto-crack-offline-setup-super-fast-qxr-magnet-link HTTP/1.1" 200 96695 kenilworthcourt.com "-" "meta-externalagent/1.1 (+https://developers.facebook.com/docs/sharing/webmasters/crawler)" "-"
51.195.183.0 - - [10/Feb/2026:00:05:19 +0000] "GET /category/uncategorized/page/85 HTTP/1.1" 200 92161 kenilworthcourt.com "-" "Mozilla/5.0 (compatible; AhrefsBot/7.0; +http://ahrefs.com/robot/)" "-"
3.83.76.0 - - [10/Feb/2026:00:05:21 +0000] "GET /ho-giocato-a-need-for-slots-senza-javascript-test-di-degradazione-elegante-per-litalia HTTP/1.1" 200 40583 kenilworthcourt.com "-" "TerraCotta https://github.com/CeramicTeam/CeramicTerracotta" "-"
3.83.76.0 - - [10/Feb/2026:00:05:22 +0000] "GET /tag/tala888-com-register-login HTTP/1.1" 200 71389 kenilworthcourt.com "-" "TerraCotta https://github.com/CeramicTeam/CeramicTerracotta" "-"
2a03:2880:f800:: - - [10/Feb/2026:00:05:28 +0000] "GET /play-bingo-video-game-online-for-play-epic-journey-real-money-real-currency-2025 HTTP/1.1" 200 37756 kenilworthcourt.com "-" "meta-externalagent/1.1 (+https://developers.facebook.com/docs/sharing/webmasters/crawler)" "-"
3.83.76.0 - - [10/Feb/2026:00:05:35 +0000] "GET /office-2019-x64-french-get-to%f0%9d%9a%9brent HTTP/1.1" 200 101074 kenilworthcourt.com "-" "TerraCotta https://github.com/CeramicTeam/CeramicTerracotta" "-"
51.195.215.0 - - [10/Feb/2026:00:05:35 +0000] "GET /tag/slottica-aplikacja HTTP/1.1" 200 105097 kenilworthcourt.com "-" "Mozilla/5.0 (compatible; AhrefsBot/7.0; +http://ahrefs.com/robot/)" "-"
3.83.76.0 - - [10/Feb/2026:00:05:36 +0000] "GET /directe-voordelen-en-terugbetalingsdeals-bij-loyal-casino-voor-nederland HTTP/1.1" 200 34906 kenilworthcourt.com "-" "TerraCotta https://github.com/CeramicTeam/CeramicTerracotta" "-"
85.208.98.0 - - [10/Feb/2026:00:05:45 +0000] "GET /janet-sport-2018-k.html HTTP/1.1" 429 267 kenilworthcourt.com "-" "Mozilla/5.0 (compatible; SemrushBot-BA; +http://www.semrush.com/bot.html)" "-"
3.83.76.0 - - [10/Feb/2026:00:05:48 +0000] "GET /nyxbets HTTP/1.1" 200 32470 kenilworthcourt.com "-" "TerraCotta https://github.com/CeramicTeam/CeramicTerracotta" "-"
51.89.129.0 - - [10/Feb/2026:00:05:50 +0000] "GET /tag/rtbet-login/feed HTTP/1.1" 200 105261 kenilworthcourt.com "-" "Mozilla/5.0 (compatible; AhrefsBot/7.0; +http://ahrefs.com/robot/)" "-"
3.83.76.0 - - [10/Feb/2026:00:05:50 +0000] "GET /glassi-casino-india-super-claim HTTP/1.1" 200 40881 kenilworthcourt.com "-" "TerraCotta https://github.com/CeramicTeam/CeramicTerracotta" "-"
3.83.76.0 - - [10/Feb/2026:00:05:57 +0000] "GET /golden-grand-casino-ihr-zuhause-fur-online-sportwetten HTTP/1.1" 200 32302 kenilworthcourt.com "-" "TerraCotta https://github.com/CeramicTeam/CeramicTerracotta" "-"
85.208.98.0 - - [10/Feb/2026:00:06:03 +0000] "GET /robots.txt HTTP/1.1" 429 267 kenilworthcourt.com "-" "Mozilla/5.0 (compatible; SemrushBot-BA; +http://www.semrush.com/bot.html)" "-"
198.244.168.0 - - [10/Feb/2026:00:06:04 +0000] "GET /energy-kasyno-382 HTTP/1.1" 200 39373 kenilworthcourt.com "-" "Mozilla/5.0 (compatible; AhrefsBot/7.0; +http://ahrefs.com/robot/)" "-"
3.83.76.0 - - [10/Feb/2026:00:06:13 +0000] "GET /how-to-play-the-popular-chicken-road-detailed-beginner-guide HTTP/1.1" 200 33345 kenilworthcourt.com "-" "TerraCotta https://github.com/CeramicTeam/CeramicTerracotta" "-"
198.244.183.0 - - [10/Feb/2026:00:06:20 +0000] "GET /tag/0xa3d396ae/feed HTTP/1.1" 200 2039 kenilworthcourt.com "-" "Mozilla/5.0 (compatible; AhrefsBot/7.0; +http://ahrefs.com/robot/)" "-"
222.252.74.0 - - [10/Feb/2026:00:06:22 +0000] "GET /dominando-los-cielos-con-aviamasters-una-experienc HTTP/1.1" 200 32027 kenilworthcourt.com "-" "Mozilla/5.0 (Macintosh; Intel Mac OS X 10_13_6) AppleWebKit/537.36 (KHTML, like Gecko) Chrome/84.0.4147.125 Safari/537.36" "-"
54.38.147.0 - - [10/Feb/2026:00:06:33 +0000] "GET /il-ruolo-degli-steroidi-nella-moderna-farmacologia-sportiva-una-panoramica-dei-benefici-e-del-corretto-utilizzo/feed HTTP/1.1" 200 1079 kenilworthcourt.com "-" "Mozilla/5.0 (compatible; AhrefsBot/7.0; +http://ahrefs.com/robot/)" "-"
3.83.76.0 - - [10/Feb/2026:00:06:39 +0000] "GET /ich-habe-die-auszahlungsquoten-des-vincispin-casinos-mit-den-branchenublichen-durchschnittswerten-fur-deutschland-verglichen HTTP/1.1" 200 36933 kenilworthcourt.com "-" "TerraCotta https://github.com/CeramicTeam/CeramicTerracotta" "-"
3.83.76.0 - - [10/Feb/2026:00:06:40 +0000] "GET /kingbilly-casino-slots-and-table-games-online HTTP/1.1" 200 31695 kenilworthcourt.com "-" "TerraCotta https://github.com/CeramicTeam/CeramicTerracotta" "-"
85.208.98.0 - - [10/Feb/2026:00:06:50 +0000] "GET /nike-matrix-structure-k.html HTTP/1.1" 429 267 kenilworthcourt.com "-" "Mozilla/5.0 (compatible; SemrushBot-BA; +http://www.semrush.com/bot.html)" "-"
51.89.129.0 - - [10/Feb/2026:00:06:52 +0000] "GET /category/phlwin-free-100-no-deposit-124/feed HTTP/1.1" 200 49270 kenilworthcourt.com "-" "Mozilla/5.0 (compatible; AhrefsBot/7.0; +http://ahrefs.com/robot/)" "-"
3.83.76.0 - - [10/Feb/2026:00:06:55 +0000] "GET /tag/casino-hellspin HTTP/1.1" 200 105074 kenilworthcourt.com "-" "TerraCotta https://github.com/CeramicTeam/CeramicTerracotta" "-"
3.83.76.0 - - [10/Feb/2026:00:06:56 +0000] "GET /badz-na-biezaco-zachowaj-szczescie-i-badz-bezpieczny-z-kasynem-bassbet HTTP/1.1" 200 37139 kenilworthcourt.com "-" "TerraCotta https://github.com/CeramicTeam/CeramicTerracotta" "-"
3.83.76.0 - - [10/Feb/2026:00:07:07 +0000] "GET /how-to-open-an-account-on-mozzert-bet-casino-kenya HTTP/1.1" 200 31300 kenilworthcourt.com "-" "TerraCotta https://github.com/CeramicTeam/CeramicTerracotta" "-"
198.244.242.0 - - [10/Feb/2026:00:07:08 +0000] "GET /mostbet-jogos-online-casino/feed HTTP/1.1" 200 826 kenilworthcourt.com "-" "Mozilla/5.0 (compatible; AhrefsBot/7.0; +http://ahrefs.com/robot/)" "-"
85.208.98.0 - - [10/Feb/2026:00:07:12 +0000] "GET /robots.txt HTTP/1.1" 429 267 kenilworthcourt.com "-" "Mozilla/5.0 (compatible; SemrushBot-BA; +http://www.semrush.com/bot.html)" "-"
2a03:2880:f800:: - - [10/Feb/2026:00:07:13 +0000] "GET /preview-their-phase-by-stage-help-guide-to-the-fresh-2024-vuelta-a-espana HTTP/1.1" 200 38553 kenilworthcourt.com "-" "meta-externalagent/1.1 (+https://developers.facebook.com/docs/sharing/webmasters/crawler)" "-"
85.208.98.0 - - [10/Feb/2026:00:07:15 +0000] "GET /robots.txt HTTP/1.1" 429 267 kenilworthcourt.com "-" "Mozilla/5.0 (compatible; SemrushBot-BA; +http://www.semrush.com/bot.html)" "-"
51.195.215.0 - - [10/Feb/2026:00:07:22 +0000] "GET /ein-gebuhr-konnte-auf-keinen-fall-inside-der-datenbank-aktualisiert-man-sagt-sie-triple-chance-apk-seien HTTP/1.1" 200 35787 kenilworthcourt.com "-" "Mozilla/5.0 (compatible; AhrefsBot/7.0; +http://ahrefs.com/robot/)" "-"
198.244.168.0 - - [10/Feb/2026:00:07:40 +0000] "GET /crea-velocemente-il-tuo-account-casino-protetto HTTP/1.1" 200 33848 kenilworthcourt.com "-" "Mozilla/5.0 (compatible; AhrefsBot/7.0; +http://ahrefs.com/robot/)" "-"
3.83.76.0 - - [10/Feb/2026:00:07:44 +0000] "GET /adobe-premiere-pro-2025-crack-for-pc-patch-patch-2025 HTTP/1.1" 200 121016 kenilworthcourt.com "-" "TerraCotta https://github.com/CeramicTeam/CeramicTerracotta" "-"
3.83.76.0 - - [10/Feb/2026:00:07:47 +0000] "GET /plagiarism-detector-cracked-final-x32x64-no-virus HTTP/1.1" 200 111035 kenilworthcourt.com "-" "TerraCotta https://github.com/CeramicTeam/CeramicTerracotta" "-"
82.165.113.0 - - [10/Feb/2026:00:07:48 +0000] "POST /xmlrpc.php HTTP/1.1" 503 339 kenilworthcourt.com "-" "Mozilla/5.0 (Windows NT 10.0; WOW64) AppleWebKit/537.36 (KHTML, like Gecko) Chrome/142.0.0.0 Safari/537.36" "-"
85.208.98.0 - - [10/Feb/2026:00:07:49 +0000] "GET /internet-negozio-amazon-k.html HTTP/1.1" 429 267 kenilworthcourt.com "-" "Mozilla/5.0 (compatible; SemrushBot-BA; +http://www.semrush.com/bot.html)" "-"
51.195.183.0 - - [10/Feb/2026:00:07:52 +0000] "GET /20-bet-701 HTTP/1.1" 200 43101 kenilworthcourt.com "-" "Mozilla/5.0 (compatible; AhrefsBot/7.0; +http://ahrefs.com/robot/)" "-"
3.83.76.0 - - [10/Feb/2026:00:07:53 +0000] "GET /category/phlwin-register-383 HTTP/1.1" 200 82630 kenilworthcourt.com "-" "TerraCotta https://github.com/CeramicTeam/CeramicTerracotta" "-"
198.244.168.0 - - [10/Feb/2026:00:08:06 +0000] "GET /play-online-poker-for-real-money-at-the-ignition HTTP/1.1" 200 33799 kenilworthcourt.com "-" "Mozilla/5.0 (compatible; AhrefsBot/7.0; +http://ahrefs.com/robot/)" "-"
51.195.215.0 - - [10/Feb/2026:00:08:19 +0000] "GET /on-line-blackjack-real-money-gambling-enterprises-real-time-tournaments-casinoland-100-no-deposit-bonus-2025 HTTP/1.1" 200 38022 kenilworthcourt.com "-" "Mozilla/5.0 (compatible; AhrefsBot/7.0; +http://ahrefs.com/robot/)" "-"
85.208.98.0 - - [10/Feb/2026:00:08:27 +0000] "GET /robots.txt HTTP/1.1" 429 267 kenilworthcourt.com "-" "Mozilla/5.0 (compatible; SemrushBot-BA; +http://www.semrush.com/bot.html)" "-"
51.195.215.0 - - [10/Feb/2026:00:08:33 +0000] "GET /s-rasfoiti-deasupra-wings-fie-gold-simboluri-urmare-samba-brazil-1-sedimen-aiest-site-sunteti-de-centru HTTP/1.1" 200 35817 kenilworthcourt.com "-" "Mozilla/5.0 (compatible; AhrefsBot/7.0; +http://ahrefs.com/robot/)" "-"
3.83.76.0 - - [10/Feb/2026:00:08:37 +0000] "GET /spielbank-hohensyburg HTTP/1.1" 200 32887 kenilworthcourt.com "-" "TerraCotta https://github.com/CeramicTeam/CeramicTerracotta" "-"
198.244.240.0 - - [10/Feb/2026:00:08:47 +0000] "GET /tiki-mania-position-trial-and-you-will-remark-play-turning-totems-slot-machine-luck-factory-studios HTTP/1.1" 200 36476 kenilworthcourt.com "-" "Mozilla/5.0 (compatible; AhrefsBot/7.0; +http://ahrefs.com/robot/)" "-"
3.83.76.0 - - [10/Feb/2026:00:08:51 +0000] "GET /vainqueurs-de-lolympe-casino-les-plus-grandes-machines-a-sous-en-ligne HTTP/1.1" 200 32671 kenilworthcourt.com "-" "TerraCotta https://github.com/CeramicTeam/CeramicTerracotta" "-"
3.83.76.0 - - [10/Feb/2026:00:08:58 +0000] "GET /chicken-road-game HTTP/1.1" 200 33760 kenilworthcourt.com "-" "TerraCotta https://github.com/CeramicTeam/CeramicTerracotta" "-"
198.244.226.0 - - [10/Feb/2026:00:09:04 +0000] "GET /kostenloses-cosmic-erfolg-spielautomat-angeschlossen-durchgang-schaferhundeverein-scribes-of-thebes-spielautomaten-echtes-geld-eggenstein HTTP/1.1" 200 35038 kenilworthcourt.com "-" "Mozilla/5.0 (compatible; AhrefsBot/7.0; +http://ahrefs.com/robot/)" "-"
3.83.76.0 - - [10/Feb/2026:00:09:14 +0000] "GET /0x818a7e55 HTTP/1.1" 200 28831 kenilworthcourt.com "-" "TerraCotta https://github.com/CeramicTeam/CeramicTerracotta" "-"
198.244.226.0 - - [10/Feb/2026:00:09:17 +0000] "GET /greatest-video-poker-games-play-victory-real-cash-in-deposit-bonus-300-the-2025 HTTP/1.1" 200 37648 kenilworthcourt.com "-" "Mozilla/5.0 (compatible; AhrefsBot/7.0; +http://ahrefs.com/robot/)" "-"
85.208.98.0 - - [10/Feb/2026:00:09:28 +0000] "GET /shop-fotografia-amazon-k.html HTTP/1.1" 429 267 kenilworthcourt.com "-" "Mozilla/5.0 (compatible; SemrushBot-BA; +http://www.semrush.com/bot.html)" "-"
3.83.76.0 - - [10/Feb/2026:00:09:31 +0000] "GET /category/phlwin-free-100-no-deposit-124 HTTP/1.1" 200 73749 kenilworthcourt.com "-" "TerraCotta https://github.com/CeramicTeam/CeramicTerracotta" "-"
3.83.76.0 - - [10/Feb/2026:00:09:32 +0000] "GET /tag/galactic-wins-no-deposit-bonus-codes HTTP/1.1" 200 81280 kenilworthcourt.com "-" "TerraCotta https://github.com/CeramicTeam/CeramicTerracotta" "-"
51.195.244.0 - - [10/Feb/2026:00:09:34 +0000] "GET /wheres-the-gold-aristocrat-gaming-recenzja-graj-internetowego-za-darmo-rtp-book-of-dead-slot-free-spins-sto4 HTTP/1.1" 200 38649 kenilworthcourt.com "-" "Mozilla/5.0 (compatible; AhrefsBot/7.0; +http://ahrefs.com/robot/)" "-"
3.83.76.0 - - [10/Feb/2026:00:09:35 +0000] "GET /esperienza-highfly-casino-sblocca-lemozione-dei-gi HTTP/1.1" 200 38424 kenilworthcourt.com "-" "TerraCotta https://github.com/CeramicTeam/CeramicTerracotta" "-"
198.244.240.0 - - [10/Feb/2026:00:09:54 +0000] "GET /pussn-boots-50-ingen-innskudd-spinner-gem-star-red-tiger-gaming-spilleautomatanmeldelse-gratisspill-kasinoer HTTP/1.1" 200 37386 kenilworthcourt.com "-" "Mozilla/5.0 (compatible; AhrefsBot/7.0; +http://ahrefs.com/robot/)" "-"
198.244.168.0 - - [10/Feb/2026:00:10:16 +0000] "GET /slots-diamond-blitz-100-jogos-de-slot-welcome-bonus-find-the-best-slots-bonus-slot-pilot-cup-2024/feed HTTP/1.1" 200 1036 kenilworthcourt.com "-" "Mozilla/5.0 (compatible; AhrefsBot/7.0; +http://ahrefs.com/robot/)" "-"
165.22.247.0 - - [10/Feb/2026:00:10:16 +0000] "GET /adu-builders-in-sacramento-2 HTTP/1.1" 200 188952 kenilworthcourt.com "https://kenilworthcourt.com/" "Mozilla/5.0 (Macintosh; Intel Mac OS X 12_5) AppleWebKit/537.36 (KHTML, like Gecko) Chrome/114.0.0.0 Safari/537.36 Edg/114.0.1264.71" "-"
3.83.76.0 - - [10/Feb/2026:00:10:22 +0000] "GET /aztec-fire-hold-and-win-slot HTTP/1.1" 200 34541 kenilworthcourt.com "-" "TerraCotta https://github.com/CeramicTeam/CeramicTerracotta" "-"
14.245.204.0 - - [10/Feb/2026:00:10:23 +0000] "GET /category/20bet-casino-909 HTTP/1.1" 200 65132 kenilworthcourt.com "-" "Mozilla/5.0 (Windows NT 6.3; Win64; x64) AppleWebKit/537.36 (KHTML, like Gecko) Chrome/108.0.0.0 Safari/537.36" "-"
165.22.247.0 - - [10/Feb/2026:00:10:29 +0000] "GET /wp-login.php?action=register HTTP/1.1" 302 - kenilworthcourt.com "https://kenilworthcourt.com/adu-builders-in-sacramento-2" "Mozilla/5.0 (Windows NT 6.3; Win64; x64) AppleWebKit/537.36 (KHTML, like Gecko) Chrome/103.0.0.0 Safari/537.36" "-"
3.83.76.0 - - [10/Feb/2026:00:10:30 +0000] "GET /tag/bonus-888starz HTTP/1.1" 200 73573 kenilworthcourt.com "-" "TerraCotta https://github.com/CeramicTeam/CeramicTerracotta" "-"
165.22.247.0 - - [10/Feb/2026:00:10:30 +0000] "GET /wp-login.php?registration=disabled HTTP/1.1" 200 4932 kenilworthcourt.com "https://kenilworthcourt.com/wp-login.php?action=register" "Mozilla/5.0 (Windows NT 6.3; Win64; x64) AppleWebKit/537.36 (KHTML, like Gecko) Chrome/103.0.0.0 Safari/537.36" "-"
54.38.147.0 - - [10/Feb/2026:00:10:34 +0000] "GET /vulkanvegas-40/feed HTTP/1.1" 200 833 kenilworthcourt.com "-" "Mozilla/5.0 (compatible; AhrefsBot/7.0; +http://ahrefs.com/robot/)" "-"
85.208.98.0 - - [10/Feb/2026:00:10:36 +0000] "GET /foto-online-amazon-k.html HTTP/1.1" 429 267 kenilworthcourt.com "-" "Mozilla/5.0 (compatible; SemrushBot-BA; +http://www.semrush.com/bot.html)" "-"
3.83.76.0 - - [10/Feb/2026:00:10:42 +0000] "GET /wazamba-casino HTTP/1.1" 200 33485 kenilworthcourt.com "-" "TerraCotta https://github.com/CeramicTeam/CeramicTerracotta" "-"
3.83.76.0 - - [10/Feb/2026:00:10:46 +0000] "GET /tag/spin-samurai-online-casino HTTP/1.1" 200 135080 kenilworthcourt.com "-" "TerraCotta https://github.com/CeramicTeam/CeramicTerracotta" "-"
3.83.76.0 - - [10/Feb/2026:00:10:50 +0000] "GET /category/20bet-casino-695 HTTP/1.1" 200 70142 kenilworthcourt.com "-" "TerraCotta https://github.com/CeramicTeam/CeramicTerracotta" "-"
51.195.244.0 - - [10/Feb/2026:00:10:52 +0000] "GET /category/20-bet-login-526 HTTP/1.1" 200 63207 kenilworthcourt.com "-" "Mozilla/5.0 (compatible; AhrefsBot/7.0; +http://ahrefs.com/robot/)" "-"
3.83.76.0 - - [10/Feb/2026:00:11:01 +0000] "GET /tag/betsafe-kasyno HTTP/1.1" 200 88677 kenilworthcourt.com "-" "TerraCotta https://github.com/CeramicTeam/CeramicTerracotta" "-"
62.164.177.0 - - [10/Feb/2026:00:11:04 +0000] "POST /xmlrpc.php HTTP/1.1" 503 339 kenilworthcourt.com "-" "Mozilla/5.0 (Windows NT 10.0; Win64; x64) AppleWebKit/537.36 (KHTML, like Gecko) Chrome/138.0.0.0 Safari/537.36 Edg/138.0.0.0" "-"
3.83.76.0 - - [10/Feb/2026:00:11:08 +0000] "GET /tag/188bet-vui HTTP/1.1" 200 120182 kenilworthcourt.com "-" "TerraCotta https://github.com/CeramicTeam/CeramicTerracotta" "-"
198.244.240.0 - - [10/Feb/2026:00:11:08 +0000] "GET /crystal-queen-quickspin-demonstration-and-you-can-slot-machine-zeus-online-position-remark HTTP/1.1" 200 37196 kenilworthcourt.com "-" "Mozilla/5.0 (compatible; AhrefsBot/7.0; +http://ahrefs.com/robot/)" "-"
3.83.76.0 - - [10/Feb/2026:00:11:19 +0000] "GET /tag/phlwin-free-100 HTTP/1.1" 200 176529 kenilworthcourt.com "-" "TerraCotta https://github.com/CeramicTeam/CeramicTerracotta" "-"
198.244.168.0 - - [10/Feb/2026:00:11:24 +0000] "GET /ontgrendel-dagelijkse-bonussen-voor-belgische-gokkers-bij-yep-casino/feed HTTP/1.1" 200 949 kenilworthcourt.com "-" "Mozilla/5.0 (compatible; AhrefsBot/7.0; +http://ahrefs.com/robot/)" "-"
3.83.76.0 - - [10/Feb/2026:00:11:32 +0000] "GET /advantages-of-gut-inflammation-peptide-sciences-drugs HTTP/1.1" 200 29447 kenilworthcourt.com "-" "TerraCotta https://github.com/CeramicTeam/CeramicTerracotta" "-"
51.89.129.0 - - [10/Feb/2026:00:11:40 +0000] "GET /category/levelup-casino-australia-82/feed HTTP/1.1" 200 56206 kenilworthcourt.com "-" "Mozilla/5.0 (compatible; AhrefsBot/7.0; +http://ahrefs.com/robot/)" "-"
3.83.76.0 - - [10/Feb/2026:00:11:48 +0000] "GET /iskush%d1%96k-s%d0%beortar%d0%be%d2%9bt%d0%b0%d1%83-%d0%b6%d3%99%d0%bd%d0%b5-%d1%88%d0%b0%d1%80%d1%82%d0%b0%d1%83%d1%88%d1%8b%d0%bb%d1%8b%d2%9b HTTP/1.1" 200 34046 kenilworthcourt.com "-" "TerraCotta https://github.com/CeramicTeam/CeramicTerracotta" "-"
198.244.226.0 - - [10/Feb/2026:00:11:51 +0000] "GET /washing-car-service-828/feed HTTP/1.1" 200 916 kenilworthcourt.com "-" "Mozilla/5.0 (compatible; AhrefsBot/7.0; +http://ahrefs.com/robot/)" "-"
85.208.98.0 - - [10/Feb/2026:00:12:05 +0000] "GET /robots.txt HTTP/1.1" 429 267 kenilworthcourt.com "-" "Mozilla/5.0 (compatible; SemrushBot-BA; +http://www.semrush.com/bot.html)" "-"
198.244.242.0 - - [10/Feb/2026:00:12:08 +0000] "GET /fb-777-login-492/feed HTTP/1.1" 200 806 kenilworthcourt.com "-" "Mozilla/5.0 (compatible; AhrefsBot/7.0; +http://ahrefs.com/robot/)" "-"
3.83.76.0 - - [10/Feb/2026:00:12:19 +0000] "GET /tag/vegas-vulkan HTTP/1.1" 200 126871 kenilworthcourt.com "-" "TerraCotta https://github.com/CeramicTeam/CeramicTerracotta" "-"
198.244.183.0 - - [10/Feb/2026:00:12:24 +0000] "GET /spielbank-neunkirchen HTTP/1.1" 200 31503 kenilworthcourt.com "-" "Mozilla/5.0 (compatible; AhrefsBot/7.0; +http://ahrefs.com/robot/)" "-"
2a03:2880:f800:: - - [10/Feb/2026:00:12:29 +0000] "GET /adobe-after-effects-cracked-stable-x32-x64-full-2025 HTTP/1.1" 200 91581 kenilworthcourt.com "-" "meta-externalagent/1.1 (+https://developers.facebook.com/docs/sharing/webmasters/crawler)" "-"
85.208.98.0 - - [10/Feb/2026:00:12:36 +0000] "GET /case-online-vendita-amazon-k.html HTTP/1.1" 429 267 kenilworthcourt.com "-" "Mozilla/5.0 (compatible; SemrushBot-BA; +http://www.semrush.com/bot.html)" "-"
198.244.183.0 - - [10/Feb/2026:00:12:41 +0000] "GET /a-week-advertisements-and-you-can-tonybet-added-bonus-rules/feed HTTP/1.1" 200 922 kenilworthcourt.com "-" "Mozilla/5.0 (compatible; AhrefsBot/7.0; +http://ahrefs.com/robot/)" "-"
51.195.183.0 - - [10/Feb/2026:00:12:53 +0000] "GET /0x1c8c5b6a-48/feed HTTP/1.1" 200 781 kenilworthcourt.com "-" "Mozilla/5.0 (compatible; AhrefsBot/7.0; +http://ahrefs.com/robot/)" "-"
3.83.76.0 - - [10/Feb/2026:00:13:10 +0000] "GET /pistolo HTTP/1.1" 200 31571 kenilworthcourt.com "-" "TerraCotta https://github.com/CeramicTeam/CeramicTerracotta" "-"
54.38.147.0 - - [10/Feb/2026:00:13:11 +0000] "GET /playzax-casino-no-frankierung-maklercourtage-online-spielen-roulette-10-euro HTTP/1.1" 200 35987 kenilworthcourt.com "-" "Mozilla/5.0 (compatible; AhrefsBot/7.0; +http://ahrefs.com/robot/)" "-"
3.83.76.0 - - [10/Feb/2026:00:13:17 +0000] "GET /office-2026-exe-file-all-in-one-super-lite-p2p-to%f0%9d%9a%9brent HTTP/1.1" 200 100036 kenilworthcourt.com "-" "TerraCotta https://github.com/CeramicTeam/CeramicTerracotta" "-"
198.244.168.0 - - [10/Feb/2026:00:13:25 +0000] "GET /frogs-pharaohs-and-triple-chance-fixed-video-slot-aliens-the-avengers-erreichbar-slot-slotspiel-fur-jedes-bimbes-fairy-tale-slot-wisch-durch-slotcatalog/feed HTTP/1.1" 200 1204 kenilworthcourt.com "-" "Mozilla/5.0 (compatible; AhrefsBot/7.0; +http://ahrefs.com/robot/)" "-"
85.208.98.0 - - [10/Feb/2026:00:13:26 +0000] "GET /kappa-russia-k.html HTTP/1.1" 429 267 kenilworthcourt.com "-" "Mozilla/5.0 (compatible; SemrushBot-BA; +http://www.semrush.com/bot.html)" "-"
3.83.76.0 - - [10/Feb/2026:00:13:27 +0000] "GET /me88-casino HTTP/1.1" 200 33938 kenilworthcourt.com "-" "TerraCotta https://github.com/CeramicTeam/CeramicTerracotta" "-"
3.83.76.0 - - [10/Feb/2026:00:13:35 +0000] "GET /tag/20bet-belepes HTTP/1.1" 200 70051 kenilworthcourt.com "-" "TerraCotta https://github.com/CeramicTeam/CeramicTerracotta" "-"
85.208.98.0 - - [10/Feb/2026:00:13:36 +0000] "GET /profili-infissi-pvc-amazon-k.html HTTP/1.1" 429 267 kenilworthcourt.com "-" "Mozilla/5.0 (compatible; SemrushBot-BA; +http://www.semrush.com/bot.html)" "-"
198.244.242.0 - - [10/Feb/2026:00:13:39 +0000] "GET /20-better-bitcoin-pokie-ghostbusters-and-crypto-betting-internet-gamble-online-baccarat-pro-series-higher-limit-sites-all-of-our-best-picks/feed HTTP/1.1" 200 1165 kenilworthcourt.com "-" "Mozilla/5.0 (compatible; AhrefsBot/7.0; +http://ahrefs.com/robot/)" "-"
3.83.76.0 - - [10/Feb/2026:00:13:43 +0000] "GET /tag/188bet-one HTTP/1.1" 200 176069 kenilworthcourt.com "-" "TerraCotta https://github.com/CeramicTeam/CeramicTerracotta" "-"
3.83.76.0 - - [10/Feb/2026:00:13:47 +0000] "GET /category/hellspin-casino-australia-74 HTTP/1.1" 200 51245 kenilworthcourt.com "-" "TerraCotta https://github.com/CeramicTeam/CeramicTerracotta" "-"
3.83.76.0 - - [10/Feb/2026:00:13:49 +0000] "GET /crazy-luck HTTP/1.1" 200 34099 kenilworthcourt.com "-" "TerraCotta https://github.com/CeramicTeam/CeramicTerracotta" "-"
85.208.98.0 - - [10/Feb/2026:00:13:52 +0000] "GET /esempi-arredamento-amazon-k.html HTTP/1.1" 429 267 kenilworthcourt.com "-" "Mozilla/5.0 (compatible; SemrushBot-BA; +http://www.semrush.com/bot.html)" "-"
2a03:2880:3200:: - - [10/Feb/2026:00:13:54 +0000] "GET /microsoft-365-small-business-32-bit-google-drive-latest-get-to%F0%9D%9A%9Brent HTTP/1.1" 200 99362 kenilworthcourt.com "-" "facebookexternalhit/1.1 (+http://www.facebook.com/externalhit_uatext.php)" "-"
54.38.147.0 - - [10/Feb/2026:00:13:55 +0000] "GET /handel-or-no-handel-protestation-fruit-blast-kostenlose-spins-keine-einzahlung-gratis-vortragen/feed HTTP/1.1" 200 1030 kenilworthcourt.com "-" "Mozilla/5.0 (compatible; AhrefsBot/7.0; +http://ahrefs.com/robot/)" "-"
2a03:2880:1300:: - - [10/Feb/2026:00:13:57 +0000] "GET /microsoft-365-small-business-32-bit-google-drive-latest-get-to%F0%9D%9A%9Brent HTTP/1.1" 200 99362 kenilworthcourt.com "-" "facebookexternalhit/1.1 (+http://www.facebook.com/externalhit_uatext.php)" "-"
3.83.76.0 - - [10/Feb/2026:00:13:57 +0000] "GET /category/betriot-app-28 HTTP/1.1" 200 73363 kenilworthcourt.com "-" "TerraCotta https://github.com/CeramicTeam/CeramicTerracotta" "-"
66.249.68.0 - - [10/Feb/2026:00:14:02 +0000] "GET /abrace-a-emocao-multiplique-seus-ganhos-com-o-demo-fortune-mouse HTTP/1.1" 200 37944 kenilworthcourt.com "-" "Mozilla/5.0 (Linux; Android 6.0.1; Nexus 5X Build/MMB29P) AppleWebKit/537.36 (KHTML, like Gecko) Chrome/144.0.7559.132 Mobile Safari/537.36 (compatible; Googlebot/2.1; +http://www.google.com/bot.html)" "-"
51.89.129.0 - - [10/Feb/2026:00:14:11 +0000] "GET /kasino-pramie-money-game-keine-einzahlung-codes-2025-freispiele-unter-anderem-kostenfrei-guthaben/feed HTTP/1.1" 200 1037 kenilworthcourt.com "-" "Mozilla/5.0 (compatible; AhrefsBot/7.0; +http://ahrefs.com/robot/)" "-"
3.83.76.0 - - [10/Feb/2026:00:14:11 +0000] "GET /tag/0xae5aff95 HTTP/1.1" 200 26281 kenilworthcourt.com "-" "TerraCotta https://github.com/CeramicTeam/CeramicTerracotta" "-"
2a03:2880:2700:: - - [10/Feb/2026:00:14:15 +0000] "GET /microsoft-365-small-business-32-bit-google-drive-latest-get-to%F0%9D%9A%9Brent HTTP/1.1" 200 99362 kenilworthcourt.com "-" "facebookexternalhit/1.1 (+http://www.facebook.com/externalhit_uatext.php)" "-"
51.195.244.0 - - [10/Feb/2026:00:14:25 +0000] "GET /understanding-sports-betting-odds-an-entire-book-tonybet-web-log/feed HTTP/1.1" 200 938 kenilworthcourt.com "-" "Mozilla/5.0 (compatible; AhrefsBot/7.0; +http://ahrefs.com/robot/)" "-"
3.83.76.0 - - [10/Feb/2026:00:14:30 +0000] "GET /chicken-road-30 HTTP/1.1" 200 31686 kenilworthcourt.com "-" "TerraCotta https://github.com/CeramicTeam/CeramicTerracotta" "-"
2a03:2880:f800:: - - [10/Feb/2026:00:14:40 +0000] "GET /is-1xbet-casino-lawful-and-safe-in-uk HTTP/1.1" 200 34178 kenilworthcourt.com "-" "meta-externalagent/1.1 (+https://developers.facebook.com/docs/sharing/webmasters/crawler)" "-"
54.38.147.0 - - [10/Feb/2026:00:14:43 +0000] "GET /titanbet-remark-fast-winnings-nice-extra/feed HTTP/1.1" 200 865 kenilworthcourt.com "-" "Mozilla/5.0 (compatible; AhrefsBot/7.0; +http://ahrefs.com/robot/)" "-"
3.83.76.0 - - [10/Feb/2026:00:14:46 +0000] "GET /decandrol-cursus-alles-wat-u-moet-weten HTTP/1.1" 200 29498 kenilworthcourt.com "-" "TerraCotta https://github.com/CeramicTeam/CeramicTerracotta" "-"
3.83.76.0 - - [10/Feb/2026:00:14:50 +0000] "GET /unleash-riches-with-massive-gold-slot-fortune-awaits-you HTTP/1.1" 200 34666 kenilworthcourt.com "-" "TerraCotta https://github.com/CeramicTeam/CeramicTerracotta" "-"
85.208.98.0 - - [10/Feb/2026:00:14:52 +0000] "GET /casa-contemporanea-arredamento-amazon-k.html HTTP/1.1" 429 267 kenilworthcourt.com "-" "Mozilla/5.0 (compatible; SemrushBot-BA; +http://www.semrush.com/bot.html)" "-"
198.244.240.0 - - [10/Feb/2026:00:15:02 +0000] "GET /grand-70-kostenlose-spins-kein-einzahlungscasino-jester-rtp-free-spins-slot-reviews/feed HTTP/1.1" 200 994 kenilworthcourt.com "-" "Mozilla/5.0 (compatible; AhrefsBot/7.0; +http://ahrefs.com/robot/)" "-"
3.83.76.0 - - [10/Feb/2026:00:15:06 +0000] "GET /category/20-bet-casino-app-10 HTTP/1.1" 200 70611 kenilworthcourt.com "-" "TerraCotta https://github.com/CeramicTeam/CeramicTerracotta" "-"
14.227.241.0 - - [10/Feb/2026:00:15:10 +0000] "GET /piso-888-casino-16 HTTP/1.1" 200 43344 kenilworthcourt.com "-" "Mozilla/5.0 (Windows NT 6.1; WOW64) AppleWebKit/537.36 (KHTML, like Gecko) Chrome/107.0.0.0 Safari/537.36" "-"
85.208.98.0 - - [10/Feb/2026:00:15:12 +0000] "GET /come-predisporre-un-bagno-amazon-k.html HTTP/1.1" 429 267 kenilworthcourt.com "-" "Mozilla/5.0 (compatible; SemrushBot-BA; +http://www.semrush.com/bot.html)" "-"
198.244.240.0 - - [10/Feb/2026:00:15:19 +0000] "GET /casino-bruno-apuestas-online-y-juegos-de-casino-casino-online/feed HTTP/1.1" 200 929 kenilworthcourt.com "-" "Mozilla/5.0 (compatible; AhrefsBot/7.0; +http://ahrefs.com/robot/)" "-"
14.162.14.0 - - [10/Feb/2026:00:15:22 +0000] "GET /hell-spin-casino-716 HTTP/1.1" 200 38814 kenilworthcourt.com "-" "Mozilla/5.0 (Windows NT 10.0; Win64; x64) AppleWebKit/537.36 (KHTML, like Gecko) Chrome/80.0.3987.132 Safari/537.36" "-"
54.38.147.0 - - [10/Feb/2026:00:15:35 +0000] "GET /14-greatest-casino-playgrand-black-jack-casino-las-vegas-2025 HTTP/1.1" 200 37506 kenilworthcourt.com "-" "Mozilla/5.0 (compatible; AhrefsBot/7.0; +http://ahrefs.com/robot/)" "-"
85.208.98.0 - - [10/Feb/2026:00:15:38 +0000] "GET /colori-infissi-pvc-amazon-k.html HTTP/1.1" 429 267 kenilworthcourt.com "-" "Mozilla/5.0 (compatible; SemrushBot-BA; +http://www.semrush.com/bot.html)" "-"
3.83.76.0 - - [10/Feb/2026:00:15:40 +0000] "GET /%ce%b5%ce%b3%cf%87%ce%b5%ce%b9%cf%81%ce%af%ce%b4%ce%b9%ce%b1-%cf%84%cf%85%cf%87%ce%b1%ce%b9%cf%8c%cf%84%ce%b7%cf%84%ce%b1%cf%82-%cf%83%cf%84%ce%bf%ce%bd-%ce%ba%ce%bb%ce%ac%ce%b4%ce%bf-%cf%84%cf%89 HTTP/1.1" 200 39408 kenilworthcourt.com "-" "TerraCotta https://github.com/CeramicTeam/CeramicTerracotta" "-"
85.208.98.0 - - [10/Feb/2026:00:15:43 +0000] "GET /come-eliminare-insetti-dalla-casa-amazon-k.html HTTP/1.1" 429 267 kenilworthcourt.com "-" "Mozilla/5.0 (compatible; SemrushBot-BA; +http://www.semrush.com/bot.html)" "-"
85.208.98.0 - - [10/Feb/2026:00:15:54 +0000] "GET /shabby-chic-accessori-casa-k.html HTTP/1.1" 429 267 kenilworthcourt.com "-" "Mozilla/5.0 (compatible; SemrushBot-BA; +http://www.semrush.com/bot.html)" "-"
51.195.215.0 - - [10/Feb/2026:00:15:56 +0000] "GET /real-baccarat-expert-series-lower-limit-game-on-the-web-dollars-cellular-gambling-casino-with-minimum-deposit-of-50-businesses-2024/feed HTTP/1.1" 200 1138 kenilworthcourt.com "-" "Mozilla/5.0 (compatible; AhrefsBot/7.0; +http://ahrefs.com/robot/)" "-"
3.83.76.0 - - [10/Feb/2026:00:16:08 +0000] "GET /tag/20bet-bonus-bez-depozytu HTTP/1.1" 200 162160 kenilworthcourt.com "-" "TerraCotta https://github.com/CeramicTeam/CeramicTerracotta" "-"
14.235.24.0 - - [10/Feb/2026:00:16:09 +0000] "GET /tadhana-slot-777-862 HTTP/1.1" 200 52150 kenilworthcourt.com "-" "Mozilla/5.0 (Windows NT 6.3; WOW64) AppleWebKit/537.36 (KHTML, like Gecko) Chrome/87.0.4280.66 Safari/537.36" "-"
3.83.76.0 - - [10/Feb/2026:00:16:11 +0000] "GET /fortunes-pursuit-at-888starz-casino HTTP/1.1" 200 32452 kenilworthcourt.com "-" "TerraCotta https://github.com/CeramicTeam/CeramicTerracotta" "-"
3.83.76.0 - - [10/Feb/2026:00:16:12 +0000] "GET /tag/0xb5ae75af HTTP/1.1" 200 26282 kenilworthcourt.com "-" "TerraCotta https://github.com/CeramicTeam/CeramicTerracotta" "-"
3.83.76.0 - - [10/Feb/2026:00:16:15 +0000] "GET /tag/0x14d9b84a HTTP/1.1" 200 26271 kenilworthcourt.com "-" "TerraCotta https://github.com/CeramicTeam/CeramicTerracotta" "-"
51.195.244.0 - - [10/Feb/2026:00:16:15 +0000] "GET /xcritical-niderlandskaja-45/feed HTTP/1.1" 200 835 kenilworthcourt.com "-" "Mozilla/5.0 (compatible; AhrefsBot/7.0; +http://ahrefs.com/robot/)" "-"
85.208.98.0 - - [10/Feb/2026:00:16:19 +0000] "GET /accessori-shabby-k.html HTTP/1.1" 429 267 kenilworthcourt.com "-" "Mozilla/5.0 (compatible; SemrushBot-BA; +http://www.semrush.com/bot.html)" "-"
181.133.39.0 - - [10/Feb/2026:00:16:24 +0000] "POST /xmlrpc.php HTTP/1.1" 200 180 kenilworthcourt.com "-" "XML-RPC for PHP 4.11.1" "-"
181.133.39.0 - - [10/Feb/2026:00:16:25 +0000] "POST /xmlrpc.php HTTP/1.1" 200 5813 kenilworthcourt.com "-" "XML-RPC for PHP 4.11.1" "-"
186.99.159.0 - - [10/Feb/2026:00:16:28 +0000] "GET /wie-bodybuilder-in-deutschland-ihre-massekuren-planen HTTP/1.1" 200 29380 kenilworthcourt.com "-" "GuzzleHttp/7" "-"
3.83.76.0 - - [10/Feb/2026:00:16:33 +0000] "GET /%e1%83%a1%e1%83%9a%e1%83%9d%e1%83%a2%e1%83%98-%e1%83%90%e1%83%95%e1%83%98%e1%83%90%e1%83%9b%e1%83%90%e1%83%a1%e1%83%a2%e1%83%94%e1%83%a0%e1%83%96%e1%83%98 HTTP/1.1" 200 30478 kenilworthcourt.com "-" "TerraCotta https://github.com/CeramicTeam/CeramicTerracotta" "-"
198.244.240.0 - - [10/Feb/2026:00:16:33 +0000] "GET /5-lowest-put-casinos-in-the-casino-arcade-bomb-canada-%EF%B8%8F-totally-free-spins-to-have-5/feed HTTP/1.1" 200 1017 kenilworthcourt.com "-" "Mozilla/5.0 (compatible; AhrefsBot/7.0; +http://ahrefs.com/robot/)" "-"
85.208.98.0 - - [10/Feb/2026:00:16:39 +0000] "GET /finestre-in-pvc-effetto-legno-prezzi-amazon-k.html HTTP/1.1" 429 267 kenilworthcourt.com "-" "Mozilla/5.0 (compatible; SemrushBot-BA; +http://www.semrush.com/bot.html)" "-"
165.22.247.0 - - [10/Feb/2026:00:16:42 +0000] "GET /adu-builders-in-sacramento-2 HTTP/1.1" 200 188952 kenilworthcourt.com "https://kenilworthcourt.com/" "Mozilla/5.0 (Macintosh; Intel Mac OS X 12_5) AppleWebKit/537.36 (KHTML, like Gecko) Chrome/114.0.0.0 Safari/537.36 Vivaldi/5.3.2679.68" "-"
165.22.247.0 - - [10/Feb/2026:00:16:48 +0000] "GET /wp-login.php?action=register HTTP/1.1" 302 - kenilworthcourt.com "https://kenilworthcourt.com/adu-builders-in-sacramento-2" "Mozilla/5.0 (Windows NT 6.3; Win64; x64) AppleWebKit/537.36 (KHTML, like Gecko) Chrome/103.0.0.0 Safari/537.36" "-"
165.22.247.0 - - [10/Feb/2026:00:16:48 +0000] "GET /wp-login.php?registration=disabled HTTP/1.1" 200 4932 kenilworthcourt.com "https://kenilworthcourt.com/wp-login.php?action=register" "Mozilla/5.0 (Windows NT 6.3; Win64; x64) AppleWebKit/537.36 (KHTML, like Gecko) Chrome/103.0.0.0 Safari/537.36" "-"
198.244.240.0 - - [10/Feb/2026:00:16:51 +0000] "GET /free-revolves-no-deposit-incentives-within-the-southern-africa-sep-2025/feed HTTP/1.1" 200 959 kenilworthcourt.com "-" "Mozilla/5.0 (compatible; AhrefsBot/7.0; +http://ahrefs.com/robot/)" "-"
3.83.76.0 - - [10/Feb/2026:00:16:59 +0000] "GET /tag/12play-cloud HTTP/1.1" 200 55228 kenilworthcourt.com "-" "TerraCotta https://github.com/CeramicTeam/CeramicTerracotta" "-"
198.244.183.0 - - [10/Feb/2026:00:17:04 +0000] "GET /tag/hellspin-app HTTP/1.1" 200 145101 kenilworthcourt.com "-" "Mozilla/5.0 (compatible; AhrefsBot/7.0; +http://ahrefs.com/robot/)" "-"
3.83.76.0 - - [10/Feb/2026:00:17:08 +0000] "GET /category/rtbet-bonus-822 HTTP/1.1" 200 73464 kenilworthcourt.com "-" "TerraCotta https://github.com/CeramicTeam/CeramicTerracotta" "-"
85.208.98.0 - - [10/Feb/2026:00:17:11 +0000] "GET /accessori-natale-casa-k.html HTTP/1.1" 429 267 kenilworthcourt.com "-" "Mozilla/5.0 (compatible; SemrushBot-BA; +http://www.semrush.com/bot.html)" "-"
3.83.76.0 - - [10/Feb/2026:00:17:12 +0000] "GET /tag/zet-casino-games HTTP/1.1" 200 150844 kenilworthcourt.com "-" "TerraCotta https://github.com/CeramicTeam/CeramicTerracotta" "-"
51.195.244.0 - - [10/Feb/2026:00:17:17 +0000] "GET /casino-games-incentives-and-you-will-campaigns-mr-bet-online-casino-minimum-deposit-3-canada/feed HTTP/1.1" 200 1021 kenilworthcourt.com "-" "Mozilla/5.0 (compatible; AhrefsBot/7.0; +http://ahrefs.com/robot/)" "-"
85.208.98.0 - - [10/Feb/2026:00:17:17 +0000] "GET /preventivo-online-infissi-pvc-amazon-k.html HTTP/1.1" 429 267 kenilworthcourt.com "-" "Mozilla/5.0 (compatible; SemrushBot-BA; +http://www.semrush.com/bot.html)" "-"
85.208.98.0 - - [10/Feb/2026:00:17:26 +0000] "GET /retail-shopping-bags-k.html HTTP/1.1" 429 267 kenilworthcourt.com "-" "Mozilla/5.0 (compatible; SemrushBot-BA; +http://www.semrush.com/bot.html)" "-"
51.195.244.0 - - [10/Feb/2026:00:17:33 +0000] "GET /tag/188bet-%E0%B8%A1%E0%B8%B7%E0%B8%AD%E0%B8%96%E0%B8%B7%E0%B8%AD/feed HTTP/1.1" 200 24195 kenilworthcourt.com "-" "Mozilla/5.0 (compatible; AhrefsBot/7.0; +http://ahrefs.com/robot/)" "-"
87.250.224.0 - - [10/Feb/2026:00:17:38 +0000] "GET /robots.txt HTTP/1.1" 429 267 kenilworthcourt.com "-" "Mozilla/5.0 (compatible; YandexBot/3.0; +http://yandex.com/bots)" "-"
3.83.76.0 - - [10/Feb/2026:00:17:44 +0000] "GET /the-evolution-of-fishing-from-ancient-villages-to-modern-tech HTTP/1.1" 200 39553 kenilworthcourt.com "-" "TerraCotta https://github.com/CeramicTeam/CeramicTerracotta" "-"
54.38.147.0 - - [10/Feb/2026:00:17:50 +0000] "GET /fluffy-favourites-position-remark-2025-totally-free-trial-50-no-deposit-spins-fenix-play-27-game HTTP/1.1" 200 37219 kenilworthcourt.com "-" "Mozilla/5.0 (compatible; AhrefsBot/7.0; +http://ahrefs.com/robot/)" "-"
198.244.226.0 - - [10/Feb/2026:00:18:06 +0000] "GET /tag/energykasyno HTTP/1.1" 200 134745 kenilworthcourt.com "-" "Mozilla/5.0 (compatible; AhrefsBot/7.0; +http://ahrefs.com/robot/)" "-"
3.83.76.0 - - [10/Feb/2026:00:18:10 +0000] "GET /category/888casino-apk-247 HTTP/1.1" 200 66506 kenilworthcourt.com "-" "TerraCotta https://github.com/CeramicTeam/CeramicTerracotta" "-"
3.83.76.0 - - [10/Feb/2026:00:18:11 +0000] "GET /tag/hellspin-casino-erfahrungen HTTP/1.1" 200 116183 kenilworthcourt.com "-" "TerraCotta https://github.com/CeramicTeam/CeramicTerracotta" "-"
51.195.215.0 - - [10/Feb/2026:00:18:21 +0000] "GET /boomerang-bonanza-from-casino-abo-app-the-booming-games-remark-trial-game/feed HTTP/1.1" 200 966 kenilworthcourt.com "-" "Mozilla/5.0 (compatible; AhrefsBot/7.0; +http://ahrefs.com/robot/)" "-"
3.83.76.0 - - [10/Feb/2026:00:18:21 +0000] "GET /tag/20bet-bono-5-soles HTTP/1.1" 200 44693 kenilworthcourt.com "-" "TerraCotta https://github.com/CeramicTeam/CeramicTerracotta" "-"
198.244.168.0 - - [10/Feb/2026:00:18:37 +0000] "GET /os-melhores-jogos-como-pagam-jogue-fire-blaze-jackpot-red-wizard-online-arame-contemporaneo-instantaneamente-ganhe-arame-agora HTTP/1.1" 200 37737 kenilworthcourt.com "-" "Mozilla/5.0 (compatible; AhrefsBot/7.0; +http://ahrefs.com/robot/)" "-"
3.83.76.0 - - [10/Feb/2026:00:18:45 +0000] "GET /office-2016-arm-patched-version-internet-archive-no-copilot-magnet-link HTTP/1.1" 200 101546 kenilworthcourt.com "-" "TerraCotta https://github.com/CeramicTeam/CeramicTerracotta" "-"
51.195.215.0 - - [10/Feb/2026:00:18:52 +0000] "GET /added-bonus-mr-bet-casino-withdrawal-time-deuces-wild-approach-best-bonus-deuces-means/feed HTTP/1.1" 200 1003 kenilworthcourt.com "-" "Mozilla/5.0 (compatible; AhrefsBot/7.0; +http://ahrefs.com/robot/)" "-"
