211.47.74.0 - - [10/Feb/2026:03:25:41 +0000] "GET /wp-login.php HTTP/1.1" 200 4740 kenilworthcourt.com "-" "Mozilla/5.0 (Windows NT 10.0; Win64; x64) AppleWebKit/537.36 (KHTML, like Gecko) Chrome/130.0.0.0 Safari/537.36" "-"
3.83.76.0 - - [10/Feb/2026:03:25:44 +0000] "GET /tag/betsafe-slots HTTP/1.1" 200 81208 kenilworthcourt.com "-" "TerraCotta https://github.com/CeramicTeam/CeramicTerracotta" "-"
3.83.76.0 - - [10/Feb/2026:03:25:52 +0000] "GET /tag/vulkan-vegas-bonus HTTP/1.1" 200 68520 kenilworthcourt.com "-" "TerraCotta https://github.com/CeramicTeam/CeramicTerracotta" "-"
211.47.74.0 - - [10/Feb/2026:03:25:53 +0000] "POST /wp-login.php HTTP/1.1" 200 5110 kenilworthcourt.com "https://kenilworthcourt.com/wp-login.php" "Mozilla/5.0 (Windows NT 10.0; Win64; x64) AppleWebKit/537.36 (KHTML, like Gecko) Chrome/130.0.0.0 Safari/537.36" "-"
50.62.201.0 - - [10/Feb/2026:03:25:57 +0000] "GET /wp-login.php HTTP/1.1" 200 4740 kenilworthcourt.com "-" "Mozilla/5.0 (Windows NT 10.0; Win64; x64) AppleWebKit/537.36 (KHTML, like Gecko) Chrome/130.0.0.0 Safari/537.36" "-"
51.195.183.0 - - [10/Feb/2026:03:25:57 +0000] "GET /20bet-bonus-bez-depozytu-787/feed HTTP/1.1" 200 866 kenilworthcourt.com "-" "Mozilla/5.0 (compatible; AhrefsBot/7.0; +http://ahrefs.com/robot/)" "-"
3.83.76.0 - - [10/Feb/2026:03:26:05 +0000] "GET /tag/spin-palace-casino HTTP/1.1" 200 170965 kenilworthcourt.com "-" "TerraCotta https://github.com/CeramicTeam/CeramicTerracotta" "-"
50.62.201.0 - - [10/Feb/2026:03:26:09 +0000] "POST /wp-login.php HTTP/1.1" 200 5110 kenilworthcourt.com "https://kenilworthcourt.com/wp-login.php" "Mozilla/5.0 (Windows NT 10.0; Win64; x64) AppleWebKit/537.36 (KHTML, like Gecko) Chrome/130.0.0.0 Safari/537.36" "-"
162.55.14.0 - - [10/Feb/2026:03:26:10 +0000] "GET /wp-login.php HTTP/1.1" 200 4740 kenilworthcourt.com "-" "Mozilla/5.0 (Windows NT 10.0; Win64; x64) AppleWebKit/537.36 (KHTML, like Gecko) Chrome/130.0.0.0 Safari/537.36" "-"
3.83.76.0 - - [10/Feb/2026:03:26:14 +0000] "GET /adobe-acrobat-pro-2021-crack-tool-latest-x86x64-stable-2025 HTTP/1.1" 200 88990 kenilworthcourt.com "-" "TerraCotta https://github.com/CeramicTeam/CeramicTerracotta" "-"
198.244.183.0 - - [10/Feb/2026:03:26:17 +0000] "GET /the-four-kings-casino-and-slots-3/feed HTTP/1.1" 200 842 kenilworthcourt.com "-" "Mozilla/5.0 (compatible; AhrefsBot/7.0; +http://ahrefs.com/robot/)" "-"
162.55.14.0 - - [10/Feb/2026:03:26:22 +0000] "POST /wp-login.php HTTP/1.1" 200 5110 kenilworthcourt.com "https://kenilworthcourt.com/wp-login.php" "Mozilla/5.0 (Windows NT 10.0; Win64; x64) AppleWebKit/537.36 (KHTML, like Gecko) Chrome/130.0.0.0 Safari/537.36" "-"
3.83.76.0 - - [10/Feb/2026:03:26:34 +0000] "GET /pilot-game-play-demo-mode-and-discover-extra-surprises HTTP/1.1" 200 33142 kenilworthcourt.com "-" "TerraCotta https://github.com/CeramicTeam/CeramicTerracotta" "-"
51.195.244.0 - - [10/Feb/2026:03:26:35 +0000] "GET /srea-protiv-vjetine-razotkrivanje-mitova-u-casino-2/feed HTTP/1.1" 200 908 kenilworthcourt.com "-" "Mozilla/5.0 (compatible; AhrefsBot/7.0; +http://ahrefs.com/robot/)" "-"
3.83.76.0 - - [10/Feb/2026:03:26:50 +0000] "GET /category/bez-rubriki HTTP/1.1" 200 422775 kenilworthcourt.com "-" "TerraCotta https://github.com/CeramicTeam/CeramicTerracotta" "-"
51.195.244.0 - - [10/Feb/2026:03:26:55 +0000] "GET /mobile-casino-maklercourtage-ohne-einzahlung-2025-mobilfunktelefon-spielsaal-via-100-euro-startguthaben-casino-echtgeld-no-abschlagzahlung-pramie/feed HTTP/1.1" 200 1181 kenilworthcourt.com "-" "Mozilla/5.0 (compatible; AhrefsBot/7.0; +http://ahrefs.com/robot/)" "-"
3.83.76.0 - - [10/Feb/2026:03:27:02 +0000] "GET /tag/spin-samurai-casino-australia HTTP/1.1" 200 96851 kenilworthcourt.com "-" "TerraCotta https://github.com/CeramicTeam/CeramicTerracotta" "-"
3.83.76.0 - - [10/Feb/2026:03:27:11 +0000] "GET /glucksspiel-und-unterhaltung-im-spielbank-wiesbaden HTTP/1.1" 200 30887 kenilworthcourt.com "-" "TerraCotta https://github.com/CeramicTeam/CeramicTerracotta" "-"
3.83.76.0 - - [10/Feb/2026:03:27:13 +0000] "GET /tag/luxury-casino-50-free-spins HTTP/1.1" 200 64142 kenilworthcourt.com "-" "TerraCotta https://github.com/CeramicTeam/CeramicTerracotta" "-"
51.195.215.0 - - [10/Feb/2026:03:27:16 +0000] "GET /category/bet-188-link-126/feed HTTP/1.1" 200 34603 kenilworthcourt.com "-" "Mozilla/5.0 (compatible; AhrefsBot/7.0; +http://ahrefs.com/robot/)" "-"
192.64.112.0 - - [10/Feb/2026:03:27:18 +0000] "GET /wp-login.php HTTP/1.1" 200 4740 kenilworthcourt.com "-" "Mozilla/5.0 (Windows NT 10.0; Win64; x64) AppleWebKit/537.36 (KHTML, like Gecko) Chrome/130.0.0.0 Safari/537.36" "-"
66.249.68.0 - - [10/Feb/2026:03:27:20 +0000] "GET /ms-office-business-basic-x64-english-single-language-to%F0%9D%9A%9Brent HTTP/1.1" 200 100630 kenilworthcourt.com "-" "Mozilla/5.0 (Linux; Android 6.0.1; Nexus 5X Build/MMB29P) AppleWebKit/537.36 (KHTML, like Gecko) Chrome/144.0.7559.132 Mobile Safari/537.36 (compatible; Googlebot/2.1; +http://www.google.com/bot.html)" "-"
3.83.76.0 - - [10/Feb/2026:03:27:21 +0000] "GET /uspin-%d1%81asino HTTP/1.1" 200 32893 kenilworthcourt.com "-" "TerraCotta https://github.com/CeramicTeam/CeramicTerracotta" "-"
66.249.68.0 - - [10/Feb/2026:03:27:23 +0000] "GET /layout HTTP/1.1" 200 26258 kenilworthcourt.com "-" "Mozilla/5.0 (Linux; Android 6.0.1; Nexus 5X Build/MMB29P) AppleWebKit/537.36 (KHTML, like Gecko) Chrome/144.0.7559.132 Mobile Safari/537.36 (compatible; Googlebot/2.1; +http://www.google.com/bot.html)" "-"
3.83.76.0 - - [10/Feb/2026:03:27:30 +0000] "GET /highflybet HTTP/1.1" 200 34600 kenilworthcourt.com "-" "TerraCotta https://github.com/CeramicTeam/CeramicTerracotta" "-"
51.89.129.0 - - [10/Feb/2026:03:27:33 +0000] "GET /bonus-fr-depunere-52-cazinouri-cu-oferte-gratis-in-4/feed HTTP/1.1" 200 909 kenilworthcourt.com "-" "Mozilla/5.0 (compatible; AhrefsBot/7.0; +http://ahrefs.com/robot/)" "-"
3.83.76.0 - - [10/Feb/2026:03:27:38 +0000] "GET /mostbet-casino HTTP/1.1" 200 33557 kenilworthcourt.com "-" "TerraCotta https://github.com/CeramicTeam/CeramicTerracotta" "-"
198.244.168.0 - - [10/Feb/2026:03:27:51 +0000] "GET /tag/mcw-casino-login/feed HTTP/1.1" 200 34940 kenilworthcourt.com "-" "Mozilla/5.0 (compatible; AhrefsBot/7.0; +http://ahrefs.com/robot/)" "-"
198.244.168.0 - - [10/Feb/2026:03:28:04 +0000] "GET /tag/777slot-vip/feed HTTP/1.1" 200 161768 kenilworthcourt.com "-" "Mozilla/5.0 (compatible; AhrefsBot/7.0; +http://ahrefs.com/robot/)" "-"
2a03:2880:f800:: - - [10/Feb/2026:03:28:11 +0000] "GET /drumul-pasarii-calea-sfaturilor-de-noroc HTTP/1.1" 200 33956 kenilworthcourt.com "-" "meta-externalagent/1.1 (+https://developers.facebook.com/docs/sharing/webmasters/crawler)" "-"
97.74.84.0 - - [10/Feb/2026:03:28:11 +0000] "GET /wp-login.php HTTP/1.1" 200 4740 kenilworthcourt.com "-" "Mozilla/5.0 (Windows NT 10.0; Win64; x64) AppleWebKit/537.36 (KHTML, like Gecko) Chrome/130.0.0.0 Safari/537.36" "-"
198.244.183.0 - - [10/Feb/2026:03:28:16 +0000] "GET /web-sites-with-better-real-time-agent-online-game/feed HTTP/1.1" 200 892 kenilworthcourt.com "-" "Mozilla/5.0 (compatible; AhrefsBot/7.0; +http://ahrefs.com/robot/)" "-"
51.89.129.0 - - [10/Feb/2026:03:28:26 +0000] "GET /top-15-casino-rembrandt-riches-verbunden-casinos-qua-paysafecard-within-alpenrepublik-2025 HTTP/1.1" 200 35276 kenilworthcourt.com "-" "Mozilla/5.0 (compatible; AhrefsBot/7.0; +http://ahrefs.com/robot/)" "-"
3.83.76.0 - - [10/Feb/2026:03:28:27 +0000] "GET /tudo-sobre-o-20bet-cassino-jogos HTTP/1.1" 200 32367 kenilworthcourt.com "-" "TerraCotta https://github.com/CeramicTeam/CeramicTerracotta" "-"
3.83.76.0 - - [10/Feb/2026:03:28:39 +0000] "GET /tag/casino-888starz HTTP/1.1" 200 69153 kenilworthcourt.com "-" "TerraCotta https://github.com/CeramicTeam/CeramicTerracotta" "-"
51.195.215.0 - - [10/Feb/2026:03:28:39 +0000] "GET /melbet-zaregistrirovanie-na-ofitsialnom-veb-sayte-allegro-i-prosto/feed HTTP/1.1" 200 995 kenilworthcourt.com "-" "Mozilla/5.0 (compatible; AhrefsBot/7.0; +http://ahrefs.com/robot/)" "-"
85.208.98.0 - - [10/Feb/2026:03:28:49 +0000] "GET /dog-carrier-k.html HTTP/1.1" 429 267 kenilworthcourt.com "-" "Mozilla/5.0 (compatible; SemrushBot-BA; +http://www.semrush.com/bot.html)" "-"
51.89.129.0 - - [10/Feb/2026:03:28:49 +0000] "GET /tag/win-spark HTTP/1.1" 200 161838 kenilworthcourt.com "-" "Mozilla/5.0 (compatible; AhrefsBot/7.0; +http://ahrefs.com/robot/)" "-"
3.83.76.0 - - [10/Feb/2026:03:28:58 +0000] "GET /experience-the-thrill-of-cai-shen-fishing-game-in-india HTTP/1.1" 200 31895 kenilworthcourt.com "-" "TerraCotta https://github.com/CeramicTeam/CeramicTerracotta" "-"
54.38.147.0 - - [10/Feb/2026:03:28:59 +0000] "GET /east-emeralds-position-from-quickspin-emoji-slot-mobile-slot-play-free-online-online-game HTTP/1.1" 200 37453 kenilworthcourt.com "-" "Mozilla/5.0 (compatible; AhrefsBot/7.0; +http://ahrefs.com/robot/)" "-"
94.72.107.0 - - [10/Feb/2026:03:29:11 +0000] "GET /wp-login.php HTTP/1.1" 200 4740 kenilworthcourt.com "-" "Mozilla/5.0 (Windows NT 10.0; Win64; x64) AppleWebKit/537.36 (KHTML, like Gecko) Chrome/130.0.0.0 Safari/537.36" "-"
51.195.244.0 - - [10/Feb/2026:03:29:12 +0000] "GET /tag/777slot-vip/page/2 HTTP/1.1" 200 163377 kenilworthcourt.com "-" "Mozilla/5.0 (compatible; AhrefsBot/7.0; +http://ahrefs.com/robot/)" "-"
3.83.76.0 - - [10/Feb/2026:03:29:22 +0000] "GET /category/20bet-osterreich-766 HTTP/1.1" 200 65914 kenilworthcourt.com "-" "TerraCotta https://github.com/CeramicTeam/CeramicTerracotta" "-"
198.244.242.0 - - [10/Feb/2026:03:29:22 +0000] "GET /chicken-road-2-2/feed HTTP/1.1" 200 791 kenilworthcourt.com "-" "Mozilla/5.0 (compatible; AhrefsBot/7.0; +http://ahrefs.com/robot/)" "-"
51.195.215.0 - - [10/Feb/2026:03:29:32 +0000] "GET /testosteron-no-ester-dosierung-ein-uberblick/feed HTTP/1.1" 200 882 kenilworthcourt.com "-" "Mozilla/5.0 (compatible; AhrefsBot/7.0; +http://ahrefs.com/robot/)" "-"
94.72.107.0 - - [10/Feb/2026:03:29:35 +0000] "POST /wp-login.php HTTP/1.1" 200 5110 kenilworthcourt.com "https://kenilworthcourt.com/wp-login.php" "Mozilla/5.0 (Windows NT 10.0; Win64; x64) AppleWebKit/537.36 (KHTML, like Gecko) Chrome/130.0.0.0 Safari/537.36" "-"
85.208.98.0 - - [10/Feb/2026:03:29:38 +0000] "GET /robots.txt HTTP/1.1" 429 267 kenilworthcourt.com "-" "Mozilla/5.0 (compatible; SemrushBot-BA; +http://www.semrush.com/bot.html)" "-"
198.244.226.0 - - [10/Feb/2026:03:29:44 +0000] "GET /chicken-road-2/feed HTTP/1.1" 200 785 kenilworthcourt.com "-" "Mozilla/5.0 (compatible; AhrefsBot/7.0; +http://ahrefs.com/robot/)" "-"
162.0.220.0 - - [10/Feb/2026:03:29:47 +0000] "GET /wp-login.php HTTP/1.1" 200 4740 kenilworthcourt.com "-" "Mozilla/5.0 (Windows NT 10.0; Win64; x64) AppleWebKit/537.36 (KHTML, like Gecko) Chrome/130.0.0.0 Safari/537.36" "-"
51.195.183.0 - - [10/Feb/2026:03:29:56 +0000] "GET /188bet-link-237 HTTP/1.1" 200 45319 kenilworthcourt.com "-" "Mozilla/5.0 (compatible; AhrefsBot/7.0; +http://ahrefs.com/robot/)" "-"
162.0.220.0 - - [10/Feb/2026:03:29:59 +0000] "POST /wp-login.php HTTP/1.1" 200 5110 kenilworthcourt.com "https://kenilworthcourt.com/wp-login.php" "Mozilla/5.0 (Windows NT 10.0; Win64; x64) AppleWebKit/537.36 (KHTML, like Gecko) Chrome/130.0.0.0 Safari/537.36" "-"
198.244.240.0 - - [10/Feb/2026:03:30:08 +0000] "GET /all-of-the-local-casino-harbors-and-you-can-gambling-online-thunderstruck-casino-free-promo-codes-game HTTP/1.1" 200 37737 kenilworthcourt.com "-" "Mozilla/5.0 (compatible; AhrefsBot/7.0; +http://ahrefs.com/robot/)" "-"
3.83.76.0 - - [10/Feb/2026:03:30:11 +0000] "GET /speel-zelfverzekerd-en-geniet-zorgeloos-bij-leovegas-casino-voor-nederland HTTP/1.1" 200 39444 kenilworthcourt.com "-" "TerraCotta https://github.com/CeramicTeam/CeramicTerracotta" "-"
85.208.98.0 - - [10/Feb/2026:03:30:12 +0000] "GET /pantaloncini-spinning-k.html HTTP/1.1" 429 267 kenilworthcourt.com "-" "Mozilla/5.0 (compatible; SemrushBot-BA; +http://www.semrush.com/bot.html)" "-"
198.244.168.0 - - [10/Feb/2026:03:30:21 +0000] "GET /0x1c8c5b6a-49/feed HTTP/1.1" 200 781 kenilworthcourt.com "-" "Mozilla/5.0 (compatible; AhrefsBot/7.0; +http://ahrefs.com/robot/)" "-"
54.38.147.0 - - [10/Feb/2026:03:30:33 +0000] "GET /phlwin-free-100-no-deposit-bonus-281 HTTP/1.1" 200 38955 kenilworthcourt.com "-" "Mozilla/5.0 (compatible; AhrefsBot/7.0; +http://ahrefs.com/robot/)" "-"
3.83.76.0 - - [10/Feb/2026:03:30:38 +0000] "GET /category/partycasino-app-984 HTTP/1.1" 200 66869 kenilworthcourt.com "-" "TerraCotta https://github.com/CeramicTeam/CeramicTerracotta" "-"
85.208.98.0 - - [10/Feb/2026:03:30:39 +0000] "GET /robots.txt HTTP/1.1" 429 267 kenilworthcourt.com "-" "Mozilla/5.0 (compatible; SemrushBot-BA; +http://www.semrush.com/bot.html)" "-"
85.208.98.0 - - [10/Feb/2026:03:30:40 +0000] "GET /x-tech-manicotti-k.html HTTP/1.1" 429 267 kenilworthcourt.com "-" "Mozilla/5.0 (compatible; SemrushBot-BA; +http://www.semrush.com/bot.html)" "-"
2a03:2880:f800:: - - [10/Feb/2026:03:30:42 +0000] "GET /avia-masters-slot-maschine-fur-glucksspieler HTTP/1.1" 200 32414 kenilworthcourt.com "-" "meta-externalagent/1.1 (+https://developers.facebook.com/docs/sharing/webmasters/crawler)" "-"
3.83.76.0 - - [10/Feb/2026:03:30:46 +0000] "GET /lizaro-casino-built-to-delight-dedicated-to-equity HTTP/1.1" 200 37925 kenilworthcourt.com "-" "TerraCotta https://github.com/CeramicTeam/CeramicTerracotta" "-"
198.244.242.0 - - [10/Feb/2026:03:30:47 +0000] "GET /0x1c8c5b6a-50/feed HTTP/1.1" 200 781 kenilworthcourt.com "-" "Mozilla/5.0 (compatible; AhrefsBot/7.0; +http://ahrefs.com/robot/)" "-"
66.23.227.0 - - [10/Feb/2026:03:30:52 +0000] "GET /wp-login.php HTTP/1.1" 200 4740 kenilworthcourt.com "-" "Mozilla/5.0 (Windows NT 10.0; Win64; x64) AppleWebKit/537.36 (KHTML, like Gecko) Chrome/130.0.0.0 Safari/537.36" "-"
85.208.98.0 - - [10/Feb/2026:03:30:53 +0000] "GET /passamontagna-gamer-k.html HTTP/1.1" 429 267 kenilworthcourt.com "-" "Mozilla/5.0 (compatible; SemrushBot-BA; +http://www.semrush.com/bot.html)" "-"
3.83.76.0 - - [10/Feb/2026:03:30:53 +0000] "GET /tag/slottica-50-free-spins-no-deposit HTTP/1.1" 200 72431 kenilworthcourt.com "-" "TerraCotta https://github.com/CeramicTeam/CeramicTerracotta" "-"
3.83.76.0 - - [10/Feb/2026:03:30:55 +0000] "GET /virtualdj-2023-crack-license-key-lifetime-x32-x64-patch-bypass HTTP/1.1" 200 96833 kenilworthcourt.com "-" "TerraCotta https://github.com/CeramicTeam/CeramicTerracotta" "-"
3.83.76.0 - - [10/Feb/2026:03:30:56 +0000] "GET /casino-tropez-online-games-and-real-money-bets-for-adults-only HTTP/1.1" 200 34352 kenilworthcourt.com "-" "TerraCotta https://github.com/CeramicTeam/CeramicTerracotta" "-"
54.38.147.0 - - [10/Feb/2026:03:31:02 +0000] "GET /tag/0x4c11a0aa/feed HTTP/1.1" 200 2039 kenilworthcourt.com "-" "Mozilla/5.0 (compatible; AhrefsBot/7.0; +http://ahrefs.com/robot/)" "-"
54.38.147.0 - - [10/Feb/2026:03:31:14 +0000] "GET /tag/0xbeb4f5dd/feed HTTP/1.1" 200 2039 kenilworthcourt.com "-" "Mozilla/5.0 (compatible; AhrefsBot/7.0; +http://ahrefs.com/robot/)" "-"
66.23.227.0 - - [10/Feb/2026:03:31:17 +0000] "POST /wp-login.php HTTP/1.1" 200 5110 kenilworthcourt.com "https://kenilworthcourt.com/wp-login.php" "Mozilla/5.0 (Windows NT 10.0; Win64; x64) AppleWebKit/537.36 (KHTML, like Gecko) Chrome/130.0.0.0 Safari/537.36" "-"
131.72.236.0 - - [10/Feb/2026:03:31:19 +0000] "GET /wp-login.php HTTP/1.1" 200 4740 kenilworthcourt.com "-" "Mozilla/5.0 (Windows NT 10.0; Win64; x64) AppleWebKit/537.36 (KHTML, like Gecko) Chrome/130.0.0.0 Safari/537.36" "-"
3.83.76.0 - - [10/Feb/2026:03:31:21 +0000] "GET /category/hellspin-app-278 HTTP/1.1" 200 58843 kenilworthcourt.com "-" "TerraCotta https://github.com/CeramicTeam/CeramicTerracotta" "-"
3.83.76.0 - - [10/Feb/2026:03:31:28 +0000] "GET /office-2025-bypassed-activation-direct-link-v16-89-no-online-sign-in-debloated-eztv-direct-download HTTP/1.1" 200 99513 kenilworthcourt.com "-" "TerraCotta https://github.com/CeramicTeam/CeramicTerracotta" "-"
51.195.244.0 - - [10/Feb/2026:03:31:29 +0000] "GET /added-bonus-mr-bet-casino-withdrawal-time-deuces-wild-approach-best-bonus-deuces-means HTTP/1.1" 200 35857 kenilworthcourt.com "-" "Mozilla/5.0 (compatible; AhrefsBot/7.0; +http://ahrefs.com/robot/)" "-"
131.72.236.0 - - [10/Feb/2026:03:31:31 +0000] "POST /wp-login.php HTTP/1.1" 200 5110 kenilworthcourt.com "https://kenilworthcourt.com/wp-login.php" "Mozilla/5.0 (Windows NT 10.0; Win64; x64) AppleWebKit/537.36 (KHTML, like Gecko) Chrome/130.0.0.0 Safari/537.36" "-"
85.208.98.0 - - [10/Feb/2026:03:31:36 +0000] "GET /manicotti-x-tech-k.html HTTP/1.1" 429 267 kenilworthcourt.com "-" "Mozilla/5.0 (compatible; SemrushBot-BA; +http://www.semrush.com/bot.html)" "-"
3.83.76.0 - - [10/Feb/2026:03:31:36 +0000] "GET /plinko-game-chances-and-probability-analysis HTTP/1.1" 200 33592 kenilworthcourt.com "-" "TerraCotta https://github.com/CeramicTeam/CeramicTerracotta" "-"
3.83.76.0 - - [10/Feb/2026:03:31:38 +0000] "GET /rodeo-x-slot-a-impressive-rtp-slot-for-dedicated-players HTTP/1.1" 200 33456 kenilworthcourt.com "-" "TerraCotta https://github.com/CeramicTeam/CeramicTerracotta" "-"
51.195.215.0 - - [10/Feb/2026:03:31:43 +0000] "GET /funciona-mira-aqui-free-poker-online-disfrute-de-una-prueba-de-poker-y-simulador/feed HTTP/1.1" 200 987 kenilworthcourt.com "-" "Mozilla/5.0 (compatible; AhrefsBot/7.0; +http://ahrefs.com/robot/)" "-"
3.83.76.0 - - [10/Feb/2026:03:31:44 +0000] "GET /register-now-and-receive-exclusive-offers-at-slotsdj-casino HTTP/1.1" 200 33303 kenilworthcourt.com "-" "TerraCotta https://github.com/CeramicTeam/CeramicTerracotta" "-"
209.235.136.0 - - [10/Feb/2026:03:31:49 +0000] "GET /wp-login.php HTTP/1.1" 200 4740 kenilworthcourt.com "-" "Mozilla/5.0 (Windows NT 10.0; Win64; x64) AppleWebKit/537.36 (KHTML, like Gecko) Chrome/130.0.0.0 Safari/537.36" "-"
85.208.98.0 - - [10/Feb/2026:03:31:54 +0000] "GET /manicotti-parastinchi-k.html HTTP/1.1" 429 267 kenilworthcourt.com "-" "Mozilla/5.0 (compatible; SemrushBot-BA; +http://www.semrush.com/bot.html)" "-"
51.195.244.0 - - [10/Feb/2026:03:31:56 +0000] "GET /angeschlossen-spielbank-lord-of-the-ocean-tricks-provision-ohne-einzahlung-2025-no-frankierung-bonus/feed HTTP/1.1" 200 1045 kenilworthcourt.com "-" "Mozilla/5.0 (compatible; AhrefsBot/7.0; +http://ahrefs.com/robot/)" "-"
3.83.76.0 - - [10/Feb/2026:03:31:58 +0000] "GET /tag/20-bet-tv-login HTTP/1.1" 200 135135 kenilworthcourt.com "-" "TerraCotta https://github.com/CeramicTeam/CeramicTerracotta" "-"
209.235.136.0 - - [10/Feb/2026:03:32:01 +0000] "POST /wp-login.php HTTP/1.1" 200 5110 kenilworthcourt.com "https://kenilworthcourt.com/wp-login.php" "Mozilla/5.0 (Windows NT 10.0; Win64; x64) AppleWebKit/537.36 (KHTML, like Gecko) Chrome/130.0.0.0 Safari/537.36" "-"
85.208.98.0 - - [10/Feb/2026:03:32:01 +0000] "GET /calze-xtech-k.html HTTP/1.1" 429 267 kenilworthcourt.com "-" "Mozilla/5.0 (compatible; SemrushBot-BA; +http://www.semrush.com/bot.html)" "-"
85.208.98.0 - - [10/Feb/2026:03:32:05 +0000] "GET /robots.txt HTTP/1.1" 429 267 kenilworthcourt.com "-" "Mozilla/5.0 (compatible; SemrushBot-BA; +http://www.semrush.com/bot.html)" "-"
51.195.215.0 - - [10/Feb/2026:03:32:06 +0000] "GET /multiple-hand-electronic-poker-best-100-percent-free-and-you-may-a-real-income-online-game HTTP/1.1" 200 38549 kenilworthcourt.com "-" "Mozilla/5.0 (compatible; AhrefsBot/7.0; +http://ahrefs.com/robot/)" "-"
43.173.174.0 - - [10/Feb/2026:03:32:08 +0000] "GET /?p=17553 HTTP/1.1" 301 - kenilworthcourt.com "-" "Mozilla/5.0 (Windows NT 10.0; Win64; x64) AppleWebKit/537.36 (KHTML, like Gecko) Chrome/104.0.5112.81 Safari/537.36" "-"
43.173.174.0 - - [10/Feb/2026:03:32:09 +0000] "GET /8k8-slot-367 HTTP/1.1" 200 37735 kenilworthcourt.com "https://kenilworthcourt.com/?p=17553" "Mozilla/5.0 (Windows NT 10.0; Win64; x64) AppleWebKit/537.36 (KHTML, like Gecko) Chrome/104.0.5112.81 Safari/537.36" "-"
3.83.76.0 - - [10/Feb/2026:03:32:13 +0000] "GET /rolling-reels-plane-game HTTP/1.1" 200 34870 kenilworthcourt.com "-" "TerraCotta https://github.com/CeramicTeam/CeramicTerracotta" "-"
198.244.242.0 - - [10/Feb/2026:03:32:18 +0000] "GET /best-online-pokies-in-australia-gamble-casino-slots-for-evolution-slot-free-spins-real-money HTTP/1.1" 200 36865 kenilworthcourt.com "-" "Mozilla/5.0 (compatible; AhrefsBot/7.0; +http://ahrefs.com/robot/)" "-"
198.244.240.0 - - [10/Feb/2026:03:32:29 +0000] "GET /funciona-juegos-star-trek-casino-spin-casino-sin-cargo-acerca-de-linea HTTP/1.1" 200 37739 kenilworthcourt.com "-" "Mozilla/5.0 (compatible; AhrefsBot/7.0; +http://ahrefs.com/robot/)" "-"
2a03:2880:f800:: - - [10/Feb/2026:03:32:35 +0000] "GET /carnival-citi-no-deposit-extra-2025-sign-up-bonus-888sport-10m-coins-5k-free-south-carolina HTTP/1.1" 200 35353 kenilworthcourt.com "-" "meta-externalagent/1.1 (+https://developers.facebook.com/docs/sharing/webmasters/crawler)" "-"
3.83.76.0 - - [10/Feb/2026:03:32:39 +0000] "GET /category/rtbet-bonus-539 HTTP/1.1" 200 69169 kenilworthcourt.com "-" "TerraCotta https://github.com/CeramicTeam/CeramicTerracotta" "-"
51.195.183.0 - - [10/Feb/2026:03:32:41 +0000] "GET /12play-casino-malaysia-148/feed HTTP/1.1" 200 865 kenilworthcourt.com "-" "Mozilla/5.0 (compatible; AhrefsBot/7.0; +http://ahrefs.com/robot/)" "-"
85.208.98.0 - - [10/Feb/2026:03:32:43 +0000] "GET /manicotti-in-inglese-k.html HTTP/1.1" 429 267 kenilworthcourt.com "-" "Mozilla/5.0 (compatible; SemrushBot-BA; +http://www.semrush.com/bot.html)" "-"
3.83.76.0 - - [10/Feb/2026:03:32:46 +0000] "GET /volna-bezopasnost-onlain-kazin-kak-osnova-doveriia-v-tsifrovoi-torgovle HTTP/1.1" 200 39386 kenilworthcourt.com "-" "TerraCotta https://github.com/CeramicTeam/CeramicTerracotta" "-"
198.244.168.0 - - [10/Feb/2026:03:32:51 +0000] "GET /verbunden-casinos-unter-einsatz-von-rapider-auszahlung-traktandum-5-kasino-provider/feed HTTP/1.1" 200 995 kenilworthcourt.com "-" "Mozilla/5.0 (compatible; AhrefsBot/7.0; +http://ahrefs.com/robot/)" "-"
85.208.98.0 - - [10/Feb/2026:03:32:51 +0000] "GET /robots.txt HTTP/1.1" 429 267 kenilworthcourt.com "-" "Mozilla/5.0 (compatible; SemrushBot-BA; +http://www.semrush.com/bot.html)" "-"
85.208.98.0 - - [10/Feb/2026:03:32:55 +0000] "GET /robots.txt HTTP/1.1" 429 267 kenilworthcourt.com "-" "Mozilla/5.0 (compatible; SemrushBot-BA; +http://www.semrush.com/bot.html)" "-"
85.208.98.0 - - [10/Feb/2026:03:32:56 +0000] "GET /manicotti-ciclismo-x-tech-k.html HTTP/1.1" 429 267 kenilworthcourt.com "-" "Mozilla/5.0 (compatible; SemrushBot-BA; +http://www.semrush.com/bot.html)" "-"
94.72.107.0 - - [10/Feb/2026:03:33:00 +0000] "GET /wp-login.php HTTP/1.1" 200 4740 kenilworthcourt.com "-" "Mozilla/5.0 (Windows NT 10.0; Win64; x64) AppleWebKit/537.36 (KHTML, like Gecko) Chrome/130.0.0.0 Safari/537.36" "-"
51.195.244.0 - - [10/Feb/2026:03:33:02 +0000] "GET /spin-bizzo-casino-904/feed HTTP/1.1" 200 824 kenilworthcourt.com "-" "Mozilla/5.0 (compatible; AhrefsBot/7.0; +http://ahrefs.com/robot/)" "-"
3.83.76.0 - - [10/Feb/2026:03:33:02 +0000] "GET /betmatch-casino-drehen-sie-die-walzen-und-jagen-sie-jackpot-gewinne-in-deutschland HTTP/1.1" 200 35482 kenilworthcourt.com "-" "TerraCotta https://github.com/CeramicTeam/CeramicTerracotta" "-"
3.83.76.0 - - [10/Feb/2026:03:33:05 +0000] "GET /le-jeu-dor-de-lolympe-casino HTTP/1.1" 200 31115 kenilworthcourt.com "-" "TerraCotta https://github.com/CeramicTeam/CeramicTerracotta" "-"
85.208.98.0 - - [10/Feb/2026:03:33:07 +0000] "GET /link-su-passamontagna-k.html HTTP/1.1" 429 267 kenilworthcourt.com "-" "Mozilla/5.0 (compatible; SemrushBot-BA; +http://www.semrush.com/bot.html)" "-"
43.173.178.0 - - [10/Feb/2026:03:33:09 +0000] "GET /betriot-app-177 HTTP/1.1" 200 41144 kenilworthcourt.com "-" "Mozilla/5.0 (Windows NT 10.0; Win64; x64) AppleWebKit/537.36 (KHTML, like Gecko) Chrome/103.0.0.0 Safari/537.36" "-"
51.195.244.0 - - [10/Feb/2026:03:33:13 +0000] "GET /bay-888-casino-909/feed HTTP/1.1" 200 848 kenilworthcourt.com "-" "Mozilla/5.0 (compatible; AhrefsBot/7.0; +http://ahrefs.com/robot/)" "-"
194.31.72.0 - - [10/Feb/2026:03:33:22 +0000] "GET /hello-world/ HTTP/1.1" 301 276 kenilworthcourt.com "http://kenilworthcourt.com/hello-world/" "Mozilla/5.0 (Windows NT 10.0; Win64; x64) AppleWebKit/537.36 (KHTML, like Gecko) Chrome/130.0.0.0 Safari/537.36" "-"
194.31.72.0 - - [10/Feb/2026:03:33:22 +0000] "GET /privet-mir/ HTTP/1.1" 301 276 kenilworthcourt.com "http://kenilworthcourt.com/privet-mir/" "Mozilla/5.0 (Windows NT 10.0; Win64; x64) AppleWebKit/537.36 (KHTML, like Gecko) Chrome/131.0.0.0 Safari/537.36" "-"
194.31.72.0 - - [10/Feb/2026:03:33:22 +0000] "GET / HTTP/1.1" 200 32153 kenilworthcourt.com "https://kenilworthcourt.com/" "Mozilla/5.0 (Windows NT 10.0; Win64; x64) AppleWebKit/537.36 (KHTML, like Gecko) Chrome/131.0.0.0 Safari/537.36" "-"
194.31.72.0 - - [10/Feb/2026:03:33:22 +0000] "GET / HTTP/1.1" 200 32153 kenilworthcourt.com "https://kenilworthcourt.com/" "Mozilla/5.0 (Windows NT 10.0; Win64; x64) AppleWebKit/537.36 (KHTML, like Gecko) Chrome/130.0.0.0 Safari/537.36" "-"
37.120.198.0 - - [10/Feb/2026:03:33:22 +0000] "GET /wp-admin/ HTTP/1.1" 302 - kenilworthcourt.com "-" "Mozilla/5.0 (Android 16; Mobile; rv:147.0) Gecko/147.0 Firefox/147.0" "-"
37.120.198.0 - - [10/Feb/2026:03:33:23 +0000] "GET /wp-login.php?redirect_to=https%3A%2F%2Fkenilworthcourt.com%2Fwp-admin%2F&reauth=1 HTTP/1.1" 200 4740 kenilworthcourt.com "https://kenilworthcourt.com/wp-admin/" "Mozilla/5.0 (Android 16; Mobile; rv:147.0) Gecko/147.0 Firefox/147.0" "-"
37.120.198.0 - - [10/Feb/2026:03:33:23 +0000] "POST /wp-login.php HTTP/1.1" 200 4995 kenilworthcourt.com "https://kenilworthcourt.com/wp-admin/" "Mozilla/5.0 (Android 16; Mobile; rv:147.0) Gecko/147.0 Firefox/147.0" "-"
51.89.129.0 - - [10/Feb/2026:03:33:23 +0000] "GET /office-365-crack-for-pc-latest-full-gdrive/feed HTTP/1.1" 200 875 kenilworthcourt.com "-" "Mozilla/5.0 (compatible; AhrefsBot/7.0; +http://ahrefs.com/robot/)" "-"
194.31.72.0 - - [10/Feb/2026:03:33:23 +0000] "POST /wp-comments-post.php HTTP/1.1" 302 - kenilworthcourt.com "https://kenilworthcourt.com/" "Mozilla/5.0 (Windows NT 10.0; Win64; x64) AppleWebKit/537.36 (KHTML, like Gecko) Chrome/131.0.0.0 Safari/537.36" "-"
194.31.72.0 - - [10/Feb/2026:03:33:23 +0000] "POST /wp-comments-post.php HTTP/1.1" 302 - kenilworthcourt.com "https://kenilworthcourt.com/" "Mozilla/5.0 (Windows NT 10.0; Win64; x64) AppleWebKit/537.36 (KHTML, like Gecko) Chrome/130.0.0.0 Safari/537.36" "-"
94.72.107.0 - - [10/Feb/2026:03:33:24 +0000] "POST /wp-login.php HTTP/1.1" 200 5110 kenilworthcourt.com "https://kenilworthcourt.com/wp-login.php" "Mozilla/5.0 (Windows NT 10.0; Win64; x64) AppleWebKit/537.36 (KHTML, like Gecko) Chrome/130.0.0.0 Safari/537.36" "-"
185.221.37.0 - - [10/Feb/2026:03:33:25 +0000] "GET /wp-login.php HTTP/1.1" 200 4740 kenilworthcourt.com "-" "Mozilla/5.0 (Windows NT 10.0; Win64; x64) AppleWebKit/537.36 (KHTML, like Gecko) Chrome/130.0.0.0 Safari/537.36" "-"
194.31.72.0 - - [10/Feb/2026:03:33:27 +0000] "GET /?unapproved=8726&moderation-hash=f2d95d25fbf72912dbb1c04839ecba93 HTTP/1.1" 200 34542 kenilworthcourt.com "https://kenilworthcourt.com/?unapproved=8726&moderation-hash=f2d95d25fbf72912dbb1c04839ecba93#comment-8726" "Mozilla/5.0 (Windows NT 10.0; Win64; x64) AppleWebKit/537.36 (KHTML, like Gecko) Chrome/131.0.0.0 Safari/537.36" "-"
194.31.72.0 - - [10/Feb/2026:03:33:27 +0000] "GET /?unapproved=8727&moderation-hash=f2d95d25fbf72912dbb1c04839ecba93 HTTP/1.1" 200 34515 kenilworthcourt.com "https://kenilworthcourt.com/?unapproved=8727&moderation-hash=f2d95d25fbf72912dbb1c04839ecba93#comment-8727" "Mozilla/5.0 (Windows NT 10.0; Win64; x64) AppleWebKit/537.36 (KHTML, like Gecko) Chrome/130.0.0.0 Safari/537.36" "-"
3.83.76.0 - - [10/Feb/2026:03:33:30 +0000] "GET /dreh-die-walzen-und-erlebe-ununterbrochene-action-mit-dem-book-of-dead-slot HTTP/1.1" 200 35770 kenilworthcourt.com "-" "TerraCotta https://github.com/CeramicTeam/CeramicTerracotta" "-"
85.208.98.0 - - [10/Feb/2026:03:33:32 +0000] "GET /xtech-maglia-termica-k.html HTTP/1.1" 429 267 kenilworthcourt.com "-" "Mozilla/5.0 (compatible; SemrushBot-BA; +http://www.semrush.com/bot.html)" "-"
198.244.168.0 - - [10/Feb/2026:03:33:32 +0000] "GET /solidworks-crack-only-windows-x32-x64-full-mediafire/feed HTTP/1.1" 200 905 kenilworthcourt.com "-" "Mozilla/5.0 (compatible; AhrefsBot/7.0; +http://ahrefs.com/robot/)" "-"
185.221.37.0 - - [10/Feb/2026:03:33:37 +0000] "POST /wp-login.php HTTP/1.1" 200 5110 kenilworthcourt.com "https://kenilworthcourt.com/wp-login.php" "Mozilla/5.0 (Windows NT 10.0; Win64; x64) AppleWebKit/537.36 (KHTML, like Gecko) Chrome/130.0.0.0 Safari/537.36" "-"
188.40.26.0 - - [10/Feb/2026:03:33:37 +0000] "GET /wp-login.php HTTP/1.1" 200 4740 kenilworthcourt.com "-" "Mozilla/5.0 (Windows NT 10.0; Win64; x64) AppleWebKit/537.36 (KHTML, like Gecko) Chrome/130.0.0.0 Safari/537.36" "-"
198.244.240.0 - - [10/Feb/2026:03:33:41 +0000] "GET /evolve-casino/feed HTTP/1.1" 200 784 kenilworthcourt.com "-" "Mozilla/5.0 (compatible; AhrefsBot/7.0; +http://ahrefs.com/robot/)" "-"
85.208.98.0 - - [10/Feb/2026:03:33:43 +0000] "GET /manicotti-inglese-k.html HTTP/1.1" 429 267 kenilworthcourt.com "-" "Mozilla/5.0 (compatible; SemrushBot-BA; +http://www.semrush.com/bot.html)" "-"
188.40.26.0 - - [10/Feb/2026:03:33:49 +0000] "POST /wp-login.php HTTP/1.1" 200 5110 kenilworthcourt.com "https://kenilworthcourt.com/wp-login.php" "Mozilla/5.0 (Windows NT 10.0; Win64; x64) AppleWebKit/537.36 (KHTML, like Gecko) Chrome/130.0.0.0 Safari/537.36" "-"
3.83.76.0 - - [10/Feb/2026:03:33:50 +0000] "GET /category/oklejka-avto-v-odesse HTTP/1.1" 200 127500 kenilworthcourt.com "-" "TerraCotta https://github.com/CeramicTeam/CeramicTerracotta" "-"
198.244.226.0 - - [10/Feb/2026:03:33:52 +0000] "GET /three-vacation-station-sem-entreposto-star-fortune HTTP/1.1" 200 40055 kenilworthcourt.com "-" "Mozilla/5.0 (compatible; AhrefsBot/7.0; +http://ahrefs.com/robot/)" "-"
51.195.244.0 - - [10/Feb/2026:03:34:01 +0000] "GET /huff-n-more-puff-slot-inflate-your-winnings-today/feed HTTP/1.1" 200 893 kenilworthcourt.com "-" "Mozilla/5.0 (compatible; AhrefsBot/7.0; +http://ahrefs.com/robot/)" "-"
85.208.98.0 - - [10/Feb/2026:03:34:03 +0000] "GET /ginocchiere-crossfit-nike-k.html HTTP/1.1" 429 267 kenilworthcourt.com "-" "Mozilla/5.0 (compatible; SemrushBot-BA; +http://www.semrush.com/bot.html)" "-"
162.241.242.0 - - [10/Feb/2026:03:34:06 +0000] "GET /wp-login.php HTTP/1.1" 200 4740 kenilworthcourt.com "-" "Mozilla/5.0 (Windows NT 10.0; Win64; x64) AppleWebKit/537.36 (KHTML, like Gecko) Chrome/130.0.0.0 Safari/537.36" "-"
43.173.169.0 - - [10/Feb/2026:03:34:07 +0000] "GET /?p=19701 HTTP/1.1" 301 - kenilworthcourt.com "-" "Mozilla/5.0 (Windows NT 10.0; Win64; x64) AppleWebKit/537.36 (KHTML, like Gecko) Chrome/104.0.5112.81 Safari/537.36" "-"
43.173.169.0 - - [10/Feb/2026:03:34:08 +0000] "GET /8k8-casino-slot-206 HTTP/1.1" 200 41134 kenilworthcourt.com "https://kenilworthcourt.com/?p=19701" "Mozilla/5.0 (Windows NT 10.0; Win64; x64) AppleWebKit/537.36 (KHTML, like Gecko) Chrome/104.0.5112.81 Safari/537.36" "-"
43.173.181.0 - - [10/Feb/2026:03:34:09 +0000] "GET /?p=15804 HTTP/1.1" 301 - kenilworthcourt.com "-" "Mozilla/5.0 (Windows NT 10.0; Win64; x64) AppleWebKit/537.36 (KHTML, like Gecko) Chrome/131.0.0.0 Safari/537.36" "-"
43.173.181.0 - - [10/Feb/2026:03:34:09 +0000] "GET /free-spin-casino-994 HTTP/1.1" 200 41488 kenilworthcourt.com "https://kenilworthcourt.com/?p=15804" "Mozilla/5.0 (Windows NT 10.0; Win64; x64) AppleWebKit/537.36 (KHTML, like Gecko) Chrome/131.0.0.0 Safari/537.36" "-"
198.244.226.0 - - [10/Feb/2026:03:34:13 +0000] "GET /2024-language-tour-bicycling-forecasts-100-percent-free-professional-advice HTTP/1.1" 200 37918 kenilworthcourt.com "-" "Mozilla/5.0 (compatible; AhrefsBot/7.0; +http://ahrefs.com/robot/)" "-"
85.208.98.0 - - [10/Feb/2026:03:34:14 +0000] "GET /passamontagna-ite-k.html HTTP/1.1" 429 267 kenilworthcourt.com "-" "Mozilla/5.0 (compatible; SemrushBot-BA; +http://www.semrush.com/bot.html)" "-"
3.83.76.0 - - [10/Feb/2026:03:34:17 +0000] "GET /motherland-casino-global-gaming-community HTTP/1.1" 200 36018 kenilworthcourt.com "-" "TerraCotta https://github.com/CeramicTeam/CeramicTerracotta" "-"
162.241.242.0 - - [10/Feb/2026:03:34:18 +0000] "POST /wp-login.php HTTP/1.1" 200 5110 kenilworthcourt.com "https://kenilworthcourt.com/wp-login.php" "Mozilla/5.0 (Windows NT 10.0; Win64; x64) AppleWebKit/537.36 (KHTML, like Gecko) Chrome/130.0.0.0 Safari/537.36" "-"
51.89.129.0 - - [10/Feb/2026:03:34:26 +0000] "GET /baccarat-gambling-enterprises-uk-greatest-on-the-internet-casino-interwetten-mobile-baccarat-web-sites-2025/feed HTTP/1.1" 200 1066 kenilworthcourt.com "-" "Mozilla/5.0 (compatible; AhrefsBot/7.0; +http://ahrefs.com/robot/)" "-"
31.220.151.0 - - [10/Feb/2026:03:34:31 +0000] "GET /wp-login.php HTTP/1.1" 200 4740 kenilworthcourt.com "-" "Mozilla/5.0 (Windows NT 10.0; Win64; x64) AppleWebKit/537.36 (KHTML, like Gecko) Chrome/130.0.0.0 Safari/537.36" "-"
85.208.98.0 - - [10/Feb/2026:03:34:33 +0000] "GET /passamontagna-italia-k.html HTTP/1.1" 429 267 kenilworthcourt.com "-" "Mozilla/5.0 (compatible; SemrushBot-BA; +http://www.semrush.com/bot.html)" "-"
51.89.129.0 - - [10/Feb/2026:03:34:35 +0000] "GET /spin-casino-ontario-778 HTTP/1.1" 200 38102 kenilworthcourt.com "-" "Mozilla/5.0 (compatible; AhrefsBot/7.0; +http://ahrefs.com/robot/)" "-"
3.83.76.0 - - [10/Feb/2026:03:34:39 +0000] "GET /rollblock-casino HTTP/1.1" 200 34956 kenilworthcourt.com "-" "TerraCotta https://github.com/CeramicTeam/CeramicTerracotta" "-"
216.73.216.0 - - [10/Feb/2026:03:34:45 +0000] "GET /?p=1561 HTTP/1.1" 301 - kenilworthcourt.com "-" "Mozilla/5.0 AppleWebKit/537.36 (KHTML, like Gecko; compatible; ClaudeBot/1.0; +claudebot@anthropic.com)" "-"
216.73.216.0 - - [10/Feb/2026:03:34:46 +0000] "GET /erreichbar-spielsaal-qua-journey-to-the-west-bonusspiel-handyguthaben-aufladen-so-zahlt-ein-unter-einsatz-von-dem-handy HTTP/1.1" 200 35647 kenilworthcourt.com "https://kenilworthcourt.com/?p=1561" "Mozilla/5.0 AppleWebKit/537.36 (KHTML, like Gecko; compatible; ClaudeBot/1.0; +claudebot@anthropic.com)" "-"
51.195.215.0 - - [10/Feb/2026:03:34:46 +0000] "GET /kakim-obrazom-perezhivanija-sposobstvujut-borotsja-s-neizvestnostju/feed HTTP/1.1" 200 1001 kenilworthcourt.com "-" "Mozilla/5.0 (compatible; AhrefsBot/7.0; +http://ahrefs.com/robot/)" "-"
2a03:2880:f800:: - - [10/Feb/2026:03:34:47 +0000] "GET /office-365-pre-cracked-direct-link-v16-90-yts-to????rent HTTP/1.1" 301 - kenilworthcourt.com "-" "meta-externalagent/1.1 (+https://developers.facebook.com/docs/sharing/webmasters/crawler)" "-"
2a03:2880:f800:: - - [10/Feb/2026:03:34:48 +0000] "GET /office-365-pre-cracked-direct-link-v16-90-yts-to%f0%9d%9a%9brent?rent HTTP/1.1" 200 101485 kenilworthcourt.com "-" "meta-externalagent/1.1 (+https://developers.facebook.com/docs/sharing/webmasters/crawler)" "-"
66.249.68.0 - - [10/Feb/2026:03:34:50 +0000] "GET /?e=7029030326802&channel=0b7650&from=jp.php%3Fid%3D303268-12596%26name%3DA3%E3%83%A9%E3%83%9F%E3%83%8D%E3%83%BC%E3%82%BF%E3%83%BC%E3%82%AF%E3%82%A4%E3%83%83%E3%82%AF%E3%83%A9%E3%83%9F40QL40-A34W%E3%83%8A%E3%82%AB%E3%83%90%E3%83%A4%E3%82%B74%E6%9C%AC%E3%83%AD%E3%83%BC%E3%83%A9%E3%83%BC+%EF%BC%88%E3%83%91%E3%83%BC%E3%82%BD%E3%83%8A%E3%83%AB%E3%83%A9%E3%83%9F%E3%83%8D%E3%83%BC%E3%82%BF+%E3%82%AF%E3%82%A4%E3%83%83%E3%82%AF%E3%83%A9%E3%83%9F+%E3%82%A8%E3%82%B3%E3%83%8E%E3%83%9F%E3%83%BCA3+%7C+%E3%83%A9%E3%83%9F%E3%83%8D%E3%83%BC%E3%82%BF+%7C+%E3%83%A9%E3%83%9F%E3%83%8D%E3%83%BC%E3%82%BF+%7C+%E3%82%B7%E3%83%A5%E3%83%AC%E3%83%83%E3%83%80%E3%83%BB%E3%83%A9%E3%83%9F%E3%83%8D%E3%83%BC%E3%82%BF+%7C+%E8%A3%BD%E5%93%81%E7%B4%B9%E4%BB%8B+%7C+%E3%83%8A%E3%82%AB%E3%83%90%E3%83%A4%E3%82%B7+%E6%A0%AA%E5%BC%8F%E4%BC%9A%E7%A4%BE%EF%BC%9A%E3%82%A2%E3%83%AB%E3%83%90%E3%83%A0%E3%83%BB%E8%A3%BD%E6%9C%AC%E3%83%BB%E3%82%B7%E3%83%A5%E3%83%AC%E3%83%83%E3%83%80%E3%83%BC%E3%83%BB%E6%83%85%E5%A0%B1%E6%95%B4%E7%90%86%E3%81%AE%E7%B7%8F%E5%90%88%E3%82%B5%E3%83%9D%E3%83%BC%E3%82%BF%E3%83%BC%EF%BC%89 HTTP/1.1" 301 - kenilworthcourt.com "-" "Mozilla/5.0 (Linux; Android 6.0.1; Nexus 5X Build/MMB29P) AppleWebKit/537.36 (KHTML, like Gecko) Chrome/144.0.7559.132 Mobile Safari/537.36 (compatible; Googlebot/2.1; +http://www.google.com/bot.html)" "-"
66.249.68.0 - - [10/Feb/2026:03:34:51 +0000] "GET /?e=7029030326802&channel=0b7650&from=jp.php%3Fid%3D303268-12596%26name%3DA3%E3%83%A9%E3%83%9F%E3%83%8D%E3%83%BC%E3%82%BF%E3%83%BC%E3%82%AF%E3%82%A4%E3%83%83%E3%82%AF%E3%83%A9%E3%83%9F40QL40-A34W%E3%83%8A%E3%82%AB%E3%83%90%E3%83%A4%E3%82%B74%E6%9C%AC%E3%83%AD%E3%83%BC%E3%83%A9%E3%83%BC%20%EF%BC%88%E3%83%91%E3%83%BC%E3%82%BD%E3%83%8A%E3%83%AB%E3%83%A9%E3%83%9F%E3%83%8D%E3%83%BC%E3%82%BF%20%E3%82%AF%E3%82%A4%E3%83%83%E3%82%AF%E3%83%A9%E3%83%9F%20%E3%82%A8%E3%82%B3%E3%83%8E%E3%83%9F%E3%83%BCA3%20%7C%20%E3%83%A9%E3%83%9F%E3%83%8D%E3%83%BC%E3%82%BF%20%7C%20%E3%83%A9%E3%83%9F%E3%83%8D%E3%83%BC%E3%82%BF%20%7C%20%E3%82%B7%E3%83%A5%E3%83%AC%E3%83%83%E3%83%80%E3%83%BB%E3%83%A9%E3%83%9F%E3%83%8D%E3%83%BC%E3%82%BF%20%7C%20%E8%A3%BD%E5%93%81%E7%B4%B9%E4%BB%8B%20%7C%20%E3%83%8A%E3%82%AB%E3%83%90%E3%83%A4%E3%82%B7%20%E6%A0%AA%E5%BC%8F%E4%BC%9A%E7%A4%BE%EF%BC%9A%E3%82%A2%E3%83%AB%E3%83%90%E3%83%A0%E3%83%BB%E8%A3%BD%E6%9C%AC%E3%83%BB%E3%82%B7%E3%83%A5%E3%83%AC%E3%83%83%E3%83%80%E3%83%BC%E3%83%BB%E6%83%85%E5%A0%B1%E6%95%B4%E7%90%86%E3%81%AE%E7%B7%8F%E5%90%88%E3%82%B5%E3%83%9D%E3%83%BC%E3%82%BF%E3%83%BC%EF%BC%89 HTTP/1.1" 200 33244 kenilworthcourt.com "-" "Mozilla/5.0 (Linux; Android 6.0.1; Nexus 5X Build/MMB29P) AppleWebKit/537.36 (KHTML, like Gecko) Chrome/144.0.7559.132 Mobile Safari/537.36 (compatible; Googlebot/2.1; +http://www.google.com/bot.html)" "-"
3.83.76.0 - - [10/Feb/2026:03:34:56 +0000] "GET /tag/ggbet-50fs HTTP/1.1" 200 87914 kenilworthcourt.com "-" "TerraCotta https://github.com/CeramicTeam/CeramicTerracotta" "-"
66.249.68.0 - - [10/Feb/2026:03:34:57 +0000] "GET /wp-includes/js/jquery/jquery-migrate.min.js?ver=3.4.1 HTTP/1.1" 200 5348 kenilworthcourt.com "https://kenilworthcourt.com/?e=7029030326802&channel=0b7650&from=jp.php%3Fid%3D303268-12596%26name%3DA3%E3%83%A9%E3%83%9F%E3%83%8D%E3%83%BC%E3%82%BF%E3%83%BC%E3%82%AF%E3%82%A4%E3%83%83%E3%82%AF%E3%83%A9%E3%83%9F40QL40-A34W%E3%83%8A%E3%82%AB%E3%83%90%E3%83%A4%E3%82%B74%E6%9C%AC%E3%83%AD%E3%83%BC%E3%83%A9%E3%83%BC%20%EF%BC%88%E3%83%91%E3%83%BC%E3%82%BD%E3%83%8A%E3%83%AB%E3%83%A9%E3%83%9F%E3%83%8D%E3%83%BC%E3%82%BF%20%E3%82%AF%E3%82%A4%E3%83%83%E3%82%AF%E3%83%A9%E3%83%9F%20%E3%82%A8%E3%82%B3%E3%83%8E%E3%83%9F%E3%83%BCA3%20%7C%20%E3%83%A9%E3%83%9F%E3%83%8D%E3%83%BC%E3%82%BF%20%7C%20%E3%83%A9%E3%83%9F%E3%83%8D%E3%83%BC%E3%82%BF%20%7C%20%E3%82%B7%E3%83%A5%E3%83%AC%E3%83%83%E3%83%80%E3%83%BB%E3%83%A9%E3%83%9F%E3%83%8D%E3%83%BC%E3%82%BF%20%7C%20%E8%A3%BD%E5%93%81%E7%B4%B9%E4%BB%8B%20%7C%20%E3%83%8A%E3%82%AB%E3%83%90%E3%83%A4%E3%82%B7%20%E6%A0%AA%E5%BC%8F%E4%BC%9A%E7%A4%BE%EF%BC%9A%E3%82%A2%E3%83%AB%E3%83%90%E3%83%A0%E3%83%BB%E8%A3%BD%E6%9C%AC%E3%83%BB%E3%82%B7%E3%83%A5%E3%83%AC%E3%83%83%E3%83%80%E3%83%BC%E3%83%BB%E6%83%85%E5%A0%B1%E6%95%B4%E7%90%86%E3%81%AE%E7%B7%8F%E5%90%88%E3%82%B5%E3%83%9D%E3%83%BC%E3%82%BF%E3%83%BC%EF%BC%89" "Mozilla/5.0 (Linux; Android 6.0.1; Nexus 5X Build/MMB29P) AppleWebKit/537.36 (KHTML, like Gecko) Chrome/144.0.7559.109 Mobile Safari/537.36 (compatible; Googlebot/2.1; +http://www.google.com/bot.html)" "-"
198.244.183.0 - - [10/Feb/2026:03:34:58 +0000] "GET /black-jack-multihand-step-bye-bye-spy-guy-online-casinos-three-chairs-on-the-web-black-jack-game/feed HTTP/1.1" 200 1034 kenilworthcourt.com "-" "Mozilla/5.0 (compatible; AhrefsBot/7.0; +http://ahrefs.com/robot/)" "-"
66.249.68.0 - - [10/Feb/2026:03:34:58 +0000] "GET /wp-content/themes/twentythirteen/css/blocks.css?ver=20240520 HTTP/1.1" 200 3686 kenilworthcourt.com "https://kenilworthcourt.com/?e=7029030326802&channel=0b7650&from=jp.php%3Fid%3D303268-12596%26name%3DA3%E3%83%A9%E3%83%9F%E3%83%8D%E3%83%BC%E3%82%BF%E3%83%BC%E3%82%AF%E3%82%A4%E3%83%83%E3%82%AF%E3%83%A9%E3%83%9F40QL40-A34W%E3%83%8A%E3%82%AB%E3%83%90%E3%83%A4%E3%82%B74%E6%9C%AC%E3%83%AD%E3%83%BC%E3%83%A9%E3%83%BC%20%EF%BC%88%E3%83%91%E3%83%BC%E3%82%BD%E3%83%8A%E3%83%AB%E3%83%A9%E3%83%9F%E3%83%8D%E3%83%BC%E3%82%BF%20%E3%82%AF%E3%82%A4%E3%83%83%E3%82%AF%E3%83%A9%E3%83%9F%20%E3%82%A8%E3%82%B3%E3%83%8E%E3%83%9F%E3%83%BCA3%20%7C%20%E3%83%A9%E3%83%9F%E3%83%8D%E3%83%BC%E3%82%BF%20%7C%20%E3%83%A9%E3%83%9F%E3%83%8D%E3%83%BC%E3%82%BF%20%7C%20%E3%82%B7%E3%83%A5%E3%83%AC%E3%83%83%E3%83%80%E3%83%BB%E3%83%A9%E3%83%9F%E3%83%8D%E3%83%BC%E3%82%BF%20%7C%20%E8%A3%BD%E5%93%81%E7%B4%B9%E4%BB%8B%20%7C%20%E3%83%8A%E3%82%AB%E3%83%90%E3%83%A4%E3%82%B7%20%E6%A0%AA%E5%BC%8F%E4%BC%9A%E7%A4%BE%EF%BC%9A%E3%82%A2%E3%83%AB%E3%83%90%E3%83%A0%E3%83%BB%E8%A3%BD%E6%9C%AC%E3%83%BB%E3%82%B7%E3%83%A5%E3%83%AC%E3%83%83%E3%83%80%E3%83%BC%E3%83%BB%E6%83%85%E5%A0%B1%E6%95%B4%E7%90%86%E3%81%AE%E7%B7%8F%E5%90%88%E3%82%B5%E3%83%9D%E3%83%BC%E3%82%BF%E3%83%BC%EF%BC%89" "Mozilla/5.0 (Linux; Android 6.0.1; Nexus 5X Build/MMB29P) AppleWebKit/537.36 (KHTML, like Gecko) Chrome/144.0.7559.109 Mobile Safari/537.36 (compatible; Googlebot/2.1; +http://www.google.com/bot.html)" "-"
3.83.76.0 - - [10/Feb/2026:03:35:08 +0000] "GET /category/777-slot-vip-9 HTTP/1.1" 200 57773 kenilworthcourt.com "-" "TerraCotta https://github.com/CeramicTeam/CeramicTerracotta" "-"
51.195.215.0 - - [10/Feb/2026:03:35:11 +0000] "GET /twice-dragons-trial-pokies-gamble-7-piggies-slot-sites-100-percent-free-casino-slot-games HTTP/1.1" 200 37074 kenilworthcourt.com "-" "Mozilla/5.0 (compatible; AhrefsBot/7.0; +http://ahrefs.com/robot/)" "-"
43.173.173.0 - - [10/Feb/2026:03:35:12 +0000] "GET /?p=14114 HTTP/1.1" 301 - kenilworthcourt.com "-" "Mozilla/5.0 (Windows NT 10.0; Win64; x64) AppleWebKit/537.36 (KHTML, like Gecko) Chrome/116.0.0.0 Safari/537.36" "-"
43.173.173.0 - - [10/Feb/2026:03:35:12 +0000] "GET /betriot-app-177 HTTP/1.1" 200 41144 kenilworthcourt.com "https://kenilworthcourt.com/?p=14114" "Mozilla/5.0 (Windows NT 10.0; Win64; x64) AppleWebKit/537.36 (KHTML, like Gecko) Chrome/116.0.0.0 Safari/537.36" "-"
216.73.216.0 - - [10/Feb/2026:03:35:15 +0000] "GET /small-baccarat-guide-legislation-approach-and-ways-to-gamble-on-the-web-at-no-cost-or-real-cash-baking-bonanza-online-pokie-at-the-baccarattraining HTTP/1.1" 200 35686 kenilworthcourt.com "-" "Mozilla/5.0 AppleWebKit/537.36 (KHTML, like Gecko; compatible; ClaudeBot/1.0; +claudebot@anthropic.com)" "-"
3.83.76.0 - - [10/Feb/2026:03:35:20 +0000] "GET /leonbet-casino-adds-new-games-weekly-in-uk-canada-and-australia-for-players HTTP/1.1" 200 35066 kenilworthcourt.com "-" "TerraCotta https://github.com/CeramicTeam/CeramicTerracotta" "-"
5.35.38.0 - - [10/Feb/2026:03:35:22 +0000] "GET /wp-admin/ HTTP/1.1" 301 276 kenilworthcourt.com "http://kenilworthcourt.com/" "Mozilla/5.0 (Linux x86_64; rv:114.0) Gecko/20100101 Firefox/114.0" "-"
5.35.38.0 - - [10/Feb/2026:03:35:22 +0000] "GET / HTTP/1.1" 200 32153 kenilworthcourt.com "http://kenilworthcourt.com/wp-admin/" "Mozilla/5.0 (Linux x86_64; rv:114.0) Gecko/20100101 Firefox/114.0" "-"
5.35.38.0 - - [10/Feb/2026:03:35:22 +0000] "GET /wp-login.php HTTP/1.1" 200 4740 kenilworthcourt.com "https://kenilworthcourt.com/" "Mozilla/5.0 (Windows NT 6.3; Win64; x64) AppleWebKit/537.36 (KHTML, like Gecko) Chrome/103.0.0.0 Safari/537.36" "-"
5.35.38.0 - - [10/Feb/2026:03:35:22 +0000] "GET /wp-login.php HTTP/1.1" 200 4740 kenilworthcourt.com "https://kenilworthcourt.com/wp-login.php" "Mozilla/5.0 (Windows NT 6.3; Win64; x64) AppleWebKit/537.36 (KHTML, like Gecko) Chrome/103.0.0.0 Safari/537.36" "-"
5.35.38.0 - - [10/Feb/2026:03:35:23 +0000] "GET /wp-admin/load-styles.php?c=0&dir=ltr&load%5Bchunk_0%5D=dashicons,buttons,forms,l10n,login&ver=6.9.1 HTTP/1.1" 200 103100 kenilworthcourt.com "https://kenilworthcourt.com/wp-login.php" "Mozilla/5.0 (Windows NT 10.0; Win64; x64) AppleWebKit/537.36 (KHTML, like Gecko) Chrome/143.0.0.0 Safari/537.36" "-"
198.244.168.0 - - [10/Feb/2026:03:35:23 +0000] "GET /tag/kasyno-hell-spin HTTP/1.1" 200 157917 kenilworthcourt.com "-" "Mozilla/5.0 (compatible; AhrefsBot/7.0; +http://ahrefs.com/robot/)" "-"
85.208.98.0 - - [10/Feb/2026:03:35:30 +0000] "GET /passamontagna-inglese-k.html HTTP/1.1" 429 267 kenilworthcourt.com "-" "Mozilla/5.0 (compatible; SemrushBot-BA; +http://www.semrush.com/bot.html)" "-"
3.83.76.0 - - [10/Feb/2026:03:35:30 +0000] "GET /tag/hellspin-casino-australia HTTP/1.1" 200 173432 kenilworthcourt.com "-" "TerraCotta https://github.com/CeramicTeam/CeramicTerracotta" "-"
5.35.38.0 - - [10/Feb/2026:03:35:34 +0000] "POST /wp-login.php HTTP/1.1" 200 5135 kenilworthcourt.com "https://kenilworthcourt.com/wp-login.php" "Mozilla/5.0 (Windows NT 6.3; Win64; x64) AppleWebKit/537.36 (KHTML, like Gecko) Chrome/103.0.0.0 Safari/537.36" "-"
5.35.38.0 - - [10/Feb/2026:03:35:35 +0000] "GET /wp-admin/ HTTP/1.1" 301 276 kenilworthcourt.com "https://kenilworthcourt.com/wp-login.php" "Mozilla/5.0 (Windows NT 6.3; Win64; x64) AppleWebKit/537.36 (KHTML, like Gecko) Chrome/103.0.0.0 Safari/537.36" "-"
5.35.38.0 - - [10/Feb/2026:03:35:35 +0000] "GET / HTTP/1.1" 200 32153 kenilworthcourt.com "http://kenilworthcourt.com/wp-admin/" "Mozilla/5.0 (Windows NT 6.3; Win64; x64) AppleWebKit/537.36 (KHTML, like Gecko) Chrome/103.0.0.0 Safari/537.36" "-"
5.35.38.0 - - [10/Feb/2026:03:35:35 +0000] "GET /xmlrpc.php HTTP/1.1" 405 42 kenilworthcourt.com "https://kenilworthcourt.com/" "Mozilla/5.0 (Windows NT 6.3; Win64; x64) AppleWebKit/537.36 (KHTML, like Gecko) Chrome/103.0.0.0 Safari/537.36" "-"
51.89.129.0 - - [10/Feb/2026:03:35:35 +0000] "GET /crack-betsoft-games-online-aside-fortunate-wilds-trial-play-100-percent-free-slot-game/feed HTTP/1.1" 200 1003 kenilworthcourt.com "-" "Mozilla/5.0 (compatible; AhrefsBot/7.0; +http://ahrefs.com/robot/)" "-"
5.35.38.0 - - [10/Feb/2026:03:35:36 +0000] "POST /xmlrpc.php HTTP/1.1" 503 339 kenilworthcourt.com "https://kenilworthcourt.com/xmlrpc.php" "Mozilla/5.0 (Windows NT 6.3; Win64; x64) AppleWebKit/537.36 (KHTML, like Gecko) Chrome/103.0.0.0 Safari/537.36" "-"
5.35.38.0 - - [10/Feb/2026:03:35:37 +0000] "POST /xmlrpc.php HTTP/1.1" 503 339 kenilworthcourt.com "https://kenilworthcourt.com/xmlrpc.php" "Mozilla/5.0 (Windows NT 6.3; Win64; x64) AppleWebKit/537.36 (KHTML, like Gecko) Chrome/103.0.0.0 Safari/537.36" "-"
5.35.38.0 - - [10/Feb/2026:03:35:37 +0000] "GET /?p= HTTP/1.1" 301 - kenilworthcourt.com "https://kenilworthcourt.com/xmlrpc.php" "Mozilla/5.0 (Windows NT 6.3; Win64; x64) AppleWebKit/537.36 (KHTML, like Gecko) Chrome/103.0.0.0 Safari/537.36" "-"
5.35.38.0 - - [10/Feb/2026:03:35:38 +0000] "GET / HTTP/1.1" 200 32153 kenilworthcourt.com "https://kenilworthcourt.com/?p=" "Mozilla/5.0 (Windows NT 6.3; Win64; x64) AppleWebKit/537.36 (KHTML, like Gecko) Chrome/103.0.0.0 Safari/537.36" "-"
17.241.75.0 - - [10/Feb/2026:03:35:45 +0000] "GET /robots.txt HTTP/1.1" 301 280 www.kenilworthcourt.com "-" "Mozilla/5.0 (Macintosh; Intel Mac OS X 10_15_7) AppleWebKit/605.1.15 (KHTML, like Gecko) Version/17.4 Safari/605.1.15 (Applebot/0.1; +http://www.apple.com/go/applebot)" "-"
17.241.219.0 - - [10/Feb/2026:03:35:46 +0000] "GET / HTTP/1.1" 301 - www.kenilworthcourt.com "-" "Mozilla/5.0 (Macintosh; Intel Mac OS X 10_15_7) AppleWebKit/605.1.15 (KHTML, like Gecko) Version/17.4 Safari/605.1.15 (Applebot/0.1; +http://www.apple.com/go/applebot)" "-"
17.241.75.0 - - [10/Feb/2026:03:35:46 +0000] "GET /peeling-chimico-acido-salicilico-amazon-k.html HTTP/1.1" 301 280 www.kenilworthcourt.com "-" "Mozilla/5.0 (Macintosh; Intel Mac OS X 10_15_7) AppleWebKit/605.1.15 (KHTML, like Gecko) Version/17.4 Safari/605.1.15 (Applebot/0.1; +http://www.apple.com/go/applebot)" "-"
17.241.219.0 - - [10/Feb/2026:03:35:47 +0000] "GET / HTTP/1.1" 301 - www.kenilworthcourt.com "-" "Mozilla/5.0 (Macintosh; Intel Mac OS X 10_15_7) AppleWebKit/605.1.15 (KHTML, like Gecko) Version/17.4 Safari/605.1.15 (Applebot/0.1; +http://www.apple.com/go/applebot)" "-"
17.241.219.0 - - [10/Feb/2026:03:35:47 +0000] "GET /robots.txt HTTP/1.1" 301 - www.kenilworthcourt.com "-" "Mozilla/5.0 (Macintosh; Intel Mac OS X 10_15_7) AppleWebKit/605.1.15 (KHTML, like Gecko) Version/17.4 Safari/605.1.15 (Applebot/0.1; +http://www.apple.com/go/applebot)" "-"
3.83.76.0 - - [10/Feb/2026:03:35:48 +0000] "GET /bahigo-casino-ihr-partner-fur-erfolgreiche-online-wetten HTTP/1.1" 200 30358 kenilworthcourt.com "-" "TerraCotta https://github.com/CeramicTeam/CeramicTerracotta" "-"
17.241.219.0 - - [10/Feb/2026:03:35:49 +0000] "GET /robots.txt HTTP/1.1" 301 - www.kenilworthcourt.com "-" "Mozilla/5.0 (Macintosh; Intel Mac OS X 10_15_7) AppleWebKit/605.1.15 (KHTML, like Gecko) Version/17.4 Safari/605.1.15 (Applebot/0.1; +http://www.apple.com/go/applebot)" "-"
51.195.244.0 - - [10/Feb/2026:03:35:49 +0000] "GET /mississippi-litecoin-casino-online-stud-laws-and-regulations-method-possibility-online-casinos/feed HTTP/1.1" 200 1036 kenilworthcourt.com "-" "Mozilla/5.0 (compatible; AhrefsBot/7.0; +http://ahrefs.com/robot/)" "-"
17.241.219.0 - - [10/Feb/2026:03:35:50 +0000] "GET /robots.txt HTTP/1.1" 301 - www.kenilworthcourt.com "-" "Mozilla/5.0 (Macintosh; Intel Mac OS X 10_15_7) AppleWebKit/605.1.15 (KHTML, like Gecko) Version/17.4 Safari/605.1.15 (Applebot/0.1; +http://www.apple.com/go/applebot)" "-"
176.126.172.0 - - [10/Feb/2026:03:35:51 +0000] "GET /wp-login.php HTTP/1.1" 200 4740 kenilworthcourt.com "-" "Mozilla/5.0 (Windows NT 10.0; Win64; x64) AppleWebKit/537.36 (KHTML, like Gecko) Chrome/130.0.0.0 Safari/537.36" "-"
17.241.219.0 - - [10/Feb/2026:03:35:51 +0000] "GET /robots.txt HTTP/1.1" 301 - www.kenilworthcourt.com "-" "Mozilla/5.0 (Macintosh; Intel Mac OS X 10_15_7) AppleWebKit/605.1.15 (KHTML, like Gecko) Version/17.4 Safari/605.1.15 (Applebot/0.1; +http://www.apple.com/go/applebot)" "-"
3.83.76.0 - - [10/Feb/2026:03:35:52 +0000] "GET /tag/is-galactic-wins-legit HTTP/1.1" 200 39842 kenilworthcourt.com "-" "TerraCotta https://github.com/CeramicTeam/CeramicTerracotta" "-"
17.241.219.0 - - [10/Feb/2026:03:35:53 +0000] "GET /robots.txt HTTP/1.1" 301 - www.kenilworthcourt.com "-" "Mozilla/5.0 (Macintosh; Intel Mac OS X 10_15_7) AppleWebKit/605.1.15 (KHTML, like Gecko) Version/17.4 Safari/605.1.15 (Applebot/0.1; +http://www.apple.com/go/applebot)" "-"
