41.72.131.0 - - [10/Feb/2026:03:09:07 +0000] "GET /wp-login.php HTTP/1.1" 200 4740 kenilworthcourt.com "-" "Mozilla/5.0 (Windows NT 10.0; Win64; x64) AppleWebKit/537.36 (KHTML, like Gecko) Chrome/130.0.0.0 Safari/537.36" "-"
198.244.240.0 - - [10/Feb/2026:03:09:17 +0000] "GET /phlwin-casino-323 HTTP/1.1" 200 40949 kenilworthcourt.com "-" "Mozilla/5.0 (compatible; AhrefsBot/7.0; +http://ahrefs.com/robot/)" "-"
41.72.131.0 - - [10/Feb/2026:03:09:19 +0000] "POST /wp-login.php HTTP/1.1" 200 5110 kenilworthcourt.com "https://kenilworthcourt.com/wp-login.php" "Mozilla/5.0 (Windows NT 10.0; Win64; x64) AppleWebKit/537.36 (KHTML, like Gecko) Chrome/130.0.0.0 Safari/537.36" "-"
5.161.107.0 - - [10/Feb/2026:03:09:21 +0000] "GET /wp-login.php HTTP/1.1" 200 4740 kenilworthcourt.com "-" "Mozilla/5.0 (Windows NT 10.0; Win64; x64) AppleWebKit/537.36 (KHTML, like Gecko) Chrome/130.0.0.0 Safari/537.36" "-"
5.161.107.0 - - [10/Feb/2026:03:09:33 +0000] "POST /wp-login.php HTTP/1.1" 200 5110 kenilworthcourt.com "https://kenilworthcourt.com/wp-login.php" "Mozilla/5.0 (Windows NT 10.0; Win64; x64) AppleWebKit/537.36 (KHTML, like Gecko) Chrome/130.0.0.0 Safari/537.36" "-"
51.195.215.0 - - [10/Feb/2026:03:09:34 +0000] "GET /10-ecu-pramie-ohne-einzahlung-inoffizieller-mitarbeiter-verbunden-spielbank/feed HTTP/1.1" 200 971 kenilworthcourt.com "-" "Mozilla/5.0 (compatible; AhrefsBot/7.0; +http://ahrefs.com/robot/)" "-"
2a03:2880:f800:: - - [10/Feb/2026:03:09:43 +0000] "GET /plinko-game-6 HTTP/1.1" 200 33997 kenilworthcourt.com "-" "meta-externalagent/1.1 (+https://developers.facebook.com/docs/sharing/webmasters/crawler)" "-"
3.83.76.0 - - [10/Feb/2026:03:09:48 +0000] "GET /0xa3d396ae HTTP/1.1" 200 29007 kenilworthcourt.com "-" "TerraCotta https://github.com/CeramicTeam/CeramicTerracotta" "-"
3.83.76.0 - - [10/Feb/2026:03:09:49 +0000] "GET /tag/hell-spin-1-deposit HTTP/1.1" 200 80269 kenilworthcourt.com "-" "TerraCotta https://github.com/CeramicTeam/CeramicTerracotta" "-"
198.244.226.0 - - [10/Feb/2026:03:09:54 +0000] "GET /casino-tall-bonuses-codes-20-august-reel-king-symbols-2025/feed HTTP/1.1" 200 926 kenilworthcourt.com "-" "Mozilla/5.0 (compatible; AhrefsBot/7.0; +http://ahrefs.com/robot/)" "-"
3.83.76.0 - - [10/Feb/2026:03:10:06 +0000] "GET /avijski-mestri-igre-na-zmago HTTP/1.1" 200 33159 kenilworthcourt.com "-" "TerraCotta https://github.com/CeramicTeam/CeramicTerracotta" "-"
52.140.96.0 - - [10/Feb/2026:03:10:07 +0000] "GET /wp-login.php HTTP/1.1" 200 4740 kenilworthcourt.com "-" "Mozilla/5.0 (Windows NT 10.0; Win64; x64) AppleWebKit/537.36 (KHTML, like Gecko) Chrome/130.0.0.0 Safari/537.36" "-"
198.244.240.0 - - [10/Feb/2026:03:10:14 +0000] "GET /tiradas-vano-sobre-casinos-las-mejores-maquinas-tragamonedas-en-linea-referente-a-internet-2025-giros-sizzling-hot-deluxe-giros-sin-cargo-gratuito-desprovisto-tanque/feed HTTP/1.1" 200 1242 kenilworthcourt.com "-" "Mozilla/5.0 (compatible; AhrefsBot/7.0; +http://ahrefs.com/robot/)" "-"
3.83.76.0 - - [10/Feb/2026:03:10:15 +0000] "GET /die-spielbank-wuppertal-ein-uberblick-uber-glucksspielangebote-und-bedingungen HTTP/1.1" 200 33755 kenilworthcourt.com "-" "TerraCotta https://github.com/CeramicTeam/CeramicTerracotta" "-"
52.140.96.0 - - [10/Feb/2026:03:10:19 +0000] "POST /wp-login.php HTTP/1.1" 200 5110 kenilworthcourt.com "https://kenilworthcourt.com/wp-login.php" "Mozilla/5.0 (Windows NT 10.0; Win64; x64) AppleWebKit/537.36 (KHTML, like Gecko) Chrome/130.0.0.0 Safari/537.36" "-"
3.83.76.0 - - [10/Feb/2026:03:10:24 +0000] "GET /category/hellspin-kasyno-149 HTTP/1.1" 200 68351 kenilworthcourt.com "-" "TerraCotta https://github.com/CeramicTeam/CeramicTerracotta" "-"
198.244.168.0 - - [10/Feb/2026:03:10:30 +0000] "GET /funky-monkey-bei-keramiken-gebuhrenfrei-zum-besten-diese-south-back-to-venus-spielautomaten-echtes-geld-park-slot-roboter-geben-echtgeld-vorschlag/feed HTTP/1.1" 200 1186 kenilworthcourt.com "-" "Mozilla/5.0 (compatible; AhrefsBot/7.0; +http://ahrefs.com/robot/)" "-"
3.83.76.0 - - [10/Feb/2026:03:10:33 +0000] "GET /eierweg-der-reichen-ist-mein-gluck-in-chicken-road HTTP/1.1" 200 33351 kenilworthcourt.com "-" "TerraCotta https://github.com/CeramicTeam/CeramicTerracotta" "-"
221.150.109.0 - - [10/Feb/2026:03:10:46 +0000] "GET /golden-state-adus-adu-builder-in-sacramento-9 HTTP/1.1" 200 135048 kenilworthcourt.com "-" "Mozilla/5.0 (Windows NT 10.0; WOW64) AppleWebKit/537.36 (KHTML, like Gecko) Chrome/114.0.0.0 Safari/537.36" "-"
51.195.215.0 - - [10/Feb/2026:03:10:48 +0000] "GET /casino-sverige-2025-mata-svenska-online-casino-tillsammans-tillstand/feed HTTP/1.1" 200 952 kenilworthcourt.com "-" "Mozilla/5.0 (compatible; AhrefsBot/7.0; +http://ahrefs.com/robot/)" "-"
3.83.76.0 - - [10/Feb/2026:03:10:51 +0000] "GET /plinko-game-6 HTTP/1.1" 200 33997 kenilworthcourt.com "-" "TerraCotta https://github.com/CeramicTeam/CeramicTerracotta" "-"
3.83.76.0 - - [10/Feb/2026:03:11:01 +0000] "GET /understanding-randomness-from-brownian-motion-to-plinko-dice-11-2025 HTTP/1.1" 200 39075 kenilworthcourt.com "-" "TerraCotta https://github.com/CeramicTeam/CeramicTerracotta" "-"
3.83.76.0 - - [10/Feb/2026:03:11:02 +0000] "GET /ibm-spss-statisticsbase-crack-exe-all-versions-100-worked-2024 HTTP/1.1" 200 123766 kenilworthcourt.com "-" "TerraCotta https://github.com/CeramicTeam/CeramicTerracotta" "-"
51.195.183.0 - - [10/Feb/2026:03:11:05 +0000] "GET /tag/link-188bet-moi-nhat/feed HTTP/1.1" 200 158757 kenilworthcourt.com "-" "Mozilla/5.0 (compatible; AhrefsBot/7.0; +http://ahrefs.com/robot/)" "-"
3.83.76.0 - - [10/Feb/2026:03:11:22 +0000] "GET /tag/888casino HTTP/1.1" 200 182310 kenilworthcourt.com "-" "TerraCotta https://github.com/CeramicTeam/CeramicTerracotta" "-"
85.208.98.0 - - [10/Feb/2026:03:11:22 +0000] "GET /robots.txt HTTP/1.1" 429 267 kenilworthcourt.com "-" "Mozilla/5.0 (compatible; SemrushBot-BA; +http://www.semrush.com/bot.html)" "-"
198.244.242.0 - - [10/Feb/2026:03:11:23 +0000] "GET /demolition-team-100-percent-free-video-slot-cyrus-the-virus-slot-free-spins-gamble-demonstration-game-inside-canada HTTP/1.1" 200 37205 kenilworthcourt.com "-" "Mozilla/5.0 (compatible; AhrefsBot/7.0; +http://ahrefs.com/robot/)" "-"
3.83.76.0 - - [10/Feb/2026:03:11:31 +0000] "GET /tag/bizzo-casino-pl HTTP/1.1" 200 156960 kenilworthcourt.com "-" "TerraCotta https://github.com/CeramicTeam/CeramicTerracotta" "-"
216.251.35.0 - - [10/Feb/2026:03:11:34 +0000] "GET /wp-login.php HTTP/1.1" 200 4740 kenilworthcourt.com "-" "Mozilla/5.0 (Windows NT 10.0; Win64; x64) AppleWebKit/537.36 (KHTML, like Gecko) Chrome/130.0.0.0 Safari/537.36" "-"
198.244.183.0 - - [10/Feb/2026:03:11:41 +0000] "GET /adobe-after-effects-2023-freeactivated-latest-x32-x64-windows-11-unlimited/feed HTTP/1.1" 200 973 kenilworthcourt.com "-" "Mozilla/5.0 (compatible; AhrefsBot/7.0; +http://ahrefs.com/robot/)" "-"
85.208.98.0 - - [10/Feb/2026:03:11:48 +0000] "GET /long-navy-parka-k.html HTTP/1.1" 429 267 kenilworthcourt.com "-" "Mozilla/5.0 (compatible; SemrushBot-BA; +http://www.semrush.com/bot.html)" "-"
3.83.76.0 - - [10/Feb/2026:03:11:50 +0000] "GET /category/188bet-250-646 HTTP/1.1" 200 65429 kenilworthcourt.com "-" "TerraCotta https://github.com/CeramicTeam/CeramicTerracotta" "-"
216.251.35.0 - - [10/Feb/2026:03:11:58 +0000] "POST /wp-login.php HTTP/1.1" 200 5110 kenilworthcourt.com "https://kenilworthcourt.com/wp-login.php" "Mozilla/5.0 (Windows NT 10.0; Win64; x64) AppleWebKit/537.36 (KHTML, like Gecko) Chrome/130.0.0.0 Safari/537.36" "-"
85.208.98.0 - - [10/Feb/2026:03:11:59 +0000] "GET /parka-navy-blue-k.html HTTP/1.1" 429 267 kenilworthcourt.com "-" "Mozilla/5.0 (compatible; SemrushBot-BA; +http://www.semrush.com/bot.html)" "-"
198.244.242.0 - - [10/Feb/2026:03:11:59 +0000] "GET /anabolika-erfahrungen-was-sie-wissen-sollten/feed HTTP/1.1" 200 878 kenilworthcourt.com "-" "Mozilla/5.0 (compatible; AhrefsBot/7.0; +http://ahrefs.com/robot/)" "-"
85.208.98.0 - - [10/Feb/2026:03:12:07 +0000] "GET /parka-original-k.html HTTP/1.1" 429 267 kenilworthcourt.com "-" "Mozilla/5.0 (compatible; SemrushBot-BA; +http://www.semrush.com/bot.html)" "-"
3.83.76.0 - - [10/Feb/2026:03:12:12 +0000] "GET /tag/queen-777 HTTP/1.1" 200 144064 kenilworthcourt.com "-" "TerraCotta https://github.com/CeramicTeam/CeramicTerracotta" "-"
85.208.98.0 - - [10/Feb/2026:03:12:13 +0000] "GET /ladies-navy-parka-k.html HTTP/1.1" 429 267 kenilworthcourt.com "-" "Mozilla/5.0 (compatible; SemrushBot-BA; +http://www.semrush.com/bot.html)" "-"
2a03:2880:f800:: - - [10/Feb/2026:03:12:14 +0000] "GET /office-2016-pro-plus-setup-app-from-microsoft-p2p-dow%f0%9d%9a%97l%f0%9d%9a%98ad-to%f0%9d%9a%9brent HTTP/1.1" 200 96281 kenilworthcourt.com "-" "meta-externalagent/1.1 (+https://developers.facebook.com/docs/sharing/webmasters/crawler)" "-"
198.244.168.0 - - [10/Feb/2026:03:12:21 +0000] "GET /east-delights-slot-%E1%97%8E-totally-free-enjoy-inside-demonstration-mode-online-casino-real-money-pokies-video-game-review-because-of-the-playson HTTP/1.1" 200 37486 kenilworthcourt.com "-" "Mozilla/5.0 (compatible; AhrefsBot/7.0; +http://ahrefs.com/robot/)" "-"
3.83.76.0 - - [10/Feb/2026:03:12:28 +0000] "GET /tag/kod-promocyjny-nv-kasyno HTTP/1.1" 200 133842 kenilworthcourt.com "-" "TerraCotta https://github.com/CeramicTeam/CeramicTerracotta" "-"
148.72.126.0 - - [10/Feb/2026:03:12:29 +0000] "GET /wp-login.php HTTP/1.1" 200 4740 kenilworthcourt.com "-" "Mozilla/5.0 (Windows NT 10.0; Win64; x64) AppleWebKit/537.36 (KHTML, like Gecko) Chrome/130.0.0.0 Safari/537.36" "-"
3.83.76.0 - - [10/Feb/2026:03:12:32 +0000] "GET /slotmagie-casino-gewinne-auf-der-reise-entdecken HTTP/1.1" 200 32231 kenilworthcourt.com "-" "TerraCotta https://github.com/CeramicTeam/CeramicTerracotta" "-"
198.244.240.0 - - [10/Feb/2026:03:12:40 +0000] "GET /sol-casino-3/feed HTTP/1.1" 200 779 kenilworthcourt.com "-" "Mozilla/5.0 (compatible; AhrefsBot/7.0; +http://ahrefs.com/robot/)" "-"
148.72.126.0 - - [10/Feb/2026:03:12:41 +0000] "POST /wp-login.php HTTP/1.1" 200 5110 kenilworthcourt.com "https://kenilworthcourt.com/wp-login.php" "Mozilla/5.0 (Windows NT 10.0; Win64; x64) AppleWebKit/537.36 (KHTML, like Gecko) Chrome/130.0.0.0 Safari/537.36" "-"
92.205.20.0 - - [10/Feb/2026:03:12:43 +0000] "GET /wp-login.php HTTP/1.1" 200 4740 kenilworthcourt.com "-" "Mozilla/5.0 (Windows NT 10.0; Win64; x64) AppleWebKit/537.36 (KHTML, like Gecko) Chrome/130.0.0.0 Safari/537.36" "-"
89.1.59.0 - - [10/Feb/2026:03:12:51 +0000] "POST /wp-admin/admin-ajax.php?action=sm_ping HTTP/1.1" 400 1 kenilworthcourt.com "-" "Mozilla/5.0 (Windows NT 10.0; Win64; x64) AppleWebKit/537.36 (KHTML, like Gecko) Chrome/120.0.0.0 Safari/537.36" "-"
89.1.59.0 - - [10/Feb/2026:03:12:52 +0000] "POST /wp-admin/admin-ajax.php?action=hnpt_ping HTTP/1.1" 400 1 kenilworthcourt.com "-" "Mozilla/5.0 (Windows NT 10.0; Win64; x64) AppleWebKit/537.36 (KHTML, like Gecko) Chrome/120.0.0.0 Safari/537.36" "-"
92.205.20.0 - - [10/Feb/2026:03:12:55 +0000] "POST /wp-login.php HTTP/1.1" 200 5110 kenilworthcourt.com "https://kenilworthcourt.com/wp-login.php" "Mozilla/5.0 (Windows NT 10.0; Win64; x64) AppleWebKit/537.36 (KHTML, like Gecko) Chrome/130.0.0.0 Safari/537.36" "-"
51.195.183.0 - - [10/Feb/2026:03:12:57 +0000] "GET /on-line-pokies-nz-1000s-away-from-free-a-real-play-free-online-casino-slots-income-pokie-online-game HTTP/1.1" 200 37067 kenilworthcourt.com "-" "Mozilla/5.0 (compatible; AhrefsBot/7.0; +http://ahrefs.com/robot/)" "-"
173.212.202.0 - - [10/Feb/2026:03:13:07 +0000] "GET /wp-login.php HTTP/1.1" 200 4740 kenilworthcourt.com "-" "Mozilla/5.0 (Windows NT 10.0; Win64; x64) AppleWebKit/537.36 (KHTML, like Gecko) Chrome/130.0.0.0 Safari/537.36" "-"
51.195.244.0 - - [10/Feb/2026:03:13:17 +0000] "GET /top-paypal-casino-captain-jack-login-casino-sites-in-the-usa-to-own-2025/feed HTTP/1.1" 200 961 kenilworthcourt.com "-" "Mozilla/5.0 (compatible; AhrefsBot/7.0; +http://ahrefs.com/robot/)" "-"
173.212.202.0 - - [10/Feb/2026:03:13:19 +0000] "POST /wp-login.php HTTP/1.1" 200 5572 kenilworthcourt.com "https://kenilworthcourt.com/wp-login.php" "Mozilla/5.0 (Windows NT 10.0; Win64; x64) AppleWebKit/537.36 (KHTML, like Gecko) Chrome/130.0.0.0 Safari/537.36" "-"
68.155.159.0 - - [10/Feb/2026:03:13:36 +0000] "GET //wp-content/plugins/fix/up.php HTTP/1.1" 404 236 kenilworthcourt.com "-" "Mozilla/5.0 (Windows NT 10.0; Win64; x64) AppleWebKit/537.36 (KHTML, like Gecko) Chrome/85.0.4183.102 Safari/537.36" "-"
198.244.240.0 - - [10/Feb/2026:03:13:38 +0000] "GET /tag/energy-kasyno HTTP/1.1" 200 111199 kenilworthcourt.com "-" "Mozilla/5.0 (compatible; AhrefsBot/7.0; +http://ahrefs.com/robot/)" "-"
3.83.76.0 - - [10/Feb/2026:03:13:42 +0000] "GET /plinko-game-a-artistic-masterpiece-with-real-prizes HTTP/1.1" 200 33594 kenilworthcourt.com "-" "TerraCotta https://github.com/CeramicTeam/CeramicTerracotta" "-"
3.83.76.0 - - [10/Feb/2026:03:13:51 +0000] "GET /tag/levelup-casino-app HTTP/1.1" 200 191040 kenilworthcourt.com "-" "TerraCotta https://github.com/CeramicTeam/CeramicTerracotta" "-"
198.71.60.0 - - [10/Feb/2026:03:13:55 +0000] "GET /wp-login.php HTTP/1.1" 200 4740 kenilworthcourt.com "-" "Mozilla/5.0 (Windows NT 10.0; Win64; x64) AppleWebKit/537.36 (KHTML, like Gecko) Chrome/130.0.0.0 Safari/537.36" "-"
198.244.226.0 - - [10/Feb/2026:03:13:57 +0000] "GET /play-real-time-dealer-games-online-at-sloterras-casino-in-united-kingdom HTTP/1.1" 200 38846 kenilworthcourt.com "-" "Mozilla/5.0 (compatible; AhrefsBot/7.0; +http://ahrefs.com/robot/)" "-"
3.83.76.0 - - [10/Feb/2026:03:13:59 +0000] "GET /tag/lucky-cola-slot HTTP/1.1" 200 73636 kenilworthcourt.com "-" "TerraCotta https://github.com/CeramicTeam/CeramicTerracotta" "-"
2a03:2880:f800:: - - [10/Feb/2026:03:14:06 +0000] "GET /outlander-prequel-series-wows-critics-that-have-impressive-rotten-tomatoes-rating HTTP/1.1" 200 38538 kenilworthcourt.com "-" "meta-externalagent/1.1 (+https://developers.facebook.com/docs/sharing/webmasters/crawler)" "-"
3.83.76.0 - - [10/Feb/2026:03:14:06 +0000] "GET /slotkonige-der-glucksspiele HTTP/1.1" 200 33367 kenilworthcourt.com "-" "TerraCotta https://github.com/CeramicTeam/CeramicTerracotta" "-"
198.71.60.0 - - [10/Feb/2026:03:14:07 +0000] "POST /wp-login.php HTTP/1.1" 200 5110 kenilworthcourt.com "https://kenilworthcourt.com/wp-login.php" "Mozilla/5.0 (Windows NT 10.0; Win64; x64) AppleWebKit/537.36 (KHTML, like Gecko) Chrome/130.0.0.0 Safari/537.36" "-"
142.93.68.0 - - [10/Feb/2026:03:14:08 +0000] "GET /wp-login.php HTTP/1.1" 200 4740 kenilworthcourt.com "-" "Mozilla/5.0 (Windows NT 10.0; Win64; x64) AppleWebKit/537.36 (KHTML, like Gecko) Chrome/130.0.0.0 Safari/537.36" "-"
198.244.242.0 - - [10/Feb/2026:03:14:13 +0000] "GET /weight-tonybet-casino-slots-girls-sings-online-slots-game-opinion/feed HTTP/1.1" 200 940 kenilworthcourt.com "-" "Mozilla/5.0 (compatible; AhrefsBot/7.0; +http://ahrefs.com/robot/)" "-"
142.93.68.0 - - [10/Feb/2026:03:14:20 +0000] "POST /wp-login.php HTTP/1.1" 200 5110 kenilworthcourt.com "https://kenilworthcourt.com/wp-login.php" "Mozilla/5.0 (Windows NT 10.0; Win64; x64) AppleWebKit/537.36 (KHTML, like Gecko) Chrome/130.0.0.0 Safari/537.36" "-"
3.83.76.0 - - [10/Feb/2026:03:14:25 +0000] "GET /asistenta-clienti-aviator-game-ajutor-la-nevoie HTTP/1.1" 200 35054 kenilworthcourt.com "-" "TerraCotta https://github.com/CeramicTeam/CeramicTerracotta" "-"
107.189.30.0 - - [10/Feb/2026:03:14:29 +0000] "GET /wp-login.php HTTP/1.1" 200 4740 kenilworthcourt.com "-" "Mozilla/5.0 (Macintosh; Intel Mac OS X 14_5) AppleWebKit/537.36 (KHTML, like Gecko) Chrome/129.0.0.0 Safari/537.36" "-"
51.89.129.0 - - [10/Feb/2026:03:14:32 +0000] "GET /cold-as-intercity-blood-suckers-slot-express-50-freie-spins-nach-victorious-spielautomat-within-bf-games-provider-merkmale-villa30-kunstlerwerkstatt/feed HTTP/1.1" 200 1190 kenilworthcourt.com "-" "Mozilla/5.0 (compatible; AhrefsBot/7.0; +http://ahrefs.com/robot/)" "-"
3.83.76.0 - - [10/Feb/2026:03:14:33 +0000] "GET /tag/betsafe-kasyna HTTP/1.1" 200 71234 kenilworthcourt.com "-" "TerraCotta https://github.com/CeramicTeam/CeramicTerracotta" "-"
107.189.30.0 - - [10/Feb/2026:03:14:41 +0000] "POST /wp-login.php HTTP/1.1" 200 5180 kenilworthcourt.com "-" "Mozilla/5.0 (Macintosh; Intel Mac OS X 14_5) AppleWebKit/537.36 (KHTML, like Gecko) Chrome/129.0.0.0 Safari/537.36" "-"
51.195.183.0 - - [10/Feb/2026:03:14:51 +0000] "GET /juegos-para-ganar-dinero-real-en-chile-2025-20/feed HTTP/1.1" 200 1757 kenilworthcourt.com "-" "Mozilla/5.0 (compatible; AhrefsBot/7.0; +http://ahrefs.com/robot/)" "-"
3.83.76.0 - - [10/Feb/2026:03:14:53 +0000] "GET /tag/bizzo-casino HTTP/1.1" 200 100143 kenilworthcourt.com "-" "TerraCotta https://github.com/CeramicTeam/CeramicTerracotta" "-"
3.83.76.0 - - [10/Feb/2026:03:15:01 +0000] "GET /chicken-dash HTTP/1.1" 200 30681 kenilworthcourt.com "-" "TerraCotta https://github.com/CeramicTeam/CeramicTerracotta" "-"
198.244.242.0 - - [10/Feb/2026:03:15:11 +0000] "GET /oregon-blackjack-casinos-21-black-jack-betting-inside-otherwise/feed HTTP/1.1" 200 934 kenilworthcourt.com "-" "Mozilla/5.0 (compatible; AhrefsBot/7.0; +http://ahrefs.com/robot/)" "-"
85.208.98.0 - - [10/Feb/2026:03:15:14 +0000] "GET /robots.txt HTTP/1.1" 429 267 kenilworthcourt.com "-" "Mozilla/5.0 (compatible; SemrushBot-BA; +http://www.semrush.com/bot.html)" "-"
3.83.76.0 - - [10/Feb/2026:03:15:16 +0000] "GET /olympe-casino HTTP/1.1" 200 36927 kenilworthcourt.com "-" "TerraCotta https://github.com/CeramicTeam/CeramicTerracotta" "-"
3.83.76.0 - - [10/Feb/2026:03:15:18 +0000] "GET /glucksspiele-mit-piratenschiffen-in-jackpotpiraten-casino HTTP/1.1" 200 33699 kenilworthcourt.com "-" "TerraCotta https://github.com/CeramicTeam/CeramicTerracotta" "-"
198.244.242.0 - - [10/Feb/2026:03:15:29 +0000] "GET /category/level-up-online-casino-941 HTTP/1.1" 200 64708 kenilworthcourt.com "-" "Mozilla/5.0 (compatible; AhrefsBot/7.0; +http://ahrefs.com/robot/)" "-"
212.34.139.0 - - [10/Feb/2026:03:15:39 +0000] "GET /golden-state-adus-adu-builder-in-sacramento-9 HTTP/1.1" 200 135048 kenilworthcourt.com "-" "Mozilla/5.0 (Windows NT 10.0; WOW64) AppleWebKit/537.36 (KHTML, like Gecko) Chrome/114.0.0.0 Safari/537.36" "-"
3.83.76.0 - - [10/Feb/2026:03:15:40 +0000] "GET /category/20bet-casino-review-497 HTTP/1.1" 200 68385 kenilworthcourt.com "-" "TerraCotta https://github.com/CeramicTeam/CeramicTerracotta" "-"
3.83.76.0 - - [10/Feb/2026:03:15:42 +0000] "GET /winning-with-the-power-of-shazam-casino HTTP/1.1" 200 34085 kenilworthcourt.com "-" "TerraCotta https://github.com/CeramicTeam/CeramicTerracotta" "-"
2a03:2880:f800:: - - [10/Feb/2026:03:15:48 +0000] "GET /exploring-online-casino-options-with-hopa HTTP/1.1" 200 33958 kenilworthcourt.com "-" "meta-externalagent/1.1 (+https://developers.facebook.com/docs/sharing/webmasters/crawler)" "-"
198.244.168.0 - - [10/Feb/2026:03:15:52 +0000] "GET /titanic-uberlebende-book-of-ra-online-casino-no-deposit-bonus-unter-anderem-beute-des-untergangs-statista/feed HTTP/1.1" 200 1061 kenilworthcourt.com "-" "Mozilla/5.0 (compatible; AhrefsBot/7.0; +http://ahrefs.com/robot/)" "-"
3.83.76.0 - - [10/Feb/2026:03:16:05 +0000] "GET /tag/0x74ba4178 HTTP/1.1" 200 26281 kenilworthcourt.com "-" "TerraCotta https://github.com/CeramicTeam/CeramicTerracotta" "-"
3.83.76.0 - - [10/Feb/2026:03:16:07 +0000] "GET /tag/slottica-bonus-code HTTP/1.1" 200 42540 kenilworthcourt.com "-" "TerraCotta https://github.com/CeramicTeam/CeramicTerracotta" "-"
31.220.151.0 - - [10/Feb/2026:03:16:08 +0000] "GET /wp-login.php HTTP/1.1" 200 4740 kenilworthcourt.com "-" "Mozilla/5.0 (Windows NT 10.0; Win64; x64) AppleWebKit/537.36 (KHTML, like Gecko) Chrome/130.0.0.0 Safari/537.36" "-"
85.208.98.0 - - [10/Feb/2026:03:16:08 +0000] "GET /pearl-necklace-set-k.html HTTP/1.1" 429 267 kenilworthcourt.com "-" "Mozilla/5.0 (compatible; SemrushBot-BA; +http://www.semrush.com/bot.html)" "-"
198.244.168.0 - - [10/Feb/2026:03:16:12 +0000] "GET /fruits-50-free-spins-on-sparta-slot-machines-enjoy-online-game-on-the-internet-100percent-free-2025 HTTP/1.1" 200 35952 kenilworthcourt.com "-" "Mozilla/5.0 (compatible; AhrefsBot/7.0; +http://ahrefs.com/robot/)" "-"
198.244.183.0 - - [10/Feb/2026:03:16:30 +0000] "GET /russisk-roulett-strategi-morale-den-bedste-roulette-takti-2025 HTTP/1.1" 200 37925 kenilworthcourt.com "-" "Mozilla/5.0 (compatible; AhrefsBot/7.0; +http://ahrefs.com/robot/)" "-"
31.220.151.0 - - [10/Feb/2026:03:16:32 +0000] "POST /wp-login.php HTTP/1.1" 200 5572 kenilworthcourt.com "https://kenilworthcourt.com/wp-login.php" "Mozilla/5.0 (Windows NT 10.0; Win64; x64) AppleWebKit/537.36 (KHTML, like Gecko) Chrome/130.0.0.0 Safari/537.36" "-"
3.83.76.0 - - [10/Feb/2026:03:16:34 +0000] "GET /vorteile-einer-kombination-von-testosteron-und-nandrolon HTTP/1.1" 200 30160 kenilworthcourt.com "-" "TerraCotta https://github.com/CeramicTeam/CeramicTerracotta" "-"
3.83.76.0 - - [10/Feb/2026:03:16:38 +0000] "GET /tag/spin-casino-login HTTP/1.1" 200 155755 kenilworthcourt.com "-" "TerraCotta https://github.com/CeramicTeam/CeramicTerracotta" "-"
23.92.16.0 - - [10/Feb/2026:03:16:49 +0000] "GET /feed HTTP/1.1" 304 - kenilworthcourt.com "-" "MuckRackFeedParser/1.0 +https://muckrack.com" "-"
3.83.76.0 - - [10/Feb/2026:03:16:50 +0000] "GET /bartvpn-crack-for-pc-clean-x86-x64-no-virus-unlimited HTTP/1.1" 200 155044 kenilworthcourt.com "-" "TerraCotta https://github.com/CeramicTeam/CeramicTerracotta" "-"
51.195.183.0 - - [10/Feb/2026:03:16:52 +0000] "GET /spielbank-unter-einsatz-von-1-ecu-einzahlung-2025-beste-novoline-tricks-book-of-ra-freispiele-1-casinos HTTP/1.1" 200 39046 kenilworthcourt.com "-" "Mozilla/5.0 (compatible; AhrefsBot/7.0; +http://ahrefs.com/robot/)" "-"
2a03:2880:f800:: - - [10/Feb/2026:03:16:58 +0000] "GET /%e1%88%9d%e1%8a%ad%e1%8a%95%e1%8b%ab%e1%89%b3%e1%8b%8a-%e1%89%b5%e1%88%ad%e1%8d%8d-%e1%88%98%e1%8a%95%e1%8c%88%e1%8b%b5-%e1%89%a0-haftam-bet HTTP/1.1" 404 24756 kenilworthcourt.com "-" "meta-externalagent/1.1 (+https://developers.facebook.com/docs/sharing/webmasters/crawler)" "-"
40.77.167.0 - - [10/Feb/2026:03:17:04 +0000] "GET /CenturyLink%20Technicolor%20C2100T%20VDSL2%20Fiber%20Modem%20Router%20802.11n%20+.11ac%20SEALED%20-%20WlBcXlRPWUJBXltf HTTP/1.1" 301 - www.kenilworthcourt.com "-" "Mozilla/5.0 AppleWebKit/537.36 (KHTML, like Gecko; compatible; bingbot/2.0; +http://www.bing.com/bingbot.htm) Chrome/116.0.1938.76 Safari/537.36" "-"
3.83.76.0 - - [10/Feb/2026:03:17:05 +0000] "GET /mystake-dino-2 HTTP/1.1" 200 33098 kenilworthcourt.com "-" "TerraCotta https://github.com/CeramicTeam/CeramicTerracotta" "-"
198.244.226.0 - - [10/Feb/2026:03:17:11 +0000] "GET /book-of-dead-100-free-spins-casino-tiplix-slot-demonstration-gebuhrenfrei-zum-besten-geben HTTP/1.1" 200 34745 kenilworthcourt.com "-" "Mozilla/5.0 (compatible; AhrefsBot/7.0; +http://ahrefs.com/robot/)" "-"
136.144.33.0 - - [10/Feb/2026:03:17:16 +0000] "POST /wp-login.php HTTP/1.1" 200 5110 kenilworthcourt.com "-" "Mozilla/5.0" "-"
136.144.33.0 - - [10/Feb/2026:03:17:16 +0000] "POST /wp-login.php HTTP/1.1" 200 5162 kenilworthcourt.com "-" "Mozilla/5.0" "-"
3.83.76.0 - - [10/Feb/2026:03:17:16 +0000] "GET /options-for-free-online-casino-real-money-games-with-real-money-wagering-available-online-for-free-play HTTP/1.1" 200 35933 kenilworthcourt.com "-" "TerraCotta https://github.com/CeramicTeam/CeramicTerracotta" "-"
3.83.76.0 - - [10/Feb/2026:03:17:30 +0000] "GET /tag/gratogana-app HTTP/1.1" 200 43872 kenilworthcourt.com "-" "TerraCotta https://github.com/CeramicTeam/CeramicTerracotta" "-"
198.244.240.0 - - [10/Feb/2026:03:17:34 +0000] "GET /unser-besten-online-casinos-inoffizieller-mitarbeiter-bruce-lee-dragons-tale-1-kaution-erprobung-deutsche-top-casinos-inside-2025 HTTP/1.1" 200 39125 kenilworthcourt.com "-" "Mozilla/5.0 (compatible; AhrefsBot/7.0; +http://ahrefs.com/robot/)" "-"
51.195.215.0 - - [10/Feb/2026:03:17:53 +0000] "GET /double-heaps-position-fool-around-with-96-step-1-rtp-kick-off-slot-game-and-you-can-winnings-as-much-as-step-1one-hundred-thousand HTTP/1.1" 200 36932 kenilworthcourt.com "-" "Mozilla/5.0 (compatible; AhrefsBot/7.0; +http://ahrefs.com/robot/)" "-"
2a03:2880:f800:: - - [10/Feb/2026:03:17:55 +0000] "GET /casinolab-gaming HTTP/1.1" 200 38971 kenilworthcourt.com "-" "meta-externalagent/1.1 (+https://developers.facebook.com/docs/sharing/webmasters/crawler)" "-"
3.83.76.0 - - [10/Feb/2026:03:18:00 +0000] "GET /tag/22-hellspin-e-wallet HTTP/1.1" 200 167738 kenilworthcourt.com "-" "TerraCotta https://github.com/CeramicTeam/CeramicTerracotta" "-"
51.195.215.0 - - [10/Feb/2026:03:18:13 +0000] "GET /0x8ae786ad/feed HTTP/1.1" 200 775 kenilworthcourt.com "-" "Mozilla/5.0 (compatible; AhrefsBot/7.0; +http://ahrefs.com/robot/)" "-"
3.83.76.0 - - [10/Feb/2026:03:18:20 +0000] "GET /tag/188-win-bet HTTP/1.1" 200 37235 kenilworthcourt.com "-" "TerraCotta https://github.com/CeramicTeam/CeramicTerracotta" "-"
113.182.232.0 - - [10/Feb/2026:03:18:31 +0000] "GET /monsterwin-at-bet-on-red-uvolnn-napt-u-high-stakes HTTP/1.1" 200 33907 kenilworthcourt.com "-" "Mozilla/5.0 (Macintosh; Intel Mac OS X 11_2_0) AppleWebKit/537.36 (KHTML, like Gecko) Chrome/88.0.4324.96 Safari/537.36" "-"
51.195.183.0 - - [10/Feb/2026:03:18:33 +0000] "GET /category/hell-spin-promo-code-445 HTTP/1.1" 200 65906 kenilworthcourt.com "-" "Mozilla/5.0 (compatible; AhrefsBot/7.0; +http://ahrefs.com/robot/)" "-"
43.229.86.0 - - [10/Feb/2026:03:18:39 +0000] "GET /wp-login.php HTTP/1.1" 200 4740 kenilworthcourt.com "-" "Mozilla/5.0 (Windows NT 10.0; Win64; x64) AppleWebKit/537.36 (KHTML, like Gecko) Chrome/130.0.0.0 Safari/537.36" "-"
3.83.76.0 - - [10/Feb/2026:03:18:44 +0000] "GET /otchego-udovolstvie-ot-protsessa-ostree-chem-ot-itoga HTTP/1.1" 200 45066 kenilworthcourt.com "-" "TerraCotta https://github.com/CeramicTeam/CeramicTerracotta" "-"
2a03:2880:f800:: - - [10/Feb/2026:03:18:45 +0000] "GET /recuva-professional-portable-only-latest-x32x64-clean-gdrive HTTP/1.1" 200 180462 kenilworthcourt.com "-" "meta-externalagent/1.1 (+https://developers.facebook.com/docs/sharing/webmasters/crawler)" "-"
198.244.240.0 - - [10/Feb/2026:03:18:47 +0000] "GET /%D0%BE%D0%BF%D1%82%D0%B8%D0%BC%D0%B8%D0%B7%D0%B0%D1%86%D0%B8%D1%8F-%D0%B1%D0%BE%D0%B4%D0%B8%D0%B1%D0%B8%D0%BB%D0%B4%D0%B8%D0%BD%D0%B3%D0%B0-%D0%B1%D0%B5%D0%B7%D0%BE%D0%BF%D0%B0%D1%81%D0%BD%D0%BE/feed HTTP/1.1" 200 1274 kenilworthcourt.com "-" "Mozilla/5.0 (compatible; AhrefsBot/7.0; +http://ahrefs.com/robot/)" "-"
2a03:2880:f800:: - - [10/Feb/2026:03:18:54 +0000] "GET /spin247 HTTP/1.1" 200 33385 kenilworthcourt.com "-" "meta-externalagent/1.1 (+https://developers.facebook.com/docs/sharing/webmasters/crawler)" "-"
43.229.86.0 - - [10/Feb/2026:03:19:03 +0000] "POST /wp-login.php HTTP/1.1" 200 5110 kenilworthcourt.com "https://kenilworthcourt.com/wp-login.php" "Mozilla/5.0 (Windows NT 10.0; Win64; x64) AppleWebKit/537.36 (KHTML, like Gecko) Chrome/130.0.0.0 Safari/537.36" "-"
54.38.147.0 - - [10/Feb/2026:03:19:09 +0000] "GET /tag/link-vao-188-bet/page/2 HTTP/1.1" 200 162851 kenilworthcourt.com "-" "Mozilla/5.0 (compatible; AhrefsBot/7.0; +http://ahrefs.com/robot/)" "-"
66.249.68.0 - - [10/Feb/2026:03:19:13 +0000] "GET /?e=0117760158400&channel=c6e909&from=category-info.php%3Fid%3D601584-967%26name%3D%E3%82%AA%E3%83%BC%E3%83%88%E3%83%90%E3%82%A4%E3%81%AE%E3%82%B9%E3%83%86%E3%82%A2%E3%83%AA%E3%83%B3%E3%82%B0%E3%82%B9%E3%82%BF%E3%83%93%E3%83%A9%E3%82%A4%E3%82%B6%E3%83%BC+YZFR1%E3%81%AER1%E3%81%AEYZF%E3%81%AE%E3%82%AA%E3%83%BC%E3%83%88%E3%83%90%E3%82%A4%E3%82%A2%E3%83%AB%E3%83%9F%E3%83%8B%E3%82%A6%E3%83%A01999-2007%E3%81%99%E3%81%B9%E3%81%A6%E3%81%AE%E5%B9%B4%E3%82%B9%E3%83%86%E3%82%A2%E3%83%AA%E3%83%B3%E3%82%B0%E3%82%B9%E3%82%BF+%EF%BC%88%E3%82%AA%E3%83%BC%E3%83%88%E3%83%90%E3%82%A4%E3%82%B9%E3%83%86%E3%82%A2%E3%83%AA%E3%83%B3%E3%82%B0%E3%83%80%E3%83%B3%E3%83%91%E3%83%BC%E3%82%B9%E3%82%BF%E3%83%93%E3%83%A9%E3%82%A4%E3%82%B6%E3%83%BC+%E7%94%A8+%E3%83%A4%E3%83%9E%E3%83%8F+CNC+%E3%83%A6%E3%83%8B%E3%83%90%E3%83%BC%E3%82%B5%E3%83%AB%E3%82%AA%E3%83%BC%E3%83%88%E3%83%90%E3%82%A4%E8%AA%BF%E6%95%B4%E5%8F%AF%E8%83%BD%E3%81%AA%E3%82%B9%E3%83%86%E3%82%A2%E3%83%AA%E3%83%B3%E3%82%B0%E3%83%80%E3%83%B3%E3%83%91%E3%83%BC%E3%82%B9%E3%82%BF%E3%83%93%E3%83%A9%E3%82%A4%E3%82%B6%E3%83%BC%EF%BC%88%E3%82%B9%E3%83%86%E3%82%A2%E3%83%AA%E3%83%B3%E3%82%B0+%E3%83%80%E3%83%B3%E3%83%91%E3%83%BC%E3%82%B9%E3%82%BF%E3%83%93%E3%83%A9%E3%82%A4%E3%82%B6%E3%83%BC+%E7%94%A8+%E3%83%A4%E3%83%9E%E3%83%8F+%E3%82%B9%E3%82%AF%E3%83%BC%E3%82%BF%E3%83%BC+%E3%83%A6%E3%83%8B%E3%83%90%E3%83%BC%E3%82%B5%E3%83%AB+CNC+%E3%82%AA%E3%83%BC%E3%83%88%E3%83%90%E3%82%A4%E3%82%B9%E3%83%86%E3%82%A2%E3%83%AA%E3%83%B3%E3%82%B0%E3%83%80%E3%83%B3%E3%83%91%E3%83%BC%E8%AA%BF%E6%95%B4%E5%8F%AF%E8%83%BD%E3%81%AA%E3%82%B9%E3%82%BF%E3%83%93%E3%83%A9%E3%82%A4+...%EF%BC%89 HTTP/1.1" 301 - kenilworthcourt.com "-" "Mozilla/5.0 (Linux; Android 6.0.1; Nexus 5X Build/MMB29P) AppleWebKit/537.36 (KHTML, like Gecko) Chrome/144.0.7559.132 Mobile Safari/537.36 (compatible; Googlebot/2.1; +http://www.google.com/bot.html)" "-"
66.249.68.0 - - [10/Feb/2026:03:19:14 +0000] "GET /?e=0117760158400&channel=c6e909&from=category-info.php%3Fid%3D601584-967%26name%3D%E3%82%AA%E3%83%BC%E3%83%88%E3%83%90%E3%82%A4%E3%81%AE%E3%82%B9%E3%83%86%E3%82%A2%E3%83%AA%E3%83%B3%E3%82%B0%E3%82%B9%E3%82%BF%E3%83%93%E3%83%A9%E3%82%A4%E3%82%B6%E3%83%BC%20YZFR1%E3%81%AER1%E3%81%AEYZF%E3%81%AE%E3%82%AA%E3%83%BC%E3%83%88%E3%83%90%E3%82%A4%E3%82%A2%E3%83%AB%E3%83%9F%E3%83%8B%E3%82%A6%E3%83%A01999-2007%E3%81%99%E3%81%B9%E3%81%A6%E3%81%AE%E5%B9%B4%E3%82%B9%E3%83%86%E3%82%A2%E3%83%AA%E3%83%B3%E3%82%B0%E3%82%B9%E3%82%BF%20%EF%BC%88%E3%82%AA%E3%83%BC%E3%83%88%E3%83%90%E3%82%A4%E3%82%B9%E3%83%86%E3%82%A2%E3%83%AA%E3%83%B3%E3%82%B0%E3%83%80%E3%83%B3%E3%83%91%E3%83%BC%E3%82%B9%E3%82%BF%E3%83%93%E3%83%A9%E3%82%A4%E3%82%B6%E3%83%BC%20%E7%94%A8%20%E3%83%A4%E3%83%9E%E3%83%8F%20CNC%20%E3%83%A6%E3%83%8B%E3%83%90%E3%83%BC%E3%82%B5%E3%83%AB%E3%82%AA%E3%83%BC%E3%83%88%E3%83%90%E3%82%A4%E8%AA%BF%E6%95%B4%E5%8F%AF%E8%83%BD%E3%81%AA%E3%82%B9%E3%83%86%E3%82%A2%E3%83%AA%E3%83%B3%E3%82%B0%E3%83%80%E3%83%B3%E3%83%91%E3%83%BC%E3%82%B9%E3%82%BF%E3%83%93%E3%83%A9%E3%82%A4%E3%82%B6%E3%83%BC%EF%BC%88%E3%82%B9%E3%83%86%E3%82%A2%E3%83%AA%E3%83%B3%E3%82%B0%20%E3%83%80%E3%83%B3%E3%83%91%E3%83%BC%E3%82%B9%E3%82%BF%E3%83%93%E3%83%A9%E3%82%A4%E3%82%B6%E3%83%BC%20%E7%94%A8%20%E3%83%A4%E3%83%9E%E3%83%8F%20%E3%82%B9%E3%82%AF%E3%83%BC%E3%82%BF%E3%83%BC%20%E3%83%A6%E3%83%8B%E3%83%90%E3%83%BC%E3%82%B5%E3%83%AB%20CNC%20%E3%82%AA%E3%83%BC%E3%83%88%E3%83%90%E3%82%A4%E3%82%B9%E3%83%86%E3%82%A2%E3%83%AA%E3%83%B3%E3%82%B0%E3%83%80%E3%83%B3%E3%83%91%E3%83%BC%E8%AA%BF%E6%95%B4%E5%8F%AF%E8%83%BD%E3%81%AA%E3%82%B9%E3%82%BF%E3%83%93%E3%83%A9%E3%82%A4%20...%EF%BC%89 HTTP/1.1" 200 33772 kenilworthcourt.com "-" "Mozilla/5.0 (Linux; Android 6.0.1; Nexus 5X Build/MMB29P) AppleWebKit/537.36 (KHTML, like Gecko) Chrome/144.0.7559.132 Mobile Safari/537.36 (compatible; Googlebot/2.1; +http://www.google.com/bot.html)" "-"
198.244.226.0 - - [10/Feb/2026:03:19:24 +0000] "GET /silverplay-casino/feed HTTP/1.1" 200 796 kenilworthcourt.com "-" "Mozilla/5.0 (compatible; AhrefsBot/7.0; +http://ahrefs.com/robot/)" "-"
3.83.76.0 - - [10/Feb/2026:03:19:27 +0000] "GET /tag/winspark-5-euro-gratis HTTP/1.1" 200 100775 kenilworthcourt.com "-" "TerraCotta https://github.com/CeramicTeam/CeramicTerracotta" "-"
85.208.98.0 - - [10/Feb/2026:03:19:29 +0000] "GET /robots.txt HTTP/1.1" 429 267 kenilworthcourt.com "-" "Mozilla/5.0 (compatible; SemrushBot-BA; +http://www.semrush.com/bot.html)" "-"
17.246.19.0 - - [10/Feb/2026:03:19:38 +0000] "GET /?e=slim-waist-before-and-after-p-oOOMmNhk HTTP/1.1" 200 32194 kenilworthcourt.com "-" "Mozilla/5.0 (Macintosh; Intel Mac OS X 10_15_7) AppleWebKit/605.1.15 (KHTML, like Gecko) Version/17.4 Safari/605.1.15 (Applebot/0.1; +http://www.apple.com/go/applebot)" "-"
51.195.183.0 - - [10/Feb/2026:03:19:38 +0000] "GET /%D9%85%D8%A7%D8%B3%D8%AA%D9%8A%D8%B1%D9%88%D9%86-%D9%87%D9%80-%D9%83%D9%8A%D9%81%D9%8A%D8%A9-%D8%AA%D9%86%D8%A7%D9%88%D9%84-%D8%A7%D9%84%D8%A3%D9%82%D8%B1%D8%A7%D8%B5/feed HTTP/1.1" 200 1136 kenilworthcourt.com "-" "Mozilla/5.0 (compatible; AhrefsBot/7.0; +http://ahrefs.com/robot/)" "-"
3.83.76.0 - - [10/Feb/2026:03:19:39 +0000] "GET /category/rtbet-bonus-221 HTTP/1.1" 200 72290 kenilworthcourt.com "-" "TerraCotta https://github.com/CeramicTeam/CeramicTerracotta" "-"
51.89.129.0 - - [10/Feb/2026:03:19:56 +0000] "GET /duck-candidates-position-online-game-opinion-demo-ideas-on-how-to-enjoy-and-earn HTTP/1.1" 200 35859 kenilworthcourt.com "-" "Mozilla/5.0 (compatible; AhrefsBot/7.0; +http://ahrefs.com/robot/)" "-"
3.83.76.0 - - [10/Feb/2026:03:19:58 +0000] "GET /tag/20bet-casino HTTP/1.1" 200 173906 kenilworthcourt.com "-" "TerraCotta https://github.com/CeramicTeam/CeramicTerracotta" "-"
104.28.220.0 - - [10/Feb/2026:03:20:01 +0000] "GET /adu-builders-in-sacramento-2 HTTP/1.1" 200 188952 kenilworthcourt.com "https://kenilworthcourt.com/" "Mozilla/5.0 (X11; Ubuntu; Linux i686; rv:114.0) Gecko/20100101 Firefox/114.0" "-"
2a03:2880:f800:: - - [10/Feb/2026:03:20:02 +0000] "GET /ms-ms-office-64-bit-self-activated-install-wizard-mediafire-super-lite-ctrlhd-direct-download HTTP/1.1" 200 104815 kenilworthcourt.com "-" "meta-externalagent/1.1 (+https://developers.facebook.com/docs/sharing/webmasters/crawler)" "-"
192.250.224.0 - - [10/Feb/2026:03:20:07 +0000] "GET /wp-login.php HTTP/1.1" 200 4740 kenilworthcourt.com "-" "Mozilla/5.0 (Windows NT 10.0; Win64; x64) AppleWebKit/537.36 (KHTML, like Gecko) Chrome/130.0.0.0 Safari/537.36" "-"
104.28.220.0 - - [10/Feb/2026:03:20:09 +0000] "GET /wp-login.php?action=register HTTP/1.1" 302 - kenilworthcourt.com "https://kenilworthcourt.com/adu-builders-in-sacramento-2" "Mozilla/5.0 (Windows NT 6.3; Win64; x64) AppleWebKit/537.36 (KHTML, like Gecko) Chrome/103.0.0.0 Safari/537.36" "-"
104.28.220.0 - - [10/Feb/2026:03:20:10 +0000] "GET /wp-login.php?registration=disabled HTTP/1.1" 200 4932 kenilworthcourt.com "https://kenilworthcourt.com/wp-login.php?action=register" "Mozilla/5.0 (Windows NT 6.3; Win64; x64) AppleWebKit/537.36 (KHTML, like Gecko) Chrome/103.0.0.0 Safari/537.36" "-"
51.89.129.0 - - [10/Feb/2026:03:20:11 +0000] "GET /chicken-dash/feed HTTP/1.1" 200 781 kenilworthcourt.com "-" "Mozilla/5.0 (compatible; AhrefsBot/7.0; +http://ahrefs.com/robot/)" "-"
3.83.76.0 - - [10/Feb/2026:03:20:16 +0000] "GET /tag/0x739b24d7 HTTP/1.1" 200 26281 kenilworthcourt.com "-" "TerraCotta https://github.com/CeramicTeam/CeramicTerracotta" "-"
192.250.224.0 - - [10/Feb/2026:03:20:19 +0000] "POST /wp-login.php HTTP/1.1" 200 5110 kenilworthcourt.com "https://kenilworthcourt.com/wp-login.php" "Mozilla/5.0 (Windows NT 10.0; Win64; x64) AppleWebKit/537.36 (KHTML, like Gecko) Chrome/130.0.0.0 Safari/537.36" "-"
85.208.98.0 - - [10/Feb/2026:03:20:30 +0000] "GET /jo-malone-lip-amazon-k.html HTTP/1.1" 429 267 kenilworthcourt.com "-" "Mozilla/5.0 (compatible; SemrushBot-BA; +http://www.semrush.com/bot.html)" "-"
198.244.168.0 - - [10/Feb/2026:03:20:30 +0000] "GET /formal-tonybet-log-in-hook-and-you-may-a-hundred-incentive/feed HTTP/1.1" 200 920 kenilworthcourt.com "-" "Mozilla/5.0 (compatible; AhrefsBot/7.0; +http://ahrefs.com/robot/)" "-"
131.72.236.0 - - [10/Feb/2026:03:20:37 +0000] "GET /wp-login.php HTTP/1.1" 200 4740 kenilworthcourt.com "-" "Mozilla/5.0 (Windows NT 10.0; Win64; x64) AppleWebKit/537.36 (KHTML, like Gecko) Chrome/130.0.0.0 Safari/537.36" "-"
3.83.76.0 - - [10/Feb/2026:03:20:45 +0000] "GET /category/8xbet-online-302 HTTP/1.1" 200 57166 kenilworthcourt.com "-" "TerraCotta https://github.com/CeramicTeam/CeramicTerracotta" "-"
198.244.240.0 - - [10/Feb/2026:03:20:47 +0000] "GET /black-jack-best-notch-monte-carlo-playboy-rtp-1-deposit-multihand-playing-casino-planet-7-%E0%B9%81%E0%B8%9F%E0%B8%A3%E0%B8%99%E0%B9%84%E0%B8%8A%E0%B8%AA%E0%B9%8C%E0%B8%81%E0%B9%8B%E0%B8%A7%E0%B8%A2/feed HTTP/1.1" 200 1333 kenilworthcourt.com "-" "Mozilla/5.0 (compatible; AhrefsBot/7.0; +http://ahrefs.com/robot/)" "-"
3.83.76.0 - - [10/Feb/2026:03:20:58 +0000] "GET /category/jili-slot-777-login-register-online-61 HTTP/1.1" 200 64869 kenilworthcourt.com "-" "TerraCotta https://github.com/CeramicTeam/CeramicTerracotta" "-"
14.180.213.0 - - [10/Feb/2026:03:20:58 +0000] "GET /category/link-8xbet-642 HTTP/1.1" 200 49183 kenilworthcourt.com "-" "Mozilla/5.0 (Macintosh; Intel Mac OS X 10_15_3) AppleWebKit/537.36 (KHTML, like Gecko) Chrome/79.0.3945.130 Safari/537.36\tChrome 79.0" "-"
131.72.236.0 - - [10/Feb/2026:03:21:01 +0000] "POST /wp-login.php HTTP/1.1" 200 5110 kenilworthcourt.com "https://kenilworthcourt.com/wp-login.php" "Mozilla/5.0 (Windows NT 10.0; Win64; x64) AppleWebKit/537.36 (KHTML, like Gecko) Chrome/130.0.0.0 Safari/537.36" "-"
198.244.168.0 - - [10/Feb/2026:03:21:06 +0000] "GET /category/20-bet-casino-701/feed HTTP/1.1" 200 42697 kenilworthcourt.com "-" "Mozilla/5.0 (compatible; AhrefsBot/7.0; +http://ahrefs.com/robot/)" "-"
49.247.31.0 - - [10/Feb/2026:03:21:06 +0000] "GET /wp-login.php HTTP/1.1" 200 4740 kenilworthcourt.com "-" "Mozilla/5.0 (Windows NT 10.0; Win64; x64) AppleWebKit/537.36 (KHTML, like Gecko) Chrome/130.0.0.0 Safari/537.36" "-"
49.247.31.0 - - [10/Feb/2026:03:21:18 +0000] "POST /wp-login.php HTTP/1.1" 200 5110 kenilworthcourt.com "https://kenilworthcourt.com/wp-login.php" "Mozilla/5.0 (Windows NT 10.0; Win64; x64) AppleWebKit/537.36 (KHTML, like Gecko) Chrome/130.0.0.0 Safari/537.36" "-"
3.83.76.0 - - [10/Feb/2026:03:21:23 +0000] "GET /exploring-the-world-of-online-casino-entertainment-at-rockstarwin HTTP/1.1" 200 35069 kenilworthcourt.com "-" "TerraCotta https://github.com/CeramicTeam/CeramicTerracotta" "-"
198.244.183.0 - - [10/Feb/2026:03:21:24 +0000] "GET /5-lowest-put-casinos-2025-porno-xxx-hot-better-5-deposit-extra-rules HTTP/1.1" 200 39001 kenilworthcourt.com "-" "Mozilla/5.0 (compatible; AhrefsBot/7.0; +http://ahrefs.com/robot/)" "-"
198.244.183.0 - - [10/Feb/2026:03:21:45 +0000] "GET /great-adventure-spielautomat-durch-egt-interactive-versorger-boni-unter-100-free-spins-slots-anderem-angebote/feed HTTP/1.1" 200 1072 kenilworthcourt.com "-" "Mozilla/5.0 (compatible; AhrefsBot/7.0; +http://ahrefs.com/robot/)" "-"
162.240.233.0 - - [10/Feb/2026:03:21:50 +0000] "GET /wp-login.php HTTP/1.1" 200 4740 kenilworthcourt.com "-" "Mozilla/5.0 (Windows NT 10.0; Win64; x64) AppleWebKit/537.36 (KHTML, like Gecko) Chrome/130.0.0.0 Safari/537.36" "-"
3.83.76.0 - - [10/Feb/2026:03:21:55 +0000] "GET /comece-sua-jornada-rumo-a-grandes-conquistas-com-o-godzino-casino HTTP/1.1" 200 34853 kenilworthcourt.com "-" "TerraCotta https://github.com/CeramicTeam/CeramicTerracotta" "-"
51.89.129.0 - - [10/Feb/2026:03:22:01 +0000] "GET /gg-bet-kasyno-362 HTTP/1.1" 200 40828 kenilworthcourt.com "-" "Mozilla/5.0 (compatible; AhrefsBot/7.0; +http://ahrefs.com/robot/)" "-"
3.83.76.0 - - [10/Feb/2026:03:22:05 +0000] "GET /category/hellspin-kasyno-157 HTTP/1.1" 200 75776 kenilworthcourt.com "-" "TerraCotta https://github.com/CeramicTeam/CeramicTerracotta" "-"
3.83.76.0 - - [10/Feb/2026:03:22:13 +0000] "GET /objavte-zjednodusenie-ochranu-a-styl-v-kasine-slotsdj HTTP/1.1" 200 36161 kenilworthcourt.com "-" "TerraCotta https://github.com/CeramicTeam/CeramicTerracotta" "-"
162.240.233.0 - - [10/Feb/2026:03:22:14 +0000] "POST /wp-login.php HTTP/1.1" 200 5110 kenilworthcourt.com "https://kenilworthcourt.com/wp-login.php" "Mozilla/5.0 (Windows NT 10.0; Win64; x64) AppleWebKit/537.36 (KHTML, like Gecko) Chrome/130.0.0.0 Safari/537.36" "-"
198.244.226.0 - - [10/Feb/2026:03:22:17 +0000] "GET /tag/hellspin-casino/page/5 HTTP/1.1" 200 162155 kenilworthcourt.com "-" "Mozilla/5.0 (compatible; AhrefsBot/7.0; +http://ahrefs.com/robot/)" "-"
3.83.76.0 - - [10/Feb/2026:03:22:20 +0000] "GET /category/888casino-603 HTTP/1.1" 200 77749 kenilworthcourt.com "-" "TerraCotta https://github.com/CeramicTeam/CeramicTerracotta" "-"
3.83.76.0 - - [10/Feb/2026:03:22:25 +0000] "GET /category/hell-spin-1-deposit-711 HTTP/1.1" 200 68167 kenilworthcourt.com "-" "TerraCotta https://github.com/CeramicTeam/CeramicTerracotta" "-"
198.244.240.0 - - [10/Feb/2026:03:22:36 +0000] "GET /canplay-casino-roulette-experience/feed HTTP/1.1" 200 847 kenilworthcourt.com "-" "Mozilla/5.0 (compatible; AhrefsBot/7.0; +http://ahrefs.com/robot/)" "-"
85.208.98.0 - - [10/Feb/2026:03:22:37 +0000] "GET /robots.txt HTTP/1.1" 429 267 kenilworthcourt.com "-" "Mozilla/5.0 (compatible; SemrushBot-BA; +http://www.semrush.com/bot.html)" "-"
149.50.142.0 - - [10/Feb/2026:03:22:47 +0000] "GET /wp-login.php HTTP/1.1" 200 4740 kenilworthcourt.com "-" "Mozilla/5.0 (Windows NT 10.0; Win64; x64) AppleWebKit/537.36 (KHTML, like Gecko) Chrome/130.0.0.0 Safari/537.36" "-"
198.244.183.0 - - [10/Feb/2026:03:22:55 +0000] "GET /online-baccarat-bets-minimal-and-you-will-restriction-betting-constraints HTTP/1.1" 200 34362 kenilworthcourt.com "-" "Mozilla/5.0 (compatible; AhrefsBot/7.0; +http://ahrefs.com/robot/)" "-"
43.173.173.0 - - [10/Feb/2026:03:22:57 +0000] "GET /?p=14778 HTTP/1.1" 301 - kenilworthcourt.com "-" "Mozilla/5.0 (Windows NT 10.0; Win64; x64) AppleWebKit/537.36 (KHTML, like Gecko) Chrome/104.0.5112.81 Safari/537.36" "-"
43.173.173.0 - - [10/Feb/2026:03:22:57 +0000] "GET /phlwin-online-casino-hash-179 HTTP/1.1" 200 43277 kenilworthcourt.com "https://kenilworthcourt.com/?p=14778" "Mozilla/5.0 (Windows NT 10.0; Win64; x64) AppleWebKit/537.36 (KHTML, like Gecko) Chrome/104.0.5112.81 Safari/537.36" "-"
149.50.142.0 - - [10/Feb/2026:03:22:59 +0000] "POST /wp-login.php HTTP/1.1" 200 5110 kenilworthcourt.com "https://kenilworthcourt.com/wp-login.php" "Mozilla/5.0 (Windows NT 10.0; Win64; x64) AppleWebKit/537.36 (KHTML, like Gecko) Chrome/130.0.0.0 Safari/537.36" "-"
198.244.183.0 - - [10/Feb/2026:03:23:14 +0000] "GET /winspark-50-giri-gratis-567 HTTP/1.1" 200 42100 kenilworthcourt.com "-" "Mozilla/5.0 (compatible; AhrefsBot/7.0; +http://ahrefs.com/robot/)" "-"
85.208.98.0 - - [10/Feb/2026:03:23:18 +0000] "GET /robots.txt HTTP/1.1" 429 267 kenilworthcourt.com "-" "Mozilla/5.0 (compatible; SemrushBot-BA; +http://www.semrush.com/bot.html)" "-"
198.244.240.0 - - [10/Feb/2026:03:23:33 +0000] "GET /category/hell-spin-bonus-395/feed HTTP/1.1" 200 33576 kenilworthcourt.com "-" "Mozilla/5.0 (compatible; AhrefsBot/7.0; +http://ahrefs.com/robot/)" "-"
3.83.76.0 - - [10/Feb/2026:03:23:41 +0000] "GET /tag/888starz-betting HTTP/1.1" 200 78166 kenilworthcourt.com "-" "TerraCotta https://github.com/CeramicTeam/CeramicTerracotta" "-"
85.208.98.0 - - [10/Feb/2026:03:23:41 +0000] "GET /toyota-vans-2017-k.html HTTP/1.1" 429 267 kenilworthcourt.com "-" "Mozilla/5.0 (compatible; SemrushBot-BA; +http://www.semrush.com/bot.html)" "-"
198.244.226.0 - - [10/Feb/2026:03:23:50 +0000] "GET /pa-casinospil-som-dannevan-guidebog-i-tilgif-casinospil-inden-for-fantastisk-hjemmeside-at-laese-danmark/feed HTTP/1.1" 200 1058 kenilworthcourt.com "-" "Mozilla/5.0 (compatible; AhrefsBot/7.0; +http://ahrefs.com/robot/)" "-"
198.244.242.0 - - [10/Feb/2026:03:24:06 +0000] "GET /fb-777-casino-login-773/feed HTTP/1.1" 200 910 kenilworthcourt.com "-" "Mozilla/5.0 (compatible; AhrefsBot/7.0; +http://ahrefs.com/robot/)" "-"
85.208.98.0 - - [10/Feb/2026:03:24:19 +0000] "GET /handicap-conversion-vans-k.html HTTP/1.1" 429 267 kenilworthcourt.com "-" "Mozilla/5.0 (compatible; SemrushBot-BA; +http://www.semrush.com/bot.html)" "-"
3.83.76.0 - - [10/Feb/2026:03:24:26 +0000] "GET /%d0%ba%d0%bb%d0%b5%d0%bd%d0%b1%d1%83%d1%82%d0%b5%d1%80%d0%be%d0%bb-%d0%b2-%d0%b1%d0%be%d0%b4%d0%b8%d0%b1%d0%b8%d0%bb%d0%b4%d0%b8%d0%bd%d0%b3%d0%b5-%d1%87%d1%82%d0%be-%d0%bd%d1%83%d0%b6%d0%bd%d0%be HTTP/1.1" 200 31953 kenilworthcourt.com "-" "TerraCotta https://github.com/CeramicTeam/CeramicTerracotta" "-"
3.83.76.0 - - [10/Feb/2026:03:24:27 +0000] "GET /where-fortune-meets-genuine-rewards-for-united-kingdom-and-netherlands-at-amonbet-casino HTTP/1.1" 200 39604 kenilworthcourt.com "-" "TerraCotta https://github.com/CeramicTeam/CeramicTerracotta" "-"
198.244.183.0 - - [10/Feb/2026:03:24:29 +0000] "GET /spielbank-bonus-abzuglich-einzahlung-as-part-of-land-der-dichter-und-denker-sofortig-ferner-rechtens HTTP/1.1" 200 39281 kenilworthcourt.com "-" "Mozilla/5.0 (compatible; AhrefsBot/7.0; +http://ahrefs.com/robot/)" "-"
2a03:2880:f800:: - - [10/Feb/2026:03:24:32 +0000] "GET /10-finest-real-time-gambling-enterprises-best-online-casino-app-that-pays-real-money-to-experience-the-real-deal-currency-online-inside-2025 HTTP/1.1" 200 35909 kenilworthcourt.com "-" "meta-externalagent/1.1 (+https://developers.facebook.com/docs/sharing/webmasters/crawler)" "-"
3.83.76.0 - - [10/Feb/2026:03:24:42 +0000] "GET /ist-yep-casino-sicher-fuer-transaktionen HTTP/1.1" 200 41311 kenilworthcourt.com "-" "TerraCotta https://github.com/CeramicTeam/CeramicTerracotta" "-"
3.83.76.0 - - [10/Feb/2026:03:24:45 +0000] "GET /motorcycle-service-963 HTTP/1.1" 200 39053 kenilworthcourt.com "-" "TerraCotta https://github.com/CeramicTeam/CeramicTerracotta" "-"
3.83.76.0 - - [10/Feb/2026:03:24:46 +0000] "GET /sugar-rush-straightforward-fulfilling-and-compulsive HTTP/1.1" 200 39118 kenilworthcourt.com "-" "TerraCotta https://github.com/CeramicTeam/CeramicTerracotta" "-"
51.195.215.0 - - [10/Feb/2026:03:24:52 +0000] "GET /20bet-apk-215/feed HTTP/1.1" 200 807 kenilworthcourt.com "-" "Mozilla/5.0 (compatible; AhrefsBot/7.0; +http://ahrefs.com/robot/)" "-"
3.83.76.0 - - [10/Feb/2026:03:24:58 +0000] "GET /beste-online-casino HTTP/1.1" 200 32257 kenilworthcourt.com "-" "TerraCotta https://github.com/CeramicTeam/CeramicTerracotta" "-"
3.83.76.0 - - [10/Feb/2026:03:25:06 +0000] "GET /betspinoo-rangschikt-de-beste-progressieve-jackpots HTTP/1.1" 200 30329 kenilworthcourt.com "-" "TerraCotta https://github.com/CeramicTeam/CeramicTerracotta" "-"
103.27.60.0 - - [10/Feb/2026:03:25:09 +0000] "GET /wp-login.php HTTP/1.1" 200 4740 kenilworthcourt.com "-" "Mozilla/5.0 (Windows NT 10.0; Win64; x64) AppleWebKit/537.36 (KHTML, like Gecko) Chrome/130.0.0.0 Safari/537.36" "-"
54.38.147.0 - - [10/Feb/2026:03:25:14 +0000] "GET /better-online-baccarat-casinos-2025-real-porno-xxx-hot-money-online-baccarat HTTP/1.1" 200 38378 kenilworthcourt.com "-" "Mozilla/5.0 (compatible; AhrefsBot/7.0; +http://ahrefs.com/robot/)" "-"
3.83.76.0 - - [10/Feb/2026:03:25:14 +0000] "GET /%cf%80%cf%8c%cf%83%ce%bf-%cf%84%cf%81%ce%ad%ce%bb%ce%bb%ce%bf-%ce%b5%ce%af%ce%bd%ce%b1%ce%b9-%cf%84%ce%bf-mighty-hot-wilds-%cf%83%ce%bb%cf%8c%cf%84 HTTP/1.1" 200 40242 kenilworthcourt.com "-" "TerraCotta https://github.com/CeramicTeam/CeramicTerracotta" "-"
103.27.60.0 - - [10/Feb/2026:03:25:21 +0000] "POST /wp-login.php HTTP/1.1" 200 5110 kenilworthcourt.com "https://kenilworthcourt.com/wp-login.php" "Mozilla/5.0 (Windows NT 10.0; Win64; x64) AppleWebKit/537.36 (KHTML, like Gecko) Chrome/130.0.0.0 Safari/537.36" "-"
64.225.25.0 - - [10/Feb/2026:03:25:22 +0000] "GET /wp-login.php HTTP/1.1" 200 4740 kenilworthcourt.com "-" "Mozilla/5.0 (Windows NT 10.0; Win64; x64) AppleWebKit/537.36 (KHTML, like Gecko) Chrome/130.0.0.0 Safari/537.36" "-"
3.83.76.0 - - [10/Feb/2026:03:25:23 +0000] "GET /tag/lucky-cola-vip HTTP/1.1" 200 86378 kenilworthcourt.com "-" "TerraCotta https://github.com/CeramicTeam/CeramicTerracotta" "-"
85.198.109.0 - - [10/Feb/2026:03:25:25 +0000] "GET /privet-mir/ HTTP/1.1" 301 276 kenilworthcourt.com "http://kenilworthcourt.com/privet-mir/" "Mozilla/5.0 (Windows NT 10.0; Win64; x64) AppleWebKit/537.36 (KHTML, like Gecko) Chrome/129.0.0.0 Safari/537.36" "-"
85.198.109.0 - - [10/Feb/2026:03:25:25 +0000] "GET /hello-world/ HTTP/1.1" 301 276 kenilworthcourt.com "http://kenilworthcourt.com/hello-world/" "Mozilla/5.0 (Windows NT 10.0; Win64; x64) AppleWebKit/537.36 (KHTML, like Gecko) Chrome/131.0.0.0 Safari/537.36 Avast/131.0.0.0" "-"
85.198.109.0 - - [10/Feb/2026:03:25:25 +0000] "GET / HTTP/1.1" 200 32153 kenilworthcourt.com "https://kenilworthcourt.com/" "Mozilla/5.0 (Windows NT 10.0; Win64; x64) AppleWebKit/537.36 (KHTML, like Gecko) Chrome/129.0.0.0 Safari/537.36" "-"
85.198.109.0 - - [10/Feb/2026:03:25:25 +0000] "GET / HTTP/1.1" 200 32153 kenilworthcourt.com "https://kenilworthcourt.com/" "Mozilla/5.0 (Windows NT 10.0; Win64; x64) AppleWebKit/537.36 (KHTML, like Gecko) Chrome/131.0.0.0 Safari/537.36 Avast/131.0.0.0" "-"
85.198.109.0 - - [10/Feb/2026:03:25:26 +0000] "POST /wp-comments-post.php HTTP/1.1" 429 2583 kenilworthcourt.com "https://kenilworthcourt.com/" "Mozilla/5.0 (Windows NT 10.0; Win64; x64) AppleWebKit/537.36 (KHTML, like Gecko) Chrome/129.0.0.0 Safari/537.36" "-"
85.198.109.0 - - [10/Feb/2026:03:25:26 +0000] "POST /wp-comments-post.php HTTP/1.1" 302 - kenilworthcourt.com "https://kenilworthcourt.com/" "Mozilla/5.0 (Windows NT 10.0; Win64; x64) AppleWebKit/537.36 (KHTML, like Gecko) Chrome/131.0.0.0 Safari/537.36 Avast/131.0.0.0" "-"
2a03:2880:f800:: - - [10/Feb/2026:03:25:30 +0000] "GET /reels-in-the-heart-of-new-york-city-at-spincity-casino HTTP/1.1" 200 33230 kenilworthcourt.com "-" "meta-externalagent/1.1 (+https://developers.facebook.com/docs/sharing/webmasters/crawler)" "-"
191.103.221.0 - - [10/Feb/2026:03:25:31 +0000] "POST /xmlrpc.php HTTP/1.1" 503 339 kenilworthcourt.com "-" "Mozilla/5.0 (X11; Ubuntu; Linux x86_64; arm64) AppleWebKit/537.36 (KHTML, like Gecko) Chrome/91.0.0.0 Safari/537.36" "-"
85.198.109.0 - - [10/Feb/2026:03:25:31 +0000] "GET /?unapproved=8725&moderation-hash=5ca9019e303eb626b0c5d6d2149d81cb HTTP/1.1" 200 34349 kenilworthcourt.com "https://kenilworthcourt.com/?unapproved=8725&moderation-hash=5ca9019e303eb626b0c5d6d2149d81cb#comment-8725" "Mozilla/5.0 (Windows NT 10.0; Win64; x64) AppleWebKit/537.36 (KHTML, like Gecko) Chrome/131.0.0.0 Safari/537.36 Avast/131.0.0.0" "-"
198.244.242.0 - - [10/Feb/2026:03:25:32 +0000] "GET /exploring-the-best-casino-options-online-or/feed HTTP/1.1" 200 888 kenilworthcourt.com "-" "Mozilla/5.0 (compatible; AhrefsBot/7.0; +http://ahrefs.com/robot/)" "-"
64.225.25.0 - - [10/Feb/2026:03:25:34 +0000] "POST /wp-login.php HTTP/1.1" 200 5110 kenilworthcourt.com "https://kenilworthcourt.com/wp-login.php" "Mozilla/5.0 (Windows NT 10.0; Win64; x64) AppleWebKit/537.36 (KHTML, like Gecko) Chrome/130.0.0.0 Safari/537.36" "-"
