51.195.183.0 - - [10/Feb/2026:01:33:08 +0000] "GET /top-5-svjetskih-casino-destinacija-2/feed HTTP/1.1" 200 851 kenilworthcourt.com "-" "Mozilla/5.0 (compatible; AhrefsBot/7.0; +http://ahrefs.com/robot/)" "-"
107.189.1.0 - - [10/Feb/2026:01:33:18 +0000] "GET /wp-login.php HTTP/1.1" 200 4740 kenilworthcourt.com "-" "Mozilla/5.0 (Windows NT 6.3; WOW64) AppleWebKit/537.36 (KHTML, like Gecko) Chrome/36.0.1985.143 Safari/537.36" "-"
51.195.183.0 - - [10/Feb/2026:01:33:19 +0000] "GET /professionals-400-casino-bonus-2025-paypal-account-verification-is-consistently-declined HTTP/1.1" 200 35123 kenilworthcourt.com "-" "Mozilla/5.0 (compatible; AhrefsBot/7.0; +http://ahrefs.com/robot/)" "-"
209.38.204.0 - - [10/Feb/2026:01:33:20 +0000] "POST /wp-login.php HTTP/1.1" 200 5110 kenilworthcourt.com "https://kenilworthcourt.com/wp-login.php" "Mozilla/5.0 (Windows NT 10.0; Win64; x64) AppleWebKit/537.36 (KHTML, like Gecko) Chrome/130.0.0.0 Safari/537.36" "-"
3.83.76.0 - - [10/Feb/2026:01:33:21 +0000] "GET /fairspin-casino-gaming-experience-review HTTP/1.1" 200 39290 kenilworthcourt.com "-" "TerraCotta https://github.com/CeramicTeam/CeramicTerracotta" "-"
209.235.136.0 - - [10/Feb/2026:01:33:21 +0000] "GET /wp-login.php HTTP/1.1" 200 4740 kenilworthcourt.com "-" "Mozilla/5.0 (Windows NT 10.0; Win64; x64) AppleWebKit/537.36 (KHTML, like Gecko) Chrome/130.0.0.0 Safari/537.36" "-"
3.83.76.0 - - [10/Feb/2026:01:33:30 +0000] "GET /category/betriot-casino-931 HTTP/1.1" 200 71631 kenilworthcourt.com "-" "TerraCotta https://github.com/CeramicTeam/CeramicTerracotta" "-"
198.244.240.0 - - [10/Feb/2026:01:33:30 +0000] "GET /better-on-the-internet-blackjack-games-%EF%B8%8F-enjoy-black-jack-the-real-deal-money HTTP/1.1" 200 38633 kenilworthcourt.com "-" "Mozilla/5.0 (compatible; AhrefsBot/7.0; +http://ahrefs.com/robot/)" "-"
3.83.76.0 - - [10/Feb/2026:01:33:31 +0000] "GET /le-tecnologie-emergenti-negli-slot-con-opzioni-di-acquisto-bonus HTTP/1.1" 200 45330 kenilworthcourt.com "-" "TerraCotta https://github.com/CeramicTeam/CeramicTerracotta" "-"
3.83.76.0 - - [10/Feb/2026:01:33:32 +0000] "GET /tag/motorcycle-service HTTP/1.1" 200 53689 kenilworthcourt.com "-" "TerraCotta https://github.com/CeramicTeam/CeramicTerracotta" "-"
209.235.136.0 - - [10/Feb/2026:01:33:33 +0000] "POST /wp-login.php HTTP/1.1" 200 5110 kenilworthcourt.com "https://kenilworthcourt.com/wp-login.php" "Mozilla/5.0 (Windows NT 10.0; Win64; x64) AppleWebKit/537.36 (KHTML, like Gecko) Chrome/130.0.0.0 Safari/537.36" "-"
74.177.246.0 - - [10/Feb/2026:01:33:34 +0000] "GET /wp-login.php HTTP/1.1" 200 4740 kenilworthcourt.com "-" "Mozilla/5.0 (Windows NT 10.0; Win64; x64) AppleWebKit/537.36 (KHTML, like Gecko) Chrome/130.0.0.0 Safari/537.36" "-"
3.83.76.0 - - [10/Feb/2026:01:33:41 +0000] "GET /hoe-snel-neem-je-aan-massa-toe-met-steroiden HTTP/1.1" 200 30151 kenilworthcourt.com "-" "TerraCotta https://github.com/CeramicTeam/CeramicTerracotta" "-"
51.89.129.0 - - [10/Feb/2026:01:33:41 +0000] "GET /tag/betsafe-casinos/feed HTTP/1.1" 200 39701 kenilworthcourt.com "-" "Mozilla/5.0 (compatible; AhrefsBot/7.0; +http://ahrefs.com/robot/)" "-"
74.177.246.0 - - [10/Feb/2026:01:33:46 +0000] "POST /wp-login.php HTTP/1.1" 200 5110 kenilworthcourt.com "https://kenilworthcourt.com/wp-login.php" "Mozilla/5.0 (Windows NT 10.0; Win64; x64) AppleWebKit/537.36 (KHTML, like Gecko) Chrome/130.0.0.0 Safari/537.36" "-"
198.98.53.0 - - [10/Feb/2026:01:33:48 +0000] "GET /wp-login.php HTTP/1.1" 200 4740 kenilworthcourt.com "-" "Mozilla/5.0 (iPhone; CPU iPhone OS 7_1 like Mac OS X) AppleWebKit/537.51.2 (KHTML, like Gecko) Version/7.0 Mobile/11D167 Safari/9537.53" "-"
51.195.244.0 - - [10/Feb/2026:01:33:48 +0000] "GET /power-of-spin-palace-casino-gods-valhalla HTTP/1.1" 200 39057 kenilworthcourt.com "-" "Mozilla/5.0 (compatible; AhrefsBot/7.0; +http://ahrefs.com/robot/)" "-"
51.89.129.0 - - [10/Feb/2026:01:33:57 +0000] "GET /category/20bet-%CE%B1%CF%80%CE%B1%CF%84%CE%B7-930 HTTP/1.1" 200 70192 kenilworthcourt.com "-" "Mozilla/5.0 (compatible; AhrefsBot/7.0; +http://ahrefs.com/robot/)" "-"
198.98.53.0 - - [10/Feb/2026:01:34:00 +0000] "POST /wp-login.php HTTP/1.1" 200 5572 kenilworthcourt.com "-" "Mozilla/5.0 (iPhone; CPU iPhone OS 7_1 like Mac OS X) AppleWebKit/537.51.2 (KHTML, like Gecko) Version/7.0 Mobile/11D167 Safari/9537.53" "-"
173.231.203.0 - - [10/Feb/2026:01:34:02 +0000] "GET /wp-login.php HTTP/1.1" 200 4740 kenilworthcourt.com "-" "Mozilla/5.0 (Windows NT 10.0; Win64; x64) AppleWebKit/537.36 (KHTML, like Gecko) Chrome/130.0.0.0 Safari/537.36" "-"
85.208.98.0 - - [10/Feb/2026:01:34:03 +0000] "GET /manicotti-helavia-k.html HTTP/1.1" 429 267 kenilworthcourt.com "-" "Mozilla/5.0 (compatible; SemrushBot-BA; +http://www.semrush.com/bot.html)" "-"
3.83.76.0 - - [10/Feb/2026:01:34:03 +0000] "GET /category/jk-yagoda-com-ua HTTP/1.1" 200 41252 kenilworthcourt.com "-" "TerraCotta https://github.com/CeramicTeam/CeramicTerracotta" "-"
198.244.168.0 - - [10/Feb/2026:01:34:04 +0000] "GET /category/20bet-login-679/feed HTTP/1.1" 200 37890 kenilworthcourt.com "-" "Mozilla/5.0 (compatible; AhrefsBot/7.0; +http://ahrefs.com/robot/)" "-"
54.38.147.0 - - [10/Feb/2026:01:34:11 +0000] "GET /bedste-online-casinoer-2025-idraet-pa-indian-dreaming-casino-game-de-belobe-sig-til-realeksamen-money-sites/feed HTTP/1.1" 200 1069 kenilworthcourt.com "-" "Mozilla/5.0 (compatible; AhrefsBot/7.0; +http://ahrefs.com/robot/)" "-"
3.83.76.0 - - [10/Feb/2026:01:34:11 +0000] "GET /category/hellspin-casino-677 HTTP/1.1" 200 55352 kenilworthcourt.com "-" "TerraCotta https://github.com/CeramicTeam/CeramicTerracotta" "-"
3.83.76.0 - - [10/Feb/2026:01:34:13 +0000] "GET /hide-my-ip-crack-keygen-clean-x86x64-patch-filehippo HTTP/1.1" 200 176377 kenilworthcourt.com "-" "TerraCotta https://github.com/CeramicTeam/CeramicTerracotta" "-"
2a03:2880:f800:: - - [10/Feb/2026:01:34:14 +0000] "GET /gewinnspiel-im-play2win-casino HTTP/1.1" 200 31939 kenilworthcourt.com "-" "meta-externalagent/1.1 (+https://developers.facebook.com/docs/sharing/webmasters/crawler)" "-"
85.208.98.0 - - [10/Feb/2026:01:34:17 +0000] "GET /robots.txt HTTP/1.1" 429 267 kenilworthcourt.com "-" "Mozilla/5.0 (compatible; SemrushBot-BA; +http://www.semrush.com/bot.html)" "-"
3.83.76.0 - - [10/Feb/2026:01:34:19 +0000] "GET /fair-go-casino HTTP/1.1" 200 32366 kenilworthcourt.com "-" "TerraCotta https://github.com/CeramicTeam/CeramicTerracotta" "-"
198.244.240.0 - - [10/Feb/2026:01:34:20 +0000] "GET /category/ggbet-casino-179/feed HTTP/1.1" 200 49231 kenilworthcourt.com "-" "Mozilla/5.0 (compatible; AhrefsBot/7.0; +http://ahrefs.com/robot/)" "-"
3.83.76.0 - - [10/Feb/2026:01:34:21 +0000] "GET /tag/betriot-bonus HTTP/1.1" 200 184739 kenilworthcourt.com "-" "TerraCotta https://github.com/CeramicTeam/CeramicTerracotta" "-"
3.83.76.0 - - [10/Feb/2026:01:34:24 +0000] "GET /guida-completa-al-posizionamento-del-turinabol-injektionen HTTP/1.1" 200 29369 kenilworthcourt.com "-" "TerraCotta https://github.com/CeramicTeam/CeramicTerracotta" "-"
173.231.203.0 - - [10/Feb/2026:01:34:26 +0000] "POST /wp-login.php HTTP/1.1" 200 5110 kenilworthcourt.com "https://kenilworthcourt.com/wp-login.php" "Mozilla/5.0 (Windows NT 10.0; Win64; x64) AppleWebKit/537.36 (KHTML, like Gecko) Chrome/130.0.0.0 Safari/537.36" "-"
198.244.240.0 - - [10/Feb/2026:01:34:30 +0000] "GET /tag/12play-international/feed HTTP/1.1" 200 33172 kenilworthcourt.com "-" "Mozilla/5.0 (compatible; AhrefsBot/7.0; +http://ahrefs.com/robot/)" "-"
160.153.180.0 - - [10/Feb/2026:01:34:31 +0000] "GET /wp-login.php HTTP/1.1" 200 4740 kenilworthcourt.com "-" "Mozilla/5.0 (Windows NT 10.0; Win64; x64) AppleWebKit/537.36 (KHTML, like Gecko) Chrome/130.0.0.0 Safari/537.36" "-"
198.244.226.0 - - [10/Feb/2026:01:34:38 +0000] "GET /category/play-croco-login-141/feed HTTP/1.1" 200 43822 kenilworthcourt.com "-" "Mozilla/5.0 (compatible; AhrefsBot/7.0; +http://ahrefs.com/robot/)" "-"
160.153.180.0 - - [10/Feb/2026:01:34:43 +0000] "POST /wp-login.php HTTP/1.1" 200 5110 kenilworthcourt.com "https://kenilworthcourt.com/wp-login.php" "Mozilla/5.0 (Windows NT 10.0; Win64; x64) AppleWebKit/537.36 (KHTML, like Gecko) Chrome/130.0.0.0 Safari/537.36" "-"
43.173.174.0 - - [10/Feb/2026:01:34:46 +0000] "GET /fortune-gems-online-654 HTTP/1.1" 200 44353 kenilworthcourt.com "-" "Mozilla/5.0 (Windows NT 10.0; Win64; x64) AppleWebKit/537.36 (KHTML, like Gecko) Chrome/112.0.0.0 Safari/537.36" "-"
54.38.147.0 - - [10/Feb/2026:01:34:47 +0000] "GET /fortunate-davinci-diamonds-slots-iphone-88-casino-slot-games-review-chinese-slot-from-the-aristocrat-application HTTP/1.1" 200 36913 kenilworthcourt.com "-" "Mozilla/5.0 (compatible; AhrefsBot/7.0; +http://ahrefs.com/robot/)" "-"
198.244.183.0 - - [10/Feb/2026:01:34:54 +0000] "GET /slots-que-jogos-infantilidade-casino-pragmatic-play-acessivel-hand-of-midas-slot-machine-pp-slots-demonio HTTP/1.1" 200 39446 kenilworthcourt.com "-" "Mozilla/5.0 (compatible; AhrefsBot/7.0; +http://ahrefs.com/robot/)" "-"
3.83.76.0 - - [10/Feb/2026:01:34:57 +0000] "GET /unlock-mega-wins-with-sector-777-casino-galactic-slots-adventurethis-title-is-within-the-specified-character-limit-and-meets-all-requirements HTTP/1.1" 200 35220 kenilworthcourt.com "-" "TerraCotta https://github.com/CeramicTeam/CeramicTerracotta" "-"
198.244.168.0 - - [10/Feb/2026:01:35:04 +0000] "GET /1435-kostenlose-sparta-slotspiel-slots-reibungslos-zum-besten-geben HTTP/1.1" 200 35030 kenilworthcourt.com "-" "Mozilla/5.0 (compatible; AhrefsBot/7.0; +http://ahrefs.com/robot/)" "-"
54.38.147.0 - - [10/Feb/2026:01:35:14 +0000] "GET /10-ecu-provision-abzuglich-einzahlung-casinos-2023 HTTP/1.1" 200 40063 kenilworthcourt.com "-" "Mozilla/5.0 (compatible; AhrefsBot/7.0; +http://ahrefs.com/robot/)" "-"
85.208.98.0 - - [10/Feb/2026:01:35:19 +0000] "GET /borsa-porta-pc-13.3-k.html HTTP/1.1" 429 267 kenilworthcourt.com "-" "Mozilla/5.0 (compatible; SemrushBot-BA; +http://www.semrush.com/bot.html)" "-"
198.244.226.0 - - [10/Feb/2026:01:35:24 +0000] "GET /category/levelup-casino-app-843/feed HTTP/1.1" 200 47921 kenilworthcourt.com "-" "Mozilla/5.0 (compatible; AhrefsBot/7.0; +http://ahrefs.com/robot/)" "-"
3.83.76.0 - - [10/Feb/2026:01:35:29 +0000] "GET /category/energycasino-opinie-863 HTTP/1.1" 200 64616 kenilworthcourt.com "-" "TerraCotta https://github.com/CeramicTeam/CeramicTerracotta" "-"
51.195.183.0 - - [10/Feb/2026:01:35:30 +0000] "GET /deadworld-condition-enjoy-5-dragons-pokies-game-big-win-online-slots/feed HTTP/1.1" 200 949 kenilworthcourt.com "-" "Mozilla/5.0 (compatible; AhrefsBot/7.0; +http://ahrefs.com/robot/)" "-"
2a03:2880:f800:: - - [10/Feb/2026:01:35:30 +0000] "GET /emerald-island-harbors-review-the-snake-charmer-slot-which-have-added-bonus-rules HTTP/1.1" 200 36568 kenilworthcourt.com "-" "meta-externalagent/1.1 (+https://developers.facebook.com/docs/sharing/webmasters/crawler)" "-"
72.167.150.0 - - [10/Feb/2026:01:35:40 +0000] "GET /wp-login.php HTTP/1.1" 200 4740 kenilworthcourt.com "-" "Mozilla/5.0 (Windows NT 10.0; Win64; x64) AppleWebKit/537.36 (KHTML, like Gecko) Chrome/130.0.0.0 Safari/537.36" "-"
51.195.215.0 - - [10/Feb/2026:01:35:40 +0000] "GET /empires-warlords-100-percent-free-slot-machine-play-free-demonstration-in-to-the-30-free-spins-no-deposit-required-uk/feed HTTP/1.1" 200 1096 kenilworthcourt.com "-" "Mozilla/5.0 (compatible; AhrefsBot/7.0; +http://ahrefs.com/robot/)" "-"
116.179.32.0 - - [10/Feb/2026:01:35:43 +0000] "GET /?e=sky-bag-with-rain-cover-price-p-BpvaOxtQ HTTP/1.1" 429 267 kenilworthcourt.com "-" "Mozilla/5.0 (compatible; Baiduspider/2.0; +http://www.baidu.com/search/spider.html)" "-"
3.83.76.0 - - [10/Feb/2026:01:35:43 +0000] "GET /category/hellspin-nz-411 HTTP/1.1" 200 63277 kenilworthcourt.com "-" "TerraCotta https://github.com/CeramicTeam/CeramicTerracotta" "-"
85.208.98.0 - - [10/Feb/2026:01:35:43 +0000] "GET /pinza-manicotti-k.html HTTP/1.1" 429 267 kenilworthcourt.com "-" "Mozilla/5.0 (compatible; SemrushBot-BA; +http://www.semrush.com/bot.html)" "-"
119.249.100.0 - - [10/Feb/2026:01:35:44 +0000] "GET /?e=sky-bag-with-rain-cover-price-p-BpvaOxtQ HTTP/1.1" 200 32196 kenilworthcourt.com "-" "Mozilla/5.0 (Windows NT 10.0; WOW64) AppleWebKit/537.36 (KHTML, like Gecko) Chrome/48.0.2564.116 Safari/537.36" "-"
51.195.244.0 - - [10/Feb/2026:01:35:48 +0000] "GET /draculas-family-slot-remark-from-the-real-money-slots-on-mobile-playson HTTP/1.1" 200 36379 kenilworthcourt.com "-" "Mozilla/5.0 (compatible; AhrefsBot/7.0; +http://ahrefs.com/robot/)" "-"
43.173.179.0 - - [10/Feb/2026:01:35:50 +0000] "GET /tag/yukon-gold-casino-150-free-spins/feed HTTP/1.1" 200 12636 kenilworthcourt.com "-" "Mozilla/5.0 (Windows NT 10.0; Win64; x64) AppleWebKit/537.36 (KHTML, like Gecko) Chrome/105.0.0.0 Safari/537.3" "-"
43.173.177.0 - - [10/Feb/2026:01:35:51 +0000] "GET /win-spark-589/feed HTTP/1.1" 200 826 kenilworthcourt.com "-" "Mozilla/5.0 (Windows NT 10.0; Win64; x64) AppleWebKit/537.36 (KHTML, like Gecko) Chrome/116.0.0.0 Safari/537.36" "-"
3.83.76.0 - - [10/Feb/2026:01:35:54 +0000] "GET /tag/hellspin-recenze HTTP/1.1" 200 36179 kenilworthcourt.com "-" "TerraCotta https://github.com/CeramicTeam/CeramicTerracotta" "-"
51.195.244.0 - - [10/Feb/2026:01:35:56 +0000] "GET /die-psychologie-des-zufalls-warum-uberraschungen-uns-faszinieren/feed HTTP/1.1" 200 939 kenilworthcourt.com "-" "Mozilla/5.0 (compatible; AhrefsBot/7.0; +http://ahrefs.com/robot/)" "-"
85.208.98.0 - - [10/Feb/2026:01:36:03 +0000] "GET /borsa-tucano-15.6-k.html HTTP/1.1" 429 267 kenilworthcourt.com "-" "Mozilla/5.0 (compatible; SemrushBot-BA; +http://www.semrush.com/bot.html)" "-"
198.244.240.0 - - [10/Feb/2026:01:36:04 +0000] "GET /ten-best-web-based-casinos-for-jungle-jim-el-dorado-for-real-money-real-currency-enjoy-and-you-may-earn-inside-2025/feed HTTP/1.1" 200 1091 kenilworthcourt.com "-" "Mozilla/5.0 (compatible; AhrefsBot/7.0; +http://ahrefs.com/robot/)" "-"
3.83.76.0 - - [10/Feb/2026:01:36:07 +0000] "GET /tag/level-up-online-casino HTTP/1.1" 200 103368 kenilworthcourt.com "-" "TerraCotta https://github.com/CeramicTeam/CeramicTerracotta" "-"
20.219.105.0 - - [10/Feb/2026:01:36:11 +0000] "GET /wp-login.php HTTP/1.1" 200 4740 kenilworthcourt.com "-" "Mozilla/5.0 (Windows NT 10.0; Win64; x64) AppleWebKit/537.36 (KHTML, like Gecko) Chrome/130.0.0.0 Safari/537.36" "-"
51.89.129.0 - - [10/Feb/2026:01:36:13 +0000] "GET /no-deposit-incentives-no-deposit-bonus-vegas-party-nz-greatest-gambling-establishment-join-also-provides-2025/feed HTTP/1.1" 200 1072 kenilworthcourt.com "-" "Mozilla/5.0 (compatible; AhrefsBot/7.0; +http://ahrefs.com/robot/)" "-"
198.244.226.0 - - [10/Feb/2026:01:36:22 +0000] "GET /7slots-casino-resena-free-spins/feed HTTP/1.1" 200 840 kenilworthcourt.com "-" "Mozilla/5.0 (compatible; AhrefsBot/7.0; +http://ahrefs.com/robot/)" "-"
20.219.105.0 - - [10/Feb/2026:01:36:23 +0000] "POST /wp-login.php HTTP/1.1" 200 5110 kenilworthcourt.com "https://kenilworthcourt.com/wp-login.php" "Mozilla/5.0 (Windows NT 10.0; Win64; x64) AppleWebKit/537.36 (KHTML, like Gecko) Chrome/130.0.0.0 Safari/537.36" "-"
85.208.98.0 - - [10/Feb/2026:01:36:26 +0000] "GET /borsa-tucano-porta-pc-k.html HTTP/1.1" 429 267 kenilworthcourt.com "-" "Mozilla/5.0 (compatible; SemrushBot-BA; +http://www.semrush.com/bot.html)" "-"
3.83.76.0 - - [10/Feb/2026:01:36:26 +0000] "GET /i-migliori-sviluppatori-di-software-e-la-migliore-collezione-di-giochi-su-eurobet-casino-in-italia HTTP/1.1" 200 43821 kenilworthcourt.com "-" "TerraCotta https://github.com/CeramicTeam/CeramicTerracotta" "-"
165.22.247.0 - - [10/Feb/2026:01:36:30 +0000] "GET /adu-builders-in-sacramento-2 HTTP/1.1" 200 188952 kenilworthcourt.com "https://kenilworthcourt.com/" "Mozilla/5.0 (Macintosh; Intel Mac OS X 12_5) AppleWebKit/605.1.15 (KHTML, like Gecko) Version/15.4 Safari/605.1.15" "-"
51.195.244.0 - - [10/Feb/2026:01:36:32 +0000] "GET /die-besten-online-casinos-in-deutschland-2025-top-9/feed HTTP/1.1" 200 904 kenilworthcourt.com "-" "Mozilla/5.0 (compatible; AhrefsBot/7.0; +http://ahrefs.com/robot/)" "-"
165.22.247.0 - - [10/Feb/2026:01:36:35 +0000] "GET /wp-login.php?action=register HTTP/1.1" 302 - kenilworthcourt.com "https://kenilworthcourt.com/adu-builders-in-sacramento-2" "Mozilla/5.0 (Windows NT 6.3; Win64; x64) AppleWebKit/537.36 (KHTML, like Gecko) Chrome/103.0.0.0 Safari/537.36" "-"
165.22.247.0 - - [10/Feb/2026:01:36:36 +0000] "GET /wp-login.php?registration=disabled HTTP/1.1" 200 4932 kenilworthcourt.com "https://kenilworthcourt.com/wp-login.php?action=register" "Mozilla/5.0 (Windows NT 6.3; Win64; x64) AppleWebKit/537.36 (KHTML, like Gecko) Chrome/103.0.0.0 Safari/537.36" "-"
3.83.76.0 - - [10/Feb/2026:01:36:36 +0000] "GET /tag/slottica-casino-opinie HTTP/1.1" 200 65007 kenilworthcourt.com "-" "TerraCotta https://github.com/CeramicTeam/CeramicTerracotta" "-"
51.89.129.0 - - [10/Feb/2026:01:36:42 +0000] "GET /erfahrungen-unter-einsatz-von-wishing-you-fortune-spielautomat-dem-eucasino-100-extrem-freispiele-maklercourtage/feed HTTP/1.1" 200 1081 kenilworthcourt.com "-" "Mozilla/5.0 (compatible; AhrefsBot/7.0; +http://ahrefs.com/robot/)" "-"
85.208.98.0 - - [10/Feb/2026:01:36:46 +0000] "GET /borsa-pc-15.6-k.html HTTP/1.1" 429 267 kenilworthcourt.com "-" "Mozilla/5.0 (compatible; SemrushBot-BA; +http://www.semrush.com/bot.html)" "-"
131.72.236.0 - - [10/Feb/2026:01:36:46 +0000] "GET /wp-login.php HTTP/1.1" 200 4740 kenilworthcourt.com "-" "Mozilla/5.0 (Windows NT 10.0; Win64; x64) AppleWebKit/537.36 (KHTML, like Gecko) Chrome/130.0.0.0 Safari/537.36" "-"
51.195.244.0 - - [10/Feb/2026:01:36:48 +0000] "GET /150-100-percent-free-revolves-casino-no-deposit-bonus-150-free-spins-no-deposit-local-casino HTTP/1.1" 200 36762 kenilworthcourt.com "-" "Mozilla/5.0 (compatible; AhrefsBot/7.0; +http://ahrefs.com/robot/)" "-"
198.244.168.0 - - [10/Feb/2026:01:36:55 +0000] "GET /big-win-cat-slot-machine-enjoy-totally-free-play-letter-go-detailed-comment/feed HTTP/1.1" 200 970 kenilworthcourt.com "-" "Mozilla/5.0 (compatible; AhrefsBot/7.0; +http://ahrefs.com/robot/)" "-"
131.72.236.0 - - [10/Feb/2026:01:36:58 +0000] "POST /wp-login.php HTTP/1.1" 200 5110 kenilworthcourt.com "https://kenilworthcourt.com/wp-login.php" "Mozilla/5.0 (Windows NT 10.0; Win64; x64) AppleWebKit/537.36 (KHTML, like Gecko) Chrome/130.0.0.0 Safari/537.36" "-"
3.83.76.0 - - [10/Feb/2026:01:36:59 +0000] "GET /the-thrill-of-winning-at-golden-reels-casino-slot-machines HTTP/1.1" 200 33049 kenilworthcourt.com "-" "TerraCotta https://github.com/CeramicTeam/CeramicTerracotta" "-"
43.173.182.0 - - [10/Feb/2026:01:37:00 +0000] "GET /tadhana-slot-pro-984 HTTP/1.1" 200 46104 kenilworthcourt.com "-" "Mozilla/5.0 (Windows NT 10.0; Win64; x64) AppleWebKit/537.36 (KHTML, like Gecko) Chrome/131.0.0.0 Safari/537.36" "-"
43.173.181.0 - - [10/Feb/2026:01:37:01 +0000] "GET /in-depth-review-of-n1bets-most-popular-slots/feed HTTP/1.1" 200 884 kenilworthcourt.com "-" "Mozilla/5.0 (Windows NT 10.0; Win64; x64) AppleWebKit/537.36 (KHTML, like Gecko) Chrome/110.0.0.0 Safari/537.36" "-"
198.244.168.0 - - [10/Feb/2026:01:37:03 +0000] "GET /greatest-a-real-income-baccarat-websites-gamble-baccarat-online-inside-2025/feed HTTP/1.1" 200 971 kenilworthcourt.com "-" "Mozilla/5.0 (compatible; AhrefsBot/7.0; +http://ahrefs.com/robot/)" "-"
2a03:2880:f800:: - - [10/Feb/2026:01:37:04 +0000] "GET /how-to-play-casino-win-sum-dim-sum-video-poker-video-game HTTP/1.1" 200 35125 kenilworthcourt.com "-" "meta-externalagent/1.1 (+https://developers.facebook.com/docs/sharing/webmasters/crawler)" "-"
85.208.98.0 - - [10/Feb/2026:01:37:05 +0000] "GET /soluzioni-web-amazon-k.html HTTP/1.1" 429 267 kenilworthcourt.com "-" "Mozilla/5.0 (compatible; SemrushBot-BA; +http://www.semrush.com/bot.html)" "-"
3.83.76.0 - - [10/Feb/2026:01:37:11 +0000] "GET /tag/ggbet-free-slots HTTP/1.1" 200 51094 kenilworthcourt.com "-" "TerraCotta https://github.com/CeramicTeam/CeramicTerracotta" "-"
198.244.168.0 - - [10/Feb/2026:01:37:14 +0000] "GET /unbesorgt-spielen-und-umgehend-siegreich-sein-als-in-deutschland-ansaessiger-gamer-bei-onlyspins-casino/feed HTTP/1.1" 200 1059 kenilworthcourt.com "-" "Mozilla/5.0 (compatible; AhrefsBot/7.0; +http://ahrefs.com/robot/)" "-"
51.195.215.0 - - [10/Feb/2026:01:37:21 +0000] "GET /9-greatest-bingo-software-you-to-shell-out-real-cash/feed HTTP/1.1" 200 901 kenilworthcourt.com "-" "Mozilla/5.0 (compatible; AhrefsBot/7.0; +http://ahrefs.com/robot/)" "-"
54.38.147.0 - - [10/Feb/2026:01:37:30 +0000] "GET /inoffizieller-mitarbeiter-online-spielbank-10-euroletten-einlosen-tagesordnungspunkt-maklercourtage-angebote-2025-inoffizieller-mitarbeiter-test/feed HTTP/1.1" 200 1179 kenilworthcourt.com "-" "Mozilla/5.0 (compatible; AhrefsBot/7.0; +http://ahrefs.com/robot/)" "-"
3.83.76.0 - - [10/Feb/2026:01:37:41 +0000] "GET /vivaspin-nederlandsse-online-speel-casino-beurs-experience HTTP/1.1" 200 29294 kenilworthcourt.com "-" "TerraCotta https://github.com/CeramicTeam/CeramicTerracotta" "-"
54.38.147.0 - - [10/Feb/2026:01:37:41 +0000] "GET /analise-oficial-do-cassino-brazino777-seguranca-e-promocoes-jackpots/feed HTTP/1.1" 200 954 kenilworthcourt.com "-" "Mozilla/5.0 (compatible; AhrefsBot/7.0; +http://ahrefs.com/robot/)" "-"
3.83.76.0 - - [10/Feb/2026:01:37:43 +0000] "GET /tag/8xbet-download HTTP/1.1" 200 132879 kenilworthcourt.com "-" "TerraCotta https://github.com/CeramicTeam/CeramicTerracotta" "-"
43.173.181.0 - - [10/Feb/2026:01:37:49 +0000] "GET /tadhana-slot-777-login-download-406 HTTP/1.1" 200 44746 kenilworthcourt.com "-" "Mozilla/5.0 (Windows NT 10.0; Win64; x64) AppleWebKit/537.36 (KHTML, like Gecko) Chrome/120.0.0.0 Safari/537.36" "-"
43.173.174.0 - - [10/Feb/2026:01:37:50 +0000] "GET /?p=15742 HTTP/1.1" 301 - kenilworthcourt.com "-" "Mozilla/5.0 (Windows NT 10.0; Win64; x64) AppleWebKit/537.36 (KHTML, like Gecko) Chrome/131.0.0.0 Safari/537.36" "-"
43.173.174.0 - - [10/Feb/2026:01:37:50 +0000] "GET /tadhana-slot-pro-984 HTTP/1.1" 200 46104 kenilworthcourt.com "https://kenilworthcourt.com/?p=15742" "Mozilla/5.0 (Windows NT 10.0; Win64; x64) AppleWebKit/537.36 (KHTML, like Gecko) Chrome/131.0.0.0 Safari/537.36" "-"
54.38.147.0 - - [10/Feb/2026:01:37:51 +0000] "GET /huff-n-more-puff-slot-3/feed HTTP/1.1" 200 819 kenilworthcourt.com "-" "Mozilla/5.0 (compatible; AhrefsBot/7.0; +http://ahrefs.com/robot/)" "-"
45.79.180.0 - - [10/Feb/2026:01:37:57 +0000] "GET /feed HTTP/1.1" 304 - kenilworthcourt.com "-" "MuckRackFeedParser/1.0 +https://muckrack.com" "-"
43.173.172.0 - - [10/Feb/2026:01:37:57 +0000] "GET /tadhana-slot-777-login-register-109 HTTP/1.1" 200 48692 kenilworthcourt.com "-" "Mozilla/5.0 (Windows NT 10.0; Win64; x64) AppleWebKit/537.36 (KHTML, like Gecko) Chrome/131.0.0.0 Safari/537.36" "-"
43.173.176.0 - - [10/Feb/2026:01:37:58 +0000] "GET /?p=15744 HTTP/1.1" 301 - kenilworthcourt.com "-" "Mozilla/5.0 (Windows NT 10.0; Win64; x64) AppleWebKit/537.36 (KHTML, like Gecko) Chrome/110.0.0.0 Safari/537.36" "-"
43.173.176.0 - - [10/Feb/2026:01:37:58 +0000] "GET /tadhana-slot-777-login-download-406 HTTP/1.1" 200 44746 kenilworthcourt.com "https://kenilworthcourt.com/?p=15744" "Mozilla/5.0 (Windows NT 10.0; Win64; x64) AppleWebKit/537.36 (KHTML, like Gecko) Chrome/110.0.0.0 Safari/537.36" "-"
3.83.76.0 - - [10/Feb/2026:01:37:59 +0000] "GET /category/bet-riot-login-470 HTTP/1.1" 200 81227 kenilworthcourt.com "-" "TerraCotta https://github.com/CeramicTeam/CeramicTerracotta" "-"
51.89.129.0 - - [10/Feb/2026:01:38:02 +0000] "GET /optimbet-casino-games-and-betting-opportunities-online HTTP/1.1" 200 36386 kenilworthcourt.com "-" "Mozilla/5.0 (compatible; AhrefsBot/7.0; +http://ahrefs.com/robot/)" "-"
3.83.76.0 - - [10/Feb/2026:01:38:09 +0000] "GET /ms-ms-office-professional-plus-64-unlocked-c2r-setup-retail-no-telemetry-yts-magnet-link HTTP/1.1" 200 103964 kenilworthcourt.com "-" "TerraCotta https://github.com/CeramicTeam/CeramicTerracotta" "-"
51.89.129.0 - - [10/Feb/2026:01:38:11 +0000] "GET /honey-jocuri-de-sloturi-pe-computer-barcrest-rush-demo-2024-dans-gratis-aoac/feed HTTP/1.1" 200 973 kenilworthcourt.com "-" "Mozilla/5.0 (compatible; AhrefsBot/7.0; +http://ahrefs.com/robot/)" "-"
198.244.226.0 - - [10/Feb/2026:01:38:22 +0000] "GET /dans-sa-cazinou-blackjack-liber-hugo-slot-fara-necesitatea-unui-depozit/feed HTTP/1.1" 200 961 kenilworthcourt.com "-" "Mozilla/5.0 (compatible; AhrefsBot/7.0; +http://ahrefs.com/robot/)" "-"
3.83.76.0 - - [10/Feb/2026:01:38:27 +0000] "GET /category/oba-bet-bonus-de-20-368 HTTP/1.1" 200 69439 kenilworthcourt.com "-" "TerraCotta https://github.com/CeramicTeam/CeramicTerracotta" "-"
198.244.242.0 - - [10/Feb/2026:01:38:31 +0000] "GET /rocketplay/feed HTTP/1.1" 200 775 kenilworthcourt.com "-" "Mozilla/5.0 (compatible; AhrefsBot/7.0; +http://ahrefs.com/robot/)" "-"
3.83.76.0 - - [10/Feb/2026:01:38:41 +0000] "GET /po-kakoj-prichine-chelovek-sklonny-doverjat-lichnoj-serii-fortuny HTTP/1.1" 200 45625 kenilworthcourt.com "-" "TerraCotta https://github.com/CeramicTeam/CeramicTerracotta" "-"
51.195.244.0 - - [10/Feb/2026:01:38:42 +0000] "GET /%D0%BF%D0%BE%D1%87%D0%B5%D0%BC%D1%83-%D0%BA%D0%BB%D0%B5%D0%BD%D0%B1%D1%83%D1%82%D0%B5%D1%80%D0%BE%D0%BB-%D0%BD%D0%B5-%D0%BF%D0%BE%D0%B4%D1%85%D0%BE%D0%B4%D0%B8%D1%82-%D0%B4%D0%BB%D1%8F-%D0%BD%D0%B0 HTTP/1.1" 200 33165 kenilworthcourt.com "-" "Mozilla/5.0 (compatible; AhrefsBot/7.0; +http://ahrefs.com/robot/)" "-"
209.235.136.0 - - [10/Feb/2026:01:38:42 +0000] "GET /wp-login.php HTTP/1.1" 200 4740 kenilworthcourt.com "-" "Mozilla/5.0 (Windows NT 10.0; Win64; x64) AppleWebKit/537.36 (KHTML, like Gecko) Chrome/130.0.0.0 Safari/537.36" "-"
51.195.215.0 - - [10/Feb/2026:01:38:52 +0000] "GET /100-percent-free-ten-pokies-no-titanic-online-slot-deposit-register-extra-australian-continent-2025 HTTP/1.1" 200 37032 kenilworthcourt.com "-" "Mozilla/5.0 (compatible; AhrefsBot/7.0; +http://ahrefs.com/robot/)" "-"
3.83.76.0 - - [10/Feb/2026:01:38:54 +0000] "GET /proceso-de-inscripcion-rapido-y-simple-en-el-casino-caspero-de-espana HTTP/1.1" 200 39808 kenilworthcourt.com "-" "TerraCotta https://github.com/CeramicTeam/CeramicTerracotta" "-"
209.235.136.0 - - [10/Feb/2026:01:38:54 +0000] "POST /wp-login.php HTTP/1.1" 200 5110 kenilworthcourt.com "https://kenilworthcourt.com/wp-login.php" "Mozilla/5.0 (Windows NT 10.0; Win64; x64) AppleWebKit/537.36 (KHTML, like Gecko) Chrome/130.0.0.0 Safari/537.36" "-"
216.73.216.0 - - [10/Feb/2026:01:38:57 +0000] "GET /robots.txt HTTP/1.1" 200 120 kenilworthcourt.com "-" "Mozilla/5.0 AppleWebKit/537.36 (KHTML, like Gecko; compatible; ClaudeBot/1.0; +claudebot@anthropic.com)" "-"
216.73.216.0 - - [10/Feb/2026:01:38:57 +0000] "GET /finest-web-based-casinos-players-paradise-1-deposit-in-america-finest-rated-gambling-enterprise-sites/feed HTTP/1.1" 200 1049 kenilworthcourt.com "-" "Mozilla/5.0 AppleWebKit/537.36 (KHTML, like Gecko; compatible; ClaudeBot/1.0; +claudebot@anthropic.com)" "-"
162.241.242.0 - - [10/Feb/2026:01:39:02 +0000] "GET /wp-login.php HTTP/1.1" 200 4740 kenilworthcourt.com "-" "Mozilla/5.0 (Windows NT 10.0; Win64; x64) AppleWebKit/537.36 (KHTML, like Gecko) Chrome/130.0.0.0 Safari/537.36" "-"
51.195.183.0 - - [10/Feb/2026:01:39:03 +0000] "GET /category/com-cam-org2/feed HTTP/1.1" 200 7541 kenilworthcourt.com "-" "Mozilla/5.0 (compatible; AhrefsBot/7.0; +http://ahrefs.com/robot/)" "-"
3.83.76.0 - - [10/Feb/2026:01:39:11 +0000] "GET /category/spin-samurai-casino-australia-220 HTTP/1.1" 200 67376 kenilworthcourt.com "-" "TerraCotta https://github.com/CeramicTeam/CeramicTerracotta" "-"
43.173.174.0 - - [10/Feb/2026:01:39:12 +0000] "GET /bizzo-casino-promo-code-972 HTTP/1.1" 200 40644 kenilworthcourt.com "-" "Mozilla/5.0 (Windows NT 10.0; Win64; x64) AppleWebKit/537.36 (KHTML, like Gecko) Chrome/131.0.0.0 Safari/537.36" "-"
43.173.181.0 - - [10/Feb/2026:01:39:13 +0000] "GET /?p=15746 HTTP/1.1" 301 - kenilworthcourt.com "-" "Mozilla/5.0 (Windows NT 10.0; Win64; x64) AppleWebKit/537.36 (KHTML, like Gecko) Chrome/133.0.0.0 Safari/537.36" "-"
51.195.183.0 - - [10/Feb/2026:01:39:13 +0000] "GET /category/8xbet-man-city-990/feed HTTP/1.1" 200 32887 kenilworthcourt.com "-" "Mozilla/5.0 (compatible; AhrefsBot/7.0; +http://ahrefs.com/robot/)" "-"
43.173.181.0 - - [10/Feb/2026:01:39:13 +0000] "GET /tadhana-slot-777-login-register-109 HTTP/1.1" 200 48692 kenilworthcourt.com "https://kenilworthcourt.com/?p=15746" "Mozilla/5.0 (Windows NT 10.0; Win64; x64) AppleWebKit/537.36 (KHTML, like Gecko) Chrome/133.0.0.0 Safari/537.36" "-"
162.241.242.0 - - [10/Feb/2026:01:39:14 +0000] "POST /wp-login.php HTTP/1.1" 200 5110 kenilworthcourt.com "https://kenilworthcourt.com/wp-login.php" "Mozilla/5.0 (Windows NT 10.0; Win64; x64) AppleWebKit/537.36 (KHTML, like Gecko) Chrome/130.0.0.0 Safari/537.36" "-"
41.72.131.0 - - [10/Feb/2026:01:39:19 +0000] "GET /wp-login.php HTTP/1.1" 200 4740 kenilworthcourt.com "-" "Mozilla/5.0 (Windows NT 10.0; Win64; x64) AppleWebKit/537.36 (KHTML, like Gecko) Chrome/130.0.0.0 Safari/537.36" "-"
198.244.226.0 - - [10/Feb/2026:01:39:21 +0000] "GET /nopeat-kotiutukset-klikki-kasinolla-suomalaisille-kaeyttaejille/feed HTTP/1.1" 200 934 kenilworthcourt.com "-" "Mozilla/5.0 (compatible; AhrefsBot/7.0; +http://ahrefs.com/robot/)" "-"
3.83.76.0 - - [10/Feb/2026:01:39:30 +0000] "GET /bwin-casino-die-slotmaschine-mit-risiko-und-gewinnchance HTTP/1.1" 200 33083 kenilworthcourt.com "-" "TerraCotta https://github.com/CeramicTeam/CeramicTerracotta" "-"
2a03:2880:f800:: - - [10/Feb/2026:01:39:31 +0000] "GET /dragon-eggs-position-tom-horn-remark-gamble-100-percent-free-demonstration HTTP/1.1" 200 37440 kenilworthcourt.com "-" "meta-externalagent/1.1 (+https://developers.facebook.com/docs/sharing/webmasters/crawler)" "-"
41.72.131.0 - - [10/Feb/2026:01:39:31 +0000] "POST /wp-login.php HTTP/1.1" 200 5110 kenilworthcourt.com "https://kenilworthcourt.com/wp-login.php" "Mozilla/5.0 (Windows NT 10.0; Win64; x64) AppleWebKit/537.36 (KHTML, like Gecko) Chrome/130.0.0.0 Safari/537.36" "-"
54.38.147.0 - - [10/Feb/2026:01:39:32 +0000] "GET /online-ports-gamble-5000-100-percent-free-slot-imperial-opera-slot-online-game-instantly/feed HTTP/1.1" 200 1010 kenilworthcourt.com "-" "Mozilla/5.0 (compatible; AhrefsBot/7.0; +http://ahrefs.com/robot/)" "-"
216.73.216.0 - - [10/Feb/2026:01:39:39 +0000] "GET /erreichbar-spielsaal-qua-journey-to-the-west-bonusspiel-handyguthaben-aufladen-so-zahlt-ein-unter-einsatz-von-dem-handy HTTP/1.1" 200 35647 kenilworthcourt.com "-" "Mozilla/5.0 AppleWebKit/537.36 (KHTML, like Gecko; compatible; ClaudeBot/1.0; +claudebot@anthropic.com)" "-"
54.38.147.0 - - [10/Feb/2026:01:39:43 +0000] "GET /happy-88-pokies-on-the-web-by-the-aristocrat-play-free-slot-machine-enchanted-prince-online-position HTTP/1.1" 200 37073 kenilworthcourt.com "-" "Mozilla/5.0 (compatible; AhrefsBot/7.0; +http://ahrefs.com/robot/)" "-"
3.83.76.0 - - [10/Feb/2026:01:39:43 +0000] "GET /tag/20bet-%e5%85%a5%e9%87%91%e6%96%b9%e6%b3%95 HTTP/1.1" 200 94345 kenilworthcourt.com "-" "TerraCotta https://github.com/CeramicTeam/CeramicTerracotta" "-"
3.83.76.0 - - [10/Feb/2026:01:39:44 +0000] "GET /tag/tadhana-slot-777-login-download HTTP/1.1" 200 213761 kenilworthcourt.com "-" "TerraCotta https://github.com/CeramicTeam/CeramicTerracotta" "-"
3.83.76.0 - - [10/Feb/2026:01:39:47 +0000] "GET /category/queen-777-casino-login-philippines-977 HTTP/1.1" 200 82354 kenilworthcourt.com "-" "TerraCotta https://github.com/CeramicTeam/CeramicTerracotta" "-"
198.244.242.0 - - [10/Feb/2026:01:39:52 +0000] "GET /starburst-spielbank-angeschlossen-spielen-2025-bis-tricks-triple-chance-zu-600-maklercourtage/feed HTTP/1.1" 200 1025 kenilworthcourt.com "-" "Mozilla/5.0 (compatible; AhrefsBot/7.0; +http://ahrefs.com/robot/)" "-"
43.173.181.0 - - [10/Feb/2026:01:40:00 +0000] "GET /?p=14128 HTTP/1.1" 301 - kenilworthcourt.com "-" "Mozilla/5.0 (Windows NT 10.0; Win64; x64) AppleWebKit/537.36 (KHTML, like Gecko) Chrome/110.0.0.0 Safari/537.36" "-"
43.173.181.0 - - [10/Feb/2026:01:40:01 +0000] "GET /bizzo-casino-promo-code-972 HTTP/1.1" 200 40644 kenilworthcourt.com "https://kenilworthcourt.com/?p=14128" "Mozilla/5.0 (Windows NT 10.0; Win64; x64) AppleWebKit/537.36 (KHTML, like Gecko) Chrome/110.0.0.0 Safari/537.36" "-"
51.89.129.0 - - [10/Feb/2026:01:40:02 +0000] "GET /legends-of-africa-four-lucky-clover-80-freie-spins-gebuhrenfrei-slot-pharaohs-tomb-zum-besten-geben HTTP/1.1" 200 35545 kenilworthcourt.com "-" "Mozilla/5.0 (compatible; AhrefsBot/7.0; +http://ahrefs.com/robot/)" "-"
43.173.173.0 - - [10/Feb/2026:01:40:05 +0000] "GET /bizzo-casino-promo-code-459 HTTP/1.1" 200 42026 kenilworthcourt.com "-" "Mozilla/5.0 (Windows NT 10.0; Win64; x64) AppleWebKit/537.36 (KHTML, like Gecko) Chrome/120.0.0.0 Safari/537.36" "-"
3.83.76.0 - - [10/Feb/2026:01:40:09 +0000] "GET /tag/kudos-casino-no-deposit-bonus HTTP/1.1" 200 55816 kenilworthcourt.com "-" "TerraCotta https://github.com/CeramicTeam/CeramicTerracotta" "-"
198.244.226.0 - - [10/Feb/2026:01:40:15 +0000] "GET /spielbank-maklercourtage-neue-chinese-dragon-fur-echtes-geld-liste-fur-2025-jetzt-online/feed HTTP/1.1" 200 1011 kenilworthcourt.com "-" "Mozilla/5.0 (compatible; AhrefsBot/7.0; +http://ahrefs.com/robot/)" "-"
143.198.91.0 - - [10/Feb/2026:01:40:19 +0000] "GET /adu-builders-in-sacramento-2 HTTP/1.1" 200 188952 kenilworthcourt.com "https://kenilworthcourt.com/" "Mozilla/5.0 (X11; Linux i686; rv:114.0) Gecko/20100101 Firefox/114.0" "-"
3.83.76.0 - - [10/Feb/2026:01:40:19 +0000] "GET /remote-desktop-manager-pre-activated-patch-no-virus-2025 HTTP/1.1" 200 118220 kenilworthcourt.com "-" "TerraCotta https://github.com/CeramicTeam/CeramicTerracotta" "-"
85.208.98.0 - - [10/Feb/2026:01:40:22 +0000] "GET /robots.txt HTTP/1.1" 429 267 kenilworthcourt.com "-" "Mozilla/5.0 (compatible; SemrushBot-BA; +http://www.semrush.com/bot.html)" "-"
51.195.183.0 - - [10/Feb/2026:01:40:24 +0000] "GET /gamble-on-line-see-site-poker-the-real-deal-currency-during-the-ignition HTTP/1.1" 200 35663 kenilworthcourt.com "-" "Mozilla/5.0 (compatible; AhrefsBot/7.0; +http://ahrefs.com/robot/)" "-"
5.161.107.0 - - [10/Feb/2026:01:40:30 +0000] "GET /wp-login.php HTTP/1.1" 200 4740 kenilworthcourt.com "-" "Mozilla/5.0 (Windows NT 10.0; Win64; x64) AppleWebKit/537.36 (KHTML, like Gecko) Chrome/130.0.0.0 Safari/537.36" "-"
198.244.226.0 - - [10/Feb/2026:01:40:33 +0000] "GET /top-10-betting-casino-tips-casinos-us-to-experience-the-real-deal-money-in-2025/feed HTTP/1.1" 200 982 kenilworthcourt.com "-" "Mozilla/5.0 (compatible; AhrefsBot/7.0; +http://ahrefs.com/robot/)" "-"
37.140.223.0 - - [10/Feb/2026:01:40:35 +0000] "POST /wp-login.php HTTP/1.1" 200 5162 kenilworthcourt.com "-" "Mozilla/5.0" "-"
37.140.223.0 - - [10/Feb/2026:01:40:36 +0000] "POST /wp-login.php HTTP/1.1" 200 5110 kenilworthcourt.com "-" "Mozilla/5.0" "-"
3.83.76.0 - - [10/Feb/2026:01:40:39 +0000] "GET /fruitinator-online-casino-fur-systemliebhaber HTTP/1.1" 200 31833 kenilworthcourt.com "-" "TerraCotta https://github.com/CeramicTeam/CeramicTerracotta" "-"
5.161.107.0 - - [10/Feb/2026:01:40:42 +0000] "POST /wp-login.php HTTP/1.1" 200 5110 kenilworthcourt.com "https://kenilworthcourt.com/wp-login.php" "Mozilla/5.0 (Windows NT 10.0; Win64; x64) AppleWebKit/537.36 (KHTML, like Gecko) Chrome/130.0.0.0 Safari/537.36" "-"
51.89.129.0 - - [10/Feb/2026:01:40:43 +0000] "GET /category/slottica-opinie-724/feed HTTP/1.1" 200 48688 kenilworthcourt.com "-" "Mozilla/5.0 (compatible; AhrefsBot/7.0; +http://ahrefs.com/robot/)" "-"
143.198.91.0 - - [10/Feb/2026:01:40:44 +0000] "GET /wp-login.php?action=register HTTP/1.1" 302 - kenilworthcourt.com "https://kenilworthcourt.com/adu-builders-in-sacramento-2" "Mozilla/5.0 (Windows NT 6.3; Win64; x64) AppleWebKit/537.36 (KHTML, like Gecko) Chrome/103.0.0.0 Safari/537.36" "-"
143.198.91.0 - - [10/Feb/2026:01:40:45 +0000] "GET /wp-login.php?registration=disabled HTTP/1.1" 200 4932 kenilworthcourt.com "https://kenilworthcourt.com/wp-login.php?action=register" "Mozilla/5.0 (Windows NT 6.3; Win64; x64) AppleWebKit/537.36 (KHTML, like Gecko) Chrome/103.0.0.0 Safari/537.36" "-"
3.83.76.0 - - [10/Feb/2026:01:40:47 +0000] "GET /taxas-de-rtp-da-aviator-game-reembolso-ao-jogador-em-seus-jogos HTTP/1.1" 200 34799 kenilworthcourt.com "-" "TerraCotta https://github.com/CeramicTeam/CeramicTerracotta" "-"
198.244.168.0 - - [10/Feb/2026:01:40:54 +0000] "GET /tragamonedas-50-giros-gratis-bejeweled-2-en-registro-sin-deposito-iron-man-dos-giros-sin-boquilla-vano-online HTTP/1.1" 200 40159 kenilworthcourt.com "-" "Mozilla/5.0 (compatible; AhrefsBot/7.0; +http://ahrefs.com/robot/)" "-"
2a03:2880:f800:: - - [10/Feb/2026:01:40:56 +0000] "GET /kinbet-zakladni-principy-hazardnich-her-na-internetu HTTP/1.1" 200 31983 kenilworthcourt.com "-" "meta-externalagent/1.1 (+https://developers.facebook.com/docs/sharing/webmasters/crawler)" "-"
43.163.22.0 - - [10/Feb/2026:01:40:56 +0000] "GET /?p=14130 HTTP/1.1" 301 - kenilworthcourt.com "-" "Mozilla/5.0 (Windows NT 10.0; Win64; x64) AppleWebKit/537.36 (KHTML, like Gecko) Chrome/112.0.0.0 Safari/537.36" "-"
3.83.76.0 - - [10/Feb/2026:01:40:56 +0000] "GET /category/link-vao-188bet-709 HTTP/1.1" 200 64409 kenilworthcourt.com "-" "TerraCotta https://github.com/CeramicTeam/CeramicTerracotta" "-"
43.173.181.0 - - [10/Feb/2026:01:40:56 +0000] "GET /bizzo-casino-promo-code-467 HTTP/1.1" 200 38580 kenilworthcourt.com "-" "Mozilla/5.0 (Windows NT 10.0; Win64; x64) AppleWebKit/537.36 (KHTML, like Gecko) Chrome/117.0.0.0 Safari/537.36" "-"
43.163.22.0 - - [10/Feb/2026:01:40:57 +0000] "GET /bizzo-casino-promo-code-459 HTTP/1.1" 200 42026 kenilworthcourt.com "https://kenilworthcourt.com/?p=14130" "Mozilla/5.0 (Windows NT 10.0; Win64; x64) AppleWebKit/537.36 (KHTML, like Gecko) Chrome/112.0.0.0 Safari/537.36" "-"
3.83.76.0 - - [10/Feb/2026:01:40:58 +0000] "GET /etoimoi-na-paixete-kai-na-kerdisete-megala-kerdi-to-kazino-fonbet-sas-ypodechetai-apo-tin-ellada HTTP/1.1" 200 47261 kenilworthcourt.com "-" "TerraCotta https://github.com/CeramicTeam/CeramicTerracotta" "-"
97.74.84.0 - - [10/Feb/2026:01:40:59 +0000] "GET /wp-login.php HTTP/1.1" 200 4740 kenilworthcourt.com "-" "Mozilla/5.0 (Windows NT 10.0; Win64; x64) AppleWebKit/537.36 (KHTML, like Gecko) Chrome/130.0.0.0 Safari/537.36" "-"
198.244.168.0 - - [10/Feb/2026:01:41:02 +0000] "GET /unser-traktandum-50-innerster-planet-spiele-7-sins-mobile-casino-2025-kostenlos-blos-registration/feed HTTP/1.1" 200 1045 kenilworthcourt.com "-" "Mozilla/5.0 (compatible; AhrefsBot/7.0; +http://ahrefs.com/robot/)" "-"
43.173.179.0 - - [10/Feb/2026:01:41:03 +0000] "GET /?p=14132 HTTP/1.1" 301 - kenilworthcourt.com "-" "Mozilla/5.0 (Windows NT 10.0; Win64; x64) AppleWebKit/537.36 (KHTML, like Gecko) Chrome/133.0.0.0 Safari/537.36" "-"
43.173.179.0 - - [10/Feb/2026:01:41:04 +0000] "GET /bizzo-casino-promo-code-467 HTTP/1.1" 200 38580 kenilworthcourt.com "https://kenilworthcourt.com/?p=14132" "Mozilla/5.0 (Windows NT 10.0; Win64; x64) AppleWebKit/537.36 (KHTML, like Gecko) Chrome/133.0.0.0 Safari/537.36" "-"
3.83.76.0 - - [10/Feb/2026:01:41:07 +0000] "GET /category/motorcycle-service-87 HTTP/1.1" 200 38953 kenilworthcourt.com "-" "TerraCotta https://github.com/CeramicTeam/CeramicTerracotta" "-"
187.241.240.0 - - [10/Feb/2026:01:41:07 +0000] "GET /hell-spin-casino-no-deposit-bonus-733 HTTP/1.1" 200 44926 kenilworthcourt.com "-" "Mozilla/5.0 (Windows NT 5.1) AppleWebKit/537.36 (KHTML, like Gecko) Chrome/36.0.1985.67 Safari/537.36" "-"
54.38.147.0 - - [10/Feb/2026:01:41:11 +0000] "GET /formal-tonybet-log-in-hook-and-you-may-a-hundred-incentive HTTP/1.1" 200 33071 kenilworthcourt.com "-" "Mozilla/5.0 (compatible; AhrefsBot/7.0; +http://ahrefs.com/robot/)" "-"
3.83.76.0 - - [10/Feb/2026:01:41:16 +0000] "GET /tag/tala888-game HTTP/1.1" 200 88886 kenilworthcourt.com "-" "TerraCotta https://github.com/CeramicTeam/CeramicTerracotta" "-"
51.195.183.0 - - [10/Feb/2026:01:41:19 +0000] "GET /crea-velocemente-il-tuo-account-casino-protetto/feed HTTP/1.1" 200 887 kenilworthcourt.com "-" "Mozilla/5.0 (compatible; AhrefsBot/7.0; +http://ahrefs.com/robot/)" "-"
54.38.147.0 - - [10/Feb/2026:01:41:28 +0000] "GET /royale-1967-gambling-enterprise-no-deposit-incentive-codes-100percent-free-appropriate-link-spins-2025/feed HTTP/1.1" 200 1051 kenilworthcourt.com "-" "Mozilla/5.0 (compatible; AhrefsBot/7.0; +http://ahrefs.com/robot/)" "-"
3.83.76.0 - - [10/Feb/2026:01:41:31 +0000] "GET /tag/nv-kasyno-20e-no-deposit-bonus HTTP/1.1" 200 116331 kenilworthcourt.com "-" "TerraCotta https://github.com/CeramicTeam/CeramicTerracotta" "-"
198.244.226.0 - - [10/Feb/2026:01:41:36 +0000] "GET /tu-15-jocuri-ce-te-platesc-in-bani-clandestin-forest-80-rotiri-gratuite-reali-in-2025-radioreceptor-ja-juarez/feed HTTP/1.1" 200 1073 kenilworthcourt.com "-" "Mozilla/5.0 (compatible; AhrefsBot/7.0; +http://ahrefs.com/robot/)" "-"
198.244.168.0 - - [10/Feb/2026:01:41:47 +0000] "GET /low-lowest-rich-casino-no-deposit-code-deposit-gambling-enterprises-in-australia-the-better-selections/feed HTTP/1.1" 200 1051 kenilworthcourt.com "-" "Mozilla/5.0 (compatible; AhrefsBot/7.0; +http://ahrefs.com/robot/)" "-"
3.83.76.0 - - [10/Feb/2026:01:41:51 +0000] "GET /expert-review-van-mystake-online-casino-spellen HTTP/1.1" 200 27777 kenilworthcourt.com "-" "TerraCotta https://github.com/CeramicTeam/CeramicTerracotta" "-"
198.244.226.0 - - [10/Feb/2026:01:41:54 +0000] "GET /die-reise-des-lebens HTTP/1.1" 200 32005 kenilworthcourt.com "-" "Mozilla/5.0 (compatible; AhrefsBot/7.0; +http://ahrefs.com/robot/)" "-"
54.38.147.0 - - [10/Feb/2026:01:42:04 +0000] "GET /welche-games-konnen-sie-im-casinoly-spielhaus-zocken/feed HTTP/1.1" 200 903 kenilworthcourt.com "-" "Mozilla/5.0 (compatible; AhrefsBot/7.0; +http://ahrefs.com/robot/)" "-"
2a03:2880:f800:: - - [10/Feb/2026:01:42:06 +0000] "GET /gonadotropin-funktion-und-anwendung HTTP/1.1" 200 29122 kenilworthcourt.com "-" "meta-externalagent/1.1 (+https://developers.facebook.com/docs/sharing/webmasters/crawler)" "-"
198.244.183.0 - - [10/Feb/2026:01:42:13 +0000] "GET /comida-slots-sugar-rush-giros-livres-de-slot-melhores-jogos-para-abiscoitar-arame/feed HTTP/1.1" 200 989 kenilworthcourt.com "-" "Mozilla/5.0 (compatible; AhrefsBot/7.0; +http://ahrefs.com/robot/)" "-"
3.83.76.0 - - [10/Feb/2026:01:42:16 +0000] "GET /kazyno-betonred-e-nadezhdno-testvano-y-yzklyuchytelno-pryyatno-v-blharyya HTTP/1.1" 200 41440 kenilworthcourt.com "-" "TerraCotta https://github.com/CeramicTeam/CeramicTerracotta" "-"
198.244.183.0 - - [10/Feb/2026:01:42:21 +0000] "GET /tag/party-casino-app/feed HTTP/1.1" 200 14987 kenilworthcourt.com "-" "Mozilla/5.0 (compatible; AhrefsBot/7.0; +http://ahrefs.com/robot/)" "-"
57.130.20.0 - - [10/Feb/2026:01:42:25 +0000] "GET /wp-login.php HTTP/1.1" 200 4740 kenilworthcourt.com "-" "Mozilla/5.0 (Windows NT 10.0; Win64; x64) AppleWebKit/537.36 (KHTML, like Gecko) Chrome/130.0.0.0 Safari/537.36" "-"
54.38.147.0 - - [10/Feb/2026:01:42:30 +0000] "GET /pachinko-wild-trucks-online-jogue-dado-aquele-ganhe-bonus-exclusivos-2025-srgcp/feed HTTP/1.1" 200 984 kenilworthcourt.com "-" "Mozilla/5.0 (compatible; AhrefsBot/7.0; +http://ahrefs.com/robot/)" "-"
216.73.216.0 - - [10/Feb/2026:01:42:32 +0000] "GET /?p=1563 HTTP/1.1" 301 - kenilworthcourt.com "-" "Mozilla/5.0 AppleWebKit/537.36 (KHTML, like Gecko; compatible; ClaudeBot/1.0; +claudebot@anthropic.com)" "-"
216.73.216.0 - - [10/Feb/2026:01:42:33 +0000] "GET /finest-web-based-casinos-players-paradise-1-deposit-in-america-finest-rated-gambling-enterprise-sites HTTP/1.1" 200 38640 kenilworthcourt.com "https://kenilworthcourt.com/?p=1563" "Mozilla/5.0 AppleWebKit/537.36 (KHTML, like Gecko; compatible; ClaudeBot/1.0; +claudebot@anthropic.com)" "-"
3.83.76.0 - - [10/Feb/2026:01:42:35 +0000] "GET /meinete-iremoi-paixte-exypna-kai-kerdiste-charoymena-sto-leovegas-casino-gia-tin-ellada HTTP/1.1" 200 48750 kenilworthcourt.com "-" "TerraCotta https://github.com/CeramicTeam/CeramicTerracotta" "-"
198.244.226.0 - - [10/Feb/2026:01:42:38 +0000] "GET /greentube-casinos-beste-erreichbar-casinos-slot-pharaoh-as-part-of-betrugstest-durch-greentube-2025/feed HTTP/1.1" 200 1042 kenilworthcourt.com "-" "Mozilla/5.0 (compatible; AhrefsBot/7.0; +http://ahrefs.com/robot/)" "-"
3.83.76.0 - - [10/Feb/2026:01:42:43 +0000] "GET /category/bizzo-casino-pl-594 HTTP/1.1" 200 67296 kenilworthcourt.com "-" "TerraCotta https://github.com/CeramicTeam/CeramicTerracotta" "-"
3.83.76.0 - - [10/Feb/2026:01:42:44 +0000] "GET /aviator-game-wild-combinations-how-to-create-winning-patterns HTTP/1.1" 200 34499 kenilworthcourt.com "-" "TerraCotta https://github.com/CeramicTeam/CeramicTerracotta" "-"
198.244.226.0 - - [10/Feb/2026:01:42:45 +0000] "GET /enjoy-on-line-bingo-for-real-currency-at-the-real-money-social-casinos-best-united-states-casinos-2023 HTTP/1.1" 200 38420 kenilworthcourt.com "-" "Mozilla/5.0 (compatible; AhrefsBot/7.0; +http://ahrefs.com/robot/)" "-"
85.208.98.0 - - [10/Feb/2026:01:42:51 +0000] "GET /robots.txt HTTP/1.1" 429 267 kenilworthcourt.com "-" "Mozilla/5.0 (compatible; SemrushBot-BA; +http://www.semrush.com/bot.html)" "-"
2a03:2880:f800:: - - [10/Feb/2026:01:42:51 +0000] "GET /temple-of-squeaks-slot HTTP/1.1" 200 34254 kenilworthcourt.com "-" "meta-externalagent/1.1 (+https://developers.facebook.com/docs/sharing/webmasters/crawler)" "-"
3.83.76.0 - - [10/Feb/2026:01:42:55 +0000] "GET /odkryj-wielkie-wygrane-u-500-casino-gry-na-duze-wygrane HTTP/1.1" 200 31752 kenilworthcourt.com "-" "TerraCotta https://github.com/CeramicTeam/CeramicTerracotta" "-"
198.244.183.0 - - [10/Feb/2026:01:42:56 +0000] "GET /discover-why-lizaro-gaming-hub-is-adored-by-genuine-gamers-worldwide/feed HTTP/1.1" 200 949 kenilworthcourt.com "-" "Mozilla/5.0 (compatible; AhrefsBot/7.0; +http://ahrefs.com/robot/)" "-"
3.83.76.0 - - [10/Feb/2026:01:42:59 +0000] "GET /category/link-vao-8xbet-935 HTTP/1.1" 200 54793 kenilworthcourt.com "-" "TerraCotta https://github.com/CeramicTeam/CeramicTerracotta" "-"
51.195.183.0 - - [10/Feb/2026:01:43:03 +0000] "GET /experience-cascading-wins-and-re-spins-with-sweet-bonanza-1000/feed HTTP/1.1" 200 931 kenilworthcourt.com "-" "Mozilla/5.0 (compatible; AhrefsBot/7.0; +http://ahrefs.com/robot/)" "-"
142.93.120.0 - - [10/Feb/2026:01:43:11 +0000] "GET /wp-login.php HTTP/1.1" 200 4740 kenilworthcourt.com "-" "Mozilla/5.0 (Windows NT 10.0; Win64; x64) AppleWebKit/537.36 (KHTML, like Gecko) Chrome/130.0.0.0 Safari/537.36" "-"
3.83.76.0 - - [10/Feb/2026:01:43:12 +0000] "GET /office-ltsc-business-64-with-activator-installer-exe-gdpr-ready-ctrlhd-dow%f0%9d%9a%97l%f0%9d%9a%98ad-to%f0%9d%9a%9brent HTTP/1.1" 200 110752 kenilworthcourt.com "-" "TerraCotta https://github.com/CeramicTeam/CeramicTerracotta" "-"
198.244.226.0 - - [10/Feb/2026:01:43:12 +0000] "GET /free-slot-gnome-online-pokies-around-australia-play-demonstration-pokies-instantly-zero-sign-up HTTP/1.1" 200 37195 kenilworthcourt.com "-" "Mozilla/5.0 (compatible; AhrefsBot/7.0; +http://ahrefs.com/robot/)" "-"
85.208.98.0 - - [10/Feb/2026:01:43:17 +0000] "GET /robots.txt HTTP/1.1" 429 267 kenilworthcourt.com "-" "Mozilla/5.0 (compatible; SemrushBot-BA; +http://www.semrush.com/bot.html)" "-"
3.83.76.0 - - [10/Feb/2026:01:43:18 +0000] "GET /tag/fortune-gems-online-casino HTTP/1.1" 200 178416 kenilworthcourt.com "-" "TerraCotta https://github.com/CeramicTeam/CeramicTerracotta" "-"
85.208.98.0 - - [10/Feb/2026:01:43:20 +0000] "GET /robots.txt HTTP/1.1" 429 267 kenilworthcourt.com "-" "Mozilla/5.0 (compatible; SemrushBot-BA; +http://www.semrush.com/bot.html)" "-"
198.244.240.0 - - [10/Feb/2026:01:43:20 +0000] "GET /mines-game-easy-to-play-unforgettable-to-forget/feed HTTP/1.1" 200 891 kenilworthcourt.com "-" "Mozilla/5.0 (compatible; AhrefsBot/7.0; +http://ahrefs.com/robot/)" "-"
51.89.129.0 - - [10/Feb/2026:01:43:26 +0000] "GET /bejeweled-2-rome-warrior-online-slot-100-kostenlose-spins-kein-einzahlungscasino-kostenfrei-gehaben-gajureal HTTP/1.1" 200 39885 kenilworthcourt.com "-" "Mozilla/5.0 (compatible; AhrefsBot/7.0; +http://ahrefs.com/robot/)" "-"
3.83.76.0 - - [10/Feb/2026:01:43:29 +0000] "GET /the-excitement-of-the-plinko-game-chances HTTP/1.1" 200 31419 kenilworthcourt.com "-" "TerraCotta https://github.com/CeramicTeam/CeramicTerracotta" "-"
51.195.244.0 - - [10/Feb/2026:01:43:34 +0000] "GET /the-brand-new-wizard-out-of-oz-drone-wars-slot-100-percent-free-500-free-spins-no-deposit-2025-spins-video-slot-from-the-wms-villa30-facility HTTP/1.1" 200 37422 kenilworthcourt.com "-" "Mozilla/5.0 (compatible; AhrefsBot/7.0; +http://ahrefs.com/robot/)" "-"
3.83.76.0 - - [10/Feb/2026:01:43:38 +0000] "GET /ice-fishing-game-3 HTTP/1.1" 200 32208 kenilworthcourt.com "-" "TerraCotta https://github.com/CeramicTeam/CeramicTerracotta" "-"
85.208.98.0 - - [10/Feb/2026:01:43:41 +0000] "GET /robots.txt HTTP/1.1" 429 267 kenilworthcourt.com "-" "Mozilla/5.0 (compatible; SemrushBot-BA; +http://www.semrush.com/bot.html)" "-"
85.208.98.0 - - [10/Feb/2026:01:43:45 +0000] "GET /serie-1-e87-amazon-k.html HTTP/1.1" 429 267 kenilworthcourt.com "-" "Mozilla/5.0 (compatible; SemrushBot-BA; +http://www.semrush.com/bot.html)" "-"
51.195.215.0 - - [10/Feb/2026:01:43:45 +0000] "GET /i-migliori-sviluppatori-di-software-e-la-migliore-collezione-di-giochi-su-eurobet-casino-in-italia HTTP/1.1" 200 43821 kenilworthcourt.com "-" "Mozilla/5.0 (compatible; AhrefsBot/7.0; +http://ahrefs.com/robot/)" "-"
103.74.116.0 - - [10/Feb/2026:01:43:46 +0000] "GET /wp-login.php HTTP/1.1" 200 4740 kenilworthcourt.com "-" "Mozilla/5.0 (Windows NT 10.0; Win64; x64) AppleWebKit/537.36 (KHTML, like Gecko) Chrome/130.0.0.0 Safari/537.36" "-"
3.83.76.0 - - [10/Feb/2026:01:43:50 +0000] "GET /kippenpad-de-echte-slots-erfarenis HTTP/1.1" 200 32836 kenilworthcourt.com "-" "TerraCotta https://github.com/CeramicTeam/CeramicTerracotta" "-"
3.83.76.0 - - [10/Feb/2026:01:43:52 +0000] "GET /category/tadhana-slot-777-download-575 HTTP/1.1" 200 76136 kenilworthcourt.com "-" "TerraCotta https://github.com/CeramicTeam/CeramicTerracotta" "-"
51.195.183.0 - - [10/Feb/2026:01:43:53 +0000] "GET /log-in-luxury-casino-login-903 HTTP/1.1" 200 39098 kenilworthcourt.com "-" "Mozilla/5.0 (compatible; AhrefsBot/7.0; +http://ahrefs.com/robot/)" "-"
