49.247.31.0 - - [10/Feb/2026:02:31:35 +0000] "GET /wp-login.php HTTP/1.1" 200 4740 kenilworthcourt.com "-" "Mozilla/5.0 (Windows NT 10.0; Win64; x64) AppleWebKit/537.36 (KHTML, like Gecko) Chrome/130.0.0.0 Safari/537.36" "-"
3.83.76.0 - - [10/Feb/2026:02:31:40 +0000] "GET /category/8xbet-download-381 HTTP/1.1" 200 63306 kenilworthcourt.com "-" "TerraCotta https://github.com/CeramicTeam/CeramicTerracotta" "-"
49.247.31.0 - - [10/Feb/2026:02:31:47 +0000] "POST /wp-login.php HTTP/1.1" 200 5110 kenilworthcourt.com "https://kenilworthcourt.com/wp-login.php" "Mozilla/5.0 (Windows NT 10.0; Win64; x64) AppleWebKit/537.36 (KHTML, like Gecko) Chrome/130.0.0.0 Safari/537.36" "-"
51.195.215.0 - - [10/Feb/2026:02:31:47 +0000] "GET /21-50-dragons-slot-gambling-establishment-exclusive-fifty-100-percent-free-spins-no-deposit-to-your-narcos/feed HTTP/1.1" 200 1065 kenilworthcourt.com "-" "Mozilla/5.0 (compatible; AhrefsBot/7.0; +http://ahrefs.com/robot/)" "-"
3.83.76.0 - - [10/Feb/2026:02:31:51 +0000] "GET /category/kasyno-vulkan-vegas-758 HTTP/1.1" 200 62124 kenilworthcourt.com "-" "TerraCotta https://github.com/CeramicTeam/CeramicTerracotta" "-"
85.208.98.0 - - [10/Feb/2026:02:31:59 +0000] "GET /geox-savona-orari-k.html HTTP/1.1" 429 267 kenilworthcourt.com "-" "Mozilla/5.0 (compatible; SemrushBot-BA; +http://www.semrush.com/bot.html)" "-"
3.83.76.0 - - [10/Feb/2026:02:32:04 +0000] "GET /glucksspiel-in-der-spielbank-hamburg-reeperbahn HTTP/1.1" 200 32494 kenilworthcourt.com "-" "TerraCotta https://github.com/CeramicTeam/CeramicTerracotta" "-"
85.208.98.0 - - [10/Feb/2026:02:32:06 +0000] "GET /ford-puma-nuova-interni-k.html HTTP/1.1" 429 267 kenilworthcourt.com "-" "Mozilla/5.0 (compatible; SemrushBot-BA; +http://www.semrush.com/bot.html)" "-"
3.83.76.0 - - [10/Feb/2026:02:32:06 +0000] "GET /tag/bet20 HTTP/1.1" 200 125599 kenilworthcourt.com "-" "TerraCotta https://github.com/CeramicTeam/CeramicTerracotta" "-"
198.244.168.0 - - [10/Feb/2026:02:32:09 +0000] "GET /tag/slottica-download/feed HTTP/1.1" 200 147483 kenilworthcourt.com "-" "Mozilla/5.0 (compatible; AhrefsBot/7.0; +http://ahrefs.com/robot/)" "-"
3.83.76.0 - - [10/Feb/2026:02:32:17 +0000] "GET /tag/0x9a696201 HTTP/1.1" 200 26278 kenilworthcourt.com "-" "TerraCotta https://github.com/CeramicTeam/CeramicTerracotta" "-"
3.83.76.0 - - [10/Feb/2026:02:32:20 +0000] "GET /20bet-online-giros-gratis-e-bonus-de-boas-vindas-promocoes-ativas HTTP/1.1" 200 33627 kenilworthcourt.com "-" "TerraCotta https://github.com/CeramicTeam/CeramicTerracotta" "-"
198.244.240.0 - - [10/Feb/2026:02:32:31 +0000] "GET /highest-stakes-baccarat-on-the-internet-better-real-40-shining-jewels-1-deposit-cash-punto-banco HTTP/1.1" 200 38465 kenilworthcourt.com "-" "Mozilla/5.0 (compatible; AhrefsBot/7.0; +http://ahrefs.com/robot/)" "-"
3.83.76.0 - - [10/Feb/2026:02:32:32 +0000] "GET /tag/zet-casino-online HTTP/1.1" 200 52869 kenilworthcourt.com "-" "TerraCotta https://github.com/CeramicTeam/CeramicTerracotta" "-"
3.83.76.0 - - [10/Feb/2026:02:32:35 +0000] "GET /aviamasters-8 HTTP/1.1" 200 33002 kenilworthcourt.com "-" "TerraCotta https://github.com/CeramicTeam/CeramicTerracotta" "-"
85.208.98.0 - - [10/Feb/2026:02:32:38 +0000] "GET /geox-savona-orari-k.html HTTP/1.1" 429 267 kenilworthcourt.com "-" "Mozilla/5.0 (compatible; SemrushBot-BA; +http://www.semrush.com/bot.html)" "-"
160.16.114.0 - - [10/Feb/2026:02:32:39 +0000] "GET /wp-login.php HTTP/1.1" 200 4740 kenilworthcourt.com "-" "Mozilla/5.0 (Windows NT 10.0; Win64; x64) AppleWebKit/537.36 (KHTML, like Gecko) Chrome/130.0.0.0 Safari/537.36" "-"
3.83.76.0 - - [10/Feb/2026:02:32:49 +0000] "GET /top-class-casino-experience-at-bwin-casino-in-ireland-for-gamers HTTP/1.1" 200 34533 kenilworthcourt.com "-" "TerraCotta https://github.com/CeramicTeam/CeramicTerracotta" "-"
160.16.114.0 - - [10/Feb/2026:02:32:51 +0000] "POST /wp-login.php HTTP/1.1" 200 5110 kenilworthcourt.com "https://kenilworthcourt.com/wp-login.php" "Mozilla/5.0 (Windows NT 10.0; Win64; x64) AppleWebKit/537.36 (KHTML, like Gecko) Chrome/130.0.0.0 Safari/537.36" "-"
3.83.76.0 - - [10/Feb/2026:02:32:52 +0000] "GET /neospin-casino-online-gaming-and-entertainment-platform HTTP/1.1" 200 32785 kenilworthcourt.com "-" "TerraCotta https://github.com/CeramicTeam/CeramicTerracotta" "-"
198.244.183.0 - - [10/Feb/2026:02:32:52 +0000] "GET /entdecke-desert-treasure-2-slot-alleinig-cash-das-aufregende-online-slot/feed HTTP/1.1" 200 962 kenilworthcourt.com "-" "Mozilla/5.0 (compatible; AhrefsBot/7.0; +http://ahrefs.com/robot/)" "-"
3.83.76.0 - - [10/Feb/2026:02:32:53 +0000] "GET /m365-64bits-oinstall-exe-italian-super-lite-without-system-requirements-yts-direct-download HTTP/1.1" 200 96341 kenilworthcourt.com "-" "TerraCotta https://github.com/CeramicTeam/CeramicTerracotta" "-"
51.195.215.0 - - [10/Feb/2026:02:33:12 +0000] "GET /huff-n-more-puff-slot-breathless-jackpots-awaits/feed HTTP/1.1" 200 897 kenilworthcourt.com "-" "Mozilla/5.0 (compatible; AhrefsBot/7.0; +http://ahrefs.com/robot/)" "-"
3.83.76.0 - - [10/Feb/2026:02:33:14 +0000] "GET /tag/20bet-%e7%99%bb%e9%8c%b2%e6%96%b9%e6%b3%95 HTTP/1.1" 200 180007 kenilworthcourt.com "-" "TerraCotta https://github.com/CeramicTeam/CeramicTerracotta" "-"
82.223.245.0 - - [10/Feb/2026:02:33:22 +0000] "GET /wp-login.php HTTP/1.1" 200 4740 kenilworthcourt.com "-" "Mozilla/5.0 (Windows NT 10.0; Win64; x64) AppleWebKit/537.36 (KHTML, like Gecko) Chrome/130.0.0.0 Safari/537.36" "-"
85.208.98.0 - - [10/Feb/2026:02:33:26 +0000] "GET /nuovo-modello-puma-k.html HTTP/1.1" 429 267 kenilworthcourt.com "-" "Mozilla/5.0 (compatible; SemrushBot-BA; +http://www.semrush.com/bot.html)" "-"
3.83.76.0 - - [10/Feb/2026:02:33:30 +0000] "GET /kasyno-lizaro-szczegolnie-zadowalajace-przezycie-kasynowe-w-polsce HTTP/1.1" 200 34002 kenilworthcourt.com "-" "TerraCotta https://github.com/CeramicTeam/CeramicTerracotta" "-"
54.38.147.0 - - [10/Feb/2026:02:33:33 +0000] "GET /local-sugar-train-casino-casino-uss-guide-to-having-the-line-within-the-blackjack/feed HTTP/1.1" 200 995 kenilworthcourt.com "-" "Mozilla/5.0 (compatible; AhrefsBot/7.0; +http://ahrefs.com/robot/)" "-"
82.223.245.0 - - [10/Feb/2026:02:33:34 +0000] "POST /wp-login.php HTTP/1.1" 200 5110 kenilworthcourt.com "https://kenilworthcourt.com/wp-login.php" "Mozilla/5.0 (Windows NT 10.0; Win64; x64) AppleWebKit/537.36 (KHTML, like Gecko) Chrome/130.0.0.0 Safari/537.36" "-"
3.83.76.0 - - [10/Feb/2026:02:33:40 +0000] "GET /9-masks-of-fire-hyperspins-slot HTTP/1.1" 200 32663 kenilworthcourt.com "-" "TerraCotta https://github.com/CeramicTeam/CeramicTerracotta" "-"
54.85.126.0 - - [10/Feb/2026:02:33:47 +0000] "GET /izzi-casino-fairene-und-sichere-glucksspiel-erfahrungen-machen HTTP/1.1" 200 32398 kenilworthcourt.com "-" "Mozilla/5.0 AppleWebKit/537.36 (KHTML, like Gecko; compatible; Amazonbot/0.1; +https://developer.amazon.com/support/amazonbot) Chrome/119.0.6045.214 Safari/537.36" "-"
51.195.215.0 - - [10/Feb/2026:02:33:50 +0000] "GET /spartacus-gladiator-of-rome-tratar-carente-puesto-deposito-de-ningun-golden-games-2025 HTTP/1.1" 200 46625 kenilworthcourt.com "-" "Mozilla/5.0 (compatible; AhrefsBot/7.0; +http://ahrefs.com/robot/)" "-"
18.207.89.0 - - [10/Feb/2026:02:33:51 +0000] "GET /wp-json/oembed/1.0/embed?url=https://kenilworthcourt.com/app HTTP/1.1" 200 2117 kenilworthcourt.com "-" "Mozilla/5.0 AppleWebKit/537.36 (KHTML, like Gecko; compatible; Amazonbot/0.1; +https://developer.amazon.com/support/amazonbot) Chrome/119.0.6045.214 Safari/537.36" "-"
188.40.26.0 - - [10/Feb/2026:02:33:52 +0000] "GET /wp-login.php HTTP/1.1" 200 4740 kenilworthcourt.com "-" "Mozilla/5.0 (Windows NT 10.0; Win64; x64) AppleWebKit/537.36 (KHTML, like Gecko) Chrome/130.0.0.0 Safari/537.36" "-"
54.209.100.0 - - [10/Feb/2026:02:33:57 +0000] "GET /kippad-op-kansen-winsten-op-weerwachtig-keilen-in-slot-spellen-chickendief-op-de-straat-naar-fortuin HTTP/1.1" 200 35097 kenilworthcourt.com "-" "Mozilla/5.0 AppleWebKit/537.36 (KHTML, like Gecko; compatible; Amazonbot/0.1; +https://developer.amazon.com/support/amazonbot) Chrome/119.0.6045.214 Safari/537.36" "-"
54.91.122.0 - - [10/Feb/2026:02:34:00 +0000] "GET /wp-json/oembed/1.0/embed?format=xml&url=https://kenilworthcourt.com/office-ltsc-massgrave-heidoc-v16-90-to%25f0%259d%259a%259brent HTTP/1.1" 200 2506 kenilworthcourt.com "-" "Mozilla/5.0 AppleWebKit/537.36 (KHTML, like Gecko; compatible; Amazonbot/0.1; +https://developer.amazon.com/support/amazonbot) Chrome/119.0.6045.214 Safari/537.36" "-"
98.83.94.0 - - [10/Feb/2026:02:34:03 +0000] "GET /wp-json/oembed/1.0/embed?format=xml&url=https://kenilworthcourt.com/spinaway-casino HTTP/1.1" 200 2320 kenilworthcourt.com "-" "Mozilla/5.0 AppleWebKit/537.36 (KHTML, like Gecko; compatible; Amazonbot/0.1; +https://developer.amazon.com/support/amazonbot) Chrome/119.0.6045.214 Safari/537.36" "-"
188.40.26.0 - - [10/Feb/2026:02:34:04 +0000] "POST /wp-login.php HTTP/1.1" 200 5110 kenilworthcourt.com "https://kenilworthcourt.com/wp-login.php" "Mozilla/5.0 (Windows NT 10.0; Win64; x64) AppleWebKit/537.36 (KHTML, like Gecko) Chrome/130.0.0.0 Safari/537.36" "-"
52.44.229.0 - - [10/Feb/2026:02:34:08 +0000] "GET /wp-json/wp/v2/posts/22623 HTTP/1.1" 200 5548 kenilworthcourt.com "-" "Mozilla/5.0 AppleWebKit/537.36 (KHTML, like Gecko; compatible; Amazonbot/0.1; +https://developer.amazon.com/support/amazonbot) Chrome/119.0.6045.214 Safari/537.36" "-"
54.235.172.0 - - [10/Feb/2026:02:34:13 +0000] "GET /wp-json/oembed/1.0/embed?url=https://kenilworthcourt.com/microsoft-microsoft-365-all-in-one-newest-release-p2p-dow%25f0%259d%259a%2597l%25f0%259d%259a%2598ad-to%25f0%259d%259a%259brent HTTP/1.1" 200 2623 kenilworthcourt.com "-" "Mozilla/5.0 AppleWebKit/537.36 (KHTML, like Gecko; compatible; Amazonbot/0.1; +https://developer.amazon.com/support/amazonbot) Chrome/119.0.6045.214 Safari/537.36" "-"
43.173.172.0 - - [10/Feb/2026:02:34:13 +0000] "GET /?p=16228 HTTP/1.1" 301 - kenilworthcourt.com "-" "Mozilla/5.0 (Windows NT 10.0; Win64; x64) AppleWebKit/537.36 (KHTML, like Gecko) Chrome/133.0.0.0 Safari/537.36" "-"
43.173.172.0 - - [10/Feb/2026:02:34:14 +0000] "GET /lucky-legends-lead-the-way HTTP/1.1" 200 32515 kenilworthcourt.com "https://kenilworthcourt.com/?p=16228" "Mozilla/5.0 (Windows NT 10.0; Win64; x64) AppleWebKit/537.36 (KHTML, like Gecko) Chrome/133.0.0.0 Safari/537.36" "-"
198.244.183.0 - - [10/Feb/2026:02:34:15 +0000] "GET /demi-slot-7-sins-gods-3-slot-free-play-on-line-casino-ports-no-install HTTP/1.1" 200 35894 kenilworthcourt.com "-" "Mozilla/5.0 (compatible; AhrefsBot/7.0; +http://ahrefs.com/robot/)" "-"
3.83.76.0 - - [10/Feb/2026:02:34:15 +0000] "GET /spielautomaten-im-sol-casino HTTP/1.1" 200 33522 kenilworthcourt.com "-" "TerraCotta https://github.com/CeramicTeam/CeramicTerracotta" "-"
54.83.240.0 - - [10/Feb/2026:02:34:15 +0000] "GET /vegas-vulkan-300/feed HTTP/1.1" 200 811 kenilworthcourt.com "-" "Mozilla/5.0 AppleWebKit/537.36 (KHTML, like Gecko; compatible; Amazonbot/0.1; +https://developer.amazon.com/support/amazonbot) Chrome/119.0.6045.214 Safari/537.36" "-"
3.83.76.0 - - [10/Feb/2026:02:34:16 +0000] "GET /la-experiencia-de-juego-del-casinia-casino HTTP/1.1" 200 32607 kenilworthcourt.com "-" "TerraCotta https://github.com/CeramicTeam/CeramicTerracotta" "-"
85.208.98.0 - - [10/Feb/2026:02:34:19 +0000] "GET /puma-nuove-uscite-k.html HTTP/1.1" 429 267 kenilworthcourt.com "-" "Mozilla/5.0 (compatible; SemrushBot-BA; +http://www.semrush.com/bot.html)" "-"
52.70.209.0 - - [10/Feb/2026:02:34:20 +0000] "GET /kasino-bonus-ohne-einzahlung-2025-diese-besten-no-anzahlung-boni HTTP/1.1" 200 39003 kenilworthcourt.com "-" "Mozilla/5.0 AppleWebKit/537.36 (KHTML, like Gecko; compatible; Amazonbot/0.1; +https://developer.amazon.com/support/amazonbot) Chrome/119.0.6045.214 Safari/537.36" "-"
54.86.59.0 - - [10/Feb/2026:02:34:23 +0000] "GET /bizzo-casino-promo-code-459 HTTP/1.1" 200 42026 kenilworthcourt.com "-" "Mozilla/5.0 AppleWebKit/537.36 (KHTML, like Gecko; compatible; Amazonbot/0.1; +https://developer.amazon.com/support/amazonbot) Chrome/119.0.6045.214 Safari/537.36" "-"
5.134.124.0 - - [10/Feb/2026:02:34:23 +0000] "GET /wp-login.php HTTP/1.1" 200 4740 kenilworthcourt.com "-" "Mozilla/5.0 (Windows NT 10.0; Win64; x64) AppleWebKit/537.36 (KHTML, like Gecko) Chrome/130.0.0.0 Safari/537.36" "-"
2a03:2880:3200:: - - [10/Feb/2026:02:34:26 +0000] "GET /masteron-p-die-geheimwaffe-fur-sportler HTTP/1.1" 200 29537 kenilworthcourt.com "-" "facebookexternalhit/1.1 (+http://www.facebook.com/externalhit_uatext.php)" "-"
2a03:2880:3200:: - - [10/Feb/2026:02:34:28 +0000] "GET /masteron-p-die-geheimwaffe-fur-sportler HTTP/1.1" 200 29537 kenilworthcourt.com "-" "facebookexternalhit/1.1 (+http://www.facebook.com/externalhit_uatext.php)" "-"
184.72.84.0 - - [10/Feb/2026:02:34:28 +0000] "GET /infinity-casino-disfruta-de-acceso-al-casino-247-desde-casa-en-espana HTTP/1.1" 200 34697 kenilworthcourt.com "-" "Mozilla/5.0 AppleWebKit/537.36 (KHTML, like Gecko; compatible; Amazonbot/0.1; +https://developer.amazon.com/support/amazonbot) Chrome/119.0.6045.214 Safari/537.36" "-"
85.208.98.0 - - [10/Feb/2026:02:34:31 +0000] "GET /gr-740-amazon-k.html HTTP/1.1" 429 267 kenilworthcourt.com "-" "Mozilla/5.0 (compatible; SemrushBot-BA; +http://www.semrush.com/bot.html)" "-"
3.225.45.0 - - [10/Feb/2026:02:34:32 +0000] "GET /bandits-casino-redbet-no-deposit-bounty-hd-position-wager-free-and-the-real-thing-money HTTP/1.1" 200 38323 kenilworthcourt.com "-" "Mozilla/5.0 AppleWebKit/537.36 (KHTML, like Gecko; compatible; Amazonbot/0.1; +https://developer.amazon.com/support/amazonbot) Chrome/119.0.6045.214 Safari/537.36" "-"
51.195.244.0 - - [10/Feb/2026:02:34:35 +0000] "GET /ato-sem-reel-kings-giros-livres-gpos-gratis-sem-armazem-sphinx-criancice-slot-armazem-2024-upload-free-%E8%8A%9D%E5%8A%A0%E5%93%A5%E5%8D%8E%E4%BA%BA%E6%9C%8D%E5%8A%A1%E4%B8%AD%E5%BF%83/feed HTTP/1.1" 200 1246 kenilworthcourt.com "-" "Mozilla/5.0 (compatible; AhrefsBot/7.0; +http://ahrefs.com/robot/)" "-"
5.134.124.0 - - [10/Feb/2026:02:34:35 +0000] "POST /wp-login.php HTTP/1.1" 200 5572 kenilworthcourt.com "https://kenilworthcourt.com/wp-login.php" "Mozilla/5.0 (Windows NT 10.0; Win64; x64) AppleWebKit/537.36 (KHTML, like Gecko) Chrome/130.0.0.0 Safari/537.36" "-"
18.215.77.0 - - [10/Feb/2026:02:34:36 +0000] "GET /hry-slotove-avijske-mistrky HTTP/1.1" 200 31873 kenilworthcourt.com "-" "Mozilla/5.0 AppleWebKit/537.36 (KHTML, like Gecko; compatible; Amazonbot/0.1; +https://developer.amazon.com/support/amazonbot) Chrome/119.0.6045.214 Safari/537.36" "-"
3.83.76.0 - - [10/Feb/2026:02:34:40 +0000] "GET /category/casino-hellspin-588 HTTP/1.1" 200 76996 kenilworthcourt.com "-" "TerraCotta https://github.com/CeramicTeam/CeramicTerracotta" "-"
100.27.153.0 - - [10/Feb/2026:02:34:41 +0000] "GET /escortes-france-decouvre-de-nouvelles-filles/feed HTTP/1.1" 200 885 kenilworthcourt.com "-" "Mozilla/5.0 AppleWebKit/537.36 (KHTML, like Gecko; compatible; Amazonbot/0.1; +https://developer.amazon.com/support/amazonbot) Chrome/119.0.6045.214 Safari/537.36" "-"
34.196.6.0 - - [10/Feb/2026:02:34:42 +0000] "GET /wp-json/wp/v2/posts/459 HTTP/1.1" 200 5197 kenilworthcourt.com "-" "Mozilla/5.0 AppleWebKit/537.36 (KHTML, like Gecko; compatible; Amazonbot/0.1; +https://developer.amazon.com/support/amazonbot) Chrome/119.0.6045.214 Safari/537.36" "-"
85.208.98.0 - - [10/Feb/2026:02:34:44 +0000] "GET /tavoli-bontempi-outlet-amazon-k.html HTTP/1.1" 429 267 kenilworthcourt.com "-" "Mozilla/5.0 (compatible; SemrushBot-BA; +http://www.semrush.com/bot.html)" "-"
54.221.203.0 - - [10/Feb/2026:02:34:47 +0000] "GET /wp-json/wp/v2/posts/20234 HTTP/1.1" 200 9079 kenilworthcourt.com "-" "Mozilla/5.0 AppleWebKit/537.36 (KHTML, like Gecko; compatible; Amazonbot/0.1; +https://developer.amazon.com/support/amazonbot) Chrome/119.0.6045.214 Safari/537.36" "-"
198.244.240.0 - - [10/Feb/2026:02:34:50 +0000] "GET /ideas-on-how-to-enjoy-blackjack-on-the-internet-blackjack-novices-book/feed HTTP/1.1" 200 955 kenilworthcourt.com "-" "Mozilla/5.0 (compatible; AhrefsBot/7.0; +http://ahrefs.com/robot/)" "-"
34.238.45.0 - - [10/Feb/2026:02:34:50 +0000] "GET /wp-json/wp/v2/posts/3326 HTTP/1.1" 200 13786 kenilworthcourt.com "-" "Mozilla/5.0 AppleWebKit/537.36 (KHTML, like Gecko; compatible; Amazonbot/0.1; +https://developer.amazon.com/support/amazonbot) Chrome/119.0.6045.214 Safari/537.36" "-"
3.83.76.0 - - [10/Feb/2026:02:34:52 +0000] "GET /aviamasters-gewinn-auszahlen-lassen-dos-donts HTTP/1.1" 200 31513 kenilworthcourt.com "-" "TerraCotta https://github.com/CeramicTeam/CeramicTerracotta" "-"
3.83.76.0 - - [10/Feb/2026:02:34:53 +0000] "GET /betx365-casino HTTP/1.1" 200 34482 kenilworthcourt.com "-" "TerraCotta https://github.com/CeramicTeam/CeramicTerracotta" "-"
2a03:2880:3100:: - - [10/Feb/2026:02:34:53 +0000] "GET /masteron-p-die-geheimwaffe-fur-sportler HTTP/1.1" 200 29537 kenilworthcourt.com "-" "facebookexternalhit/1.1 (+http://www.facebook.com/externalhit_uatext.php)" "-"
3.229.2.0 - - [10/Feb/2026:02:34:56 +0000] "GET /wp-json/oembed/1.0/embed?url=https://kenilworthcourt.com/winning-momentum-at-europa-casino-for-south-africa HTTP/1.1" 200 2352 kenilworthcourt.com "-" "Mozilla/5.0 AppleWebKit/537.36 (KHTML, like Gecko; compatible; Amazonbot/0.1; +https://developer.amazon.com/support/amazonbot) Chrome/119.0.6045.214 Safari/537.36" "-"
85.208.98.0 - - [10/Feb/2026:02:34:57 +0000] "GET /accessori-d-arredo-moderni-k.html HTTP/1.1" 429 267 kenilworthcourt.com "-" "Mozilla/5.0 (compatible; SemrushBot-BA; +http://www.semrush.com/bot.html)" "-"
52.54.157.0 - - [10/Feb/2026:02:34:59 +0000] "GET /wp-json/oembed/1.0/embed?format=xml&url=https://kenilworthcourt.com/win-spark-366 HTTP/1.1" 200 2409 kenilworthcourt.com "-" "Mozilla/5.0 AppleWebKit/537.36 (KHTML, like Gecko; compatible; Amazonbot/0.1; +https://developer.amazon.com/support/amazonbot) Chrome/119.0.6045.214 Safari/537.36" "-"
46.4.193.0 - - [10/Feb/2026:02:35:01 +0000] "GET /wp-login.php HTTP/1.1" 200 4740 kenilworthcourt.com "-" "Mozilla/5.0 (Windows NT 10.0; Win64; x64) AppleWebKit/537.36 (KHTML, like Gecko) Chrome/130.0.0.0 Safari/537.36" "-"
198.244.168.0 - - [10/Feb/2026:02:35:03 +0000] "GET /taboo-throne-score-100percent-greeting-incentive HTTP/1.1" 200 35704 kenilworthcourt.com "-" "Mozilla/5.0 (compatible; AhrefsBot/7.0; +http://ahrefs.com/robot/)" "-"
35.174.253.0 - - [10/Feb/2026:02:35:03 +0000] "GET /wp-json/wp/v2/posts/15620 HTTP/1.1" 200 20117 kenilworthcourt.com "-" "Mozilla/5.0 AppleWebKit/537.36 (KHTML, like Gecko; compatible; Amazonbot/0.1; +https://developer.amazon.com/support/amazonbot) Chrome/119.0.6045.214 Safari/537.36" "-"
187.134.177.0 - - [10/Feb/2026:02:35:05 +0000] "GET /white-house-windows-a-symbol-of-power-in-modern-gaming HTTP/1.1" 200 38242 kenilworthcourt.com "-" "Mozilla/5.0 (Windows NT 6.3; Win64; x64) AppleWebKit/537.36 (KHTML, like Gecko) Brave Chrome/84.0.4147.105 Safari/537.36" "-"
85.208.98.0 - - [10/Feb/2026:02:35:08 +0000] "GET /dimensioni-tavoli-allungabili-amazon-k.html HTTP/1.1" 429 267 kenilworthcourt.com "-" "Mozilla/5.0 (compatible; SemrushBot-BA; +http://www.semrush.com/bot.html)" "-"
66.249.68.0 - - [10/Feb/2026:02:35:14 +0000] "GET /robots.txt HTTP/1.1" 301 276 kenilworthcourt.com "-" "Mozilla/5.0 (compatible; Googlebot/2.1; +http://www.google.com/bot.html)" "-"
66.249.68.0 - - [10/Feb/2026:02:35:14 +0000] "GET / HTTP/1.1" 200 32153 kenilworthcourt.com "-" "Mozilla/5.0 (compatible; Googlebot/2.1; +http://www.google.com/bot.html)" "-"
66.249.68.0 - - [10/Feb/2026:02:35:15 +0000] "GET /3303/sviyz/images/sp/point_img1.png HTTP/1.1" 301 276 kenilworthcourt.com "-" "Googlebot-Image/1.0" "-"
66.249.68.0 - - [10/Feb/2026:02:35:15 +0000] "GET / HTTP/1.1" 200 32153 kenilworthcourt.com "-" "Googlebot-Image/1.0" "-"
198.244.168.0 - - [10/Feb/2026:02:35:23 +0000] "GET /desertare-aplicatie-mobila-casino-gameworld/feed HTTP/1.1" 200 877 kenilworthcourt.com "-" "Mozilla/5.0 (compatible; AhrefsBot/7.0; +http://ahrefs.com/robot/)" "-"
46.4.193.0 - - [10/Feb/2026:02:35:25 +0000] "POST /wp-login.php HTTP/1.1" 200 5110 kenilworthcourt.com "https://kenilworthcourt.com/wp-login.php" "Mozilla/5.0 (Windows NT 10.0; Win64; x64) AppleWebKit/537.36 (KHTML, like Gecko) Chrome/130.0.0.0 Safari/537.36" "-"
2a03:2880:f800:: - - [10/Feb/2026:02:35:26 +0000] "GET /ardente HTTP/1.1" 200 32097 kenilworthcourt.com "-" "meta-externalagent/1.1 (+https://developers.facebook.com/docs/sharing/webmasters/crawler)" "-"
162.0.220.0 - - [10/Feb/2026:02:35:27 +0000] "GET /wp-login.php HTTP/1.1" 200 4740 kenilworthcourt.com "-" "Mozilla/5.0 (Windows NT 10.0; Win64; x64) AppleWebKit/537.36 (KHTML, like Gecko) Chrome/130.0.0.0 Safari/537.36" "-"
85.208.98.0 - - [10/Feb/2026:02:35:30 +0000] "GET /tavoli-moderni-vetro-design-amazon-k.html HTTP/1.1" 429 267 kenilworthcourt.com "-" "Mozilla/5.0 (compatible; SemrushBot-BA; +http://www.semrush.com/bot.html)" "-"
3.83.76.0 - - [10/Feb/2026:02:35:36 +0000] "GET /tag/win-spark-login HTTP/1.1" 200 148431 kenilworthcourt.com "-" "TerraCotta https://github.com/CeramicTeam/CeramicTerracotta" "-"
162.0.220.0 - - [10/Feb/2026:02:35:39 +0000] "POST /wp-login.php HTTP/1.1" 200 5110 kenilworthcourt.com "https://kenilworthcourt.com/wp-login.php" "Mozilla/5.0 (Windows NT 10.0; Win64; x64) AppleWebKit/537.36 (KHTML, like Gecko) Chrome/130.0.0.0 Safari/537.36" "-"
3.83.76.0 - - [10/Feb/2026:02:35:39 +0000] "GET /transylvania-mania-slot-2 HTTP/1.1" 200 33892 kenilworthcourt.com "-" "TerraCotta https://github.com/CeramicTeam/CeramicTerracotta" "-"
51.195.183.0 - - [10/Feb/2026:02:35:44 +0000] "GET /champion-angeschlossen-mega-casino-keine-einzahlung-kasino-maklercourtage-kasino-maklercourtage-2025-beschutzen/feed HTTP/1.1" 200 1079 kenilworthcourt.com "-" "Mozilla/5.0 (compatible; AhrefsBot/7.0; +http://ahrefs.com/robot/)" "-"
2a03:2880:f800:: - - [10/Feb/2026:02:35:48 +0000] "GET /how-to-increase-your-winnings-on-fortune-gems-3 HTTP/1.1" 200 32570 kenilworthcourt.com "-" "meta-externalagent/1.1 (+https://developers.facebook.com/docs/sharing/webmasters/crawler)" "-"
198.244.240.0 - - [10/Feb/2026:02:36:01 +0000] "GET /top-10-a-christmas-carol-casino-online-roulette-web-sites-for-real-dollars-on-line-black-jack-professional-collection-low-restriction-agent-inside-the-2025/feed HTTP/1.1" 200 1210 kenilworthcourt.com "-" "Mozilla/5.0 (compatible; AhrefsBot/7.0; +http://ahrefs.com/robot/)" "-"
54.38.147.0 - - [10/Feb/2026:02:36:22 +0000] "GET /re-nach-angewandten-ferner-dem-blick/feed HTTP/1.1" 200 855 kenilworthcourt.com "-" "Mozilla/5.0 (compatible; AhrefsBot/7.0; +http://ahrefs.com/robot/)" "-"
3.83.76.0 - - [10/Feb/2026:02:36:25 +0000] "GET /dendera-casino-online-gaming-experience-platform HTTP/1.1" 200 36486 kenilworthcourt.com "-" "TerraCotta https://github.com/CeramicTeam/CeramicTerracotta" "-"
3.83.76.0 - - [10/Feb/2026:02:36:39 +0000] "GET /category/energycasino-bonus-532 HTTP/1.1" 200 61725 kenilworthcourt.com "-" "TerraCotta https://github.com/CeramicTeam/CeramicTerracotta" "-"
51.195.244.0 - - [10/Feb/2026:02:36:43 +0000] "GET /les-machines-a-sous-dolympe-casino HTTP/1.1" 200 34728 kenilworthcourt.com "-" "Mozilla/5.0 (compatible; AhrefsBot/7.0; +http://ahrefs.com/robot/)" "-"
85.208.98.0 - - [10/Feb/2026:02:36:45 +0000] "GET /pop-up-store-adidas-k.html HTTP/1.1" 429 267 kenilworthcourt.com "-" "Mozilla/5.0 (compatible; SemrushBot-BA; +http://www.semrush.com/bot.html)" "-"
3.83.76.0 - - [10/Feb/2026:02:36:46 +0000] "GET /engineering-the-sun-s-rhythm-with-gold-the-eye-of-horus-as-ancient-solar-precision HTTP/1.1" 200 34289 kenilworthcourt.com "-" "TerraCotta https://github.com/CeramicTeam/CeramicTerracotta" "-"
198.244.226.0 - - [10/Feb/2026:02:37:03 +0000] "GET /bucksy-cats-pokie-malone-ports-comment-incentives-and-you-can-rtppercent-saucify-sportserve HTTP/1.1" 200 38342 kenilworthcourt.com "-" "Mozilla/5.0 (compatible; AhrefsBot/7.0; +http://ahrefs.com/robot/)" "-"
198.71.60.0 - - [10/Feb/2026:02:37:05 +0000] "GET /wp-login.php HTTP/1.1" 200 4740 kenilworthcourt.com "-" "Mozilla/5.0 (Windows NT 10.0; Win64; x64) AppleWebKit/537.36 (KHTML, like Gecko) Chrome/130.0.0.0 Safari/537.36" "-"
3.83.76.0 - - [10/Feb/2026:02:37:13 +0000] "GET /zet-casino-faire-auszahlungsbedingungen-fur-alle-spieler HTTP/1.1" 200 31638 kenilworthcourt.com "-" "TerraCotta https://github.com/CeramicTeam/CeramicTerracotta" "-"
3.83.76.0 - - [10/Feb/2026:02:37:14 +0000] "GET /tag/lucky-cola-app HTTP/1.1" 200 73112 kenilworthcourt.com "-" "TerraCotta https://github.com/CeramicTeam/CeramicTerracotta" "-"
198.244.168.0 - - [10/Feb/2026:02:37:18 +0000] "GET /%E2%AD%90-gamble-dantes-paradise-position-on-line-for-real-wai-kiki-slot-currency-otherwise-totally-free-subscribe-today/feed HTTP/1.1" 200 1106 kenilworthcourt.com "-" "Mozilla/5.0 (compatible; AhrefsBot/7.0; +http://ahrefs.com/robot/)" "-"
3.83.76.0 - - [10/Feb/2026:02:37:33 +0000] "GET /1win-casino-real-pul-il%c9%99-oynayin-v%c9%99-boyuk-udus-qazanin-real-pul-oyunlari HTTP/1.1" 200 31335 kenilworthcourt.com "-" "TerraCotta https://github.com/CeramicTeam/CeramicTerracotta" "-"
198.244.168.0 - - [10/Feb/2026:02:37:34 +0000] "GET /tonybet-wagering-in-your-cell-phone-down-load-the-newest-app HTTP/1.1" 200 34657 kenilworthcourt.com "-" "Mozilla/5.0 (compatible; AhrefsBot/7.0; +http://ahrefs.com/robot/)" "-"
3.83.76.0 - - [10/Feb/2026:02:37:43 +0000] "GET /tag/slottica-casino-login HTTP/1.1" 200 144207 kenilworthcourt.com "-" "TerraCotta https://github.com/CeramicTeam/CeramicTerracotta" "-"
3.83.76.0 - - [10/Feb/2026:02:37:49 +0000] "GET /category/nv-casino-no-deposit-bonus-517 HTTP/1.1" 200 62800 kenilworthcourt.com "-" "TerraCotta https://github.com/CeramicTeam/CeramicTerracotta" "-"
192.64.84.0 - - [10/Feb/2026:02:37:52 +0000] "GET /wp-login.php HTTP/1.1" 200 4740 kenilworthcourt.com "-" "Mozilla/5.0 (Windows NT 10.0; Win64; x64) AppleWebKit/537.36 (KHTML, like Gecko) Chrome/130.0.0.0 Safari/537.36" "-"
51.195.244.0 - - [10/Feb/2026:02:37:52 +0000] "GET /dazard-casino/feed HTTP/1.1" 200 784 kenilworthcourt.com "-" "Mozilla/5.0 (compatible; AhrefsBot/7.0; +http://ahrefs.com/robot/)" "-"
3.83.76.0 - - [10/Feb/2026:02:37:53 +0000] "GET /wincashino-casino HTTP/1.1" 200 32495 kenilworthcourt.com "-" "TerraCotta https://github.com/CeramicTeam/CeramicTerracotta" "-"
2a03:2880:f800:: - - [10/Feb/2026:02:37:55 +0000] "GET /ubet-casino-slot-machine-strategies-exposed HTTP/1.1" 200 34032 kenilworthcourt.com "-" "meta-externalagent/1.1 (+https://developers.facebook.com/docs/sharing/webmasters/crawler)" "-"
3.83.76.0 - - [10/Feb/2026:02:38:04 +0000] "GET /category/20bet-app-877 HTTP/1.1" 200 68201 kenilworthcourt.com "-" "TerraCotta https://github.com/CeramicTeam/CeramicTerracotta" "-"
192.64.84.0 - - [10/Feb/2026:02:38:04 +0000] "POST /wp-login.php HTTP/1.1" 200 5110 kenilworthcourt.com "https://kenilworthcourt.com/wp-login.php" "Mozilla/5.0 (Windows NT 10.0; Win64; x64) AppleWebKit/537.36 (KHTML, like Gecko) Chrome/130.0.0.0 Safari/537.36" "-"
3.83.76.0 - - [10/Feb/2026:02:38:12 +0000] "GET /category/8xbet-1598921127-166 HTTP/1.1" 200 62212 kenilworthcourt.com "-" "TerraCotta https://github.com/CeramicTeam/CeramicTerracotta" "-"
198.244.242.0 - - [10/Feb/2026:02:38:12 +0000] "GET /hell-spin-casino-569 HTTP/1.1" 200 38458 kenilworthcourt.com "-" "Mozilla/5.0 (compatible; AhrefsBot/7.0; +http://ahrefs.com/robot/)" "-"
43.133.220.0 - - [10/Feb/2026:02:38:15 +0000] "GET / HTTP/1.1" 301 276 kenilworthcourt.com "-" "Mozilla/5.0 (iPhone; CPU iPhone OS 13_2_3 like Mac OS X) AppleWebKit/605.1.15 (KHTML, like Gecko) Version/13.0.3 Mobile/15E148 Safari/604.1" "-"
43.133.220.0 - - [10/Feb/2026:02:38:17 +0000] "GET / HTTP/1.1" 200 32153 kenilworthcourt.com "http://kenilworthcourt.com" "Mozilla/5.0 (iPhone; CPU iPhone OS 13_2_3 like Mac OS X) AppleWebKit/605.1.15 (KHTML, like Gecko) Version/13.0.3 Mobile/15E148 Safari/604.1" "-"
52.167.144.0 - - [10/Feb/2026:02:38:19 +0000] "GET /Xerjoff%20Naxos%203.4%20OZ%20100%20ML%20Eau%20De%20Parfum%20Spray%20New%20-%20WVNbXVxAXUJEUVFb HTTP/1.1" 301 - www.kenilworthcourt.com "-" "Mozilla/5.0 AppleWebKit/537.36 (KHTML, like Gecko; compatible; bingbot/2.0; +http://www.bing.com/bingbot.htm) Chrome/116.0.1938.76 Safari/537.36" "-"
3.83.76.0 - - [10/Feb/2026:02:38:22 +0000] "GET /shakebet-casino HTTP/1.1" 200 33750 kenilworthcourt.com "-" "TerraCotta https://github.com/CeramicTeam/CeramicTerracotta" "-"
172.245.102.0 - - [10/Feb/2026:02:38:24 +0000] "POST /wp-login.php HTTP/1.1" 200 5110 kenilworthcourt.com "-" "Mozilla/5.0" "-"
37.140.223.0 - - [10/Feb/2026:02:38:24 +0000] "POST /wp-login.php HTTP/1.1" 200 5162 kenilworthcourt.com "-" "Mozilla/5.0" "-"
3.83.76.0 - - [10/Feb/2026:02:38:25 +0000] "GET /category/bet-188-987 HTTP/1.1" 200 67606 kenilworthcourt.com "-" "TerraCotta https://github.com/CeramicTeam/CeramicTerracotta" "-"
54.38.147.0 - - [10/Feb/2026:02:38:30 +0000] "GET /s-kakoj-tselju-ljudi-prisoedinjajutsja-k-schastlivym-periodam/feed HTTP/1.1" 200 970 kenilworthcourt.com "-" "Mozilla/5.0 (compatible; AhrefsBot/7.0; +http://ahrefs.com/robot/)" "-"
2a03:2880:f800:: - - [10/Feb/2026:02:38:34 +0000] "GET /gambling-establishment-birthday-celebration-incentives-2025-100-percent-free-spins-on-your-birthday-celebration HTTP/1.1" 200 35170 kenilworthcourt.com "-" "meta-externalagent/1.1 (+https://developers.facebook.com/docs/sharing/webmasters/crawler)" "-"
49.247.31.0 - - [10/Feb/2026:02:38:36 +0000] "GET /wp-login.php HTTP/1.1" 200 4740 kenilworthcourt.com "-" "Mozilla/5.0 (Windows NT 10.0; Win64; x64) AppleWebKit/537.36 (KHTML, like Gecko) Chrome/130.0.0.0 Safari/537.36" "-"
3.83.76.0 - - [10/Feb/2026:02:38:45 +0000] "GET /tag/rt-bet-online HTTP/1.1" 200 103341 kenilworthcourt.com "-" "TerraCotta https://github.com/CeramicTeam/CeramicTerracotta" "-"
156.239.156.0 - - [10/Feb/2026:02:38:46 +0000] "GET /wp-login.php HTTP/1.1" 301 276 kenilworthcourt.com "-" "Mozilla/5.0 (Windows NT 10.0; Win64; x64; rv:138.0) Gecko/20100101 Firefox/138.0" "-"
154.199.68.0 - - [10/Feb/2026:02:38:46 +0000] "GET / HTTP/1.1" 200 32153 kenilworthcourt.com "http://kenilworthcourt.com/wp-login.php" "Mozilla/5.0 (Windows NT 10.0; Win64; x64; rv:138.0) Gecko/20100101 Firefox/138.0" "-"
154.199.15.0 - - [10/Feb/2026:02:38:47 +0000] "GET /my-account/ HTTP/1.1" 301 276 kenilworthcourt.com "-" "Mozilla/5.0 (Windows NT 10.0; Win64; x64; rv:138.0) Gecko/20100101 Firefox/138.0" "-"
154.193.152.0 - - [10/Feb/2026:02:38:47 +0000] "GET / HTTP/1.1" 200 32153 kenilworthcourt.com "http://kenilworthcourt.com/my-account/" "Mozilla/5.0 (Windows NT 10.0; Win64; x64; rv:138.0) Gecko/20100101 Firefox/138.0" "-"
198.244.168.0 - - [10/Feb/2026:02:38:47 +0000] "GET /ruleta-americana-4 HTTP/1.1" 200 366484 kenilworthcourt.com "-" "Mozilla/5.0 (compatible; AhrefsBot/7.0; +http://ahrefs.com/robot/)" "-"
49.247.31.0 - - [10/Feb/2026:02:38:48 +0000] "POST /wp-login.php HTTP/1.1" 200 5110 kenilworthcourt.com "https://kenilworthcourt.com/wp-login.php" "Mozilla/5.0 (Windows NT 10.0; Win64; x64) AppleWebKit/537.36 (KHTML, like Gecko) Chrome/130.0.0.0 Safari/537.36" "-"
52.221.89.0 - - [10/Feb/2026:02:38:50 +0000] "GET /wp-login.php HTTP/1.1" 200 4740 kenilworthcourt.com "-" "Mozilla/5.0 (Windows NT 10.0; Win64; x64) AppleWebKit/537.36 (KHTML, like Gecko) Chrome/130.0.0.0 Safari/537.36" "-"
3.83.76.0 - - [10/Feb/2026:02:39:00 +0000] "GET /tag/galactic-wins-withdrawal-time HTTP/1.1" 200 40728 kenilworthcourt.com "-" "TerraCotta https://github.com/CeramicTeam/CeramicTerracotta" "-"
52.221.89.0 - - [10/Feb/2026:02:39:03 +0000] "POST /wp-login.php HTTP/1.1" 200 5110 kenilworthcourt.com "https://kenilworthcourt.com/wp-login.php" "Mozilla/5.0 (Windows NT 10.0; Win64; x64) AppleWebKit/537.36 (KHTML, like Gecko) Chrome/130.0.0.0 Safari/537.36" "-"
51.195.215.0 - - [10/Feb/2026:02:39:07 +0000] "GET /golden-state-adus-adu-builder-in-sacramento-9 HTTP/1.1" 200 135048 kenilworthcourt.com "-" "Mozilla/5.0 (compatible; AhrefsBot/7.0; +http://ahrefs.com/robot/)" "-"
3.83.76.0 - - [10/Feb/2026:02:39:10 +0000] "GET /ubet-casino-slot-machine-strategies-exposed HTTP/1.1" 200 34032 kenilworthcourt.com "-" "TerraCotta https://github.com/CeramicTeam/CeramicTerracotta" "-"
2a03:2880:f800:: - - [10/Feb/2026:02:39:13 +0000] "GET /da-hong-bao-from-the-genesis-gambling-slot-remark-2025-and-free-spins-demo-enjoy-fruit-party-2-slot-play-for-money-now HTTP/1.1" 200 35826 kenilworthcourt.com "-" "meta-externalagent/1.1 (+https://developers.facebook.com/docs/sharing/webmasters/crawler)" "-"
85.208.98.0 - - [10/Feb/2026:02:39:22 +0000] "GET /robots.txt HTTP/1.1" 429 267 kenilworthcourt.com "-" "Mozilla/5.0 (compatible; SemrushBot-BA; +http://www.semrush.com/bot.html)" "-"
198.244.168.0 - - [10/Feb/2026:02:39:23 +0000] "GET /bleser-norske-nettcasinoer-2025-beste-venice-magic-win-helhet-for-spillere HTTP/1.1" 200 34346 kenilworthcourt.com "-" "Mozilla/5.0 (compatible; AhrefsBot/7.0; +http://ahrefs.com/robot/)" "-"
3.83.76.0 - - [10/Feb/2026:02:39:28 +0000] "GET /spinaway-casino HTTP/1.1" 200 32390 kenilworthcourt.com "-" "TerraCotta https://github.com/CeramicTeam/CeramicTerracotta" "-"
103.48.194.0 - - [10/Feb/2026:02:39:30 +0000] "GET /wp-login.php HTTP/1.1" 200 4740 kenilworthcourt.com "-" "Mozilla/5.0 (Windows NT 10.0; Win64; x64) AppleWebKit/537.36 (KHTML, like Gecko) Chrome/130.0.0.0 Safari/537.36" "-"
3.83.76.0 - - [10/Feb/2026:02:39:39 +0000] "GET /tag/zet-casino-withdrawal HTTP/1.1" 200 73173 kenilworthcourt.com "-" "TerraCotta https://github.com/CeramicTeam/CeramicTerracotta" "-"
198.244.168.0 - - [10/Feb/2026:02:39:39 +0000] "GET /amazingly-slots-casino-review-2025-rating-a-hundred-around-slot-machine-temple-cats-online-200-50-totally-free-revolves-to-the-starburst HTTP/1.1" 200 37888 kenilworthcourt.com "-" "Mozilla/5.0 (compatible; AhrefsBot/7.0; +http://ahrefs.com/robot/)" "-"
85.208.98.0 - - [10/Feb/2026:02:39:41 +0000] "GET /corriere-spedire-amazon-k.html HTTP/1.1" 429 267 kenilworthcourt.com "-" "Mozilla/5.0 (compatible; SemrushBot-BA; +http://www.semrush.com/bot.html)" "-"
3.83.76.0 - - [10/Feb/2026:02:39:42 +0000] "GET /tag/0xf29037d1 HTTP/1.1" 200 26281 kenilworthcourt.com "-" "TerraCotta https://github.com/CeramicTeam/CeramicTerracotta" "-"
103.48.194.0 - - [10/Feb/2026:02:39:42 +0000] "POST /wp-login.php HTTP/1.1" 200 5110 kenilworthcourt.com "https://kenilworthcourt.com/wp-login.php" "Mozilla/5.0 (Windows NT 10.0; Win64; x64) AppleWebKit/537.36 (KHTML, like Gecko) Chrome/130.0.0.0 Safari/537.36" "-"
3.83.76.0 - - [10/Feb/2026:02:39:46 +0000] "GET /escort-agentura-ostrava-pojd-zjistit-vice HTTP/1.1" 200 45167 kenilworthcourt.com "-" "TerraCotta https://github.com/CeramicTeam/CeramicTerracotta" "-"
4.204.8.0 - - [10/Feb/2026:02:39:54 +0000] "GET /wp-login.php HTTP/1.1" 200 4740 kenilworthcourt.com "-" "Mozilla/5.0 (Windows NT 10.0; Win64; x64) AppleWebKit/537.36 (KHTML, like Gecko) Chrome/130.0.0.0 Safari/537.36" "-"
198.244.240.0 - - [10/Feb/2026:02:39:58 +0000] "GET /kostenlose-automatenspiele-ohne-crystal-falls-multimax-slot-fur-echtes-geld-anmeldung-slotozilla/feed HTTP/1.1" 200 1034 kenilworthcourt.com "-" "Mozilla/5.0 (compatible; AhrefsBot/7.0; +http://ahrefs.com/robot/)" "-"
85.208.98.0 - - [10/Feb/2026:02:39:59 +0000] "GET /computer-registratore-di-cassa-amazon-k.html HTTP/1.1" 429 267 kenilworthcourt.com "-" "Mozilla/5.0 (compatible; SemrushBot-BA; +http://www.semrush.com/bot.html)" "-"
14.191.231.0 - - [10/Feb/2026:02:40:05 +0000] "GET /en-praktisk-guide-till-spelande-pa-utlandska-casinon-med-bankid-i-sverige HTTP/1.1" 200 38195 kenilworthcourt.com "-" "Mozilla/5.0 (Macintosh; Intel Mac OS X 10_10) AppleWebKit/537.36 (KHTML, like Gecko) Chrome/93.0.4612.206 Safari/537.36" "-"
4.204.8.0 - - [10/Feb/2026:02:40:06 +0000] "POST /wp-login.php HTTP/1.1" 200 5572 kenilworthcourt.com "https://kenilworthcourt.com/wp-login.php" "Mozilla/5.0 (Windows NT 10.0; Win64; x64) AppleWebKit/537.36 (KHTML, like Gecko) Chrome/130.0.0.0 Safari/537.36" "-"
85.208.98.0 - - [10/Feb/2026:02:40:12 +0000] "GET /portali-per-annunci-amazon-k.html HTTP/1.1" 429 267 kenilworthcourt.com "-" "Mozilla/5.0 (compatible; SemrushBot-BA; +http://www.semrush.com/bot.html)" "-"
3.83.76.0 - - [10/Feb/2026:02:40:14 +0000] "GET /category/188bet-%eb%a8%b9%ed%8a%80-150 HTTP/1.1" 200 74436 kenilworthcourt.com "-" "TerraCotta https://github.com/CeramicTeam/CeramicTerracotta" "-"
85.208.98.0 - - [10/Feb/2026:02:40:16 +0000] "GET /robots.txt HTTP/1.1" 429 267 kenilworthcourt.com "-" "Mozilla/5.0 (compatible; SemrushBot-BA; +http://www.semrush.com/bot.html)" "-"
3.83.76.0 - - [10/Feb/2026:02:40:17 +0000] "GET /exploring-online-casino-options-with-hopa HTTP/1.1" 200 33958 kenilworthcourt.com "-" "TerraCotta https://github.com/CeramicTeam/CeramicTerracotta" "-"
198.244.183.0 - - [10/Feb/2026:02:40:17 +0000] "GET /erreichbar-spielsaal-spiele-abzuglich-registrierung-2025-herr-bonus-bet-sofortig-vortragen/feed HTTP/1.1" 200 1016 kenilworthcourt.com "-" "Mozilla/5.0 (compatible; AhrefsBot/7.0; +http://ahrefs.com/robot/)" "-"
85.208.98.0 - - [10/Feb/2026:02:40:23 +0000] "GET /foto-prodotti-amazon-k.html HTTP/1.1" 429 267 kenilworthcourt.com "-" "Mozilla/5.0 (compatible; SemrushBot-BA; +http://www.semrush.com/bot.html)" "-"
198.244.240.0 - - [10/Feb/2026:02:40:32 +0000] "GET /one-hundred-totally-free-revolves-incentive-enjoy-video-game-for-real-money-on-line/feed HTTP/1.1" 200 995 kenilworthcourt.com "-" "Mozilla/5.0 (compatible; AhrefsBot/7.0; +http://ahrefs.com/robot/)" "-"
85.208.98.0 - - [10/Feb/2026:02:40:33 +0000] "GET /libri-testo-usati-amazon-k.html HTTP/1.1" 429 267 kenilworthcourt.com "-" "Mozilla/5.0 (compatible; SemrushBot-BA; +http://www.semrush.com/bot.html)" "-"
2a03:2880:f800:: - - [10/Feb/2026:02:40:34 +0000] "GET /birthday-celebration-incentive-local-casino-united-kingdom-better-advertisements-for-the-special-event HTTP/1.1" 200 39145 kenilworthcourt.com "-" "meta-externalagent/1.1 (+https://developers.facebook.com/docs/sharing/webmasters/crawler)" "-"
3.83.76.0 - - [10/Feb/2026:02:40:46 +0000] "GET /strefa-wszystkich-gwiazd-kasyno-online HTTP/1.1" 200 34639 kenilworthcourt.com "-" "TerraCotta https://github.com/CeramicTeam/CeramicTerracotta" "-"
54.38.147.0 - - [10/Feb/2026:02:40:51 +0000] "GET /poker-dzieki-rzeczywiste-finanse-przez-internet-legalna-gra-w-calej-kasyno/feed HTTP/1.1" 200 969 kenilworthcourt.com "-" "Mozilla/5.0 (compatible; AhrefsBot/7.0; +http://ahrefs.com/robot/)" "-"
85.208.98.0 - - [10/Feb/2026:02:40:52 +0000] "GET /robots.txt HTTP/1.1" 429 267 kenilworthcourt.com "-" "Mozilla/5.0 (compatible; SemrushBot-BA; +http://www.semrush.com/bot.html)" "-"
149.102.141.0 - - [10/Feb/2026:02:40:59 +0000] "GET /wp-login.php HTTP/1.1" 200 4740 kenilworthcourt.com "-" "Mozilla/5.0 (Windows NT 10.0; Win64; x64) AppleWebKit/537.36 (KHTML, like Gecko) Chrome/130.0.0.0 Safari/537.36" "-"
198.244.183.0 - - [10/Feb/2026:02:41:05 +0000] "GET /put-step-1-and-also-have-totally-free-spins-view-our-very-own-personal-also-offers/feed HTTP/1.1" 200 994 kenilworthcourt.com "-" "Mozilla/5.0 (compatible; AhrefsBot/7.0; +http://ahrefs.com/robot/)" "-"
3.83.76.0 - - [10/Feb/2026:02:41:06 +0000] "GET /lucky-elf-casino HTTP/1.1" 200 32973 kenilworthcourt.com "-" "TerraCotta https://github.com/CeramicTeam/CeramicTerracotta" "-"
85.208.98.0 - - [10/Feb/2026:02:41:09 +0000] "GET /spedire-corriere-amazon-k.html HTTP/1.1" 429 267 kenilworthcourt.com "-" "Mozilla/5.0 (compatible; SemrushBot-BA; +http://www.semrush.com/bot.html)" "-"
3.83.76.0 - - [10/Feb/2026:02:41:14 +0000] "GET /tag/spin-samurai-free-spins HTTP/1.1" 200 129494 kenilworthcourt.com "-" "TerraCotta https://github.com/CeramicTeam/CeramicTerracotta" "-"
198.244.226.0 - - [10/Feb/2026:02:41:22 +0000] "GET /the-winningest-symbols-an-in-depth-look-at-payouts/feed HTTP/1.1" 200 896 kenilworthcourt.com "-" "Mozilla/5.0 (compatible; AhrefsBot/7.0; +http://ahrefs.com/robot/)" "-"
3.83.76.0 - - [10/Feb/2026:02:41:26 +0000] "GET /sahara-riches-cash-collect-slot HTTP/1.1" 200 32355 kenilworthcourt.com "-" "TerraCotta https://github.com/CeramicTeam/CeramicTerracotta" "-"
3.83.76.0 - - [10/Feb/2026:02:41:29 +0000] "GET /a-guide-to-hot-and-cold-slots-strategies HTTP/1.1" 200 32421 kenilworthcourt.com "-" "TerraCotta https://github.com/CeramicTeam/CeramicTerracotta" "-"
85.208.98.0 - - [10/Feb/2026:02:41:32 +0000] "GET /siti-online-libri-amazon-k.html HTTP/1.1" 429 267 kenilworthcourt.com "-" "Mozilla/5.0 (compatible; SemrushBot-BA; +http://www.semrush.com/bot.html)" "-"
198.244.183.0 - - [10/Feb/2026:02:41:37 +0000] "GET /winolympia/feed HTTP/1.1" 200 775 kenilworthcourt.com "-" "Mozilla/5.0 (compatible; AhrefsBot/7.0; +http://ahrefs.com/robot/)" "-"
208.109.188.0 - - [10/Feb/2026:02:41:38 +0000] "GET /wp-login.php HTTP/1.1" 200 4740 kenilworthcourt.com "-" "Mozilla/5.0 (Windows NT 10.0; Win64; x64) AppleWebKit/537.36 (KHTML, like Gecko) Chrome/130.0.0.0 Safari/537.36" "-"
3.83.76.0 - - [10/Feb/2026:02:41:39 +0000] "GET /tag/20bet-espana HTTP/1.1" 200 118391 kenilworthcourt.com "-" "TerraCotta https://github.com/CeramicTeam/CeramicTerracotta" "-"
3.83.76.0 - - [10/Feb/2026:02:41:41 +0000] "GET /fastpay-casino-spillebestemmelser-og-spillerad-for-danmark HTTP/1.1" 200 40121 kenilworthcourt.com "-" "TerraCotta https://github.com/CeramicTeam/CeramicTerracotta" "-"
47.82.11.0 - - [10/Feb/2026:02:41:47 +0000] "GET /?p=8211985269 HTTP/1.1" 429 267 kenilworthcourt.com "http://kenilworthcourt.com/" "Mozilla/5.0 (Macintosh; Intel Mac OS X 10_15_7) AppleWebKit/605.1.15 (KHTML, like Gecko) Version/18.3.1 Safari/605.1.15" "-"
208.109.188.0 - - [10/Feb/2026:02:41:50 +0000] "POST /wp-login.php HTTP/1.1" 200 5572 kenilworthcourt.com "https://kenilworthcourt.com/wp-login.php" "Mozilla/5.0 (Windows NT 10.0; Win64; x64) AppleWebKit/537.36 (KHTML, like Gecko) Chrome/130.0.0.0 Safari/537.36" "-"
85.208.98.0 - - [10/Feb/2026:02:41:53 +0000] "GET /internet-tariffe-amazon-k.html HTTP/1.1" 429 267 kenilworthcourt.com "-" "Mozilla/5.0 (compatible; SemrushBot-BA; +http://www.semrush.com/bot.html)" "-"
198.244.183.0 - - [10/Feb/2026:02:41:53 +0000] "GET /better-bingo-internet-sites-british-see-better-united-kingdom-200-casino-bonus-bitcoin-bingo-websites-august-2025/feed HTTP/1.1" 200 1084 kenilworthcourt.com "-" "Mozilla/5.0 (compatible; AhrefsBot/7.0; +http://ahrefs.com/robot/)" "-"
3.83.76.0 - - [10/Feb/2026:02:41:54 +0000] "GET /tag/fb777-pro HTTP/1.1" 200 161384 kenilworthcourt.com "-" "TerraCotta https://github.com/CeramicTeam/CeramicTerracotta" "-"
47.82.11.0 - - [10/Feb/2026:02:42:02 +0000] "GET /?p=475286287 HTTP/1.1" 429 267 kenilworthcourt.com "https://kenilworthcourt.com/" "Mozilla/5.0 (Windows NT 10.0; Win64; x64; rv:137.0) Gecko/20100101 Firefox/137.0" "-"
46.4.193.0 - - [10/Feb/2026:02:42:08 +0000] "GET /wp-login.php HTTP/1.1" 200 4740 kenilworthcourt.com "-" "Mozilla/5.0 (Windows NT 10.0; Win64; x64) AppleWebKit/537.36 (KHTML, like Gecko) Chrome/130.0.0.0 Safari/537.36" "-"
198.244.183.0 - - [10/Feb/2026:02:42:14 +0000] "GET /report-on-dream-day-casino-slot-games-how-fortune-pig-slot-free-spins-where-you-should-enjoy/feed HTTP/1.1" 200 1028 kenilworthcourt.com "-" "Mozilla/5.0 (compatible; AhrefsBot/7.0; +http://ahrefs.com/robot/)" "-"
3.83.76.0 - - [10/Feb/2026:02:42:17 +0000] "GET /tag/20bet-5-reais-gratis HTTP/1.1" 200 41232 kenilworthcourt.com "-" "TerraCotta https://github.com/CeramicTeam/CeramicTerracotta" "-"
85.208.98.0 - - [10/Feb/2026:02:42:29 +0000] "GET /esempi-di-siti-html-amazon-k.html HTTP/1.1" 429 267 kenilworthcourt.com "-" "Mozilla/5.0 (compatible; SemrushBot-BA; +http://www.semrush.com/bot.html)" "-"
198.244.168.0 - - [10/Feb/2026:02:42:30 +0000] "GET /tag/kudos-casino-no-deposit-bonus/feed HTTP/1.1" 200 31521 kenilworthcourt.com "-" "Mozilla/5.0 (compatible; AhrefsBot/7.0; +http://ahrefs.com/robot/)" "-"
66.249.68.0 - - [10/Feb/2026:02:42:30 +0000] "GET /can-anglers-cast-big-wins-with-the-fishin-frenzy-demo-its HTTP/1.1" 200 36946 kenilworthcourt.com "-" "Mozilla/5.0 (Linux; Android 6.0.1; Nexus 5X Build/MMB29P) AppleWebKit/537.36 (KHTML, like Gecko) Chrome/144.0.7559.132 Mobile Safari/537.36 (compatible; Googlebot/2.1; +http://www.google.com/bot.html)" "-"
46.4.193.0 - - [10/Feb/2026:02:42:32 +0000] "POST /wp-login.php HTTP/1.1" 200 5110 kenilworthcourt.com "https://kenilworthcourt.com/wp-login.php" "Mozilla/5.0 (Windows NT 10.0; Win64; x64) AppleWebKit/537.36 (KHTML, like Gecko) Chrome/130.0.0.0 Safari/537.36" "-"
2a03:2880:f800:: - - [10/Feb/2026:02:42:34 +0000] "GET /google-maps-downloader-portable-exe-full-x86x64-windows HTTP/1.1" 200 129362 kenilworthcourt.com "-" "meta-externalagent/1.1 (+https://developers.facebook.com/docs/sharing/webmasters/crawler)" "-"
3.83.76.0 - - [10/Feb/2026:02:42:40 +0000] "GET /best-online-casino-real-money HTTP/1.1" 200 34943 kenilworthcourt.com "-" "TerraCotta https://github.com/CeramicTeam/CeramicTerracotta" "-"
198.244.183.0 - - [10/Feb/2026:02:42:50 +0000] "GET /dj-wild-slot-opinion-play-for-thunderstruck-slot-bonus-code-totally-free-otherwise-real-money-elk-studios-movies-harbors-video-game-at-the-best-casinos-on-the-internet HTTP/1.1" 200 37144 kenilworthcourt.com "-" "Mozilla/5.0 (compatible; AhrefsBot/7.0; +http://ahrefs.com/robot/)" "-"
3.83.76.0 - - [10/Feb/2026:02:42:50 +0000] "GET /ozwin-casino-games-and-rewards-for-players-online HTTP/1.1" 200 32487 kenilworthcourt.com "-" "TerraCotta https://github.com/CeramicTeam/CeramicTerracotta" "-"
85.208.98.0 - - [10/Feb/2026:02:42:55 +0000] "GET /spedire-corriere-amazon-k.html HTTP/1.1" 429 267 kenilworthcourt.com "-" "Mozilla/5.0 (compatible; SemrushBot-BA; +http://www.semrush.com/bot.html)" "-"
3.83.76.0 - - [10/Feb/2026:02:43:04 +0000] "GET /category/8xbet-tai-75 HTTP/1.1" 200 71691 kenilworthcourt.com "-" "TerraCotta https://github.com/CeramicTeam/CeramicTerracotta" "-"
51.89.129.0 - - [10/Feb/2026:02:43:05 +0000] "GET /champion-register-offer-2-hundred-oct-2024 HTTP/1.1" 200 36913 kenilworthcourt.com "-" "Mozilla/5.0 (compatible; AhrefsBot/7.0; +http://ahrefs.com/robot/)" "-"
3.83.76.0 - - [10/Feb/2026:02:43:05 +0000] "GET /chicken-road-28 HTTP/1.1" 200 34133 kenilworthcourt.com "-" "TerraCotta https://github.com/CeramicTeam/CeramicTerracotta" "-"
198.244.226.0 - - [10/Feb/2026:02:43:23 +0000] "GET /finest-on-line-porno-pics-milf-poker-incentives-in-the-2025-compare-best-uk-also-offers-now HTTP/1.1" 200 38618 kenilworthcourt.com "-" "Mozilla/5.0 (compatible; AhrefsBot/7.0; +http://ahrefs.com/robot/)" "-"
178.253.43.0 - - [10/Feb/2026:02:43:23 +0000] "GET /wp-login.php HTTP/1.1" 200 4740 kenilworthcourt.com "-" "Mozilla/5.0 (Windows NT 10.0; Win64; x64) AppleWebKit/537.36 (KHTML, like Gecko) Chrome/130.0.0.0 Safari/537.36" "-"
3.83.76.0 - - [10/Feb/2026:02:43:24 +0000] "GET /category/hellspin-casino-app-777 HTTP/1.1" 200 57246 kenilworthcourt.com "-" "TerraCotta https://github.com/CeramicTeam/CeramicTerracotta" "-"
3.83.76.0 - - [10/Feb/2026:02:43:41 +0000] "GET /tag/tadhana-slot-777-login HTTP/1.1" 200 215495 kenilworthcourt.com "-" "TerraCotta https://github.com/CeramicTeam/CeramicTerracotta" "-"
198.244.240.0 - - [10/Feb/2026:02:43:41 +0000] "GET /tag/dang-nhap-bet-188 HTTP/1.1" 200 71991 kenilworthcourt.com "-" "Mozilla/5.0 (compatible; AhrefsBot/7.0; +http://ahrefs.com/robot/)" "-"
85.208.98.0 - - [10/Feb/2026:02:43:42 +0000] "GET /spedizione-economica-estero-amazon-k.html HTTP/1.1" 429 267 kenilworthcourt.com "-" "Mozilla/5.0 (compatible; SemrushBot-BA; +http://www.semrush.com/bot.html)" "-"
3.83.76.0 - - [10/Feb/2026:02:43:43 +0000] "GET /office-2016-pro-plus-setup-app-from-microsoft-p2p-dow%f0%9d%9a%97l%f0%9d%9a%98ad-to%f0%9d%9a%9brent HTTP/1.1" 200 96281 kenilworthcourt.com "-" "TerraCotta https://github.com/CeramicTeam/CeramicTerracotta" "-"
160.16.114.0 - - [10/Feb/2026:02:43:56 +0000] "GET /wp-login.php HTTP/1.1" 200 4740 kenilworthcourt.com "-" "Mozilla/5.0 (Windows NT 10.0; Win64; x64) AppleWebKit/537.36 (KHTML, like Gecko) Chrome/130.0.0.0 Safari/537.36" "-"
51.195.244.0 - - [10/Feb/2026:02:44:02 +0000] "GET /good-fresh-fruit-slots-finest-video-game-and-large-wins-to-own-professionals/feed HTTP/1.1" 200 973 kenilworthcourt.com "-" "Mozilla/5.0 (compatible; AhrefsBot/7.0; +http://ahrefs.com/robot/)" "-"
3.83.76.0 - - [10/Feb/2026:02:44:04 +0000] "GET /casinova-online-casino-ja-live-dealer-pelit-oikeal HTTP/1.1" 200 35666 kenilworthcourt.com "-" "TerraCotta https://github.com/CeramicTeam/CeramicTerracotta" "-"
160.16.114.0 - - [10/Feb/2026:02:44:08 +0000] "POST /wp-login.php HTTP/1.1" 200 5110 kenilworthcourt.com "https://kenilworthcourt.com/wp-login.php" "Mozilla/5.0 (Windows NT 10.0; Win64; x64) AppleWebKit/537.36 (KHTML, like Gecko) Chrome/130.0.0.0 Safari/537.36" "-"
103.90.232.0 - - [10/Feb/2026:02:44:13 +0000] "GET /wp-login.php HTTP/1.1" 200 4740 kenilworthcourt.com "-" "Mozilla/5.0 (Windows NT 10.0; Win64; x64) AppleWebKit/537.36 (KHTML, like Gecko) Chrome/130.0.0.0 Safari/537.36" "-"
3.83.76.0 - - [10/Feb/2026:02:44:19 +0000] "GET /tag/0x54389b8a HTTP/1.1" 200 26268 kenilworthcourt.com "-" "TerraCotta https://github.com/CeramicTeam/CeramicTerracotta" "-"
85.208.98.0 - - [10/Feb/2026:02:44:23 +0000] "GET /ricerca-foto-amazon-k.html HTTP/1.1" 429 267 kenilworthcourt.com "-" "Mozilla/5.0 (compatible; SemrushBot-BA; +http://www.semrush.com/bot.html)" "-"
54.38.147.0 - - [10/Feb/2026:02:44:23 +0000] "GET /enjoy-finest-online-slots-games-dining-table-video-game-real-time-local-casino/feed HTTP/1.1" 200 987 kenilworthcourt.com "-" "Mozilla/5.0 (compatible; AhrefsBot/7.0; +http://ahrefs.com/robot/)" "-"
103.90.232.0 - - [10/Feb/2026:02:44:25 +0000] "POST /wp-login.php HTTP/1.1" 200 5110 kenilworthcourt.com "https://kenilworthcourt.com/wp-login.php" "Mozilla/5.0 (Windows NT 10.0; Win64; x64) AppleWebKit/537.36 (KHTML, like Gecko) Chrome/130.0.0.0 Safari/537.36" "-"
85.208.98.0 - - [10/Feb/2026:02:44:36 +0000] "GET /negozi-online-libri-amazon-k.html HTTP/1.1" 429 267 kenilworthcourt.com "-" "Mozilla/5.0 (compatible; SemrushBot-BA; +http://www.semrush.com/bot.html)" "-"
