157.180.91.0 - - [10/Feb/2026:04:25:39 +0000] "POST /wp-login.php HTTP/1.1" 200 5110 kenilworthcourt.com "https://kenilworthcourt.com/wp-login.php" "Mozilla/5.0 (Windows NT 10.0; Win64; x64) AppleWebKit/537.36 (KHTML, like Gecko) Chrome/130.0.0.0 Safari/537.36" "-"
54.38.147.0 - - [10/Feb/2026:04:25:41 +0000] "GET /category/uncategorized/page/63 HTTP/1.1" 200 240571 kenilworthcourt.com "-" "Mozilla/5.0 (compatible; AhrefsBot/7.0; +http://ahrefs.com/robot/)" "-"
51.195.183.0 - - [10/Feb/2026:04:26:01 +0000] "GET /jili-slot-777-login-register-philippines-437 HTTP/1.1" 200 38821 kenilworthcourt.com "-" "Mozilla/5.0 (compatible; AhrefsBot/7.0; +http://ahrefs.com/robot/)" "-"
3.83.76.0 - - [10/Feb/2026:04:26:09 +0000] "GET /gonadotropin-funktion-und-anwendung HTTP/1.1" 200 29122 kenilworthcourt.com "-" "TerraCotta https://github.com/CeramicTeam/CeramicTerracotta" "-"
51.195.215.0 - - [10/Feb/2026:04:26:16 +0000] "GET /20bet-bonus-bez-depozytu-486/feed HTTP/1.1" 200 848 kenilworthcourt.com "-" "Mozilla/5.0 (compatible; AhrefsBot/7.0; +http://ahrefs.com/robot/)" "-"
3.83.76.0 - - [10/Feb/2026:04:26:26 +0000] "GET /esplora-le-trame-coinvolgenti-e-le-significative-successi-dietro-la-demo-di-pirots HTTP/1.1" 200 34062 kenilworthcourt.com "-" "TerraCotta https://github.com/CeramicTeam/CeramicTerracotta" "-"
51.195.183.0 - - [10/Feb/2026:04:26:27 +0000] "GET /casino-cruise-casinos-at-sea-gaming-entertainment/feed HTTP/1.1" 200 921 kenilworthcourt.com "-" "Mozilla/5.0 (compatible; AhrefsBot/7.0; +http://ahrefs.com/robot/)" "-"
85.208.98.0 - - [10/Feb/2026:04:26:36 +0000] "GET /igg-kappa-light-chain-k.html HTTP/1.1" 429 267 kenilworthcourt.com "-" "Mozilla/5.0 (compatible; SemrushBot-BA; +http://www.semrush.com/bot.html)" "-"
3.83.76.0 - - [10/Feb/2026:04:26:38 +0000] "GET /ms-office-setup64-exe-heidoc-atmos-to%f0%9d%9a%9brent HTTP/1.1" 200 105999 kenilworthcourt.com "-" "TerraCotta https://github.com/CeramicTeam/CeramicTerracotta" "-"
97.74.84.0 - - [10/Feb/2026:04:26:42 +0000] "GET /wp-login.php HTTP/1.1" 200 4740 kenilworthcourt.com "-" "Mozilla/5.0 (Windows NT 10.0; Win64; x64) AppleWebKit/537.36 (KHTML, like Gecko) Chrome/130.0.0.0 Safari/537.36" "-"
51.195.215.0 - - [10/Feb/2026:04:26:47 +0000] "GET /najistotniejsze-kasyna-internetowe-w-polsce-2025-ranking-ghzd HTTP/1.1" 200 37790 kenilworthcourt.com "-" "Mozilla/5.0 (compatible; AhrefsBot/7.0; +http://ahrefs.com/robot/)" "-"
3.83.76.0 - - [10/Feb/2026:04:26:50 +0000] "GET /category/queen-777-casino-login-821 HTTP/1.1" 200 72764 kenilworthcourt.com "-" "TerraCotta https://github.com/CeramicTeam/CeramicTerracotta" "-"
3.83.76.0 - - [10/Feb/2026:04:27:03 +0000] "GET /category/888-casino-free-spins-61 HTTP/1.1" 200 74723 kenilworthcourt.com "-" "TerraCotta https://github.com/CeramicTeam/CeramicTerracotta" "-"
198.244.242.0 - - [10/Feb/2026:04:27:06 +0000] "GET /%E0%A4%AC%E0%A5%8D%E0%A4%B2%E0%A4%A1%E0%A4%B6%E0%A5%89%E0%A4%9F-%E0%A4%B8%E0%A5%8D%E0%A4%B2%E0%A5%89%E0%A4%9F%E0%A5%8D%E0%A4%B8-%E0%A4%97%E0%A5%88%E0%A4%AE%E0%A5%8D%E0%A4%AC%E0%A4%B2-100-%E0%A4%AA/feed HTTP/1.1" 200 1286 kenilworthcourt.com "-" "Mozilla/5.0 (compatible; AhrefsBot/7.0; +http://ahrefs.com/robot/)" "-"
85.208.98.0 - - [10/Feb/2026:04:27:10 +0000] "GET /lgg-kappa-k.html HTTP/1.1" 429 267 kenilworthcourt.com "-" "Mozilla/5.0 (compatible; SemrushBot-BA; +http://www.semrush.com/bot.html)" "-"
142.93.68.0 - - [10/Feb/2026:04:27:13 +0000] "GET /wp-login.php HTTP/1.1" 200 4740 kenilworthcourt.com "-" "Mozilla/5.0 (Windows NT 10.0; Win64; x64) AppleWebKit/537.36 (KHTML, like Gecko) Chrome/130.0.0.0 Safari/537.36" "-"
3.83.76.0 - - [10/Feb/2026:04:27:16 +0000] "GET /tag/galacticwins-casino HTTP/1.1" 200 65547 kenilworthcourt.com "-" "TerraCotta https://github.com/CeramicTeam/CeramicTerracotta" "-"
3.83.76.0 - - [10/Feb/2026:04:27:20 +0000] "GET /tag/0x0da9f7b6 HTTP/1.1" 200 26274 kenilworthcourt.com "-" "TerraCotta https://github.com/CeramicTeam/CeramicTerracotta" "-"
142.93.68.0 - - [10/Feb/2026:04:27:25 +0000] "POST /wp-login.php HTTP/1.1" 200 5110 kenilworthcourt.com "https://kenilworthcourt.com/wp-login.php" "Mozilla/5.0 (Windows NT 10.0; Win64; x64) AppleWebKit/537.36 (KHTML, like Gecko) Chrome/130.0.0.0 Safari/537.36" "-"
85.208.98.0 - - [10/Feb/2026:04:27:30 +0000] "GET /kappa-10000-k.html HTTP/1.1" 429 267 kenilworthcourt.com "-" "Mozilla/5.0 (compatible; SemrushBot-BA; +http://www.semrush.com/bot.html)" "-"
51.89.129.0 - - [10/Feb/2026:04:27:30 +0000] "GET /cassinos-franceses-melhores-bonus-de-cassino-na-franca-slots-4-jogos-slottica-play/feed HTTP/1.1" 200 993 kenilworthcourt.com "-" "Mozilla/5.0 (compatible; AhrefsBot/7.0; +http://ahrefs.com/robot/)" "-"
3.83.76.0 - - [10/Feb/2026:04:27:35 +0000] "GET /category/betsafe-kasyno-192 HTTP/1.1" 200 57946 kenilworthcourt.com "-" "TerraCotta https://github.com/CeramicTeam/CeramicTerracotta" "-"
3.83.76.0 - - [10/Feb/2026:04:27:38 +0000] "GET /kangaspin-casino HTTP/1.1" 200 29579 kenilworthcourt.com "-" "TerraCotta https://github.com/CeramicTeam/CeramicTerracotta" "-"
100.30.5.0 - - [10/Feb/2026:04:27:42 +0000] "GET /robots.txt HTTP/1.1" 200 120 kenilworthcourt.com "-" "Mozilla/5.0 (Macintosh; Intel Mac OS X 10_10_1) AppleWebKit/600.2.5 (KHTML, like Gecko) Version/8.0.2 Safari/600.2.5 (TestUserAgent)" "-"
3.83.76.0 - - [10/Feb/2026:04:27:49 +0000] "GET /explore-os-wild-reels-e-os-grandes-jackpots-de-chickenroyal HTTP/1.1" 200 35198 kenilworthcourt.com "-" "TerraCotta https://github.com/CeramicTeam/CeramicTerracotta" "-"
51.195.183.0 - - [10/Feb/2026:04:27:51 +0000] "GET /winph-casino-the-platform-for-top-top-quality-online-games-filipino/feed HTTP/1.1" 200 947 kenilworthcourt.com "-" "Mozilla/5.0 (compatible; AhrefsBot/7.0; +http://ahrefs.com/robot/)" "-"
3.83.76.0 - - [10/Feb/2026:04:27:58 +0000] "GET /category/free-spin-casino-206 HTTP/1.1" 200 62160 kenilworthcourt.com "-" "TerraCotta https://github.com/CeramicTeam/CeramicTerracotta" "-"
3.83.76.0 - - [10/Feb/2026:04:28:00 +0000] "GET /play2win-casinos-game-variety-beyond-slots HTTP/1.1" 200 33000 kenilworthcourt.com "-" "TerraCotta https://github.com/CeramicTeam/CeramicTerracotta" "-"
51.195.244.0 - - [10/Feb/2026:04:28:12 +0000] "GET /rtbet-casino-login-440/feed HTTP/1.1" 200 829 kenilworthcourt.com "-" "Mozilla/5.0 (compatible; AhrefsBot/7.0; +http://ahrefs.com/robot/)" "-"
52.140.96.0 - - [10/Feb/2026:04:28:17 +0000] "GET /wp-login.php HTTP/1.1" 200 4740 kenilworthcourt.com "-" "Mozilla/5.0 (Windows NT 10.0; Win64; x64) AppleWebKit/537.36 (KHTML, like Gecko) Chrome/130.0.0.0 Safari/537.36" "-"
23.92.16.0 - - [10/Feb/2026:04:28:24 +0000] "GET /feed HTTP/1.1" 304 - kenilworthcourt.com "-" "MuckRackFeedParser/1.0 +https://muckrack.com" "-"
85.208.98.0 - - [10/Feb/2026:04:28:25 +0000] "GET /igg-kappa-cos-%C3%A8-k.html HTTP/1.1" 429 267 kenilworthcourt.com "-" "Mozilla/5.0 (compatible; SemrushBot-BA; +http://www.semrush.com/bot.html)" "-"
3.83.76.0 - - [10/Feb/2026:04:28:25 +0000] "GET /global-banking-legiano-casino-supporta-piu-valute-per-litalia HTTP/1.1" 200 40669 kenilworthcourt.com "-" "TerraCotta https://github.com/CeramicTeam/CeramicTerracotta" "-"
3.83.76.0 - - [10/Feb/2026:04:28:29 +0000] "GET /spielbank-bayern-die-herausforderung-der-glucksspielforschung HTTP/1.1" 200 35002 kenilworthcourt.com "-" "TerraCotta https://github.com/CeramicTeam/CeramicTerracotta" "-"
51.195.183.0 - - [10/Feb/2026:04:28:34 +0000] "GET /deadworld-position-have-fun-with-the-pokie-spins-app-download-in-australia-demo-setting-type-of-on-the-internet/feed HTTP/1.1" 200 1078 kenilworthcourt.com "-" "Mozilla/5.0 (compatible; AhrefsBot/7.0; +http://ahrefs.com/robot/)" "-"
3.83.76.0 - - [10/Feb/2026:04:28:38 +0000] "GET /white-house-windows-a-symbol-of-power-in-modern-gaming HTTP/1.1" 200 38242 kenilworthcourt.com "-" "TerraCotta https://github.com/CeramicTeam/CeramicTerracotta" "-"
3.83.76.0 - - [10/Feb/2026:04:28:51 +0000] "GET /category/hell-spin-1-deposit-552 HTTP/1.1" 200 72669 kenilworthcourt.com "-" "TerraCotta https://github.com/CeramicTeam/CeramicTerracotta" "-"
131.72.236.0 - - [10/Feb/2026:04:28:51 +0000] "GET /wp-login.php HTTP/1.1" 200 4740 kenilworthcourt.com "-" "Mozilla/5.0 (Windows NT 10.0; Win64; x64) AppleWebKit/537.36 (KHTML, like Gecko) Chrome/130.0.0.0 Safari/537.36" "-"
198.244.240.0 - - [10/Feb/2026:04:28:53 +0000] "GET /cricket-gambling-web-sites-and-you-may-software-finest-sportsbooks-away-from-2025 HTTP/1.1" 200 35327 kenilworthcourt.com "-" "Mozilla/5.0 (compatible; AhrefsBot/7.0; +http://ahrefs.com/robot/)" "-"
131.72.236.0 - - [10/Feb/2026:04:29:03 +0000] "POST /wp-login.php HTTP/1.1" 200 5110 kenilworthcourt.com "https://kenilworthcourt.com/wp-login.php" "Mozilla/5.0 (Windows NT 10.0; Win64; x64) AppleWebKit/537.36 (KHTML, like Gecko) Chrome/130.0.0.0 Safari/537.36" "-"
54.38.147.0 - - [10/Feb/2026:04:29:13 +0000] "GET /real-time-dealer-poker-on-line-poker-with-alive-buyers HTTP/1.1" 200 33908 kenilworthcourt.com "-" "Mozilla/5.0 (compatible; AhrefsBot/7.0; +http://ahrefs.com/robot/)" "-"
3.83.76.0 - - [10/Feb/2026:04:29:16 +0000] "GET /microsoft-365-business-basic-x64-x86-auto-crack-clean-minimal-setup-yts-direct-download HTTP/1.1" 200 102077 kenilworthcourt.com "-" "TerraCotta https://github.com/CeramicTeam/CeramicTerracotta" "-"
3.83.76.0 - - [10/Feb/2026:04:29:17 +0000] "GET /category/188bet-250-939 HTTP/1.1" 200 63639 kenilworthcourt.com "-" "TerraCotta https://github.com/CeramicTeam/CeramicTerracotta" "-"
3.83.76.0 - - [10/Feb/2026:04:29:29 +0000] "GET /category/20bet-%e8%a9%95%e5%88%a4-905 HTTP/1.1" 200 70954 kenilworthcourt.com "-" "TerraCotta https://github.com/CeramicTeam/CeramicTerracotta" "-"
3.83.76.0 - - [10/Feb/2026:04:29:31 +0000] "GET /gonadotropina-kosmowkowa-hcg-jak-przyjmowac HTTP/1.1" 200 29790 kenilworthcourt.com "-" "TerraCotta https://github.com/CeramicTeam/CeramicTerracotta" "-"
198.244.183.0 - - [10/Feb/2026:04:29:35 +0000] "GET /tag/fb777-casino/feed HTTP/1.1" 200 123398 kenilworthcourt.com "-" "Mozilla/5.0 (compatible; AhrefsBot/7.0; +http://ahrefs.com/robot/)" "-"
3.83.76.0 - - [10/Feb/2026:04:29:35 +0000] "GET /category/winspark-it-934 HTTP/1.1" 200 72827 kenilworthcourt.com "-" "TerraCotta https://github.com/CeramicTeam/CeramicTerracotta" "-"
3.83.76.0 - - [10/Feb/2026:04:29:44 +0000] "GET /efecto-del-equipoise-todo-lo-que-necesitas-saber HTTP/1.1" 200 30023 kenilworthcourt.com "-" "TerraCotta https://github.com/CeramicTeam/CeramicTerracotta" "-"
198.244.242.0 - - [10/Feb/2026:04:29:56 +0000] "GET /tag/zet-casino-bonus/feed HTTP/1.1" 200 31667 kenilworthcourt.com "-" "Mozilla/5.0 (compatible; AhrefsBot/7.0; +http://ahrefs.com/robot/)" "-"
3.83.76.0 - - [10/Feb/2026:04:30:00 +0000] "GET /category/fb-777-136 HTTP/1.1" 200 62292 kenilworthcourt.com "-" "TerraCotta https://github.com/CeramicTeam/CeramicTerracotta" "-"
51.195.215.0 - - [10/Feb/2026:04:30:13 +0000] "GET /winner-bonus-fara-plata-700-blood-suckers-joaca-pentru-distractie-rotiri-gratuite-2025 HTTP/1.1" 200 36122 kenilworthcourt.com "-" "Mozilla/5.0 (compatible; AhrefsBot/7.0; +http://ahrefs.com/robot/)" "-"
198.244.226.0 - - [10/Feb/2026:04:30:33 +0000] "GET /category/betsafe-pl-221/feed HTTP/1.1" 200 39133 kenilworthcourt.com "-" "Mozilla/5.0 (compatible; AhrefsBot/7.0; +http://ahrefs.com/robot/)" "-"
47.82.11.0 - - [10/Feb/2026:04:30:40 +0000] "GET /?p=801594722 HTTP/1.1" 429 267 kenilworthcourt.com "https://kenilworthcourt.com/" "Mozilla/5.0 (Macintosh; Intel Mac OS X 10_15_7) AppleWebKit/605.1.15 (KHTML, like Gecko) Version/18.3.1 Safari/605.1.15" "-"
47.82.11.0 - - [10/Feb/2026:04:30:43 +0000] "GET /?p=477744946 HTTP/1.1" 429 267 kenilworthcourt.com "http://kenilworthcourt.com/" "Mozilla/5.0 (X11; Linux x86_64) AppleWebKit/537.36 (KHTML, like Gecko) Chrome/129.0.0.0 Safari/537.36" "-"
3.83.76.0 - - [10/Feb/2026:04:30:50 +0000] "GET /tag/188bet-250 HTTP/1.1" 200 170833 kenilworthcourt.com "-" "TerraCotta https://github.com/CeramicTeam/CeramicTerracotta" "-"
3.83.76.0 - - [10/Feb/2026:04:30:52 +0000] "GET /category/tai-8xbet-378 HTTP/1.1" 200 46709 kenilworthcourt.com "-" "TerraCotta https://github.com/CeramicTeam/CeramicTerracotta" "-"
51.195.215.0 - - [10/Feb/2026:04:30:55 +0000] "GET /a-guide-to-hot-and-cold-slots-strategies/feed HTTP/1.1" 200 865 kenilworthcourt.com "-" "Mozilla/5.0 (compatible; AhrefsBot/7.0; +http://ahrefs.com/robot/)" "-"
3.83.76.0 - - [10/Feb/2026:04:31:00 +0000] "GET /the-art-of-winning-at-lets-lucky-casino HTTP/1.1" 200 34956 kenilworthcourt.com "-" "TerraCotta https://github.com/CeramicTeam/CeramicTerracotta" "-"
51.195.183.0 - - [10/Feb/2026:04:31:11 +0000] "GET /category/188bet-%E0%B9%80%E0%B8%84%E0%B8%A3%E0%B8%94%E0%B8%B4%E0%B8%95%E0%B8%9F%E0%B8%A3%E0%B8%B5-twitter-93/feed HTTP/1.1" 200 50609 kenilworthcourt.com "-" "Mozilla/5.0 (compatible; AhrefsBot/7.0; +http://ahrefs.com/robot/)" "-"
3.83.76.0 - - [10/Feb/2026:04:31:17 +0000] "GET /machines-a-sous-de-luxe-a-lolympe-casino HTTP/1.1" 200 33133 kenilworthcourt.com "-" "TerraCotta https://github.com/CeramicTeam/CeramicTerracotta" "-"
17.246.19.0 - - [10/Feb/2026:04:31:25 +0000] "GET /contorno-occhi-piu-efficace-amazon-k.html HTTP/1.1" 301 280 www.kenilworthcourt.com "-" "Mozilla/5.0 (Macintosh; Intel Mac OS X 10_15_7) AppleWebKit/605.1.15 (KHTML, like Gecko) Version/17.4 Safari/605.1.15 (Applebot/0.1; +http://www.apple.com/go/applebot)" "-"
3.83.76.0 - - [10/Feb/2026:04:31:26 +0000] "GET /category/8xbet-vina-498 HTTP/1.1" 200 72181 kenilworthcourt.com "-" "TerraCotta https://github.com/CeramicTeam/CeramicTerracotta" "-"
3.83.76.0 - - [10/Feb/2026:04:31:29 +0000] "GET /tag/12play-slot HTTP/1.1" 200 50869 kenilworthcourt.com "-" "TerraCotta https://github.com/CeramicTeam/CeramicTerracotta" "-"
198.244.183.0 - - [10/Feb/2026:04:31:30 +0000] "GET /play2win-casino/feed HTTP/1.1" 200 790 kenilworthcourt.com "-" "Mozilla/5.0 (compatible; AhrefsBot/7.0; +http://ahrefs.com/robot/)" "-"
3.83.76.0 - - [10/Feb/2026:04:31:33 +0000] "GET /chicken-road-8 HTTP/1.1" 200 32844 kenilworthcourt.com "-" "TerraCotta https://github.com/CeramicTeam/CeramicTerracotta" "-"
103.121.89.0 - - [10/Feb/2026:04:31:37 +0000] "GET /wp-login.php HTTP/1.1" 200 4740 kenilworthcourt.com "-" "Mozilla/5.0 (Windows NT 10.0; Win64; x64) AppleWebKit/537.36 (KHTML, like Gecko) Chrome/130.0.0.0 Safari/537.36" "-"
198.244.226.0 - - [10/Feb/2026:04:31:42 +0000] "GET /10-bedste-online-casinoer-ved-hjaelp-af-rigtige-gysser-i-tilgif-at-musiker-sikken-amerikanere-inden-for-2025-%D8%B4%D8%B1%D9%83%D8%A9-%D8%A7%D9%84%D8%B9%D8%A7%D9%84%D9%85%D9%8A%D8%A9-%D9%84%D9%84 HTTP/1.1" 200 35388 kenilworthcourt.com "-" "Mozilla/5.0 (compatible; AhrefsBot/7.0; +http://ahrefs.com/robot/)" "-"
3.83.76.0 - - [10/Feb/2026:04:31:43 +0000] "GET /tag/0x8cf0a6e2 HTTP/1.1" 200 26281 kenilworthcourt.com "-" "TerraCotta https://github.com/CeramicTeam/CeramicTerracotta" "-"
3.83.76.0 - - [10/Feb/2026:04:31:46 +0000] "GET /tag/777slot-vip HTTP/1.1" 200 187686 kenilworthcourt.com "-" "TerraCotta https://github.com/CeramicTeam/CeramicTerracotta" "-"
103.121.89.0 - - [10/Feb/2026:04:31:49 +0000] "POST /wp-login.php HTTP/1.1" 200 5572 kenilworthcourt.com "https://kenilworthcourt.com/wp-login.php" "Mozilla/5.0 (Windows NT 10.0; Win64; x64) AppleWebKit/537.36 (KHTML, like Gecko) Chrome/130.0.0.0 Safari/537.36" "-"
2a03:2880:f800:: - - [10/Feb/2026:04:31:52 +0000] "GET /exploring-the-world-of-online-slots-at-reef-reels-casino HTTP/1.1" 200 32262 kenilworthcourt.com "-" "meta-externalagent/1.1 (+https://developers.facebook.com/docs/sharing/webmasters/crawler)" "-"
3.83.76.0 - - [10/Feb/2026:04:31:53 +0000] "GET /gambling-fortunes-with-hot-and-cold-slots HTTP/1.1" 200 34926 kenilworthcourt.com "-" "TerraCotta https://github.com/CeramicTeam/CeramicTerracotta" "-"
198.244.240.0 - - [10/Feb/2026:04:31:57 +0000] "GET /gewinnspiel-im-play2win-casino/feed HTTP/1.1" 200 835 kenilworthcourt.com "-" "Mozilla/5.0 (compatible; AhrefsBot/7.0; +http://ahrefs.com/robot/)" "-"
3.83.76.0 - - [10/Feb/2026:04:32:01 +0000] "GET /category/jili-777-lucky-slot-186 HTTP/1.1" 200 71324 kenilworthcourt.com "-" "TerraCotta https://github.com/CeramicTeam/CeramicTerracotta" "-"
198.244.242.0 - - [10/Feb/2026:04:32:09 +0000] "GET /stories-free-spins-dolphin-cash-no-deposit-of-asgard-lokis-luck-slot-remark-launching-immersive-gameplay-and-worthwhile-perks HTTP/1.1" 200 36221 kenilworthcourt.com "-" "Mozilla/5.0 (compatible; AhrefsBot/7.0; +http://ahrefs.com/robot/)" "-"
3.83.76.0 - - [10/Feb/2026:04:32:11 +0000] "GET /category/spin-casino-ontario-524 HTTP/1.1" 200 63295 kenilworthcourt.com "-" "TerraCotta https://github.com/CeramicTeam/CeramicTerracotta" "-"
2a03:2880:f800:: - - [10/Feb/2026:04:32:12 +0000] "GET /imazing-portable-exe-stable-stable-zip HTTP/1.1" 200 82728 kenilworthcourt.com "-" "meta-externalagent/1.1 (+https://developers.facebook.com/docs/sharing/webmasters/crawler)" "-"
3.83.76.0 - - [10/Feb/2026:04:32:20 +0000] "GET /polestar-casino HTTP/1.1" 200 32154 kenilworthcourt.com "-" "TerraCotta https://github.com/CeramicTeam/CeramicTerracotta" "-"
198.244.226.0 - - [10/Feb/2026:04:32:24 +0000] "GET /mr-wager-local-casino-casino-pokie-pharaohs-fortune-real-money-inside-the-japanese-house-for-top-tier-betting HTTP/1.1" 200 38679 kenilworthcourt.com "-" "Mozilla/5.0 (compatible; AhrefsBot/7.0; +http://ahrefs.com/robot/)" "-"
3.83.76.0 - - [10/Feb/2026:04:32:33 +0000] "GET /tag/0xe1120dde HTTP/1.1" 200 26281 kenilworthcourt.com "-" "TerraCotta https://github.com/CeramicTeam/CeramicTerracotta" "-"
198.244.240.0 - - [10/Feb/2026:04:32:39 +0000] "GET /best-websites-to-real-money-casinos-nz-experience-baccarat-online-for-real-money-free-inside-2025/feed HTTP/1.1" 200 1043 kenilworthcourt.com "-" "Mozilla/5.0 (compatible; AhrefsBot/7.0; +http://ahrefs.com/robot/)" "-"
129.121.74.0 - - [10/Feb/2026:04:32:41 +0000] "GET /wp-login.php HTTP/1.1" 200 4740 kenilworthcourt.com "-" "Mozilla/5.0 (Windows NT 10.0; Win64; x64) AppleWebKit/537.36 (KHTML, like Gecko) Chrome/130.0.0.0 Safari/537.36" "-"
3.83.76.0 - - [10/Feb/2026:04:32:44 +0000] "GET /kaasino HTTP/1.1" 200 32612 kenilworthcourt.com "-" "TerraCotta https://github.com/CeramicTeam/CeramicTerracotta" "-"
129.121.74.0 - - [10/Feb/2026:04:32:53 +0000] "POST /wp-login.php HTTP/1.1" 200 5110 kenilworthcourt.com "https://kenilworthcourt.com/wp-login.php" "Mozilla/5.0 (Windows NT 10.0; Win64; x64) AppleWebKit/537.36 (KHTML, like Gecko) Chrome/130.0.0.0 Safari/537.36" "-"
104.243.34.0 - - [10/Feb/2026:04:32:54 +0000] "GET /wp-login.php HTTP/1.1" 200 4740 kenilworthcourt.com "-" "Mozilla/5.0 (Windows NT 10.0; Win64; x64) AppleWebKit/537.36 (KHTML, like Gecko) Chrome/130.0.0.0 Safari/537.36" "-"
198.244.240.0 - - [10/Feb/2026:04:32:55 +0000] "GET /best-on-line-roulette-internet-sites-inside-asia-2025-gamble-roulette-on-no-download-funky-fruits-the-internet/feed HTTP/1.1" 200 1075 kenilworthcourt.com "-" "Mozilla/5.0 (compatible; AhrefsBot/7.0; +http://ahrefs.com/robot/)" "-"
3.83.76.0 - - [10/Feb/2026:04:32:58 +0000] "GET /jouez-en-toute-securite-et-en-toute-confiance-au-vincispin-casino-en-suisse HTTP/1.1" 200 35953 kenilworthcourt.com "-" "TerraCotta https://github.com/CeramicTeam/CeramicTerracotta" "-"
104.243.34.0 - - [10/Feb/2026:04:33:07 +0000] "POST /wp-login.php HTTP/1.1" 200 5110 kenilworthcourt.com "https://kenilworthcourt.com/wp-login.php" "Mozilla/5.0 (Windows NT 10.0; Win64; x64) AppleWebKit/537.36 (KHTML, like Gecko) Chrome/130.0.0.0 Safari/537.36" "-"
51.195.244.0 - - [10/Feb/2026:04:33:09 +0000] "GET /jogue-slots-online-uma-vez-que-bagarote-slot-online-pharaohs-fortune-real-acercade-portugal-melhores-casinos/feed HTTP/1.1" 200 1069 kenilworthcourt.com "-" "Mozilla/5.0 (compatible; AhrefsBot/7.0; +http://ahrefs.com/robot/)" "-"
3.83.76.0 - - [10/Feb/2026:04:33:22 +0000] "GET /newsleecher-ready-to-go-crack-product-key-clean-x86x64-latest-bypass HTTP/1.1" 200 147445 kenilworthcourt.com "-" "TerraCotta https://github.com/CeramicTeam/CeramicTerracotta" "-"
198.244.168.0 - - [10/Feb/2026:04:33:26 +0000] "GET /protestation-book-of-ra-novoline-online-slot-siberian-storm-teste-jetzt-gratis-ohne-aussicht/feed HTTP/1.1" 200 1022 kenilworthcourt.com "-" "Mozilla/5.0 (compatible; AhrefsBot/7.0; +http://ahrefs.com/robot/)" "-"
3.83.76.0 - - [10/Feb/2026:04:33:35 +0000] "GET /tag/188bet-%e0%b8%a1%e0%b8%b7%e0%b8%ad%e0%b8%96%e0%b8%b7%e0%b8%ad-%e0%b9%80%e0%b8%82%e0%b9%89%e0%b8%b2%e0%b8%aa%e0%b8%b9%e0%b9%88%e0%b8%a3%e0%b8%b0%e0%b8%9a%e0%b8%9a HTTP/1.1" 200 35843 kenilworthcourt.com "-" "TerraCotta https://github.com/CeramicTeam/CeramicTerracotta" "-"
198.244.168.0 - - [10/Feb/2026:04:33:42 +0000] "GET /bet20-140 HTTP/1.1" 200 42398 kenilworthcourt.com "-" "Mozilla/5.0 (compatible; AhrefsBot/7.0; +http://ahrefs.com/robot/)" "-"
47.161.210.0 - - [10/Feb/2026:04:33:45 +0000] "GET /wp-login.php HTTP/1.1" 200 4740 kenilworthcourt.com "-" "Mozilla/5.0 (Windows NT 10.0; Win64; x64) AppleWebKit/537.36 (KHTML, like Gecko) Chrome/130.0.0.0 Safari/537.36" "-"
85.208.98.0 - - [10/Feb/2026:04:33:48 +0000] "GET /robots.txt HTTP/1.1" 429 267 kenilworthcourt.com "-" "Mozilla/5.0 (compatible; SemrushBot-BA; +http://www.semrush.com/bot.html)" "-"
47.161.210.0 - - [10/Feb/2026:04:33:57 +0000] "POST /wp-login.php HTTP/1.1" 200 5110 kenilworthcourt.com "https://kenilworthcourt.com/wp-login.php" "Mozilla/5.0 (Windows NT 10.0; Win64; x64) AppleWebKit/537.36 (KHTML, like Gecko) Chrome/130.0.0.0 Safari/537.36" "-"
51.195.183.0 - - [10/Feb/2026:04:34:00 +0000] "GET /category/20bet-app-739/feed HTTP/1.1" 200 42141 kenilworthcourt.com "-" "Mozilla/5.0 (compatible; AhrefsBot/7.0; +http://ahrefs.com/robot/)" "-"
3.83.76.0 - - [10/Feb/2026:04:34:09 +0000] "GET /category/slot-tadhana-691 HTTP/1.1" 200 92767 kenilworthcourt.com "-" "TerraCotta https://github.com/CeramicTeam/CeramicTerracotta" "-"
3.83.76.0 - - [10/Feb/2026:04:34:18 +0000] "GET /category/8xbet-apk-526 HTTP/1.1" 200 57555 kenilworthcourt.com "-" "TerraCotta https://github.com/CeramicTeam/CeramicTerracotta" "-"
51.195.183.0 - - [10/Feb/2026:04:34:18 +0000] "GET /tag/hellspin-casino-review/page/4 HTTP/1.1" 200 130180 kenilworthcourt.com "-" "Mozilla/5.0 (compatible; AhrefsBot/7.0; +http://ahrefs.com/robot/)" "-"
198.98.53.0 - - [10/Feb/2026:04:34:20 +0000] "GET /wp-login.php HTTP/1.1" 200 4740 kenilworthcourt.com "-" "Mozilla/5.0 (Macintosh; Intel Mac OS X 10_7_5) AppleWebKit/537.77.4 (KHTML, like Gecko) Version/6.1.5 Safari/537.77.4" "-"
85.208.98.0 - - [10/Feb/2026:04:34:23 +0000] "GET /robots.txt HTTP/1.1" 429 267 kenilworthcourt.com "-" "Mozilla/5.0 (compatible; SemrushBot-BA; +http://www.semrush.com/bot.html)" "-"
3.83.76.0 - - [10/Feb/2026:04:34:26 +0000] "GET /tag/gratogana-bono HTTP/1.1" 200 61230 kenilworthcourt.com "-" "TerraCotta https://github.com/CeramicTeam/CeramicTerracotta" "-"
31.220.151.0 - - [10/Feb/2026:04:34:27 +0000] "GET /wp-login.php HTTP/1.1" 200 4740 kenilworthcourt.com "-" "Mozilla/5.0 (Windows NT 10.0; Win64; x64) AppleWebKit/537.36 (KHTML, like Gecko) Chrome/130.0.0.0 Safari/537.36" "-"
198.98.53.0 - - [10/Feb/2026:04:34:32 +0000] "POST /wp-login.php HTTP/1.1" 200 5162 kenilworthcourt.com "-" "Mozilla/5.0 (Macintosh; Intel Mac OS X 10_7_5) AppleWebKit/537.77.4 (KHTML, like Gecko) Version/6.1.5 Safari/537.77.4" "-"
198.244.242.0 - - [10/Feb/2026:04:34:35 +0000] "GET /lucky-aurum-diggers-spielautomat-days-beschmu-unter-anderem-keineswegs-die-erprobung-and-erfahrungen-2025/feed HTTP/1.1" 200 1062 kenilworthcourt.com "-" "Mozilla/5.0 (compatible; AhrefsBot/7.0; +http://ahrefs.com/robot/)" "-"
3.83.76.0 - - [10/Feb/2026:04:34:35 +0000] "GET /paradise-8-casino-game-selection-expands-daily HTTP/1.1" 200 34164 kenilworthcourt.com "-" "TerraCotta https://github.com/CeramicTeam/CeramicTerracotta" "-"
85.208.98.0 - - [10/Feb/2026:04:34:47 +0000] "GET /costume-mare-a-vestito-k.html HTTP/1.1" 429 267 kenilworthcourt.com "-" "Mozilla/5.0 (compatible; SemrushBot-BA; +http://www.semrush.com/bot.html)" "-"
3.83.76.0 - - [10/Feb/2026:04:34:48 +0000] "GET /clenbuterolo-in-combinazione-con-yohimbina-utile-o-no HTTP/1.1" 200 30564 kenilworthcourt.com "-" "TerraCotta https://github.com/CeramicTeam/CeramicTerracotta" "-"
198.244.226.0 - - [10/Feb/2026:04:34:52 +0000] "GET /%E0%B8%A3%E0%B8%AB%E0%B8%B1%E0%B8%AA%E0%B8%9C%E0%B9%88%E0%B8%B2%E0%B8%99-parimatch-incentive-asia-%E0%B8%A1%E0%B8%B2%E0%B8%81%E0%B8%96%E0%B8%B6%E0%B8%87-20000-%E0%B8%A3%E0%B8%AB%E0%B8%B1%E0%B8%AA HTTP/1.1" 200 43991 kenilworthcourt.com "-" "Mozilla/5.0 (compatible; AhrefsBot/7.0; +http://ahrefs.com/robot/)" "-"
3.83.76.0 - - [10/Feb/2026:04:34:56 +0000] "GET /tag/uptown-pokies-bonus-codes HTTP/1.1" 200 81970 kenilworthcourt.com "-" "TerraCotta https://github.com/CeramicTeam/CeramicTerracotta" "-"
43.250.141.0 - - [10/Feb/2026:04:34:59 +0000] "GET /wp-login.php HTTP/1.1" 200 4740 kenilworthcourt.com "-" "Mozilla/5.0 (Windows NT 10.0; Win64; x64) AppleWebKit/537.36 (KHTML, like Gecko) Chrome/130.0.0.0 Safari/537.36" "-"
3.83.76.0 - - [10/Feb/2026:04:34:59 +0000] "GET /spielbank-bad-bentheim-glucksspiele-und-unterhaltung-in-deutschland HTTP/1.1" 200 33486 kenilworthcourt.com "-" "TerraCotta https://github.com/CeramicTeam/CeramicTerracotta" "-"
66.249.68.0 - - [10/Feb/2026:04:35:00 +0000] "GET /rozpal-swoja-pasje-do-gier-online-recenzje-i-doswiadczenia HTTP/1.1" 200 37225 kenilworthcourt.com "-" "Mozilla/5.0 (Linux; Android 6.0.1; Nexus 5X Build/MMB29P) AppleWebKit/537.36 (KHTML, like Gecko) Chrome/144.0.7559.132 Mobile Safari/537.36 (compatible; Googlebot/2.1; +http://www.google.com/bot.html)" "-"
3.83.76.0 - - [10/Feb/2026:04:35:00 +0000] "GET /les-machines-a-sous-de-lolympe-casino-2 HTTP/1.1" 200 33729 kenilworthcourt.com "-" "TerraCotta https://github.com/CeramicTeam/CeramicTerracotta" "-"
3.83.76.0 - - [10/Feb/2026:04:35:08 +0000] "GET /category/bizzo-casino-pl-386 HTTP/1.1" 200 56920 kenilworthcourt.com "-" "TerraCotta https://github.com/CeramicTeam/CeramicTerracotta" "-"
43.250.141.0 - - [10/Feb/2026:04:35:11 +0000] "POST /wp-login.php HTTP/1.1" 200 5110 kenilworthcourt.com "https://kenilworthcourt.com/wp-login.php" "Mozilla/5.0 (Windows NT 10.0; Win64; x64) AppleWebKit/537.36 (KHTML, like Gecko) Chrome/130.0.0.0 Safari/537.36" "-"
51.195.183.0 - - [10/Feb/2026:04:35:12 +0000] "GET /jackpot-stadtzentrum-casino-vollstandiger-informationsaustausch-unter-einsatz-von-das-online-gaming-spielbank-within-plinko/feed HTTP/1.1" 200 1115 kenilworthcourt.com "-" "Mozilla/5.0 (compatible; AhrefsBot/7.0; +http://ahrefs.com/robot/)" "-"
209.141.33.0 - - [10/Feb/2026:04:35:17 +0000] "GET /wp-login.php HTTP/1.1" 200 4740 kenilworthcourt.com "-" "Mozilla/5.0 (compatible; MSIE 9.0; Windows NT 6.1; WOW64; Trident/5.0)" "-"
188.40.26.0 - - [10/Feb/2026:04:35:24 +0000] "GET /wp-login.php HTTP/1.1" 200 4740 kenilworthcourt.com "-" "Mozilla/5.0 (Windows NT 10.0; Win64; x64) AppleWebKit/537.36 (KHTML, like Gecko) Chrome/130.0.0.0 Safari/537.36" "-"
3.83.76.0 - - [10/Feb/2026:04:35:24 +0000] "GET /category/777-slot-vip-697 HTTP/1.1" 200 76230 kenilworthcourt.com "-" "TerraCotta https://github.com/CeramicTeam/CeramicTerracotta" "-"
3.83.76.0 - - [10/Feb/2026:04:35:27 +0000] "GET /category/esportnow-legal HTTP/1.1" 200 64378 kenilworthcourt.com "-" "TerraCotta https://github.com/CeramicTeam/CeramicTerracotta" "-"
209.141.33.0 - - [10/Feb/2026:04:35:29 +0000] "POST /wp-login.php HTTP/1.1" 200 5158 kenilworthcourt.com "-" "Mozilla/5.0 (compatible; MSIE 9.0; Windows NT 6.1; WOW64; Trident/5.0)" "-"
3.83.76.0 - - [10/Feb/2026:04:35:31 +0000] "GET /ms-office-2019-arm64-with-crack-latest-build-no-internet-required-magnet-link HTTP/1.1" 200 99695 kenilworthcourt.com "-" "TerraCotta https://github.com/CeramicTeam/CeramicTerracotta" "-"
198.244.168.0 - - [10/Feb/2026:04:35:34 +0000] "GET /darmowe-spiny-energycasino-6 HTTP/1.1" 200 38278 kenilworthcourt.com "-" "Mozilla/5.0 (compatible; AhrefsBot/7.0; +http://ahrefs.com/robot/)" "-"
188.40.26.0 - - [10/Feb/2026:04:35:36 +0000] "POST /wp-login.php HTTP/1.1" 200 5110 kenilworthcourt.com "https://kenilworthcourt.com/wp-login.php" "Mozilla/5.0 (Windows NT 10.0; Win64; x64) AppleWebKit/537.36 (KHTML, like Gecko) Chrome/130.0.0.0 Safari/537.36" "-"
85.208.98.0 - - [10/Feb/2026:04:35:38 +0000] "GET /m6-omron-amazon-k.html HTTP/1.1" 429 267 kenilworthcourt.com "-" "Mozilla/5.0 (compatible; SemrushBot-BA; +http://www.semrush.com/bot.html)" "-"
3.83.76.0 - - [10/Feb/2026:04:35:56 +0000] "GET /guida-ai-migliori-bonus-e-promozioni-per-aumentare-le-probabilita-di-successo-alla-roulette-online HTTP/1.1" 200 40099 kenilworthcourt.com "-" "TerraCotta https://github.com/CeramicTeam/CeramicTerracotta" "-"
198.244.240.0 - - [10/Feb/2026:04:35:59 +0000] "GET /category/fb777-vip-login-registration-984/feed HTTP/1.1" 200 48075 kenilworthcourt.com "-" "Mozilla/5.0 (compatible; AhrefsBot/7.0; +http://ahrefs.com/robot/)" "-"
2a03:2880:f800:: - - [10/Feb/2026:04:36:08 +0000] "GET /11-casino-32red-no-deposit-bonus-bingo-programs-the-real-deal-money-2024 HTTP/1.1" 200 38076 kenilworthcourt.com "-" "meta-externalagent/1.1 (+https://developers.facebook.com/docs/sharing/webmasters/crawler)" "-"
3.83.76.0 - - [10/Feb/2026:04:36:14 +0000] "GET /koning-bet HTTP/1.1" 200 32369 kenilworthcourt.com "-" "TerraCotta https://github.com/CeramicTeam/CeramicTerracotta" "-"
3.83.76.0 - - [10/Feb/2026:04:36:16 +0000] "GET /huff-n-more-puff-slot HTTP/1.1" 200 32555 kenilworthcourt.com "-" "TerraCotta https://github.com/CeramicTeam/CeramicTerracotta" "-"
51.89.129.0 - - [10/Feb/2026:04:36:19 +0000] "GET /polestar-casino-3/feed HTTP/1.1" 200 794 kenilworthcourt.com "-" "Mozilla/5.0 (compatible; AhrefsBot/7.0; +http://ahrefs.com/robot/)" "-"
3.83.76.0 - - [10/Feb/2026:04:36:26 +0000] "GET /eierstrase-das-casino-spiel-fur-alle HTTP/1.1" 200 33845 kenilworthcourt.com "-" "TerraCotta https://github.com/CeramicTeam/CeramicTerracotta" "-"
198.244.242.0 - - [10/Feb/2026:04:36:38 +0000] "GET /category/queen777-login-944/feed HTTP/1.1" 200 47149 kenilworthcourt.com "-" "Mozilla/5.0 (compatible; AhrefsBot/7.0; +http://ahrefs.com/robot/)" "-"
3.83.76.0 - - [10/Feb/2026:04:36:40 +0000] "GET /augen-des-gottkonigs-in-der-spielhalle HTTP/1.1" 200 34007 kenilworthcourt.com "-" "TerraCotta https://github.com/CeramicTeam/CeramicTerracotta" "-"
3.210.114.0 - - [10/Feb/2026:04:36:45 +0000] "GET /huisvrouwen-op-weg-naar-kippenstraat/feed HTTP/1.1" 200 853 kenilworthcourt.com "-" "Mozilla/5.0 AppleWebKit/537.36 (KHTML, like Gecko; compatible; Amazonbot/0.1; +https://developer.amazon.com/support/amazonbot) Chrome/119.0.6045.214 Safari/537.36" "-"
3.216.227.0 - - [10/Feb/2026:04:36:46 +0000] "GET /can-you-pass-the-kalshi-gambling-apps-test HTTP/1.1" 200 54733 kenilworthcourt.com "-" "Mozilla/5.0 AppleWebKit/537.36 (KHTML, like Gecko; compatible; Amazonbot/0.1; +https://developer.amazon.com/support/amazonbot) Chrome/119.0.6045.214 Safari/537.36" "-"
3.224.205.0 - - [10/Feb/2026:04:36:52 +0000] "GET /otchego-volnenie-mozhet-byt-elementom-kreativa HTTP/1.1" 200 46235 kenilworthcourt.com "-" "Mozilla/5.0 AppleWebKit/537.36 (KHTML, like Gecko; compatible; Amazonbot/0.1; +https://developer.amazon.com/support/amazonbot) Chrome/119.0.6045.214 Safari/537.36" "-"
54.88.84.0 - - [10/Feb/2026:04:36:55 +0000] "GET /wp-json/wp/v2/posts/24391 HTTP/1.1" 200 71682 kenilworthcourt.com "-" "Mozilla/5.0 AppleWebKit/537.36 (KHTML, like Gecko; compatible; Amazonbot/0.1; +https://developer.amazon.com/support/amazonbot) Chrome/119.0.6045.214 Safari/537.36" "-"
51.195.215.0 - - [10/Feb/2026:04:36:59 +0000] "GET /spiagge-doro-del-winita-casino/feed HTTP/1.1" 200 835 kenilworthcourt.com "-" "Mozilla/5.0 (compatible; AhrefsBot/7.0; +http://ahrefs.com/robot/)" "-"
54.92.171.0 - - [10/Feb/2026:04:37:00 +0000] "GET /wp-json/oembed/1.0/embed?format=xml&url=https://kenilworthcourt.com/microsoft-365-64-bit-deployment-tool-most-recent-version-rarbg-magnet-link HTTP/1.1" 200 2621 kenilworthcourt.com "-" "Mozilla/5.0 AppleWebKit/537.36 (KHTML, like Gecko; compatible; Amazonbot/0.1; +https://developer.amazon.com/support/amazonbot) Chrome/119.0.6045.214 Safari/537.36" "-"
3.83.76.0 - - [10/Feb/2026:04:37:03 +0000] "GET /category/22-hellspin-e-wallet-199 HTTP/1.1" 200 62365 kenilworthcourt.com "-" "TerraCotta https://github.com/CeramicTeam/CeramicTerracotta" "-"
54.156.124.0 - - [10/Feb/2026:04:37:03 +0000] "GET /wp-json/oembed/1.0/embed?url=https://kenilworthcourt.com/gdf-casino HTTP/1.1" 200 2152 kenilworthcourt.com "-" "Mozilla/5.0 AppleWebKit/537.36 (KHTML, like Gecko; compatible; Amazonbot/0.1; +https://developer.amazon.com/support/amazonbot) Chrome/119.0.6045.214 Safari/537.36" "-"
23.23.99.0 - - [10/Feb/2026:04:37:07 +0000] "GET /wp-json/wp/v2/posts/24469 HTTP/1.1" 200 6220 kenilworthcourt.com "-" "Mozilla/5.0 AppleWebKit/537.36 (KHTML, like Gecko; compatible; Amazonbot/0.1; +https://developer.amazon.com/support/amazonbot) Chrome/119.0.6045.214 Safari/537.36" "-"
34.239.197.0 - - [10/Feb/2026:04:37:11 +0000] "GET /wp-json/oembed/1.0/embed?format=xml&url=https://kenilworthcourt.com/ms-m365-small-business-x86-lifetime-activated-github-micro-dow%25f0%259d%259a%2597l%25f0%259d%259a%2598ad-to%25f0%259d%259a%259brent HTTP/1.1" 200 2758 kenilworthcourt.com "-" "Mozilla/5.0 AppleWebKit/537.36 (KHTML, like Gecko; compatible; Amazonbot/0.1; +https://developer.amazon.com/support/amazonbot) Chrome/119.0.6045.214 Safari/537.36" "-"
3.83.76.0 - - [10/Feb/2026:04:37:13 +0000] "GET /spin-samurai-online-casino HTTP/1.1" 200 31000 kenilworthcourt.com "-" "TerraCotta https://github.com/CeramicTeam/CeramicTerracotta" "-"
51.195.244.0 - - [10/Feb/2026:04:37:17 +0000] "GET /spielen-sie-gewinnreiche-automaten-im-play2win-casino/feed HTTP/1.1" 200 904 kenilworthcourt.com "-" "Mozilla/5.0 (compatible; AhrefsBot/7.0; +http://ahrefs.com/robot/)" "-"
54.225.98.0 - - [10/Feb/2026:04:37:18 +0000] "GET /casino-deposito-minimo-1-euro-juega-con-ingreso-de-22 HTTP/1.1" 200 67306 kenilworthcourt.com "-" "Mozilla/5.0 AppleWebKit/537.36 (KHTML, like Gecko; compatible; Amazonbot/0.1; +https://developer.amazon.com/support/amazonbot) Chrome/119.0.6045.214 Safari/537.36" "-"
18.214.251.0 - - [10/Feb/2026:04:37:20 +0000] "GET /chicken-road-3/feed HTTP/1.1" 200 785 kenilworthcourt.com "-" "Mozilla/5.0 AppleWebKit/537.36 (KHTML, like Gecko; compatible; Amazonbot/0.1; +https://developer.amazon.com/support/amazonbot) Chrome/119.0.6045.214 Safari/537.36" "-"
193.53.40.0 - - [10/Feb/2026:04:37:20 +0000] "GET /wp-login.php HTTP/1.1" 200 4740 kenilworthcourt.com "-" "Mozilla/5.0 (Windows NT 10.0; Win64; x64) AppleWebKit/537.36 (KHTML, like Gecko) Chrome/130.0.0.0 Safari/537.36" "-"
3.83.76.0 - - [10/Feb/2026:04:37:22 +0000] "GET /opiniones-reales-sobre-casino-sportuna-y-sus-bonos-apuestas-seguras HTTP/1.1" 200 34420 kenilworthcourt.com "-" "TerraCotta https://github.com/CeramicTeam/CeramicTerracotta" "-"
18.213.27.0 - - [10/Feb/2026:04:37:27 +0000] "GET /angeschlossen-kasino-pramie-uberprufen-abzuglich-einzahlung-sofortig-2025 HTTP/1.1" 200 35555 kenilworthcourt.com "-" "Mozilla/5.0 AppleWebKit/537.36 (KHTML, like Gecko; compatible; Amazonbot/0.1; +https://developer.amazon.com/support/amazonbot) Chrome/119.0.6045.214 Safari/537.36" "-"
23.22.105.0 - - [10/Feb/2026:04:37:28 +0000] "GET /play-cyrus-the-virus-casino-slot-games-free-of-free-spins-no-deposit-keep-your-winnings-charge-2025 HTTP/1.1" 200 36672 kenilworthcourt.com "-" "Mozilla/5.0 AppleWebKit/537.36 (KHTML, like Gecko; compatible; Amazonbot/0.1; +https://developer.amazon.com/support/amazonbot) Chrome/119.0.6045.214 Safari/537.36" "-"
3.83.76.0 - - [10/Feb/2026:04:37:30 +0000] "GET /category/lucky-cola-casino-register-514 HTTP/1.1" 200 71224 kenilworthcourt.com "-" "TerraCotta https://github.com/CeramicTeam/CeramicTerracotta" "-"
44.218.170.0 - - [10/Feb/2026:04:37:31 +0000] "GET /wp-json/wp/v2/posts/20152 HTTP/1.1" 200 9230 kenilworthcourt.com "-" "Mozilla/5.0 AppleWebKit/537.36 (KHTML, like Gecko; compatible; Amazonbot/0.1; +https://developer.amazon.com/support/amazonbot) Chrome/119.0.6045.214 Safari/537.36" "-"
193.53.40.0 - - [10/Feb/2026:04:37:32 +0000] "POST /wp-login.php HTTP/1.1" 200 5110 kenilworthcourt.com "https://kenilworthcourt.com/wp-login.php" "Mozilla/5.0 (Windows NT 10.0; Win64; x64) AppleWebKit/537.36 (KHTML, like Gecko) Chrome/130.0.0.0 Safari/537.36" "-"
3.83.76.0 - - [10/Feb/2026:04:37:36 +0000] "GET /category/rich11-net-in4 HTTP/1.1" 200 34792 kenilworthcourt.com "-" "TerraCotta https://github.com/CeramicTeam/CeramicTerracotta" "-"
3.210.223.0 - - [10/Feb/2026:04:37:38 +0000] "GET /wp-json/wp/v2/posts/21181 HTTP/1.1" 200 8688 kenilworthcourt.com "-" "Mozilla/5.0 AppleWebKit/537.36 (KHTML, like Gecko; compatible; Amazonbot/0.1; +https://developer.amazon.com/support/amazonbot) Chrome/119.0.6045.214 Safari/537.36" "-"
51.89.129.0 - - [10/Feb/2026:04:37:38 +0000] "GET /cricket-gambling-web-sites-and-you-may-software-finest-sportsbooks-away-from-2025/feed HTTP/1.1" 200 989 kenilworthcourt.com "-" "Mozilla/5.0 (compatible; AhrefsBot/7.0; +http://ahrefs.com/robot/)" "-"
3.83.76.0 - - [10/Feb/2026:04:37:39 +0000] "GET /category/bizzo-casino-bonus-code-891 HTTP/1.1" 200 61347 kenilworthcourt.com "-" "TerraCotta https://github.com/CeramicTeam/CeramicTerracotta" "-"
34.225.138.0 - - [10/Feb/2026:04:37:41 +0000] "GET /wp-json/oembed/1.0/embed?url=https://kenilworthcourt.com/offizielle-escort-service-seiten-starte-jetzt-einfach HTTP/1.1" 200 2391 kenilworthcourt.com "-" "Mozilla/5.0 AppleWebKit/537.36 (KHTML, like Gecko; compatible; Amazonbot/0.1; +https://developer.amazon.com/support/amazonbot) Chrome/119.0.6045.214 Safari/537.36" "-"
52.207.47.0 - - [10/Feb/2026:04:37:43 +0000] "GET /wp-json/oembed/1.0/embed?format=xml&url=https://kenilworthcourt.com/greatest-real-time-web-based-casinos-best-evolution-mobile-internet-sites-having-real-buyers-inside-the-2025 HTTP/1.1" 200 2785 kenilworthcourt.com "-" "Mozilla/5.0 AppleWebKit/537.36 (KHTML, like Gecko; compatible; Amazonbot/0.1; +https://developer.amazon.com/support/amazonbot) Chrome/119.0.6045.214 Safari/537.36" "-"
3.83.76.0 - - [10/Feb/2026:04:37:45 +0000] "GET /casino-deutschland HTTP/1.1" 200 32398 kenilworthcourt.com "-" "TerraCotta https://github.com/CeramicTeam/CeramicTerracotta" "-"
184.73.47.0 - - [10/Feb/2026:04:37:51 +0000] "GET /wp-json/oembed/1.0/embed?url=https://kenilworthcourt.com/johnny-kash HTTP/1.1" 200 2157 kenilworthcourt.com "-" "Mozilla/5.0 AppleWebKit/537.36 (KHTML, like Gecko; compatible; Amazonbot/0.1; +https://developer.amazon.com/support/amazonbot) Chrome/119.0.6045.214 Safari/537.36" "-"
3.83.76.0 - - [10/Feb/2026:04:37:53 +0000] "GET /tag/bmw-casino-online HTTP/1.1" 200 94728 kenilworthcourt.com "-" "TerraCotta https://github.com/CeramicTeam/CeramicTerracotta" "-"
54.159.98.0 - - [10/Feb/2026:04:37:53 +0000] "GET /wp-json/oembed/1.0/embed?format=xml&url=https://kenilworthcourt.com/crystal-forest-testspielautomat-kostenlos-50-spins-keine-einzahlung-kostenloses-demospiel HTTP/1.1" 200 2693 kenilworthcourt.com "-" "Mozilla/5.0 AppleWebKit/537.36 (KHTML, like Gecko; compatible; Amazonbot/0.1; +https://developer.amazon.com/support/amazonbot) Chrome/119.0.6045.214 Safari/537.36" "-"
3.83.76.0 - - [10/Feb/2026:04:37:54 +0000] "GET /webcamxp-crack-product-key-full-x86-x64-full HTTP/1.1" 200 212924 kenilworthcourt.com "-" "TerraCotta https://github.com/CeramicTeam/CeramicTerracotta" "-"
51.195.183.0 - - [10/Feb/2026:04:37:55 +0000] "GET /twin-casino-le-jeu-de-hasard-en-ligne/feed HTTP/1.1" 200 858 kenilworthcourt.com "-" "Mozilla/5.0 (compatible; AhrefsBot/7.0; +http://ahrefs.com/robot/)" "-"
54.209.100.0 - - [10/Feb/2026:04:37:56 +0000] "GET /wp-json/wp/v2/posts/12037 HTTP/1.1" 200 16552 kenilworthcourt.com "-" "Mozilla/5.0 AppleWebKit/537.36 (KHTML, like Gecko; compatible; Amazonbot/0.1; +https://developer.amazon.com/support/amazonbot) Chrome/119.0.6045.214 Safari/537.36" "-"
52.0.41.0 - - [10/Feb/2026:04:37:59 +0000] "GET /wp-json/wp/v2/posts/5671 HTTP/1.1" 200 9659 kenilworthcourt.com "-" "Mozilla/5.0 AppleWebKit/537.36 (KHTML, like Gecko; compatible; Amazonbot/0.1; +https://developer.amazon.com/support/amazonbot) Chrome/119.0.6045.214 Safari/537.36" "-"
177.131.140.0 - - [10/Feb/2026:04:38:05 +0000] "GET /wp-login.php HTTP/1.1" 200 4740 kenilworthcourt.com "-" "Mozilla/5.0 (Windows NT 10.0; Win64; x64) AppleWebKit/537.36 (KHTML, like Gecko) Chrome/130.0.0.0 Safari/537.36" "-"
198.244.168.0 - - [10/Feb/2026:04:38:09 +0000] "GET /sieben-zeichen-gewinne-ohne-grenzen-bei-7signs-casino/feed HTTP/1.1" 200 912 kenilworthcourt.com "-" "Mozilla/5.0 (compatible; AhrefsBot/7.0; +http://ahrefs.com/robot/)" "-"
177.131.140.0 - - [10/Feb/2026:04:38:17 +0000] "POST /wp-login.php HTTP/1.1" 200 5110 kenilworthcourt.com "https://kenilworthcourt.com/wp-login.php" "Mozilla/5.0 (Windows NT 10.0; Win64; x64) AppleWebKit/537.36 (KHTML, like Gecko) Chrome/130.0.0.0 Safari/537.36" "-"
101.0.79.0 - - [10/Feb/2026:04:38:19 +0000] "GET /wp-login.php HTTP/1.1" 200 4740 kenilworthcourt.com "-" "Mozilla/5.0 (Windows NT 10.0; Win64; x64) AppleWebKit/537.36 (KHTML, like Gecko) Chrome/130.0.0.0 Safari/537.36" "-"
3.83.76.0 - - [10/Feb/2026:04:38:24 +0000] "GET /tag/20-bet-descargar HTTP/1.1" 200 51620 kenilworthcourt.com "-" "TerraCotta https://github.com/CeramicTeam/CeramicTerracotta" "-"
198.244.168.0 - - [10/Feb/2026:04:38:25 +0000] "GET /la-experiencia-de-juego-del-casinia-casino/feed HTTP/1.1" 200 871 kenilworthcourt.com "-" "Mozilla/5.0 (compatible; AhrefsBot/7.0; +http://ahrefs.com/robot/)" "-"
3.83.76.0 - - [10/Feb/2026:04:38:30 +0000] "GET /tag/hellspin-no-deposit-bonus-codes-2024 HTTP/1.1" 200 85535 kenilworthcourt.com "-" "TerraCotta https://github.com/CeramicTeam/CeramicTerracotta" "-"
101.0.79.0 - - [10/Feb/2026:04:38:31 +0000] "POST /wp-login.php HTTP/1.1" 200 5110 kenilworthcourt.com "https://kenilworthcourt.com/wp-login.php" "Mozilla/5.0 (Windows NT 10.0; Win64; x64) AppleWebKit/537.36 (KHTML, like Gecko) Chrome/130.0.0.0 Safari/537.36" "-"
3.83.76.0 - - [10/Feb/2026:04:38:34 +0000] "GET /chicken-road-2-11 HTTP/1.1" 200 31289 kenilworthcourt.com "-" "TerraCotta https://github.com/CeramicTeam/CeramicTerracotta" "-"
198.244.226.0 - - [10/Feb/2026:04:38:42 +0000] "GET /casino-20-euros-gratis-sin-deposito-por-registrar-10-bet-248/feed HTTP/1.1" 200 948 kenilworthcourt.com "-" "Mozilla/5.0 (compatible; AhrefsBot/7.0; +http://ahrefs.com/robot/)" "-"
43.173.180.0 - - [10/Feb/2026:04:38:43 +0000] "GET /?p=18305 HTTP/1.1" 301 - kenilworthcourt.com "-" "Mozilla/5.0 (Windows NT 10.0; Win64; x64) AppleWebKit/537.36 (KHTML, like Gecko) Chrome/117.0.0.0 Safari/537.36" "-"
43.173.180.0 - - [10/Feb/2026:04:38:43 +0000] "GET /kudos-casino-free-spins-547 HTTP/1.1" 200 44750 kenilworthcourt.com "https://kenilworthcourt.com/?p=18305" "Mozilla/5.0 (Windows NT 10.0; Win64; x64) AppleWebKit/537.36 (KHTML, like Gecko) Chrome/117.0.0.0 Safari/537.36" "-"
2001:880:: - - [10/Feb/2026:04:38:49 +0000] "POST /xmlrpc.php HTTP/1.1" 200 403 kenilworthcourt.com "-" "Mozilla/5.0 (Windows NT 10.0; Win64; x64; rv:140.0) Gecko/20100101 Firefox/140.0" "-"
3.83.76.0 - - [10/Feb/2026:04:38:53 +0000] "GET /tag/rtbet-bonus HTTP/1.1" 200 176547 kenilworthcourt.com "-" "TerraCotta https://github.com/CeramicTeam/CeramicTerracotta" "-"
51.195.215.0 - - [10/Feb/2026:04:38:58 +0000] "GET /caspero-casino-live-casino-safe-gaming-with-real-dealers-in-canada HTTP/1.1" 200 39313 kenilworthcourt.com "-" "Mozilla/5.0 (compatible; AhrefsBot/7.0; +http://ahrefs.com/robot/)" "-"
50.6.7.0 - - [10/Feb/2026:04:39:02 +0000] "GET /wp-login.php HTTP/1.1" 200 4740 kenilworthcourt.com "-" "Mozilla/5.0 (Windows NT 10.0; Win64; x64) AppleWebKit/537.36 (KHTML, like Gecko) Chrome/130.0.0.0 Safari/537.36" "-"
46.6.7.0 - - [10/Feb/2026:04:39:12 +0000] "GET /trenbolone-base-50-un-atout-pour-la-musculation HTTP/1.1" 200 30570 kenilworthcourt.com "-" "GuzzleHttp/7" "-"
2a03:2880:f800:: - - [10/Feb/2026:04:39:12 +0000] "GET /golden-reels-casino-slot-machines-experience HTTP/1.1" 200 33911 kenilworthcourt.com "-" "meta-externalagent/1.1 (+https://developers.facebook.com/docs/sharing/webmasters/crawler)" "-"
198.244.183.0 - - [10/Feb/2026:04:39:17 +0000] "GET /20bet-brasil-414/feed HTTP/1.1" 200 831 kenilworthcourt.com "-" "Mozilla/5.0 (compatible; AhrefsBot/7.0; +http://ahrefs.com/robot/)" "-"
3.83.76.0 - - [10/Feb/2026:04:39:19 +0000] "GET /tag/fortune-gems-online HTTP/1.1" 200 69862 kenilworthcourt.com "-" "TerraCotta https://github.com/CeramicTeam/CeramicTerracotta" "-"
3.223.104.0 - - [10/Feb/2026:04:39:30 +0000] "GET /wp-login.php HTTP/1.1" 200 4740 kenilworthcourt.com "-" "Mozilla/5.0 (Windows NT 10.0; Win64; x64) AppleWebKit/537.36 (KHTML, like Gecko) Chrome/130.0.0.0 Safari/537.36" "-"
3.83.76.0 - - [10/Feb/2026:04:39:34 +0000] "GET /tag/piso-888-casino HTTP/1.1" 200 82141 kenilworthcourt.com "-" "TerraCotta https://github.com/CeramicTeam/CeramicTerracotta" "-"
198.244.168.0 - - [10/Feb/2026:04:39:36 +0000] "GET /spin-casino-ontario-559 HTTP/1.1" 200 38885 kenilworthcourt.com "-" "Mozilla/5.0 (compatible; AhrefsBot/7.0; +http://ahrefs.com/robot/)" "-"
3.83.76.0 - - [10/Feb/2026:04:39:45 +0000] "GET /category/home-improvement-services HTTP/1.1" 200 508465 kenilworthcourt.com "-" "TerraCotta https://github.com/CeramicTeam/CeramicTerracotta" "-"
54.38.147.0 - - [10/Feb/2026:04:39:48 +0000] "GET /tagesordnungspunkt-angeschlossen-casinos-blos-amuns-book-hd-casino-registrierung-sofort-auffuhren HTTP/1.1" 200 34745 kenilworthcourt.com "-" "Mozilla/5.0 (compatible; AhrefsBot/7.0; +http://ahrefs.com/robot/)" "-"
37.140.223.0 - - [10/Feb/2026:04:39:51 +0000] "POST /wp-login.php HTTP/1.1" 200 5110 kenilworthcourt.com "-" "Mozilla/5.0" "-"
222.253.236.0 - - [10/Feb/2026:04:39:51 +0000] "GET /hell-spin-casino-no-deposit-bonus-50 HTTP/1.1" 200 40044 kenilworthcourt.com "-" "Mozilla/5.0 (Macintosh; Intel Mac OS X 10_12_6) AppleWebKit/537.36 (KHTML, like Gecko) Brave Chrome/78.0.3904.70 Safari/537.36" "-"
193.36.225.0 - - [10/Feb/2026:04:39:51 +0000] "POST /wp-login.php HTTP/1.1" 200 5162 kenilworthcourt.com "-" "Mozilla/5.0" "-"
198.244.226.0 - - [10/Feb/2026:04:40:03 +0000] "GET /winbay-casino-wo-sich-sieger-wie-zu-hause-fuehlen HTTP/1.1" 200 42863 kenilworthcourt.com "-" "Mozilla/5.0 (compatible; AhrefsBot/7.0; +http://ahrefs.com/robot/)" "-"
3.83.76.0 - - [10/Feb/2026:04:40:03 +0000] "GET /category/20bet-login-966 HTTP/1.1" 200 64598 kenilworthcourt.com "-" "TerraCotta https://github.com/CeramicTeam/CeramicTerracotta" "-"
3.83.76.0 - - [10/Feb/2026:04:40:05 +0000] "GET /category/bizzo-casino-bonus-code-47 HTTP/1.1" 200 58256 kenilworthcourt.com "-" "TerraCotta https://github.com/CeramicTeam/CeramicTerracotta" "-"
198.244.183.0 - - [10/Feb/2026:04:40:16 +0000] "GET /betonred-portugal-cassino-online-com-jackpots-e-promocoes-saques-rapidos/feed HTTP/1.1" 200 965 kenilworthcourt.com "-" "Mozilla/5.0 (compatible; AhrefsBot/7.0; +http://ahrefs.com/robot/)" "-"
178.253.43.0 - - [10/Feb/2026:04:40:30 +0000] "GET /wp-login.php HTTP/1.1" 200 4740 kenilworthcourt.com "-" "Mozilla/5.0 (Windows NT 10.0; Win64; x64) AppleWebKit/537.36 (KHTML, like Gecko) Chrome/130.0.0.0 Safari/537.36" "-"
198.244.168.0 - - [10/Feb/2026:04:40:32 +0000] "GET /188-bet-522/feed HTTP/1.1" 200 820 kenilworthcourt.com "-" "Mozilla/5.0 (compatible; AhrefsBot/7.0; +http://ahrefs.com/robot/)" "-"
43.173.179.0 - - [10/Feb/2026:04:40:37 +0000] "GET /?p=14654 HTTP/1.1" 301 - kenilworthcourt.com "-" "Mozilla/5.0 (Windows NT 10.0; Win64; x64) AppleWebKit/537.36 (KHTML, like Gecko) Chrome/133.0.0.0 Safari/537.36" "-"
43.173.182.0 - - [10/Feb/2026:04:40:38 +0000] "GET /?p=17163 HTTP/1.1" 301 - kenilworthcourt.com "-" "Mozilla/5.0 (Windows NT 10.0; Win64; x64) AppleWebKit/537.36 (KHTML, like Gecko) Chrome/104.0.5112.81 Safari/537.36" "-"
43.173.179.0 - - [10/Feb/2026:04:40:38 +0000] "GET /tadhana-slot-777-download-182 HTTP/1.1" 200 42846 kenilworthcourt.com "https://kenilworthcourt.com/?p=14654" "Mozilla/5.0 (Windows NT 10.0; Win64; x64) AppleWebKit/537.36 (KHTML, like Gecko) Chrome/133.0.0.0 Safari/537.36" "-"
43.173.182.0 - - [10/Feb/2026:04:40:38 +0000] "GET /betriot-no-deposit-265 HTTP/1.1" 200 44565 kenilworthcourt.com "https://kenilworthcourt.com/?p=17163" "Mozilla/5.0 (Windows NT 10.0; Win64; x64) AppleWebKit/537.36 (KHTML, like Gecko) Chrome/104.0.5112.81 Safari/537.36" "-"
178.253.43.0 - - [10/Feb/2026:04:40:42 +0000] "POST /wp-login.php HTTP/1.1" 200 5110 kenilworthcourt.com "https://kenilworthcourt.com/wp-login.php" "Mozilla/5.0 (Windows NT 10.0; Win64; x64) AppleWebKit/537.36 (KHTML, like Gecko) Chrome/130.0.0.0 Safari/537.36" "-"
103.56.161.0 - - [10/Feb/2026:04:40:47 +0000] "GET /wp-login.php HTTP/1.1" 200 4740 kenilworthcourt.com "-" "Mozilla/5.0 (Windows NT 10.0; Win64; x64) AppleWebKit/537.36 (KHTML, like Gecko) Chrome/130.0.0.0 Safari/537.36" "-"
51.195.215.0 - - [10/Feb/2026:04:40:48 +0000] "GET /tabella-codice-bonus-vegas-plus-di-gratifica-privato-di-fondo-nei-scompiglio-agosto-2025-105-anche-300-freespins/feed HTTP/1.1" 200 1082 kenilworthcourt.com "-" "Mozilla/5.0 (compatible; AhrefsBot/7.0; +http://ahrefs.com/robot/)" "-"
3.83.76.0 - - [10/Feb/2026:04:40:57 +0000] "GET /pistolo-casino-2 HTTP/1.1" 200 31473 kenilworthcourt.com "-" "TerraCotta https://github.com/CeramicTeam/CeramicTerracotta" "-"
103.56.161.0 - - [10/Feb/2026:04:41:00 +0000] "POST /wp-login.php HTTP/1.1" 200 5110 kenilworthcourt.com "https://kenilworthcourt.com/wp-login.php" "Mozilla/5.0 (Windows NT 10.0; Win64; x64) AppleWebKit/537.36 (KHTML, like Gecko) Chrome/130.0.0.0 Safari/537.36" "-"
51.255.148.0 - - [10/Feb/2026:04:41:01 +0000] "GET /wp-login.php HTTP/1.1" 200 4740 kenilworthcourt.com "-" "Mozilla/5.0 (Windows NT 10.0; Win64; x64) AppleWebKit/537.36 (KHTML, like Gecko) Chrome/130.0.0.0 Safari/537.36" "-"
198.244.242.0 - - [10/Feb/2026:04:41:03 +0000] "GET /0x1c8c5b6a-72/feed HTTP/1.1" 200 781 kenilworthcourt.com "-" "Mozilla/5.0 (compatible; AhrefsBot/7.0; +http://ahrefs.com/robot/)" "-"
