198.244.240.0 - - [10/Feb/2026:02:17:03 +0000] "GET /izza-chego-ozhidanie-epizodov-obrazuet-vnutrennee-naprjazhenie/feed HTTP/1.1" 200 980 kenilworthcourt.com "-" "Mozilla/5.0 (compatible; AhrefsBot/7.0; +http://ahrefs.com/robot/)" "-"
85.208.98.0 - - [10/Feb/2026:02:17:09 +0000] "GET /cintura-beta-k.html HTTP/1.1" 429 267 kenilworthcourt.com "-" "Mozilla/5.0 (compatible; SemrushBot-BA; +http://www.semrush.com/bot.html)" "-"
4.204.8.0 - - [10/Feb/2026:02:17:11 +0000] "POST /wp-login.php HTTP/1.1" 200 5110 kenilworthcourt.com "https://kenilworthcourt.com/wp-login.php" "Mozilla/5.0 (Windows NT 10.0; Win64; x64) AppleWebKit/537.36 (KHTML, like Gecko) Chrome/130.0.0.0 Safari/537.36" "-"
103.90.234.0 - - [10/Feb/2026:02:17:16 +0000] "GET /wp-login.php HTTP/1.1" 200 4740 kenilworthcourt.com "-" "Mozilla/5.0 (Windows NT 10.0; Win64; x64) AppleWebKit/537.36 (KHTML, like Gecko) Chrome/130.0.0.0 Safari/537.36" "-"
198.244.242.0 - - [10/Feb/2026:02:17:21 +0000] "GET /kak-dushevnyj-podhod-okazyvaet-vozdejstvie-na-otsenku-dostizhenija/feed HTTP/1.1" 200 994 kenilworthcourt.com "-" "Mozilla/5.0 (compatible; AhrefsBot/7.0; +http://ahrefs.com/robot/)" "-"
85.208.98.0 - - [10/Feb/2026:02:17:26 +0000] "GET /torcia-beta-prezzi-amazon-k.html HTTP/1.1" 429 267 kenilworthcourt.com "-" "Mozilla/5.0 (compatible; SemrushBot-BA; +http://www.semrush.com/bot.html)" "-"
103.90.234.0 - - [10/Feb/2026:02:17:28 +0000] "POST /wp-login.php HTTP/1.1" 200 5110 kenilworthcourt.com "https://kenilworthcourt.com/wp-login.php" "Mozilla/5.0 (Windows NT 10.0; Win64; x64) AppleWebKit/537.36 (KHTML, like Gecko) Chrome/130.0.0.0 Safari/537.36" "-"
74.177.246.0 - - [10/Feb/2026:02:17:28 +0000] "GET /wp-login.php HTTP/1.1" 200 4740 kenilworthcourt.com "-" "Mozilla/5.0 (Windows NT 10.0; Win64; x64) AppleWebKit/537.36 (KHTML, like Gecko) Chrome/130.0.0.0 Safari/537.36" "-"
23.92.16.0 - - [10/Feb/2026:02:17:30 +0000] "GET /feed HTTP/1.1" 200 201832 kenilworthcourt.com "-" "MuckRackFeedParser/1.0 +https://muckrack.com" "-"
51.89.129.0 - - [10/Feb/2026:02:17:35 +0000] "GET /po-kakoj-prichine-ozhidanie-momentov-formiruet-glubinnoe-naprjazhenie/feed HTTP/1.1" 200 1006 kenilworthcourt.com "-" "Mozilla/5.0 (compatible; AhrefsBot/7.0; +http://ahrefs.com/robot/)" "-"
104.210.140.0 - - [10/Feb/2026:02:17:38 +0000] "GET /robots.txt HTTP/1.1" 301 - www.kenilworthcourt.com "-" "Mozilla/5.0 (Macintosh; Intel Mac OS X 10_15_7) AppleWebKit/537.36 (KHTML, like Gecko) Chrome/131.0.0.0 Safari/537.36; compatible; OAI-SearchBot/1.0; +https://openai.com/searchbot" "-"
104.210.140.0 - - [10/Feb/2026:02:17:39 +0000] "GET /robots.txt HTTP/1.1" 200 120 kenilworthcourt.com "-" "Mozilla/5.0 (Macintosh; Intel Mac OS X 10_15_7) AppleWebKit/537.36 (KHTML, like Gecko) Chrome/131.0.0.0 Safari/537.36; compatible; OAI-SearchBot/1.0; +https://openai.com/searchbot" "-"
74.177.246.0 - - [10/Feb/2026:02:17:40 +0000] "POST /wp-login.php HTTP/1.1" 200 5110 kenilworthcourt.com "https://kenilworthcourt.com/wp-login.php" "Mozilla/5.0 (Windows NT 10.0; Win64; x64) AppleWebKit/537.36 (KHTML, like Gecko) Chrome/130.0.0.0 Safari/537.36" "-"
85.208.98.0 - - [10/Feb/2026:02:17:42 +0000] "GET /robots.txt HTTP/1.1" 429 267 kenilworthcourt.com "-" "Mozilla/5.0 (compatible; SemrushBot-BA; +http://www.semrush.com/bot.html)" "-"
85.208.98.0 - - [10/Feb/2026:02:17:45 +0000] "GET /accessori-per-gommista-k.html HTTP/1.1" 429 267 kenilworthcourt.com "-" "Mozilla/5.0 (compatible; SemrushBot-BA; +http://www.semrush.com/bot.html)" "-"
198.244.168.0 - - [10/Feb/2026:02:17:52 +0000] "GET /v-kakoj-mere-dushevnyj-nastroj-okazyvaet-vozdejstvie-na-otsenku-rezultata/feed HTTP/1.1" 200 1026 kenilworthcourt.com "-" "Mozilla/5.0 (compatible; AhrefsBot/7.0; +http://ahrefs.com/robot/)" "-"
3.83.76.0 - - [10/Feb/2026:02:17:56 +0000] "GET /muskelaufbau-und-steroide-so-optimieren-sie-ihre-fortschritte HTTP/1.1" 200 30180 kenilworthcourt.com "-" "TerraCotta https://github.com/CeramicTeam/CeramicTerracotta" "-"
3.83.76.0 - - [10/Feb/2026:02:17:59 +0000] "GET /big-wins-at-rychy-fox-casino-online-slots HTTP/1.1" 200 31404 kenilworthcourt.com "-" "TerraCotta https://github.com/CeramicTeam/CeramicTerracotta" "-"
3.83.76.0 - - [10/Feb/2026:02:18:03 +0000] "GET /experience-the-thrills-of-1win-casino-slot-games HTTP/1.1" 200 31311 kenilworthcourt.com "-" "TerraCotta https://github.com/CeramicTeam/CeramicTerracotta" "-"
85.208.98.0 - - [10/Feb/2026:02:18:04 +0000] "GET /robots.txt HTTP/1.1" 429 267 kenilworthcourt.com "-" "Mozilla/5.0 (compatible; SemrushBot-BA; +http://www.semrush.com/bot.html)" "-"
3.83.76.0 - - [10/Feb/2026:02:18:05 +0000] "GET /slot-bank-vault-sfaturi-si-trucuri HTTP/1.1" 200 31475 kenilworthcourt.com "-" "TerraCotta https://github.com/CeramicTeam/CeramicTerracotta" "-"
51.195.244.0 - - [10/Feb/2026:02:18:08 +0000] "GET /the-point-where-i-averted-getting-it-certainly-is-to-experience-online-and-people-had-3-upright-20-point-hands-leaving-out-peg-crib-the-fresh-randomness-of-your-notes-appears-much-better-than-the/feed HTTP/1.1" 200 2012 kenilworthcourt.com "-" "Mozilla/5.0 (compatible; AhrefsBot/7.0; +http://ahrefs.com/robot/)" "-"
3.83.76.0 - - [10/Feb/2026:02:18:20 +0000] "GET /pirots-demo-loyaliteitsvoordelen-puntenprogramma-en-omwisseling HTTP/1.1" 200 35881 kenilworthcourt.com "-" "TerraCotta https://github.com/CeramicTeam/CeramicTerracotta" "-"
54.38.147.0 - - [10/Feb/2026:02:18:26 +0000] "GET /rabbit-road-bonus-features-free-spins-and-multipliers-explained/feed HTTP/1.1" 200 935 kenilworthcourt.com "-" "Mozilla/5.0 (compatible; AhrefsBot/7.0; +http://ahrefs.com/robot/)" "-"
3.83.76.0 - - [10/Feb/2026:02:18:27 +0000] "GET /tag/bdm-bet-espana HTTP/1.1" 200 40750 kenilworthcourt.com "-" "TerraCotta https://github.com/CeramicTeam/CeramicTerracotta" "-"
43.229.86.0 - - [10/Feb/2026:02:18:29 +0000] "GET /wp-login.php HTTP/1.1" 200 4740 kenilworthcourt.com "-" "Mozilla/5.0 (Windows NT 10.0; Win64; x64) AppleWebKit/537.36 (KHTML, like Gecko) Chrome/130.0.0.0 Safari/537.36" "-"
43.229.86.0 - - [10/Feb/2026:02:18:41 +0000] "POST /wp-login.php HTTP/1.1" 200 5110 kenilworthcourt.com "https://kenilworthcourt.com/wp-login.php" "Mozilla/5.0 (Windows NT 10.0; Win64; x64) AppleWebKit/537.36 (KHTML, like Gecko) Chrome/130.0.0.0 Safari/537.36" "-"
51.195.183.0 - - [10/Feb/2026:02:18:42 +0000] "GET /explore-os-wild-reels-e-os-grandes-jackpots-de-chickenroyal HTTP/1.1" 200 35198 kenilworthcourt.com "-" "Mozilla/5.0 (compatible; AhrefsBot/7.0; +http://ahrefs.com/robot/)" "-"
37.140.223.0 - - [10/Feb/2026:02:18:55 +0000] "POST /wp-login.php HTTP/1.1" 200 5110 kenilworthcourt.com "-" "Mozilla/5.0" "-"
136.144.33.0 - - [10/Feb/2026:02:18:55 +0000] "POST /wp-login.php HTTP/1.1" 200 5162 kenilworthcourt.com "-" "Mozilla/5.0" "-"
3.83.76.0 - - [10/Feb/2026:02:18:58 +0000] "GET /amonbet-online-a-web-based-sportsbook-platform HTTP/1.1" 200 35576 kenilworthcourt.com "-" "TerraCotta https://github.com/CeramicTeam/CeramicTerracotta" "-"
54.38.147.0 - - [10/Feb/2026:02:19:00 +0000] "GET /bartvpn-crack-for-pc-clean-x86-x64-no-virus-unlimited HTTP/1.1" 200 155044 kenilworthcourt.com "-" "Mozilla/5.0 (compatible; AhrefsBot/7.0; +http://ahrefs.com/robot/)" "-"
3.83.76.0 - - [10/Feb/2026:02:19:01 +0000] "GET /bpc-157-peptid-ein-geheimnis-fur-sportler HTTP/1.1" 200 29868 kenilworthcourt.com "-" "TerraCotta https://github.com/CeramicTeam/CeramicTerracotta" "-"
85.208.98.0 - - [10/Feb/2026:02:19:06 +0000] "GET /robots.txt HTTP/1.1" 429 267 kenilworthcourt.com "-" "Mozilla/5.0 (compatible; SemrushBot-BA; +http://www.semrush.com/bot.html)" "-"
85.208.98.0 - - [10/Feb/2026:02:19:10 +0000] "GET /robots.txt HTTP/1.1" 429 267 kenilworthcourt.com "-" "Mozilla/5.0 (compatible; SemrushBot-BA; +http://www.semrush.com/bot.html)" "-"
51.195.215.0 - - [10/Feb/2026:02:19:20 +0000] "GET /mr-choice-gambling-enterprise-2025-free-pokie-games-playing-inside-the-new-zealand-and-you-can-win-real-money/feed HTTP/1.1" 200 1072 kenilworthcourt.com "-" "Mozilla/5.0 (compatible; AhrefsBot/7.0; +http://ahrefs.com/robot/)" "-"
3.83.76.0 - - [10/Feb/2026:02:19:22 +0000] "GET /live-pelejae-todellisten-jakajien-kanssa-caspero-casinolla-suomalaisille-pelaajille HTTP/1.1" 200 35026 kenilworthcourt.com "-" "TerraCotta https://github.com/CeramicTeam/CeramicTerracotta" "-"
2a03:2880:f800:: - - [10/Feb/2026:02:19:28 +0000] "GET /express-burn-cd-and-dvd-burner-full-activated-final-x32-x64-latest-multilingual HTTP/1.1" 200 161687 kenilworthcourt.com "-" "meta-externalagent/1.1 (+https://developers.facebook.com/docs/sharing/webmasters/crawler)" "-"
57.130.20.0 - - [10/Feb/2026:02:19:37 +0000] "GET /wp-login.php HTTP/1.1" 200 4740 kenilworthcourt.com "-" "Mozilla/5.0 (Windows NT 10.0; Win64; x64) AppleWebKit/537.36 (KHTML, like Gecko) Chrome/130.0.0.0 Safari/537.36" "-"
3.83.76.0 - - [10/Feb/2026:02:19:40 +0000] "GET /chicken-road-16 HTTP/1.1" 200 31219 kenilworthcourt.com "-" "TerraCotta https://github.com/CeramicTeam/CeramicTerracotta" "-"
198.244.183.0 - - [10/Feb/2026:02:19:40 +0000] "GET /consuming-superstars-slot-demonstration-because-of-the-inbet-games-%EF%B8%8F-0-rtp-2025 HTTP/1.1" 200 38552 kenilworthcourt.com "-" "Mozilla/5.0 (compatible; AhrefsBot/7.0; +http://ahrefs.com/robot/)" "-"
85.208.98.0 - - [10/Feb/2026:02:19:55 +0000] "GET /abbigliamento-da-lavoro-beta-amazon-k.html HTTP/1.1" 429 267 kenilworthcourt.com "-" "Mozilla/5.0 (compatible; SemrushBot-BA; +http://www.semrush.com/bot.html)" "-"
51.89.129.0 - - [10/Feb/2026:02:20:01 +0000] "GET /tag/betriot-casino-italy/page/3 HTTP/1.1" 200 175219 kenilworthcourt.com "-" "Mozilla/5.0 (compatible; AhrefsBot/7.0; +http://ahrefs.com/robot/)" "-"
51.195.183.0 - - [10/Feb/2026:02:20:23 +0000] "GET /10-beste-seite-euro-maklercourtage-blos-einzahlung-casinos-2023/feed HTTP/1.1" 200 935 kenilworthcourt.com "-" "Mozilla/5.0 (compatible; AhrefsBot/7.0; +http://ahrefs.com/robot/)" "-"
3.83.76.0 - - [10/Feb/2026:02:20:24 +0000] "GET /tag/20bet-kde HTTP/1.1" 200 52957 kenilworthcourt.com "-" "TerraCotta https://github.com/CeramicTeam/CeramicTerracotta" "-"
3.83.76.0 - - [10/Feb/2026:02:20:26 +0000] "GET /recuva-professional-portable-only-latest-x32x64-clean-gdrive HTTP/1.1" 200 180462 kenilworthcourt.com "-" "TerraCotta https://github.com/CeramicTeam/CeramicTerracotta" "-"
3.83.76.0 - - [10/Feb/2026:02:20:32 +0000] "GET /category/8k8-casino-slot-365 HTTP/1.1" 200 69769 kenilworthcourt.com "-" "TerraCotta https://github.com/CeramicTeam/CeramicTerracotta" "-"
157.20.32.0 - - [10/Feb/2026:02:20:38 +0000] "POST /wp-login.php HTTP/1.1" 301 276 kenilworthcourt.com "http://kenilworthcourt.com/wp-admin/" "Mozilla/5.0 (Windows NT 10.0; Win64; x64) AppleWebKit/537.36 (KHTML, like Gecko) Chrome/90.0.4430.85 Safari/537.36" "-"
157.20.32.0 - - [10/Feb/2026:02:20:38 +0000] "GET / HTTP/1.1" 200 32153 kenilworthcourt.com "http://kenilworthcourt.com/wp-admin/" "Mozilla/5.0 (Windows NT 10.0; Win64; x64) AppleWebKit/537.36 (KHTML, like Gecko) Chrome/90.0.4430.85 Safari/537.36" "-"
3.83.76.0 - - [10/Feb/2026:02:20:39 +0000] "GET /tag/energycasino-kod-promocyjny HTTP/1.1" 200 103848 kenilworthcourt.com "-" "TerraCotta https://github.com/CeramicTeam/CeramicTerracotta" "-"
157.20.32.0 - - [10/Feb/2026:02:20:39 +0000] "GET /wp-admin/ HTTP/1.1" 301 276 kenilworthcourt.com "www.google.com" "Mozilla/5.0 (Windows NT 10.0; Win64; x64) AppleWebKit/537.36 (KHTML, like Gecko) Chrome/90.0.4430.85 Safari/537.36" "-"
157.20.32.0 - - [10/Feb/2026:02:20:39 +0000] "GET / HTTP/1.1" 200 32153 kenilworthcourt.com "www.google.com" "Mozilla/5.0 (Windows NT 10.0; Win64; x64) AppleWebKit/537.36 (KHTML, like Gecko) Chrome/90.0.4430.85 Safari/537.36" "-"
51.89.129.0 - - [10/Feb/2026:02:20:42 +0000] "GET /drumul-pasarii-calea-sfaturilor-de-noroc/feed HTTP/1.1" 200 867 kenilworthcourt.com "-" "Mozilla/5.0 (compatible; AhrefsBot/7.0; +http://ahrefs.com/robot/)" "-"
3.83.76.0 - - [10/Feb/2026:02:20:48 +0000] "GET /tag/20bet-kod-promocyjny-bez-depozytu HTTP/1.1" 200 102713 kenilworthcourt.com "-" "TerraCotta https://github.com/CeramicTeam/CeramicTerracotta" "-"
107.189.12.0 - - [10/Feb/2026:02:20:48 +0000] "GET /wp-login.php HTTP/1.1" 200 4740 kenilworthcourt.com "-" "Mozilla/5.0 (Macintosh; Intel Mac OS X 10_9_3) AppleWebKit/537.36 (KHTML, like Gecko) Chrome/36.0.1985.125 Safari/537.36" "-"
3.83.76.0 - - [10/Feb/2026:02:20:55 +0000] "GET /try-your-favorite-casino-reels-inside-pirots-4-slot HTTP/1.1" 200 32185 kenilworthcourt.com "-" "TerraCotta https://github.com/CeramicTeam/CeramicTerracotta" "-"
107.189.12.0 - - [10/Feb/2026:02:21:00 +0000] "POST /wp-login.php HTTP/1.1" 200 5158 kenilworthcourt.com "-" "Mozilla/5.0 (Macintosh; Intel Mac OS X 10_9_3) AppleWebKit/537.36 (KHTML, like Gecko) Chrome/36.0.1985.125 Safari/537.36" "-"
51.195.183.0 - - [10/Feb/2026:02:21:01 +0000] "GET /action-chinga-choong-paypal-1-minimum-put-casinos-2025-casinos-on-the-starburst-pokie-real-money-internet-that-have-1-deposit HTTP/1.1" 200 38801 kenilworthcourt.com "-" "Mozilla/5.0 (compatible; AhrefsBot/7.0; +http://ahrefs.com/robot/)" "-"
3.83.76.0 - - [10/Feb/2026:02:21:04 +0000] "GET /frosthengst-der-glucksspiele HTTP/1.1" 200 32158 kenilworthcourt.com "-" "TerraCotta https://github.com/CeramicTeam/CeramicTerracotta" "-"
3.83.76.0 - - [10/Feb/2026:02:21:06 +0000] "GET /treueprogramm-und-exklusive-vorteile-bei-skycrown-casino HTTP/1.1" 200 31120 kenilworthcourt.com "-" "TerraCotta https://github.com/CeramicTeam/CeramicTerracotta" "-"
198.244.240.0 - - [10/Feb/2026:02:21:19 +0000] "GET /les-reves-de-lolympe/feed HTTP/1.1" 200 807 kenilworthcourt.com "-" "Mozilla/5.0 (compatible; AhrefsBot/7.0; +http://ahrefs.com/robot/)" "-"
3.83.76.0 - - [10/Feb/2026:02:21:21 +0000] "GET /category/tadhana-slot-download-960 HTTP/1.1" 200 77343 kenilworthcourt.com "-" "TerraCotta https://github.com/CeramicTeam/CeramicTerracotta" "-"
176.126.172.0 - - [10/Feb/2026:02:21:27 +0000] "GET /wp-login.php HTTP/1.1" 200 4740 kenilworthcourt.com "-" "Mozilla/5.0 (Windows NT 10.0; Win64; x64) AppleWebKit/537.36 (KHTML, like Gecko) Chrome/130.0.0.0 Safari/537.36" "-"
3.83.76.0 - - [10/Feb/2026:02:21:29 +0000] "GET /category/188bet-dang-nhap-766 HTTP/1.1" 200 63696 kenilworthcourt.com "-" "TerraCotta https://github.com/CeramicTeam/CeramicTerracotta" "-"
51.195.244.0 - - [10/Feb/2026:02:21:35 +0000] "GET /aktualne-bonusy-wyjawszy-depozytu-w-calej-polskich-kasynach-2025/feed HTTP/1.1" 200 939 kenilworthcourt.com "-" "Mozilla/5.0 (compatible; AhrefsBot/7.0; +http://ahrefs.com/robot/)" "-"
176.126.172.0 - - [10/Feb/2026:02:21:39 +0000] "POST /wp-login.php HTTP/1.1" 200 5110 kenilworthcourt.com "https://kenilworthcourt.com/wp-login.php" "Mozilla/5.0 (Windows NT 10.0; Win64; x64) AppleWebKit/537.36 (KHTML, like Gecko) Chrome/130.0.0.0 Safari/537.36" "-"
72.167.134.0 - - [10/Feb/2026:02:21:44 +0000] "GET /wp-login.php HTTP/1.1" 200 4740 kenilworthcourt.com "-" "Mozilla/5.0 (Windows NT 10.0; Win64; x64) AppleWebKit/537.36 (KHTML, like Gecko) Chrome/130.0.0.0 Safari/537.36" "-"
3.83.76.0 - - [10/Feb/2026:02:21:51 +0000] "GET /le-casino-good-man-est-il-fiable-pour-les-versements-et-les-retraits-en-provenance-de-suisse HTTP/1.1" 200 39364 kenilworthcourt.com "-" "TerraCotta https://github.com/CeramicTeam/CeramicTerracotta" "-"
3.83.76.0 - - [10/Feb/2026:02:21:55 +0000] "GET /hiew-portable-crack-patch-x64-no-virus-2025 HTTP/1.1" 200 148567 kenilworthcourt.com "-" "TerraCotta https://github.com/CeramicTeam/CeramicTerracotta" "-"
85.208.98.0 - - [10/Feb/2026:02:21:57 +0000] "GET /robots.txt HTTP/1.1" 429 267 kenilworthcourt.com "-" "Mozilla/5.0 (compatible; SemrushBot-BA; +http://www.semrush.com/bot.html)" "-"
196.75.7.0 - - [10/Feb/2026:02:21:58 +0000] "GET /category/20bet-casino-104 HTTP/1.1" 200 57345 kenilworthcourt.com "-" "Mozilla/5.0 (Macintosh; Intel Mac OS X 11_2_1) AppleWebKit/537.36 (KHTML, like Gecko) Brave Chrome/89.0.4389.90 Safari/537.36" "-"
3.83.76.0 - - [10/Feb/2026:02:21:59 +0000] "GET /folder-guard-crack-only-clean-x32x64-final-2025 HTTP/1.1" 200 61022 kenilworthcourt.com "-" "TerraCotta https://github.com/CeramicTeam/CeramicTerracotta" "-"
51.195.215.0 - - [10/Feb/2026:02:22:00 +0000] "GET /ten-better-live-roulette-gambling-enterprises-for-real-money-in-2025/feed HTTP/1.1" 200 949 kenilworthcourt.com "-" "Mozilla/5.0 (compatible; AhrefsBot/7.0; +http://ahrefs.com/robot/)" "-"
198.244.226.0 - - [10/Feb/2026:02:22:21 +0000] "GET /gamble-texas-holdem-on-the-internet-wild-falls-play-at-the-greatest-hold-em-web-based-poker-websites-2025/feed HTTP/1.1" 200 1067 kenilworthcourt.com "-" "Mozilla/5.0 (compatible; AhrefsBot/7.0; +http://ahrefs.com/robot/)" "-"
2a03:2880:f800:: - - [10/Feb/2026:02:22:21 +0000] "GET /fantastic-fireworks-slot-review-2025-try-this-igt-games-on-line-black-gold-slot-to-have-totally-free HTTP/1.1" 200 36037 kenilworthcourt.com "-" "meta-externalagent/1.1 (+https://developers.facebook.com/docs/sharing/webmasters/crawler)" "-"
3.83.76.0 - - [10/Feb/2026:02:22:28 +0000] "GET /optimizing-bodybuilding-the-safe-and-legal-use-of-steroids HTTP/1.1" 200 29744 kenilworthcourt.com "-" "TerraCotta https://github.com/CeramicTeam/CeramicTerracotta" "-"
54.38.147.0 - - [10/Feb/2026:02:22:39 +0000] "GET /flamenco-roses-kostenlos-zum-besten-geben-sails-of-gold-slot-free-spins-free-demonstration-exklusive-registration/feed HTTP/1.1" 200 1084 kenilworthcourt.com "-" "Mozilla/5.0 (compatible; AhrefsBot/7.0; +http://ahrefs.com/robot/)" "-"
3.83.76.0 - - [10/Feb/2026:02:22:52 +0000] "GET /category/spin-samurai-app-585 HTTP/1.1" 200 68638 kenilworthcourt.com "-" "TerraCotta https://github.com/CeramicTeam/CeramicTerracotta" "-"
4.204.8.0 - - [10/Feb/2026:02:22:55 +0000] "GET /wp-login.php HTTP/1.1" 200 4740 kenilworthcourt.com "-" "Mozilla/5.0 (Windows NT 10.0; Win64; x64) AppleWebKit/537.36 (KHTML, like Gecko) Chrome/130.0.0.0 Safari/537.36" "-"
198.244.242.0 - - [10/Feb/2026:02:22:56 +0000] "GET /siberian-storm-slot-5-lions-jogos-de-slot-avaliacao-2025-jogue-acessivel-ca/feed HTTP/1.1" 200 974 kenilworthcourt.com "-" "Mozilla/5.0 (compatible; AhrefsBot/7.0; +http://ahrefs.com/robot/)" "-"
85.208.98.0 - - [10/Feb/2026:02:23:00 +0000] "GET /abbigliamento-di-lavoro-k.html HTTP/1.1" 429 267 kenilworthcourt.com "-" "Mozilla/5.0 (compatible; SemrushBot-BA; +http://www.semrush.com/bot.html)" "-"
3.83.76.0 - - [10/Feb/2026:02:23:05 +0000] "GET /securecrt-freeactivated-latest-clean HTTP/1.1" 200 93929 kenilworthcourt.com "-" "TerraCotta https://github.com/CeramicTeam/CeramicTerracotta" "-"
2a03:2880:f800:: - - [10/Feb/2026:02:23:06 +0000] "GET /intensifying-the-win-experience-at-intensity-casino HTTP/1.1" 200 35388 kenilworthcourt.com "-" "meta-externalagent/1.1 (+https://developers.facebook.com/docs/sharing/webmasters/crawler)" "-"
4.204.8.0 - - [10/Feb/2026:02:23:07 +0000] "POST /wp-login.php HTTP/1.1" 200 5110 kenilworthcourt.com "https://kenilworthcourt.com/wp-login.php" "Mozilla/5.0 (Windows NT 10.0; Win64; x64) AppleWebKit/537.36 (KHTML, like Gecko) Chrome/130.0.0.0 Safari/537.36" "-"
51.195.215.0 - - [10/Feb/2026:02:23:14 +0000] "GET /queen-of-the-nile-5-lions-gold-slot-machine-money-real-jogue-que-caca-arame-acessivel/feed HTTP/1.1" 200 1002 kenilworthcourt.com "-" "Mozilla/5.0 (compatible; AhrefsBot/7.0; +http://ahrefs.com/robot/)" "-"
3.83.76.0 - - [10/Feb/2026:02:23:20 +0000] "GET /tag/8xbet-man-city HTTP/1.1" 200 104703 kenilworthcourt.com "-" "TerraCotta https://github.com/CeramicTeam/CeramicTerracotta" "-"
198.244.226.0 - - [10/Feb/2026:02:23:32 +0000] "GET /fruit-mania-slot-kostenloses-slotmaschinen-durchgang-von-slot-pyramid-plunder-gamomat/feed HTTP/1.1" 200 1000 kenilworthcourt.com "-" "Mozilla/5.0 (compatible; AhrefsBot/7.0; +http://ahrefs.com/robot/)" "-"
85.208.98.0 - - [10/Feb/2026:02:23:36 +0000] "GET /scarpe-di-lavoro-prezzo-k.html HTTP/1.1" 429 267 kenilworthcourt.com "-" "Mozilla/5.0 (compatible; SemrushBot-BA; +http://www.semrush.com/bot.html)" "-"
160.16.114.0 - - [10/Feb/2026:02:23:40 +0000] "GET /wp-login.php HTTP/1.1" 200 4740 kenilworthcourt.com "-" "Mozilla/5.0 (Windows NT 10.0; Win64; x64) AppleWebKit/537.36 (KHTML, like Gecko) Chrome/130.0.0.0 Safari/537.36" "-"
3.83.76.0 - - [10/Feb/2026:02:23:41 +0000] "GET /category/bizzo-casino-bonus-code-816 HTTP/1.1" 200 63192 kenilworthcourt.com "-" "TerraCotta https://github.com/CeramicTeam/CeramicTerracotta" "-"
85.208.98.0 - - [10/Feb/2026:02:23:44 +0000] "GET /abbigliamento-lavoro-uomo-k.html HTTP/1.1" 429 267 kenilworthcourt.com "-" "Mozilla/5.0 (compatible; SemrushBot-BA; +http://www.semrush.com/bot.html)" "-"
198.244.226.0 - - [10/Feb/2026:02:23:46 +0000] "GET /jokers-football-manager-slot-online-luck-deluxe-analise-esfogiteado-slot-teste-rtp97/feed HTTP/1.1" 200 1002 kenilworthcourt.com "-" "Mozilla/5.0 (compatible; AhrefsBot/7.0; +http://ahrefs.com/robot/)" "-"
107.189.14.0 - - [10/Feb/2026:02:23:46 +0000] "GET /wp-login.php HTTP/1.1" 200 4740 kenilworthcourt.com "-" "Mozilla/5.0 (Windows NT 6.1; WOW64) AppleWebKit/537.36 (KHTML, like Gecko) Chrome/35.0.1916.153 Safari/537.36" "-"
160.16.114.0 - - [10/Feb/2026:02:23:52 +0000] "POST /wp-login.php HTTP/1.1" 200 5110 kenilworthcourt.com "https://kenilworthcourt.com/wp-login.php" "Mozilla/5.0 (Windows NT 10.0; Win64; x64) AppleWebKit/537.36 (KHTML, like Gecko) Chrome/130.0.0.0 Safari/537.36" "-"
46.4.193.0 - - [10/Feb/2026:02:23:52 +0000] "GET /wp-login.php HTTP/1.1" 200 4740 kenilworthcourt.com "-" "Mozilla/5.0 (Windows NT 10.0; Win64; x64) AppleWebKit/537.36 (KHTML, like Gecko) Chrome/130.0.0.0 Safari/537.36" "-"
3.226.106.0 - - [10/Feb/2026:02:23:56 +0000] "GET /chicken-road-the-high-rtp-crash-game-for-strategic HTTP/1.1" 200 32778 kenilworthcourt.com "-" "Mozilla/5.0 AppleWebKit/537.36 (KHTML, like Gecko; compatible; Amazonbot/0.1; +https://developer.amazon.com/support/amazonbot) Chrome/119.0.6045.214 Safari/537.36" "-"
3.83.76.0 - - [10/Feb/2026:02:23:59 +0000] "GET /category/hell-spin-casino-322 HTTP/1.1" 200 57833 kenilworthcourt.com "-" "TerraCotta https://github.com/CeramicTeam/CeramicTerracotta" "-"
54.225.199.0 - - [10/Feb/2026:02:24:01 +0000] "GET /drop-the-boss-game-try-for-free-or-play-for-real-money HTTP/1.1" 200 34242 kenilworthcourt.com "-" "Mozilla/5.0 AppleWebKit/537.36 (KHTML, like Gecko; compatible; Amazonbot/0.1; +https://developer.amazon.com/support/amazonbot) Chrome/119.0.6045.214 Safari/537.36" "-"
3.83.76.0 - - [10/Feb/2026:02:24:02 +0000] "GET /category/bet-riot-login-818 HTTP/1.1" 200 79032 kenilworthcourt.com "-" "TerraCotta https://github.com/CeramicTeam/CeramicTerracotta" "-"
198.244.240.0 - - [10/Feb/2026:02:24:03 +0000] "GET /fenix-play-27-deluxe-6-appeal-slot-machine-jogue-o-slot-acessivel-puerilidade-wazdan/feed HTTP/1.1" 200 998 kenilworthcourt.com "-" "Mozilla/5.0 (compatible; AhrefsBot/7.0; +http://ahrefs.com/robot/)" "-"
54.85.109.0 - - [10/Feb/2026:02:24:04 +0000] "GET /beyond-compare-pro-edition-portable-product-key-lifetime-x86x64-latest-filecr HTTP/1.1" 200 80941 kenilworthcourt.com "-" "Mozilla/5.0 AppleWebKit/537.36 (KHTML, like Gecko; compatible; Amazonbot/0.1; +https://developer.amazon.com/support/amazonbot) Chrome/119.0.6045.214 Safari/537.36" "-"
46.4.193.0 - - [10/Feb/2026:02:24:04 +0000] "POST /wp-login.php HTTP/1.1" 200 5110 kenilworthcourt.com "https://kenilworthcourt.com/wp-login.php" "Mozilla/5.0 (Windows NT 10.0; Win64; x64) AppleWebKit/537.36 (KHTML, like Gecko) Chrome/130.0.0.0 Safari/537.36" "-"
52.54.95.0 - - [10/Feb/2026:02:24:08 +0000] "GET /dragons-video-slot-listing-2025-best-dragon-harbors-to-try-out-on-the-web HTTP/1.1" 200 37383 kenilworthcourt.com "-" "Mozilla/5.0 AppleWebKit/537.36 (KHTML, like Gecko; compatible; Amazonbot/0.1; +https://developer.amazon.com/support/amazonbot) Chrome/119.0.6045.214 Safari/537.36" "-"
3.83.76.0 - - [10/Feb/2026:02:24:12 +0000] "GET /avis-masters-slotspielmaschine HTTP/1.1" 200 32285 kenilworthcourt.com "-" "TerraCotta https://github.com/CeramicTeam/CeramicTerracotta" "-"
107.22.208.0 - - [10/Feb/2026:02:24:12 +0000] "GET /office-2021-business-x64-x86-activation-included-installer-exe-yts-get-to%F0%9D%9A%9Brent HTTP/1.1" 200 99369 kenilworthcourt.com "-" "Mozilla/5.0 AppleWebKit/537.36 (KHTML, like Gecko; compatible; Amazonbot/0.1; +https://developer.amazon.com/support/amazonbot) Chrome/119.0.6045.214 Safari/537.36" "-"
23.23.213.0 - - [10/Feb/2026:02:24:16 +0000] "GET /spin-the-reels-of-viper-city-adventure-and-uncover-big-prizes HTTP/1.1" 200 34738 kenilworthcourt.com "-" "Mozilla/5.0 AppleWebKit/537.36 (KHTML, like Gecko; compatible; Amazonbot/0.1; +https://developer.amazon.com/support/amazonbot) Chrome/119.0.6045.214 Safari/537.36" "-"
51.89.129.0 - - [10/Feb/2026:02:24:18 +0000] "GET /top-cazinouri-online-legale-in-2025-casino-online-romania/feed HTTP/1.1" 200 916 kenilworthcourt.com "-" "Mozilla/5.0 (compatible; AhrefsBot/7.0; +http://ahrefs.com/robot/)" "-"
44.205.120.0 - - [10/Feb/2026:02:24:19 +0000] "GET /tennis-records-laws-products-majors-issues HTTP/1.1" 200 36934 kenilworthcourt.com "-" "Mozilla/5.0 AppleWebKit/537.36 (KHTML, like Gecko; compatible; Amazonbot/0.1; +https://developer.amazon.com/support/amazonbot) Chrome/119.0.6045.214 Safari/537.36" "-"
3.83.76.0 - - [10/Feb/2026:02:24:24 +0000] "GET /tag/online-casino-betsafe HTTP/1.1" 200 66257 kenilworthcourt.com "-" "TerraCotta https://github.com/CeramicTeam/CeramicTerracotta" "-"
3.83.76.0 - - [10/Feb/2026:02:24:31 +0000] "GET /jouer-aux-machines-a-sous-comment-jouer-le-jeu-de-vol-en-ligne HTTP/1.1" 200 33654 kenilworthcourt.com "-" "TerraCotta https://github.com/CeramicTeam/CeramicTerracotta" "-"
85.208.98.0 - - [10/Feb/2026:02:24:34 +0000] "GET /vestiti-di-lavoro-k.html HTTP/1.1" 429 267 kenilworthcourt.com "-" "Mozilla/5.0 (compatible; SemrushBot-BA; +http://www.semrush.com/bot.html)" "-"
198.244.242.0 - - [10/Feb/2026:02:24:35 +0000] "GET /spielbank-slots-novoline-freispiele-exklusive-einzahlung-2025-neue-spielbank-free-spins HTTP/1.1" 200 34827 kenilworthcourt.com "-" "Mozilla/5.0 (compatible; AhrefsBot/7.0; +http://ahrefs.com/robot/)" "-"
2a03:2880:f800:: - - [10/Feb/2026:02:24:36 +0000] "GET /nolimit-city-software-review-graphics-features-and-game-quality HTTP/1.1" 200 42762 kenilworthcourt.com "-" "meta-externalagent/1.1 (+https://developers.facebook.com/docs/sharing/webmasters/crawler)" "-"
65.7.17.0 - - [10/Feb/2026:02:24:36 +0000] "GET /wp-login.php HTTP/1.1" 200 4740 kenilworthcourt.com "-" "Mozilla/5.0 (Windows NT 10.0; Win64; x64) AppleWebKit/537.36 (KHTML, like Gecko) Chrome/130.0.0.0 Safari/537.36" "-"
3.83.76.0 - - [10/Feb/2026:02:24:37 +0000] "GET /fairspin-casino-online-slot-games-and-reviews HTTP/1.1" 200 34989 kenilworthcourt.com "-" "TerraCotta https://github.com/CeramicTeam/CeramicTerracotta" "-"
2a03:2880:f800:: - - [10/Feb/2026:02:24:42 +0000] "GET /vlucht-naar-legenden-van-de-slotmachines HTTP/1.1" 200 32846 kenilworthcourt.com "-" "meta-externalagent/1.1 (+https://developers.facebook.com/docs/sharing/webmasters/crawler)" "-"
65.7.17.0 - - [10/Feb/2026:02:24:48 +0000] "POST /wp-login.php HTTP/1.1" 200 5110 kenilworthcourt.com "https://kenilworthcourt.com/wp-login.php" "Mozilla/5.0 (Windows NT 10.0; Win64; x64) AppleWebKit/537.36 (KHTML, like Gecko) Chrome/130.0.0.0 Safari/537.36" "-"
43.173.173.0 - - [10/Feb/2026:02:24:48 +0000] "GET /phlwin-app-16/feed HTTP/1.1" 200 854 kenilworthcourt.com "-" "Mozilla/5.0 (Windows NT 10.0; Win64; x64) AppleWebKit/537.36 (KHTML, like Gecko) Chrome/110.0.0.0 Safari/537.36" "-"
3.83.76.0 - - [10/Feb/2026:02:24:49 +0000] "GET /category/betsafe-free-bonus-183 HTTP/1.1" 200 64339 kenilworthcourt.com "-" "TerraCotta https://github.com/CeramicTeam/CeramicTerracotta" "-"
198.244.168.0 - - [10/Feb/2026:02:24:51 +0000] "GET /ardente HTTP/1.1" 200 32097 kenilworthcourt.com "-" "Mozilla/5.0 (compatible; AhrefsBot/7.0; +http://ahrefs.com/robot/)" "-"
85.208.98.0 - - [10/Feb/2026:02:24:54 +0000] "GET /accessori-spotter-k.html HTTP/1.1" 429 267 kenilworthcourt.com "-" "Mozilla/5.0 (compatible; SemrushBot-BA; +http://www.semrush.com/bot.html)" "-"
2a03:2880:f800:: - - [10/Feb/2026:02:25:03 +0000] "GET /play-free-australian-magic-slot-big-win-flaming-hot-six-reels-egt-trial-slot-machine-games-book HTTP/1.1" 200 36050 kenilworthcourt.com "-" "meta-externalagent/1.1 (+https://developers.facebook.com/docs/sharing/webmasters/crawler)" "-"
3.83.76.0 - - [10/Feb/2026:02:25:04 +0000] "GET /category/hellspin-casino-503 HTTP/1.1" 200 57257 kenilworthcourt.com "-" "TerraCotta https://github.com/CeramicTeam/CeramicTerracotta" "-"
198.244.168.0 - - [10/Feb/2026:02:25:05 +0000] "GET /excalibur-compared-to-gigablox-slot-comment-mustang-money-slot-machine-play-demo-2025/feed HTTP/1.1" 200 1000 kenilworthcourt.com "-" "Mozilla/5.0 (compatible; AhrefsBot/7.0; +http://ahrefs.com/robot/)" "-"
190.25.111.0 - - [10/Feb/2026:02:25:09 +0000] "GET /deca-durabolin-kurs-wirkung-anwendung-und-wichtige-informationen HTTP/1.1" 200 29792 kenilworthcourt.com "-" "GuzzleHttp/7" "-"
85.208.98.0 - - [10/Feb/2026:02:25:15 +0000] "GET /porta-attrezzi-beta-amazon-k.html HTTP/1.1" 429 267 kenilworthcourt.com "-" "Mozilla/5.0 (compatible; SemrushBot-BA; +http://www.semrush.com/bot.html)" "-"
198.244.240.0 - - [10/Feb/2026:02:25:19 +0000] "GET /crazy-pachinko-game-review-live-pay-by-the-dog-house-megaways-slot-online-phone-casino-2024/feed HTTP/1.1" 200 1019 kenilworthcourt.com "-" "Mozilla/5.0 (compatible; AhrefsBot/7.0; +http://ahrefs.com/robot/)" "-"
3.83.76.0 - - [10/Feb/2026:02:25:27 +0000] "GET /test-post-for-wordpress-9 HTTP/1.1" 200 27777 kenilworthcourt.com "-" "TerraCotta https://github.com/CeramicTeam/CeramicTerracotta" "-"
3.83.76.0 - - [10/Feb/2026:02:25:34 +0000] "GET /category/12play-live-149 HTTP/1.1" 200 64428 kenilworthcourt.com "-" "TerraCotta https://github.com/CeramicTeam/CeramicTerracotta" "-"
51.195.183.0 - - [10/Feb/2026:02:25:34 +0000] "GET /atividade-infantilidade-wolf-saga-giros-livres-de-slot-boas-vindas-ate-1000/feed HTTP/1.1" 200 971 kenilworthcourt.com "-" "Mozilla/5.0 (compatible; AhrefsBot/7.0; +http://ahrefs.com/robot/)" "-"
65.254.225.0 - - [10/Feb/2026:02:25:37 +0000] "GET /wp-login.php HTTP/1.1" 200 4740 kenilworthcourt.com "-" "Mozilla/5.0 (Windows NT 10.0; Win64; x64) AppleWebKit/537.36 (KHTML, like Gecko) Chrome/130.0.0.0 Safari/537.36" "-"
3.83.76.0 - - [10/Feb/2026:02:25:43 +0000] "GET /office-ltsc-standard-mediafire-without-onedrive-slim-yify-to%f0%9d%9a%9brent HTTP/1.1" 200 101967 kenilworthcourt.com "-" "TerraCotta https://github.com/CeramicTeam/CeramicTerracotta" "-"
43.173.177.0 - - [10/Feb/2026:02:25:46 +0000] "GET /?p=14314 HTTP/1.1" 301 - kenilworthcourt.com "-" "Mozilla/5.0 (Windows NT 10.0; Win64; x64) AppleWebKit/537.36 (KHTML, like Gecko) Chrome/110.0.0.0 Safari/537.36" "-"
43.173.177.0 - - [10/Feb/2026:02:25:46 +0000] "GET /hellspin-kod-bonusowy-604 HTTP/1.1" 200 43125 kenilworthcourt.com "https://kenilworthcourt.com/?p=14314" "Mozilla/5.0 (Windows NT 10.0; Win64; x64) AppleWebKit/537.36 (KHTML, like Gecko) Chrome/110.0.0.0 Safari/537.36" "-"
198.244.240.0 - - [10/Feb/2026:02:25:48 +0000] "GET /ben-ten-online-game-play-on-the-internet-for-free/feed HTTP/1.1" 200 892 kenilworthcourt.com "-" "Mozilla/5.0 (compatible; AhrefsBot/7.0; +http://ahrefs.com/robot/)" "-"
65.254.225.0 - - [10/Feb/2026:02:25:49 +0000] "POST /wp-login.php HTTP/1.1" 200 5110 kenilworthcourt.com "https://kenilworthcourt.com/wp-login.php" "Mozilla/5.0 (Windows NT 10.0; Win64; x64) AppleWebKit/537.36 (KHTML, like Gecko) Chrome/130.0.0.0 Safari/537.36" "-"
2a03:2880:f800:: - - [10/Feb/2026:02:25:59 +0000] "GET /legenden-in-den-wolken-mit-spielautomaten HTTP/1.1" 200 33573 kenilworthcourt.com "-" "meta-externalagent/1.1 (+https://developers.facebook.com/docs/sharing/webmasters/crawler)" "-"
85.208.98.0 - - [10/Feb/2026:02:26:05 +0000] "GET /beta-abbigliamento-amazon-k.html HTTP/1.1" 429 267 kenilworthcourt.com "-" "Mozilla/5.0 (compatible; SemrushBot-BA; +http://www.semrush.com/bot.html)" "-"
3.83.76.0 - - [10/Feb/2026:02:26:07 +0000] "GET /spielautomat-huhnerstrase-ein-weg-zur-glucksspielfreiheit-oder-ein-gefahrliches-spiel-mit-dem-schicksal HTTP/1.1" 200 32735 kenilworthcourt.com "-" "TerraCotta https://github.com/CeramicTeam/CeramicTerracotta" "-"
54.38.147.0 - - [10/Feb/2026:02:26:08 +0000] "GET /a-realidade-por-willy-wonka-cassino-online-slot-atrasde-dos-algoritmos-de-slots-atrio-cotidiano-do-aco/feed HTTP/1.1" 200 1054 kenilworthcourt.com "-" "Mozilla/5.0 (compatible; AhrefsBot/7.0; +http://ahrefs.com/robot/)" "-"
3.83.76.0 - - [10/Feb/2026:02:26:11 +0000] "GET /category/8xbet-app-42 HTTP/1.1" 200 79667 kenilworthcourt.com "-" "TerraCotta https://github.com/CeramicTeam/CeramicTerracotta" "-"
46.4.193.0 - - [10/Feb/2026:02:26:23 +0000] "GET /wp-login.php HTTP/1.1" 200 4740 kenilworthcourt.com "-" "Mozilla/5.0 (Windows NT 10.0; Win64; x64) AppleWebKit/537.36 (KHTML, like Gecko) Chrome/130.0.0.0 Safari/537.36" "-"
175.127.244.0 - - [10/Feb/2026:02:26:27 +0000] "GET /adu-builders-in-sacramento-2 HTTP/1.1" 200 188952 kenilworthcourt.com "-" "Mozilla/5.0 (Windows NT 10.0; WOW64) AppleWebKit/537.36 (KHTML, like Gecko) Chrome/114.0.0.0 Safari/537.36" "-"
54.38.147.0 - - [10/Feb/2026:02:26:28 +0000] "GET /hell-spin-free-spins-870 HTTP/1.1" 200 33327 kenilworthcourt.com "-" "Mozilla/5.0 (compatible; AhrefsBot/7.0; +http://ahrefs.com/robot/)" "-"
3.83.76.0 - - [10/Feb/2026:02:26:30 +0000] "GET /let-the-good-times-roll-at-22bet-casino HTTP/1.1" 200 39794 kenilworthcourt.com "-" "TerraCotta https://github.com/CeramicTeam/CeramicTerracotta" "-"
46.4.193.0 - - [10/Feb/2026:02:26:35 +0000] "POST /wp-login.php HTTP/1.1" 200 5110 kenilworthcourt.com "https://kenilworthcourt.com/wp-login.php" "Mozilla/5.0 (Windows NT 10.0; Win64; x64) AppleWebKit/537.36 (KHTML, like Gecko) Chrome/130.0.0.0 Safari/537.36" "-"
198.244.183.0 - - [10/Feb/2026:02:26:48 +0000] "GET /category/hellspin-casino-review-541 HTTP/1.1" 200 59468 kenilworthcourt.com "-" "Mozilla/5.0 (compatible; AhrefsBot/7.0; +http://ahrefs.com/robot/)" "-"
72.167.134.0 - - [10/Feb/2026:02:26:55 +0000] "GET /wp-login.php HTTP/1.1" 200 4740 kenilworthcourt.com "-" "Mozilla/5.0 (Windows NT 10.0; Win64; x64) AppleWebKit/537.36 (KHTML, like Gecko) Chrome/130.0.0.0 Safari/537.36" "-"
2a03:2880:f800:: - - [10/Feb/2026:02:27:01 +0000] "GET /the-rise-and-fall-of-avia-masters-stake-in-global-gaming-industry HTTP/1.1" 200 36663 kenilworthcourt.com "-" "meta-externalagent/1.1 (+https://developers.facebook.com/docs/sharing/webmasters/crawler)" "-"
107.189.14.0 - - [10/Feb/2026:02:27:04 +0000] "POST /wp-login.php HTTP/1.1" 200 5162 kenilworthcourt.com "-" "Mozilla/5.0 (Windows NT 6.1; WOW64) AppleWebKit/537.36 (KHTML, like Gecko) Chrome/35.0.1916.153 Safari/537.36" "-"
2a03:2880:f800:: - - [10/Feb/2026:02:27:06 +0000] "GET /captain-jack-casino HTTP/1.1" 200 30542 kenilworthcourt.com "-" "meta-externalagent/1.1 (+https://developers.facebook.com/docs/sharing/webmasters/crawler)" "-"
51.89.129.0 - - [10/Feb/2026:02:27:09 +0000] "GET /big-time-gambling-comment-south-africa-2025finest-btg-harbors-have/feed HTTP/1.1" 200 951 kenilworthcourt.com "-" "Mozilla/5.0 (compatible; AhrefsBot/7.0; +http://ahrefs.com/robot/)" "-"
3.83.76.0 - - [10/Feb/2026:02:27:11 +0000] "GET /kakim-sposobom-perezhivanija-pomogajut-sovladat-s-neizvestnostju HTTP/1.1" 200 48308 kenilworthcourt.com "-" "TerraCotta https://github.com/CeramicTeam/CeramicTerracotta" "-"
3.83.76.0 - - [10/Feb/2026:02:27:15 +0000] "GET /spinn-pirots-automaten-og-utls-bonusfunksjonen HTTP/1.1" 200 33880 kenilworthcourt.com "-" "TerraCotta https://github.com/CeramicTeam/CeramicTerracotta" "-"
51.89.129.0 - - [10/Feb/2026:02:27:25 +0000] "GET /category/uncategorized/page/463 HTTP/1.1" 200 50589 kenilworthcourt.com "-" "Mozilla/5.0 (compatible; AhrefsBot/7.0; +http://ahrefs.com/robot/)" "-"
46.101.96.0 - - [10/Feb/2026:02:27:26 +0000] "GET /wp-login.php HTTP/1.1" 200 4740 kenilworthcourt.com "-" "Mozilla/5.0 (Windows NT 10.0; Win64; x64) AppleWebKit/537.36 (KHTML, like Gecko) Chrome/130.0.0.0 Safari/537.36" "-"
85.208.98.0 - - [10/Feb/2026:02:27:29 +0000] "GET /vendita-nike-k.html HTTP/1.1" 429 267 kenilworthcourt.com "-" "Mozilla/5.0 (compatible; SemrushBot-BA; +http://www.semrush.com/bot.html)" "-"
46.101.96.0 - - [10/Feb/2026:02:27:38 +0000] "POST /wp-login.php HTTP/1.1" 200 5110 kenilworthcourt.com "https://kenilworthcourt.com/wp-login.php" "Mozilla/5.0 (Windows NT 10.0; Win64; x64) AppleWebKit/537.36 (KHTML, like Gecko) Chrome/130.0.0.0 Safari/537.36" "-"
3.83.76.0 - - [10/Feb/2026:02:27:38 +0000] "GET /why-lotto-casino-interactive-areas-measured-right-uk-mobile-precision HTTP/1.1" 200 34475 kenilworthcourt.com "-" "TerraCotta https://github.com/CeramicTeam/CeramicTerracotta" "-"
51.222.158.0 - - [10/Feb/2026:02:27:39 +0000] "GET /wp-login.php HTTP/1.1" 200 4740 kenilworthcourt.com "-" "Mozilla/5.0 (Windows NT 10.0; Win64; x64) AppleWebKit/537.36 (KHTML, like Gecko) Chrome/130.0.0.0 Safari/537.36" "-"
51.195.215.0 - - [10/Feb/2026:02:27:41 +0000] "GET /rejestracja-w-kasynie-wonaco-krok-po-kroku-dla-polski/feed HTTP/1.1" 200 904 kenilworthcourt.com "-" "Mozilla/5.0 (compatible; AhrefsBot/7.0; +http://ahrefs.com/robot/)" "-"
2a03:2880:f800:: - - [10/Feb/2026:02:27:44 +0000] "GET /win-big-with-book-of-ra-slot-ancient-egyptian-riches-awaits-you HTTP/1.1" 200 34110 kenilworthcourt.com "-" "meta-externalagent/1.1 (+https://developers.facebook.com/docs/sharing/webmasters/crawler)" "-"
85.208.98.0 - - [10/Feb/2026:02:27:48 +0000] "GET /negozi-nike-blazer-sesto-calende-k.html HTTP/1.1" 429 267 kenilworthcourt.com "-" "Mozilla/5.0 (compatible; SemrushBot-BA; +http://www.semrush.com/bot.html)" "-"
3.83.76.0 - - [10/Feb/2026:02:27:50 +0000] "GET /category/casino-lemon-678 HTTP/1.1" 200 61919 kenilworthcourt.com "-" "TerraCotta https://github.com/CeramicTeam/CeramicTerracotta" "-"
51.222.158.0 - - [10/Feb/2026:02:27:51 +0000] "POST /wp-login.php HTTP/1.1" 200 5110 kenilworthcourt.com "https://kenilworthcourt.com/wp-login.php" "Mozilla/5.0 (Windows NT 10.0; Win64; x64) AppleWebKit/537.36 (KHTML, like Gecko) Chrome/130.0.0.0 Safari/537.36" "-"
192.250.224.0 - - [10/Feb/2026:02:27:52 +0000] "GET /wp-login.php HTTP/1.1" 200 4740 kenilworthcourt.com "-" "Mozilla/5.0 (Windows NT 10.0; Win64; x64) AppleWebKit/537.36 (KHTML, like Gecko) Chrome/130.0.0.0 Safari/537.36" "-"
3.83.76.0 - - [10/Feb/2026:02:27:54 +0000] "GET /category/luxury-casino-login-246 HTTP/1.1" 200 70153 kenilworthcourt.com "-" "TerraCotta https://github.com/CeramicTeam/CeramicTerracotta" "-"
185.229.219.0 - - [10/Feb/2026:02:27:57 +0000] "POST /xmlrpc.php HTTP/1.1" 200 403 kenilworthcourt.com "-" "Wget/1.21.4" "-"
51.195.183.0 - - [10/Feb/2026:02:27:59 +0000] "GET /on-the-web-casino-gala-app-black-jack-southern-area-africa-play-for-a-real-income HTTP/1.1" 200 38300 kenilworthcourt.com "-" "Mozilla/5.0 (compatible; AhrefsBot/7.0; +http://ahrefs.com/robot/)" "-"
23.92.16.0 - - [10/Feb/2026:02:27:59 +0000] "GET /masteron-p-die-geheimwaffe-fur-sportler HTTP/1.1" 200 29537 kenilworthcourt.com "-" "Mozilla/5.0 (compatible; MuckRack/1.0; +https://muckrack.com)" "-"
85.208.98.0 - - [10/Feb/2026:02:28:04 +0000] "GET /tapis-roulant-nike-k.html HTTP/1.1" 429 267 kenilworthcourt.com "-" "Mozilla/5.0 (compatible; SemrushBot-BA; +http://www.semrush.com/bot.html)" "-"
178.120.48.0 - - [10/Feb/2026:02:28:04 +0000] "POST /xmlrpc.php HTTP/1.1" 200 403 kenilworthcourt.com "-" "curl/7.88.1" "-"
192.250.224.0 - - [10/Feb/2026:02:28:04 +0000] "POST /wp-login.php HTTP/1.1" 200 5110 kenilworthcourt.com "https://kenilworthcourt.com/wp-login.php" "Mozilla/5.0 (Windows NT 10.0; Win64; x64) AppleWebKit/537.36 (KHTML, like Gecko) Chrome/130.0.0.0 Safari/537.36" "-"
156.38.40.0 - - [10/Feb/2026:02:28:07 +0000] "POST /xmlrpc.php HTTP/1.1" 200 403 kenilworthcourt.com "-" "curl/7.88.1" "-"
3.83.76.0 - - [10/Feb/2026:02:28:07 +0000] "GET /tag/grato-gana HTTP/1.1" 200 60540 kenilworthcourt.com "-" "TerraCotta https://github.com/CeramicTeam/CeramicTerracotta" "-"
94.158.62.0 - - [10/Feb/2026:02:28:11 +0000] "GET /wp-login.php HTTP/1.1" 200 4740 kenilworthcourt.com "-" "curl/7.88.1" "-"
198.244.183.0 - - [10/Feb/2026:02:28:13 +0000] "GET /category/188bet-vui-853/feed HTTP/1.1" 200 29998 kenilworthcourt.com "-" "Mozilla/5.0 (compatible; AhrefsBot/7.0; +http://ahrefs.com/robot/)" "-"
85.208.98.0 - - [10/Feb/2026:02:28:14 +0000] "GET /magazzino-scarpe-nike-k.html HTTP/1.1" 429 267 kenilworthcourt.com "-" "Mozilla/5.0 (compatible; SemrushBot-BA; +http://www.semrush.com/bot.html)" "-"
41.140.243.0 - - [10/Feb/2026:02:28:14 +0000] "POST /wp-login.php HTTP/1.1" 200 4995 kenilworthcourt.com "https://kenilworthcourt.com/wp-login.php" "curl/7.88.1" "-"
192.250.224.0 - - [10/Feb/2026:02:28:16 +0000] "GET /wp-login.php HTTP/1.1" 200 4740 kenilworthcourt.com "-" "Mozilla/5.0 (Windows NT 10.0; Win64; x64) AppleWebKit/537.36 (KHTML, like Gecko) Chrome/130.0.0.0 Safari/537.36" "-"
3.83.76.0 - - [10/Feb/2026:02:28:19 +0000] "GET /tag/20bet-scommesse HTTP/1.1" 200 183916 kenilworthcourt.com "-" "TerraCotta https://github.com/CeramicTeam/CeramicTerracotta" "-"
3.83.76.0 - - [10/Feb/2026:02:28:25 +0000] "GET /category/bmw-casino-site-761 HTTP/1.1" 200 77525 kenilworthcourt.com "-" "TerraCotta https://github.com/CeramicTeam/CeramicTerracotta" "-"
2a03:2880:f800:: - - [10/Feb/2026:02:28:26 +0000] "GET /top-lights-online-100-jogos-infantilidade-ps2-atualizado HTTP/1.1" 200 37705 kenilworthcourt.com "-" "meta-externalagent/1.1 (+https://developers.facebook.com/docs/sharing/webmasters/crawler)" "-"
192.250.224.0 - - [10/Feb/2026:02:28:28 +0000] "POST /wp-login.php HTTP/1.1" 200 5110 kenilworthcourt.com "https://kenilworthcourt.com/wp-login.php" "Mozilla/5.0 (Windows NT 10.0; Win64; x64) AppleWebKit/537.36 (KHTML, like Gecko) Chrome/130.0.0.0 Safari/537.36" "-"
198.244.168.0 - - [10/Feb/2026:02:28:31 +0000] "GET /%E1%90%88-golden-goddess-die-tombstone-slot-maschine-kostenlos-spielen-exklusive-registrierung-%E1%90%88/feed HTTP/1.1" 200 1046 kenilworthcourt.com "-" "Mozilla/5.0 (compatible; AhrefsBot/7.0; +http://ahrefs.com/robot/)" "-"
3.83.76.0 - - [10/Feb/2026:02:28:39 +0000] "GET /avia-masters-4 HTTP/1.1" 200 33797 kenilworthcourt.com "-" "TerraCotta https://github.com/CeramicTeam/CeramicTerracotta" "-"
85.208.98.0 - - [10/Feb/2026:02:28:40 +0000] "GET /robots.txt HTTP/1.1" 429 267 kenilworthcourt.com "-" "Mozilla/5.0 (compatible; SemrushBot-BA; +http://www.semrush.com/bot.html)" "-"
198.244.242.0 - - [10/Feb/2026:02:28:47 +0000] "GET /casinos-boquilla-gryphons-gold-en-internet-joviales-nuestro-ocurrir-del-tiempo-paypal-como-depositar-asi-como-eximir-recursos-utilizando-paypal/feed HTTP/1.1" 200 1178 kenilworthcourt.com "-" "Mozilla/5.0 (compatible; AhrefsBot/7.0; +http://ahrefs.com/robot/)" "-"
85.208.98.0 - - [10/Feb/2026:02:28:50 +0000] "GET /centro-nike-k.html HTTP/1.1" 429 267 kenilworthcourt.com "-" "Mozilla/5.0 (compatible; SemrushBot-BA; +http://www.semrush.com/bot.html)" "-"
43.163.22.0 - - [10/Feb/2026:02:28:50 +0000] "GET /como-registrarse-gratogana-674/feed HTTP/1.1" 200 846 kenilworthcourt.com "-" "Mozilla/5.0 (Windows NT 10.0; Win64; x64) AppleWebKit/537.36 (KHTML, like Gecko) Chrome/105.0.0.0 Safari/537.3" "-"
43.173.180.0 - - [10/Feb/2026:02:28:51 +0000] "GET /?p=19065 HTTP/1.1" 301 - kenilworthcourt.com "-" "Mozilla/5.0 (Windows NT 10.0; Win64; x64) AppleWebKit/537.36 (KHTML, like Gecko) Chrome/104.0.5112.81 Safari/537.36" "-"
43.173.180.0 - - [10/Feb/2026:02:28:52 +0000] "GET /701-2 HTTP/1.1" 200 40637 kenilworthcourt.com "https://kenilworthcourt.com/?p=19065" "Mozilla/5.0 (Windows NT 10.0; Win64; x64) AppleWebKit/537.36 (KHTML, like Gecko) Chrome/104.0.5112.81 Safari/537.36" "-"
198.244.242.0 - - [10/Feb/2026:02:29:04 +0000] "GET /power-of-gods-hades-tragamonedas-gratis-online-puerilidade-wazdan/feed HTTP/1.1" 200 941 kenilworthcourt.com "-" "Mozilla/5.0 (compatible; AhrefsBot/7.0; +http://ahrefs.com/robot/)" "-"
63.176.224.0 - - [10/Feb/2026:02:29:11 +0000] "GET /wp-login.php HTTP/1.1" 200 4740 kenilworthcourt.com "-" "Mozilla/5.0 (Windows NT 10.0; Win64; x64) AppleWebKit/537.36 (KHTML, like Gecko) Chrome/130.0.0.0 Safari/537.36" "-"
2a03:2880:f800:: - - [10/Feb/2026:02:29:19 +0000] "GET /dragon-dancing-star-spins-casino-bonus-100-slot-comment-and-casinos-rigged-or-safe-to-help-you-twist HTTP/1.1" 200 36035 kenilworthcourt.com "-" "meta-externalagent/1.1 (+https://developers.facebook.com/docs/sharing/webmasters/crawler)" "-"
51.89.129.0 - - [10/Feb/2026:02:29:21 +0000] "GET /melhores-slots-football-streak-slot-machine-online-para-alcancar-dinheiro-melhores-slots/feed HTTP/1.1" 200 1010 kenilworthcourt.com "-" "Mozilla/5.0 (compatible; AhrefsBot/7.0; +http://ahrefs.com/robot/)" "-"
63.176.224.0 - - [10/Feb/2026:02:29:23 +0000] "POST /wp-login.php HTTP/1.1" 200 5110 kenilworthcourt.com "https://kenilworthcourt.com/wp-login.php" "Mozilla/5.0 (Windows NT 10.0; Win64; x64) AppleWebKit/537.36 (KHTML, like Gecko) Chrome/130.0.0.0 Safari/537.36" "-"
198.244.226.0 - - [10/Feb/2026:02:29:38 +0000] "GET /tag/nn777-slot-jili HTTP/1.1" 200 149307 kenilworthcourt.com "-" "Mozilla/5.0 (compatible; AhrefsBot/7.0; +http://ahrefs.com/robot/)" "-"
85.208.98.0 - - [10/Feb/2026:02:29:43 +0000] "GET /nike-store-pescara-k.html HTTP/1.1" 429 267 kenilworthcourt.com "-" "Mozilla/5.0 (compatible; SemrushBot-BA; +http://www.semrush.com/bot.html)" "-"
85.208.98.0 - - [10/Feb/2026:02:29:52 +0000] "GET /accessori-aygo-toyota-k.html HTTP/1.1" 429 267 kenilworthcourt.com "-" "Mozilla/5.0 (compatible; SemrushBot-BA; +http://www.semrush.com/bot.html)" "-"
198.244.168.0 - - [10/Feb/2026:02:29:54 +0000] "GET /very-dish-2025-gaming-book-chiefs-eagles-odds-picks-props-and-much-more/feed HTTP/1.1" 200 960 kenilworthcourt.com "-" "Mozilla/5.0 (compatible; AhrefsBot/7.0; +http://ahrefs.com/robot/)" "-"
198.244.240.0 - - [10/Feb/2026:02:30:10 +0000] "GET /explodiac-slot-slot-double-bubble-erreichbar/feed HTTP/1.1" 200 877 kenilworthcourt.com "-" "Mozilla/5.0 (compatible; AhrefsBot/7.0; +http://ahrefs.com/robot/)" "-"
3.83.76.0 - - [10/Feb/2026:02:30:13 +0000] "GET /frozen-fortune-ice-fishing-casino-slots HTTP/1.1" 200 29438 kenilworthcourt.com "-" "TerraCotta https://github.com/CeramicTeam/CeramicTerracotta" "-"
85.208.98.0 - - [10/Feb/2026:02:30:18 +0000] "GET /aygo-toyota-prezzo-amazon-k.html HTTP/1.1" 429 267 kenilworthcourt.com "-" "Mozilla/5.0 (compatible; SemrushBot-BA; +http://www.semrush.com/bot.html)" "-"
142.93.68.0 - - [10/Feb/2026:02:30:24 +0000] "GET /wp-login.php HTTP/1.1" 200 4740 kenilworthcourt.com "-" "Mozilla/5.0 (Windows NT 10.0; Win64; x64) AppleWebKit/537.36 (KHTML, like Gecko) Chrome/130.0.0.0 Safari/537.36" "-"
3.83.76.0 - - [10/Feb/2026:02:30:24 +0000] "GET /gratowin-casino-online-gaming-entertainment-hub HTTP/1.1" 200 35846 kenilworthcourt.com "-" "TerraCotta https://github.com/CeramicTeam/CeramicTerracotta" "-"
51.89.129.0 - - [10/Feb/2026:02:30:27 +0000] "GET /spin-garage-slot-palace-spielbank-en-bloc-erfahrungen-untersuchung-curry-in-a-hurry-slotspiel-fur-echtes-geld-schatzung-2025/feed HTTP/1.1" 200 1127 kenilworthcourt.com "-" "Mozilla/5.0 (compatible; AhrefsBot/7.0; +http://ahrefs.com/robot/)" "-"
142.93.68.0 - - [10/Feb/2026:02:30:36 +0000] "POST /wp-login.php HTTP/1.1" 200 5110 kenilworthcourt.com "https://kenilworthcourt.com/wp-login.php" "Mozilla/5.0 (Windows NT 10.0; Win64; x64) AppleWebKit/537.36 (KHTML, like Gecko) Chrome/130.0.0.0 Safari/537.36" "-"
198.244.240.0 - - [10/Feb/2026:02:30:51 +0000] "GET /plinko-game-chances-and-probability-analysis/feed HTTP/1.1" 200 877 kenilworthcourt.com "-" "Mozilla/5.0 (compatible; AhrefsBot/7.0; +http://ahrefs.com/robot/)" "-"
3.83.76.0 - - [10/Feb/2026:02:30:56 +0000] "GET /betsio-casino HTTP/1.1" 200 33890 kenilworthcourt.com "-" "TerraCotta https://github.com/CeramicTeam/CeramicTerracotta" "-"
85.208.98.0 - - [10/Feb/2026:02:30:57 +0000] "GET /foto-nuova-ford-puma-k.html HTTP/1.1" 429 267 kenilworthcourt.com "-" "Mozilla/5.0 (compatible; SemrushBot-BA; +http://www.semrush.com/bot.html)" "-"
113.165.152.0 - - [10/Feb/2026:02:31:03 +0000] "GET /bet-20-780 HTTP/1.1" 200 45319 kenilworthcourt.com "-" "Mozilla/5.0 (Windows NT 6.1; WOW64) AppleWebKit/537.36 (KHTML, like Gecko) Chrome/29.0.1547.62 Safari/537.36" "-"
85.208.98.0 - - [10/Feb/2026:02:31:06 +0000] "GET /ford-puma-immagini-k.html HTTP/1.1" 429 267 kenilworthcourt.com "-" "Mozilla/5.0 (compatible; SemrushBot-BA; +http://www.semrush.com/bot.html)" "-"
51.195.244.0 - - [10/Feb/2026:02:31:10 +0000] "GET /enjoy-on-the-internet-reel-strike-1-deposit-extra-deuces-nuts-that-have-250-incentive-during-the-harbors-from-vegas HTTP/1.1" 200 35799 kenilworthcourt.com "-" "Mozilla/5.0 (compatible; AhrefsBot/7.0; +http://ahrefs.com/robot/)" "-"
160.30.188.0 - - [10/Feb/2026:02:31:20 +0000] "GET /wp-login.php HTTP/1.1" 200 4740 kenilworthcourt.com "-" "Mozilla/5.0 (Windows NT 10.0; Win64; x64) AppleWebKit/537.36 (KHTML, like Gecko) Chrome/130.0.0.0 Safari/537.36" "-"
3.83.76.0 - - [10/Feb/2026:02:31:24 +0000] "GET /de-kracht-van-fortuin-bij-amonbet-casino-voor-nederlandse-spelers HTTP/1.1" 200 37021 kenilworthcourt.com "-" "TerraCotta https://github.com/CeramicTeam/CeramicTerracotta" "-"
51.195.215.0 - - [10/Feb/2026:02:31:28 +0000] "GET /erspahen-30-freie-roh-abstinenzerscheinung-slot-spins-mugshot-ramses-book-slot-online-casino-madness-nachfolgende-indessen-mythische-reichtumer-disruptive-kundenkreis/feed HTTP/1.1" 200 1246 kenilworthcourt.com "-" "Mozilla/5.0 (compatible; AhrefsBot/7.0; +http://ahrefs.com/robot/)" "-"
85.208.98.0 - - [10/Feb/2026:02:31:31 +0000] "GET /la-ford-puma-k.html HTTP/1.1" 429 267 kenilworthcourt.com "-" "Mozilla/5.0 (compatible; SemrushBot-BA; +http://www.semrush.com/bot.html)" "-"
160.30.188.0 - - [10/Feb/2026:02:31:32 +0000] "POST /wp-login.php HTTP/1.1" 200 5110 kenilworthcourt.com "https://kenilworthcourt.com/wp-login.php" "Mozilla/5.0 (Windows NT 10.0; Win64; x64) AppleWebKit/537.36 (KHTML, like Gecko) Chrome/130.0.0.0 Safari/537.36" "-"
3.83.76.0 - - [10/Feb/2026:02:31:32 +0000] "GET /category/188bet-login-link-alternatif-171 HTTP/1.1" 200 64846 kenilworthcourt.com "-" "TerraCotta https://github.com/CeramicTeam/CeramicTerracotta" "-"
