2a03:2880:f800:: - - [10/Feb/2026:04:41:04 +0000] "GET /butt-date-position-by-the-microgaming-review-play-no-deposit-bonus-thunderstruck-ii-on-line-at-no-cost HTTP/1.1" 200 35695 kenilworthcourt.com "-" "meta-externalagent/1.1 (+https://developers.facebook.com/docs/sharing/webmasters/crawler)" "-"
3.83.76.0 - - [10/Feb/2026:04:41:04 +0000] "GET /allwins-casino-online-gaming-options-and-reviews HTTP/1.1" 200 34235 kenilworthcourt.com "-" "TerraCotta https://github.com/CeramicTeam/CeramicTerracotta" "-"
51.255.148.0 - - [10/Feb/2026:04:41:13 +0000] "POST /wp-login.php HTTP/1.1" 200 5110 kenilworthcourt.com "https://kenilworthcourt.com/wp-login.php" "Mozilla/5.0 (Windows NT 10.0; Win64; x64) AppleWebKit/537.36 (KHTML, like Gecko) Chrome/130.0.0.0 Safari/537.36" "-"
50.6.248.0 - - [10/Feb/2026:04:41:14 +0000] "GET /wp-login.php HTTP/1.1" 200 4740 kenilworthcourt.com "-" "Mozilla/5.0 (Windows NT 10.0; Win64; x64) AppleWebKit/537.36 (KHTML, like Gecko) Chrome/130.0.0.0 Safari/537.36" "-"
3.83.76.0 - - [10/Feb/2026:04:41:17 +0000] "GET /tag/bet-20 HTTP/1.1" 200 165611 kenilworthcourt.com "-" "TerraCotta https://github.com/CeramicTeam/CeramicTerracotta" "-"
198.244.240.0 - - [10/Feb/2026:04:41:19 +0000] "GET /best-on-line-casino-bonuses-2025-better-sign-up-also-provides-promos/feed HTTP/1.1" 200 957 kenilworthcourt.com "-" "Mozilla/5.0 (compatible; AhrefsBot/7.0; +http://ahrefs.com/robot/)" "-"
50.6.248.0 - - [10/Feb/2026:04:41:26 +0000] "POST /wp-login.php HTTP/1.1" 200 5110 kenilworthcourt.com "https://kenilworthcourt.com/wp-login.php" "Mozilla/5.0 (Windows NT 10.0; Win64; x64) AppleWebKit/537.36 (KHTML, like Gecko) Chrome/130.0.0.0 Safari/537.36" "-"
2a03:2880:3200:: - - [10/Feb/2026:04:41:27 +0000] "GET /office-2019-64bits-all-in-one-latest-compact-build-p2p-dow%F0%9D%9A%97l%F0%9D%9A%98ad-to%F0%9D%9A%9Brent HTTP/1.1" 200 104133 kenilworthcourt.com "-" "facebookexternalhit/1.1 (+http://www.facebook.com/externalhit_uatext.php)" "-"
3.83.76.0 - - [10/Feb/2026:04:41:27 +0000] "GET /category/nv-kasyno-online-370 HTTP/1.1" 200 66841 kenilworthcourt.com "-" "TerraCotta https://github.com/CeramicTeam/CeramicTerracotta" "-"
54.38.147.0 - - [10/Feb/2026:04:41:32 +0000] "GET /the-odds-of-winning-with-hot-and-cold-slots/feed HTTP/1.1" 200 874 kenilworthcourt.com "-" "Mozilla/5.0 (compatible; AhrefsBot/7.0; +http://ahrefs.com/robot/)" "-"
2a03:2880:3000:: - - [10/Feb/2026:04:41:36 +0000] "GET /office-2019-64bits-all-in-one-latest-compact-build-p2p-dow%F0%9D%9A%97l%F0%9D%9A%98ad-to%F0%9D%9A%9Brent HTTP/1.1" 200 104133 kenilworthcourt.com "-" "facebookexternalhit/1.1 (+http://www.facebook.com/externalhit_uatext.php)" "-"
198.71.60.0 - - [10/Feb/2026:04:41:38 +0000] "GET /wp-login.php HTTP/1.1" 200 4740 kenilworthcourt.com "-" "Mozilla/5.0 (Windows NT 10.0; Win64; x64) AppleWebKit/537.36 (KHTML, like Gecko) Chrome/130.0.0.0 Safari/537.36" "-"
91.199.163.0 - - [10/Feb/2026:04:41:49 +0000] "POST /xmlrpc.php HTTP/1.1" 503 339 kenilworthcourt.com "-" "Mozilla/5.0 (Windows NT 10.0; Win64; x64) AppleWebKit/537.36 (KHTML, like Gecko) Chrome/138.0.0.0 Safari/537.36" "-"
198.71.60.0 - - [10/Feb/2026:04:41:50 +0000] "POST /wp-login.php HTTP/1.1" 200 5110 kenilworthcourt.com "https://kenilworthcourt.com/wp-login.php" "Mozilla/5.0 (Windows NT 10.0; Win64; x64) AppleWebKit/537.36 (KHTML, like Gecko) Chrome/130.0.0.0 Safari/537.36" "-"
51.89.129.0 - - [10/Feb/2026:04:41:50 +0000] "GET /dinosaur-festival-trial-wild-crowns-slot-machine-enjoy-position-game-one-hundredpercent-100-percent-free HTTP/1.1" 200 35997 kenilworthcourt.com "-" "Mozilla/5.0 (compatible; AhrefsBot/7.0; +http://ahrefs.com/robot/)" "-"
2a03:2880:f800:: - - [10/Feb/2026:04:41:51 +0000] "GET /sahara-riches-cash-collect-slot HTTP/1.1" 200 32355 kenilworthcourt.com "-" "meta-externalagent/1.1 (+https://developers.facebook.com/docs/sharing/webmasters/crawler)" "-"
198.71.60.0 - - [10/Feb/2026:04:42:02 +0000] "GET /wp-login.php HTTP/1.1" 200 4740 kenilworthcourt.com "-" "Mozilla/5.0 (Windows NT 10.0; Win64; x64) AppleWebKit/537.36 (KHTML, like Gecko) Chrome/130.0.0.0 Safari/537.36" "-"
198.244.226.0 - - [10/Feb/2026:04:42:05 +0000] "GET /enjoy-dj-crazy-slot-paradise-found-no-deposit-free-spins-online-slots-games HTTP/1.1" 200 36653 kenilworthcourt.com "-" "Mozilla/5.0 (compatible; AhrefsBot/7.0; +http://ahrefs.com/robot/)" "-"
3.83.76.0 - - [10/Feb/2026:04:42:15 +0000] "GET /tag/casino-bdmbet HTTP/1.1" 200 43509 kenilworthcourt.com "-" "TerraCotta https://github.com/CeramicTeam/CeramicTerracotta" "-"
51.195.215.0 - - [10/Feb/2026:04:42:18 +0000] "GET /the-best-bitcoin-casinos-and-gambling-sites-2025/feed HTTP/1.1" 200 889 kenilworthcourt.com "-" "Mozilla/5.0 (compatible; AhrefsBot/7.0; +http://ahrefs.com/robot/)" "-"
85.208.98.0 - - [10/Feb/2026:04:42:23 +0000] "GET /robots.txt HTTP/1.1" 429 267 kenilworthcourt.com "-" "Mozilla/5.0 (compatible; SemrushBot-BA; +http://www.semrush.com/bot.html)" "-"
198.71.60.0 - - [10/Feb/2026:04:42:26 +0000] "POST /wp-login.php HTTP/1.1" 200 5110 kenilworthcourt.com "https://kenilworthcourt.com/wp-login.php" "Mozilla/5.0 (Windows NT 10.0; Win64; x64) AppleWebKit/537.36 (KHTML, like Gecko) Chrome/130.0.0.0 Safari/537.36" "-"
92.205.182.0 - - [10/Feb/2026:04:42:29 +0000] "GET /wp-login.php HTTP/1.1" 200 4740 kenilworthcourt.com "-" "Mozilla/5.0 (Windows NT 10.0; Win64; x64) AppleWebKit/537.36 (KHTML, like Gecko) Chrome/130.0.0.0 Safari/537.36" "-"
198.244.240.0 - - [10/Feb/2026:04:42:34 +0000] "GET /top-10-kasino-provision-ohne-einzahlung-2025-letter-gratis-startguthaben-bewachen HTTP/1.1" 200 39048 kenilworthcourt.com "-" "Mozilla/5.0 (compatible; AhrefsBot/7.0; +http://ahrefs.com/robot/)" "-"
92.205.182.0 - - [10/Feb/2026:04:42:41 +0000] "POST /wp-login.php HTTP/1.1" 200 5110 kenilworthcourt.com "https://kenilworthcourt.com/wp-login.php" "Mozilla/5.0 (Windows NT 10.0; Win64; x64) AppleWebKit/537.36 (KHTML, like Gecko) Chrome/130.0.0.0 Safari/537.36" "-"
147.79.68.0 - - [10/Feb/2026:04:42:43 +0000] "GET /wp-login.php HTTP/1.1" 200 4740 kenilworthcourt.com "-" "Mozilla/5.0 (Windows NT 10.0; Win64; x64) AppleWebKit/537.36 (KHTML, like Gecko) Chrome/130.0.0.0 Safari/537.36" "-"
198.244.242.0 - - [10/Feb/2026:04:42:49 +0000] "GET /tag/20-bet-casino-app HTTP/1.1" 200 173088 kenilworthcourt.com "-" "Mozilla/5.0 (compatible; AhrefsBot/7.0; +http://ahrefs.com/robot/)" "-"
3.83.76.0 - - [10/Feb/2026:04:42:50 +0000] "GET /motherland-casino HTTP/1.1" 200 34497 kenilworthcourt.com "-" "TerraCotta https://github.com/CeramicTeam/CeramicTerracotta" "-"
147.79.68.0 - - [10/Feb/2026:04:42:55 +0000] "POST /wp-login.php HTTP/1.1" 200 5110 kenilworthcourt.com "https://kenilworthcourt.com/wp-login.php" "Mozilla/5.0 (Windows NT 10.0; Win64; x64) AppleWebKit/537.36 (KHTML, like Gecko) Chrome/130.0.0.0 Safari/537.36" "-"
160.16.114.0 - - [10/Feb/2026:04:43:00 +0000] "GET /wp-login.php HTTP/1.1" 200 4740 kenilworthcourt.com "-" "Mozilla/5.0 (Windows NT 10.0; Win64; x64) AppleWebKit/537.36 (KHTML, like Gecko) Chrome/130.0.0.0 Safari/537.36" "-"
198.244.242.0 - - [10/Feb/2026:04:43:08 +0000] "GET /on-line-betting-finest-possibility-sportsbook-in-the-titanbet-com-titanbet-com HTTP/1.1" 200 36761 kenilworthcourt.com "-" "Mozilla/5.0 (compatible; AhrefsBot/7.0; +http://ahrefs.com/robot/)" "-"
3.83.76.0 - - [10/Feb/2026:04:43:09 +0000] "GET /talalj-meg-tortenetet-a-hidvany-uti-fout-2-n HTTP/1.1" 200 34478 kenilworthcourt.com "-" "TerraCotta https://github.com/CeramicTeam/CeramicTerracotta" "-"
160.16.114.0 - - [10/Feb/2026:04:43:12 +0000] "POST /wp-login.php HTTP/1.1" 200 5110 kenilworthcourt.com "https://kenilworthcourt.com/wp-login.php" "Mozilla/5.0 (Windows NT 10.0; Win64; x64) AppleWebKit/537.36 (KHTML, like Gecko) Chrome/130.0.0.0 Safari/537.36" "-"
37.140.223.0 - - [10/Feb/2026:04:43:13 +0000] "POST /wp-login.php HTTP/1.1" 200 5110 kenilworthcourt.com "-" "Mozilla/5.0" "-"
37.140.223.0 - - [10/Feb/2026:04:43:13 +0000] "POST /wp-login.php HTTP/1.1" 200 5162 kenilworthcourt.com "-" "Mozilla/5.0" "-"
3.83.76.0 - - [10/Feb/2026:04:43:13 +0000] "GET /shazam-casino-australia-full-review HTTP/1.1" 200 33567 kenilworthcourt.com "-" "TerraCotta https://github.com/CeramicTeam/CeramicTerracotta" "-"
216.73.216.0 - - [10/Feb/2026:04:43:18 +0000] "GET /?p=8889 HTTP/1.1" 301 - kenilworthcourt.com "-" "Mozilla/5.0 AppleWebKit/537.36 (KHTML, like Gecko; compatible; ClaudeBot/1.0; +claudebot@anthropic.com)" "-"
216.73.216.0 - - [10/Feb/2026:04:43:18 +0000] "GET /on-line-twice-extra-poker-free-games-which-have-strategy-coach HTTP/1.1" 200 34968 kenilworthcourt.com "https://kenilworthcourt.com/?p=8889" "Mozilla/5.0 AppleWebKit/537.36 (KHTML, like Gecko; compatible; ClaudeBot/1.0; +claudebot@anthropic.com)" "-"
3.83.76.0 - - [10/Feb/2026:04:43:28 +0000] "GET /tag/is-hellspin-legit HTTP/1.1" 200 39868 kenilworthcourt.com "-" "TerraCotta https://github.com/CeramicTeam/CeramicTerracotta" "-"
51.195.183.0 - - [10/Feb/2026:04:43:28 +0000] "GET /mystake-casino-login-depositi-sicuri-e-vincite-rapide-in-nuovi-giochi/feed HTTP/1.1" 200 953 kenilworthcourt.com "-" "Mozilla/5.0 (compatible; AhrefsBot/7.0; +http://ahrefs.com/robot/)" "-"
208.109.39.0 - - [10/Feb/2026:04:43:35 +0000] "GET /wp-login.php HTTP/1.1" 200 4740 kenilworthcourt.com "-" "Mozilla/5.0 (Windows NT 10.0; Win64; x64) AppleWebKit/537.36 (KHTML, like Gecko) Chrome/130.0.0.0 Safari/537.36" "-"
3.83.76.0 - - [10/Feb/2026:04:43:42 +0000] "GET /navigating-massachusetts-gaming-laws-with-mystake-online-casino-options HTTP/1.1" 200 30620 kenilworthcourt.com "-" "TerraCotta https://github.com/CeramicTeam/CeramicTerracotta" "-"
43.173.179.0 - - [10/Feb/2026:04:43:46 +0000] "GET /?p=17888 HTTP/1.1" 301 - kenilworthcourt.com "-" "Mozilla/5.0 (Windows NT 10.0; Win64; x64) AppleWebKit/537.36 (KHTML, like Gecko) Chrome/131.0.0.0 Safari/537.36" "-"
43.173.179.0 - - [10/Feb/2026:04:43:47 +0000] "GET /spin-bizzo-casino-29 HTTP/1.1" 200 37434 kenilworthcourt.com "https://kenilworthcourt.com/?p=17888" "Mozilla/5.0 (Windows NT 10.0; Win64; x64) AppleWebKit/537.36 (KHTML, like Gecko) Chrome/131.0.0.0 Safari/537.36" "-"
51.195.244.0 - - [10/Feb/2026:04:43:48 +0000] "GET /essential-features-that-help-make-spindog-live-chat-stand-out-throughout-real-time-help/feed HTTP/1.1" 200 1006 kenilworthcourt.com "-" "Mozilla/5.0 (compatible; AhrefsBot/7.0; +http://ahrefs.com/robot/)" "-"
3.83.76.0 - - [10/Feb/2026:04:43:50 +0000] "GET /tag/winspark-bonus HTTP/1.1" 200 155836 kenilworthcourt.com "-" "TerraCotta https://github.com/CeramicTeam/CeramicTerracotta" "-"
3.83.76.0 - - [10/Feb/2026:04:43:53 +0000] "GET /category/partycasino-entrar-483 HTTP/1.1" 200 64243 kenilworthcourt.com "-" "TerraCotta https://github.com/CeramicTeam/CeramicTerracotta" "-"
208.109.39.0 - - [10/Feb/2026:04:44:00 +0000] "POST /wp-login.php HTTP/1.1" 200 5110 kenilworthcourt.com "https://kenilworthcourt.com/wp-login.php" "Mozilla/5.0 (Windows NT 10.0; Win64; x64) AppleWebKit/537.36 (KHTML, like Gecko) Chrome/130.0.0.0 Safari/537.36" "-"
198.244.242.0 - - [10/Feb/2026:04:44:04 +0000] "GET /%E3%82%A4%E3%83%B3%E3%82%BF%E3%83%BC%E3%83%8D%E3%83%83%E3%83%88%E4%B8%8A%E3%81%AE%E3%83%96%E3%83%A9%E3%83%83%E3%82%AF%E3%82%B8%E3%83%A3%E3%83%83%E3%82%AF%E3%83%9C%E3%83%90%E3%83%80%E3%82%AB%E3%82%B8 HTTP/1.1" 200 41457 kenilworthcourt.com "-" "Mozilla/5.0 (compatible; AhrefsBot/7.0; +http://ahrefs.com/robot/)" "-"
40.77.167.0 - - [10/Feb/2026:04:44:05 +0000] "GET /Easy%20Cheese%20Cheddar%20Cheese%20Snack,%208%20oz%20-%20WVZbWlhOV0dGW1Ff HTTP/1.1" 301 - www.kenilworthcourt.com "-" "Mozilla/5.0 AppleWebKit/537.36 (KHTML, like Gecko; compatible; bingbot/2.0; +http://www.bing.com/bingbot.htm) Chrome/116.0.1938.76 Safari/537.36" "-"
3.83.76.0 - - [10/Feb/2026:04:44:07 +0000] "GET /category/tadhana-slot-777-login-register-773 HTTP/1.1" 200 76711 kenilworthcourt.com "-" "TerraCotta https://github.com/CeramicTeam/CeramicTerracotta" "-"
2a03:2880:f800:: - - [10/Feb/2026:04:44:12 +0000] "GET /les-joies-du-hasard-a-lolympe-casino HTTP/1.1" 200 32474 kenilworthcourt.com "-" "meta-externalagent/1.1 (+https://developers.facebook.com/docs/sharing/webmasters/crawler)" "-"
173.212.202.0 - - [10/Feb/2026:04:44:17 +0000] "GET /wp-login.php HTTP/1.1" 200 4740 kenilworthcourt.com "-" "Mozilla/5.0 (Windows NT 10.0; Win64; x64) AppleWebKit/537.36 (KHTML, like Gecko) Chrome/130.0.0.0 Safari/537.36" "-"
54.38.147.0 - - [10/Feb/2026:04:44:19 +0000] "GET /link-188bet-950/feed HTTP/1.1" 200 866 kenilworthcourt.com "-" "Mozilla/5.0 (compatible; AhrefsBot/7.0; +http://ahrefs.com/robot/)" "-"
3.83.76.0 - - [10/Feb/2026:04:44:22 +0000] "GET /tag/royal-888-casino-register-login HTTP/1.1" 200 182798 kenilworthcourt.com "-" "TerraCotta https://github.com/CeramicTeam/CeramicTerracotta" "-"
3.83.76.0 - - [10/Feb/2026:04:44:32 +0000] "GET /play-gaming-safely-and-enjoy-real-money-fun-at-infinity-casino-in-uk HTTP/1.1" 200 34337 kenilworthcourt.com "-" "TerraCotta https://github.com/CeramicTeam/CeramicTerracotta" "-"
51.195.244.0 - - [10/Feb/2026:04:44:38 +0000] "GET /spinnenspas-bei-admiralbet-casino-10e-willkommensbonus-sichern/feed HTTP/1.1" 200 943 kenilworthcourt.com "-" "Mozilla/5.0 (compatible; AhrefsBot/7.0; +http://ahrefs.com/robot/)" "-"
173.212.202.0 - - [10/Feb/2026:04:44:41 +0000] "POST /wp-login.php HTTP/1.1" 200 5110 kenilworthcourt.com "https://kenilworthcourt.com/wp-login.php" "Mozilla/5.0 (Windows NT 10.0; Win64; x64) AppleWebKit/537.36 (KHTML, like Gecko) Chrome/130.0.0.0 Safari/537.36" "-"
3.83.76.0 - - [10/Feb/2026:04:44:43 +0000] "GET /proba-zwyciestwa-na-drodze-kurczat-2 HTTP/1.1" 200 31982 kenilworthcourt.com "-" "TerraCotta https://github.com/CeramicTeam/CeramicTerracotta" "-"
85.208.98.0 - - [10/Feb/2026:04:44:45 +0000] "GET /robots.txt HTTP/1.1" 429 267 kenilworthcourt.com "-" "Mozilla/5.0 (compatible; SemrushBot-BA; +http://www.semrush.com/bot.html)" "-"
43.173.180.0 - - [10/Feb/2026:04:44:50 +0000] "GET /gratogana-juegos-en-vivo-447/feed HTTP/1.1" 200 859 kenilworthcourt.com "-" "Mozilla/5.0 (Windows NT 10.0; Win64; x64) AppleWebKit/537.36 (KHTML, like Gecko) Chrome/131.0.0.0 Safari/537.36" "-"
3.83.76.0 - - [10/Feb/2026:04:44:52 +0000] "GET /category/galactic-wins-bonus-code-364 HTTP/1.1" 200 64005 kenilworthcourt.com "-" "TerraCotta https://github.com/CeramicTeam/CeramicTerracotta" "-"
51.89.129.0 - - [10/Feb/2026:04:44:53 +0000] "GET /erster-kasino-maklercourtage-teutonia-2025s-top-dreizehn-casino-provision-angebote/feed HTTP/1.1" 200 998 kenilworthcourt.com "-" "Mozilla/5.0 (compatible; AhrefsBot/7.0; +http://ahrefs.com/robot/)" "-"
2a03:2880:f800:: - - [10/Feb/2026:04:45:00 +0000] "GET /with-bwin-acca-insurance-policies-you-can-put-several-ft-confidently HTTP/1.1" 200 37193 kenilworthcourt.com "-" "meta-externalagent/1.1 (+https://developers.facebook.com/docs/sharing/webmasters/crawler)" "-"
3.83.76.0 - - [10/Feb/2026:04:45:02 +0000] "GET /category/gratogana-casino-380 HTTP/1.1" 200 56402 kenilworthcourt.com "-" "TerraCotta https://github.com/CeramicTeam/CeramicTerracotta" "-"
198.244.226.0 - - [10/Feb/2026:04:45:09 +0000] "GET /spielbank-unter-einsatz-von-1-ecu-einzahlung-2025-beste-novoline-tricks-book-of-ra-freispiele-1-casinos/feed HTTP/1.1" 200 1055 kenilworthcourt.com "-" "Mozilla/5.0 (compatible; AhrefsBot/7.0; +http://ahrefs.com/robot/)" "-"
103.90.234.0 - - [10/Feb/2026:04:45:14 +0000] "GET /wp-login.php HTTP/1.1" 200 4740 kenilworthcourt.com "-" "Mozilla/5.0 (Windows NT 10.0; Win64; x64) AppleWebKit/537.36 (KHTML, like Gecko) Chrome/130.0.0.0 Safari/537.36" "-"
3.83.76.0 - - [10/Feb/2026:04:45:20 +0000] "GET /%ce%b7-%ce%b1%ce%be%ce%b9%ce%bf%ce%bb%ce%bf%ce%b3%ce%b7%cf%83%ce%b7-%cf%84%cf%89%ce%bd-online-casino-%cf%83%cf%84%ce%b7%ce%bd-%ce%b5%ce%bb%ce%bb%ce%ac%ce%b4%ce%b1-best-online-casino HTTP/1.1" 200 32461 kenilworthcourt.com "-" "TerraCotta https://github.com/CeramicTeam/CeramicTerracotta" "-"
198.244.183.0 - - [10/Feb/2026:04:45:25 +0000] "GET /link-188bet-841/feed HTTP/1.1" 200 782 kenilworthcourt.com "-" "Mozilla/5.0 (compatible; AhrefsBot/7.0; +http://ahrefs.com/robot/)" "-"
103.90.234.0 - - [10/Feb/2026:04:45:26 +0000] "POST /wp-login.php HTTP/1.1" 200 5110 kenilworthcourt.com "https://kenilworthcourt.com/wp-login.php" "Mozilla/5.0 (Windows NT 10.0; Win64; x64) AppleWebKit/537.36 (KHTML, like Gecko) Chrome/130.0.0.0 Safari/537.36" "-"
209.235.136.0 - - [10/Feb/2026:04:45:29 +0000] "GET /wp-login.php HTTP/1.1" 200 4740 kenilworthcourt.com "-" "Mozilla/5.0 (Windows NT 10.0; Win64; x64) AppleWebKit/537.36 (KHTML, like Gecko) Chrome/130.0.0.0 Safari/537.36" "-"
2a03:2880:f800:: - - [10/Feb/2026:04:45:33 +0000] "GET /sitemap.html HTTP/1.1" 404 24756 kenilworthcourt.com "-" "meta-externalagent/1.1 (+https://developers.facebook.com/docs/sharing/webmasters/crawler)" "-"
209.235.136.0 - - [10/Feb/2026:04:45:41 +0000] "POST /wp-login.php HTTP/1.1" 200 5110 kenilworthcourt.com "https://kenilworthcourt.com/wp-login.php" "Mozilla/5.0 (Windows NT 10.0; Win64; x64) AppleWebKit/537.36 (KHTML, like Gecko) Chrome/130.0.0.0 Safari/537.36" "-"
51.195.244.0 - - [10/Feb/2026:04:45:44 +0000] "GET /spin-samurai-australia-675 HTTP/1.1" 200 46686 kenilworthcourt.com "-" "Mozilla/5.0 (compatible; AhrefsBot/7.0; +http://ahrefs.com/robot/)" "-"
40.77.167.0 - - [10/Feb/2026:04:45:46 +0000] "GET /thai%20Amulet%20Leklai%20Combines%20Set%20Suriyan%20Racha%20Kotipi%20Thong%20Plalai%20Watcharathat%20-%20WFBbWFVOXEBDX1NW HTTP/1.1" 301 - www.kenilworthcourt.com "-" "Mozilla/5.0 AppleWebKit/537.36 (KHTML, like Gecko; compatible; bingbot/2.0; +http://www.bing.com/bingbot.htm) Chrome/116.0.1938.76 Safari/537.36" "-"
178.253.43.0 - - [10/Feb/2026:04:45:48 +0000] "GET /wp-login.php HTTP/1.1" 200 4740 kenilworthcourt.com "-" "Mozilla/5.0 (Windows NT 10.0; Win64; x64) AppleWebKit/537.36 (KHTML, like Gecko) Chrome/130.0.0.0 Safari/537.36" "-"
3.83.76.0 - - [10/Feb/2026:04:45:58 +0000] "GET /tag/888starz-pl HTTP/1.1" 200 91017 kenilworthcourt.com "-" "TerraCotta https://github.com/CeramicTeam/CeramicTerracotta" "-"
178.253.43.0 - - [10/Feb/2026:04:46:00 +0000] "POST /wp-login.php HTTP/1.1" 200 5110 kenilworthcourt.com "https://kenilworthcourt.com/wp-login.php" "Mozilla/5.0 (Windows NT 10.0; Win64; x64) AppleWebKit/537.36 (KHTML, like Gecko) Chrome/130.0.0.0 Safari/537.36" "-"
5.134.124.0 - - [10/Feb/2026:04:46:00 +0000] "GET /wp-login.php HTTP/1.1" 200 4740 kenilworthcourt.com "-" "Mozilla/5.0 (Windows NT 10.0; Win64; x64) AppleWebKit/537.36 (KHTML, like Gecko) Chrome/130.0.0.0 Safari/537.36" "-"
54.38.147.0 - - [10/Feb/2026:04:46:06 +0000] "GET /easeus-data-recovery-crack-product-key-100-worked-100-worked-unlimited/feed HTTP/1.1" 200 959 kenilworthcourt.com "-" "Mozilla/5.0 (compatible; AhrefsBot/7.0; +http://ahrefs.com/robot/)" "-"
5.134.124.0 - - [10/Feb/2026:04:46:12 +0000] "POST /wp-login.php HTTP/1.1" 200 5110 kenilworthcourt.com "https://kenilworthcourt.com/wp-login.php" "Mozilla/5.0 (Windows NT 10.0; Win64; x64) AppleWebKit/537.36 (KHTML, like Gecko) Chrome/130.0.0.0 Safari/537.36" "-"
3.223.104.0 - - [10/Feb/2026:04:46:14 +0000] "GET /wp-login.php HTTP/1.1" 200 4740 kenilworthcourt.com "-" "Mozilla/5.0 (Windows NT 10.0; Win64; x64) AppleWebKit/537.36 (KHTML, like Gecko) Chrome/130.0.0.0 Safari/537.36" "-"
3.83.76.0 - - [10/Feb/2026:04:46:14 +0000] "GET /lucky-block-casino HTTP/1.1" 200 32578 kenilworthcourt.com "-" "TerraCotta https://github.com/CeramicTeam/CeramicTerracotta" "-"
3.83.76.0 - - [10/Feb/2026:04:46:15 +0000] "GET /category/777-tadhana-slot-247 HTTP/1.1" 200 81531 kenilworthcourt.com "-" "TerraCotta https://github.com/CeramicTeam/CeramicTerracotta" "-"
3.83.76.0 - - [10/Feb/2026:04:46:18 +0000] "GET /royal-express-slot HTTP/1.1" 200 33412 kenilworthcourt.com "-" "TerraCotta https://github.com/CeramicTeam/CeramicTerracotta" "-"
51.195.244.0 - - [10/Feb/2026:04:46:25 +0000] "GET /category/777slot-vip-587/feed HTTP/1.1" 200 47304 kenilworthcourt.com "-" "Mozilla/5.0 (compatible; AhrefsBot/7.0; +http://ahrefs.com/robot/)" "-"
3.223.104.0 - - [10/Feb/2026:04:46:26 +0000] "POST /wp-login.php HTTP/1.1" 200 5110 kenilworthcourt.com "https://kenilworthcourt.com/wp-login.php" "Mozilla/5.0 (Windows NT 10.0; Win64; x64) AppleWebKit/537.36 (KHTML, like Gecko) Chrome/130.0.0.0 Safari/537.36" "-"
209.235.136.0 - - [10/Feb/2026:04:46:27 +0000] "GET /wp-login.php HTTP/1.1" 200 4740 kenilworthcourt.com "-" "Mozilla/5.0 (Windows NT 10.0; Win64; x64) AppleWebKit/537.36 (KHTML, like Gecko) Chrome/130.0.0.0 Safari/537.36" "-"
3.83.76.0 - - [10/Feb/2026:04:46:30 +0000] "GET /leovegas-casino-allows-united-kingdom-players-engage-more-gain-more HTTP/1.1" 200 42323 kenilworthcourt.com "-" "TerraCotta https://github.com/CeramicTeam/CeramicTerracotta" "-"
216.73.216.0 - - [10/Feb/2026:04:46:37 +0000] "GET /on-line-twice-extra-poker-free-games-which-have-strategy-coach/feed HTTP/1.1" 200 932 kenilworthcourt.com "-" "Mozilla/5.0 AppleWebKit/537.36 (KHTML, like Gecko; compatible; ClaudeBot/1.0; +claudebot@anthropic.com)" "-"
209.235.136.0 - - [10/Feb/2026:04:46:39 +0000] "POST /wp-login.php HTTP/1.1" 200 5110 kenilworthcourt.com "https://kenilworthcourt.com/wp-login.php" "Mozilla/5.0 (Windows NT 10.0; Win64; x64) AppleWebKit/537.36 (KHTML, like Gecko) Chrome/130.0.0.0 Safari/537.36" "-"
198.244.226.0 - - [10/Feb/2026:04:46:41 +0000] "GET /einzahlungsprobleme-losen HTTP/1.1" 200 31059 kenilworthcourt.com "-" "Mozilla/5.0 (compatible; AhrefsBot/7.0; +http://ahrefs.com/robot/)" "-"
176.126.172.0 - - [10/Feb/2026:04:46:43 +0000] "GET /wp-login.php HTTP/1.1" 200 4740 kenilworthcourt.com "-" "Mozilla/5.0 (Windows NT 10.0; Win64; x64) AppleWebKit/537.36 (KHTML, like Gecko) Chrome/130.0.0.0 Safari/537.36" "-"
3.83.76.0 - - [10/Feb/2026:04:46:46 +0000] "GET /zmaksymalizuj-swoje-korzysci-dzieki-bonusom-kasynowym-vavada-madre-strategie-bonusowe HTTP/1.1" 200 37026 kenilworthcourt.com "-" "TerraCotta https://github.com/CeramicTeam/CeramicTerracotta" "-"
85.208.98.0 - - [10/Feb/2026:04:46:46 +0000] "GET /bra-tape-k.html HTTP/1.1" 429 267 kenilworthcourt.com "-" "Mozilla/5.0 (compatible; SemrushBot-BA; +http://www.semrush.com/bot.html)" "-"
3.83.76.0 - - [10/Feb/2026:04:46:47 +0000] "GET /gepersonaliseerde-meldingen-configureren-vegas-hero-casino-biedt-notificaties-in-nederland-mogelijk HTTP/1.1" 200 37553 kenilworthcourt.com "-" "TerraCotta https://github.com/CeramicTeam/CeramicTerracotta" "-"
43.173.182.0 - - [10/Feb/2026:04:46:48 +0000] "GET /?p=14530 HTTP/1.1" 301 - kenilworthcourt.com "-" "Mozilla/5.0 (Windows NT 10.0; Win64; x64) AppleWebKit/537.36 (KHTML, like Gecko) Chrome/124.0.0.0 Safari/537.36" "-"
43.173.182.0 - - [10/Feb/2026:04:46:48 +0000] "GET /vulkan-vegas-pl-396 HTTP/1.1" 200 44481 kenilworthcourt.com "https://kenilworthcourt.com/?p=14530" "Mozilla/5.0 (Windows NT 10.0; Win64; x64) AppleWebKit/537.36 (KHTML, like Gecko) Chrome/124.0.0.0 Safari/537.36" "-"
3.83.76.0 - - [10/Feb/2026:04:46:48 +0000] "GET /les-effets-positifs-du-depot-de-stanozolol HTTP/1.1" 200 29574 kenilworthcourt.com "-" "TerraCotta https://github.com/CeramicTeam/CeramicTerracotta" "-"
176.126.172.0 - - [10/Feb/2026:04:46:55 +0000] "POST /wp-login.php HTTP/1.1" 200 5110 kenilworthcourt.com "https://kenilworthcourt.com/wp-login.php" "Mozilla/5.0 (Windows NT 10.0; Win64; x64) AppleWebKit/537.36 (KHTML, like Gecko) Chrome/130.0.0.0 Safari/537.36" "-"
3.83.76.0 - - [10/Feb/2026:04:46:57 +0000] "GET /0x02ad6dfa HTTP/1.1" 200 28998 kenilworthcourt.com "-" "TerraCotta https://github.com/CeramicTeam/CeramicTerracotta" "-"
103.121.89.0 - - [10/Feb/2026:04:46:58 +0000] "GET /wp-login.php HTTP/1.1" 200 4740 kenilworthcourt.com "-" "Mozilla/5.0 (Windows NT 10.0; Win64; x64) AppleWebKit/537.36 (KHTML, like Gecko) Chrome/130.0.0.0 Safari/537.36" "-"
54.38.147.0 - - [10/Feb/2026:04:46:58 +0000] "GET /fire-portals-slot/feed HTTP/1.1" 200 796 kenilworthcourt.com "-" "Mozilla/5.0 (compatible; AhrefsBot/7.0; +http://ahrefs.com/robot/)" "-"
3.83.76.0 - - [10/Feb/2026:04:46:59 +0000] "GET /roll-with-luck-at-22ricky-casino HTTP/1.1" 200 35288 kenilworthcourt.com "-" "TerraCotta https://github.com/CeramicTeam/CeramicTerracotta" "-"
103.121.89.0 - - [10/Feb/2026:04:47:10 +0000] "POST /wp-login.php HTTP/1.1" 200 5110 kenilworthcourt.com "https://kenilworthcourt.com/wp-login.php" "Mozilla/5.0 (Windows NT 10.0; Win64; x64) AppleWebKit/537.36 (KHTML, like Gecko) Chrome/130.0.0.0 Safari/537.36" "-"
51.195.215.0 - - [10/Feb/2026:04:47:11 +0000] "GET /izzi-casino/feed HTTP/1.1" 200 778 kenilworthcourt.com "-" "Mozilla/5.0 (compatible; AhrefsBot/7.0; +http://ahrefs.com/robot/)" "-"
3.83.76.0 - - [10/Feb/2026:04:47:12 +0000] "GET /experience-the-thrill-of-ice-fishing-casino-games-in-the-uk-online HTTP/1.1" 200 31419 kenilworthcourt.com "-" "TerraCotta https://github.com/CeramicTeam/CeramicTerracotta" "-"
142.93.68.0 - - [10/Feb/2026:04:47:14 +0000] "GET /wp-login.php HTTP/1.1" 200 4740 kenilworthcourt.com "-" "Mozilla/5.0 (Windows NT 10.0; Win64; x64) AppleWebKit/537.36 (KHTML, like Gecko) Chrome/130.0.0.0 Safari/537.36" "-"
3.83.76.0 - - [10/Feb/2026:04:47:20 +0000] "GET /category/phlwin-online-casino-hash-541 HTTP/1.1" 200 71989 kenilworthcourt.com "-" "TerraCotta https://github.com/CeramicTeam/CeramicTerracotta" "-"
142.93.68.0 - - [10/Feb/2026:04:47:26 +0000] "POST /wp-login.php HTTP/1.1" 200 5110 kenilworthcourt.com "https://kenilworthcourt.com/wp-login.php" "Mozilla/5.0 (Windows NT 10.0; Win64; x64) AppleWebKit/537.36 (KHTML, like Gecko) Chrome/130.0.0.0 Safari/537.36" "-"
198.244.183.0 - - [10/Feb/2026:04:47:28 +0000] "GET /deal-donc-no-deal-la-perle-rare-perfect-play-slot-2025-try-this-termes-conseilles-online-today HTTP/1.1" 200 37449 kenilworthcourt.com "-" "Mozilla/5.0 (compatible; AhrefsBot/7.0; +http://ahrefs.com/robot/)" "-"
131.72.236.0 - - [10/Feb/2026:04:47:28 +0000] "GET /wp-login.php HTTP/1.1" 200 4740 kenilworthcourt.com "-" "Mozilla/5.0 (Windows NT 10.0; Win64; x64) AppleWebKit/537.36 (KHTML, like Gecko) Chrome/130.0.0.0 Safari/537.36" "-"
85.208.98.0 - - [10/Feb/2026:04:47:36 +0000] "GET /eva-bag-k.html HTTP/1.1" 429 267 kenilworthcourt.com "-" "Mozilla/5.0 (compatible; SemrushBot-BA; +http://www.semrush.com/bot.html)" "-"
131.72.236.0 - - [10/Feb/2026:04:47:40 +0000] "POST /wp-login.php HTTP/1.1" 200 5110 kenilworthcourt.com "https://kenilworthcourt.com/wp-login.php" "Mozilla/5.0 (Windows NT 10.0; Win64; x64) AppleWebKit/537.36 (KHTML, like Gecko) Chrome/130.0.0.0 Safari/537.36" "-"
3.83.76.0 - - [10/Feb/2026:04:47:41 +0000] "GET /igobet HTTP/1.1" 200 31441 kenilworthcourt.com "-" "TerraCotta https://github.com/CeramicTeam/CeramicTerracotta" "-"
51.195.244.0 - - [10/Feb/2026:04:47:46 +0000] "GET /777-slot-game-988 HTTP/1.1" 200 42996 kenilworthcourt.com "-" "Mozilla/5.0 (compatible; AhrefsBot/7.0; +http://ahrefs.com/robot/)" "-"
3.83.76.0 - - [10/Feb/2026:04:47:47 +0000] "GET /juegos-de-casino-en-linea-una-perspectiva-informativa-sobre-su-funcionamiento-y-regulacion HTTP/1.1" 200 34318 kenilworthcourt.com "-" "TerraCotta https://github.com/CeramicTeam/CeramicTerracotta" "-"
85.208.98.0 - - [10/Feb/2026:04:47:51 +0000] "GET /large-tote-k.html HTTP/1.1" 429 267 kenilworthcourt.com "-" "Mozilla/5.0 (compatible; SemrushBot-BA; +http://www.semrush.com/bot.html)" "-"
209.38.204.0 - - [10/Feb/2026:04:47:58 +0000] "GET /wp-login.php HTTP/1.1" 200 4740 kenilworthcourt.com "-" "Mozilla/5.0 (Windows NT 10.0; Win64; x64) AppleWebKit/537.36 (KHTML, like Gecko) Chrome/130.0.0.0 Safari/537.36" "-"
3.83.76.0 - - [10/Feb/2026:04:48:02 +0000] "GET /tag/188bet-%eb%a8%b9%ed%8a%80 HTTP/1.1" 200 72518 kenilworthcourt.com "-" "TerraCotta https://github.com/CeramicTeam/CeramicTerracotta" "-"
173.255.226.0 - - [10/Feb/2026:04:48:04 +0000] "GET /feed HTTP/1.1" 304 - kenilworthcourt.com "-" "MuckRackFeedParser/1.0 +https://muckrack.com" "-"
51.195.244.0 - - [10/Feb/2026:04:48:07 +0000] "GET /larger-bass-bonanza-position-games-popularity-featuring/feed HTTP/1.1" 200 911 kenilworthcourt.com "-" "Mozilla/5.0 (compatible; AhrefsBot/7.0; +http://ahrefs.com/robot/)" "-"
209.38.204.0 - - [10/Feb/2026:04:48:10 +0000] "POST /wp-login.php HTTP/1.1" 200 5110 kenilworthcourt.com "https://kenilworthcourt.com/wp-login.php" "Mozilla/5.0 (Windows NT 10.0; Win64; x64) AppleWebKit/537.36 (KHTML, like Gecko) Chrome/130.0.0.0 Safari/537.36" "-"
3.83.76.0 - - [10/Feb/2026:04:48:11 +0000] "GET /how-to-take-enclomiphene-citrate-a-comprehensive-guide HTTP/1.1" 200 30883 kenilworthcourt.com "-" "TerraCotta https://github.com/CeramicTeam/CeramicTerracotta" "-"
3.83.76.0 - - [10/Feb/2026:04:48:13 +0000] "GET /category/casino-48 HTTP/1.1" 200 2340099 kenilworthcourt.com "-" "TerraCotta https://github.com/CeramicTeam/CeramicTerracotta" "-"
3.83.76.0 - - [10/Feb/2026:04:48:22 +0000] "GET /tag/0x50a8c521 HTTP/1.1" 200 26282 kenilworthcourt.com "-" "TerraCotta https://github.com/CeramicTeam/CeramicTerracotta" "-"
85.208.98.0 - - [10/Feb/2026:04:48:23 +0000] "GET /shoulder-tote-k.html HTTP/1.1" 429 267 kenilworthcourt.com "-" "Mozilla/5.0 (compatible; SemrushBot-BA; +http://www.semrush.com/bot.html)" "-"
3.83.76.0 - - [10/Feb/2026:04:48:24 +0000] "GET /chicken-road-13 HTTP/1.1" 200 32532 kenilworthcourt.com "-" "TerraCotta https://github.com/CeramicTeam/CeramicTerracotta" "-"
51.195.244.0 - - [10/Feb/2026:04:48:27 +0000] "GET /global-banking-legiano-casino-supporta-piu-valute-per-litalia HTTP/1.1" 200 40669 kenilworthcourt.com "-" "Mozilla/5.0 (compatible; AhrefsBot/7.0; +http://ahrefs.com/robot/)" "-"
85.208.98.0 - - [10/Feb/2026:04:48:32 +0000] "GET /numero-22-borse-2018-k.html HTTP/1.1" 429 267 kenilworthcourt.com "-" "Mozilla/5.0 (compatible; SemrushBot-BA; +http://www.semrush.com/bot.html)" "-"
85.208.98.0 - - [10/Feb/2026:04:48:38 +0000] "GET /robots.txt HTTP/1.1" 429 267 kenilworthcourt.com "-" "Mozilla/5.0 (compatible; SemrushBot-BA; +http://www.semrush.com/bot.html)" "-"
51.195.215.0 - - [10/Feb/2026:04:48:49 +0000] "GET /beste-slots-echtgeld-freispiele-abzuglich-einzahlung-2022/feed HTTP/1.1" 200 917 kenilworthcourt.com "-" "Mozilla/5.0 (compatible; AhrefsBot/7.0; +http://ahrefs.com/robot/)" "-"
3.83.76.0 - - [10/Feb/2026:04:48:52 +0000] "GET /category/hellspin-bonus-code-australia-410 HTTP/1.1" 200 57494 kenilworthcourt.com "-" "TerraCotta https://github.com/CeramicTeam/CeramicTerracotta" "-"
3.83.76.0 - - [10/Feb/2026:04:48:54 +0000] "GET /le-cowboy HTTP/1.1" 200 33347 kenilworthcourt.com "-" "TerraCotta https://github.com/CeramicTeam/CeramicTerracotta" "-"
85.208.98.0 - - [10/Feb/2026:04:49:06 +0000] "GET /trucco-occhiali-k.html HTTP/1.1" 429 267 kenilworthcourt.com "-" "Mozilla/5.0 (compatible; SemrushBot-BA; +http://www.semrush.com/bot.html)" "-"
31.220.151.0 - - [10/Feb/2026:04:49:06 +0000] "GET /wp-login.php HTTP/1.1" 200 4740 kenilworthcourt.com "-" "Mozilla/5.0 (Windows NT 10.0; Win64; x64) AppleWebKit/537.36 (KHTML, like Gecko) Chrome/130.0.0.0 Safari/537.36" "-"
198.244.242.0 - - [10/Feb/2026:04:49:09 +0000] "GET /tag/8x-bet/feed HTTP/1.1" 200 124767 kenilworthcourt.com "-" "Mozilla/5.0 (compatible; AhrefsBot/7.0; +http://ahrefs.com/robot/)" "-"
3.83.76.0 - - [10/Feb/2026:04:49:14 +0000] "GET /einnahme-von-sustanon-300-mg-ein-leitfaden HTTP/1.1" 200 29775 kenilworthcourt.com "-" "TerraCotta https://github.com/CeramicTeam/CeramicTerracotta" "-"
3.83.76.0 - - [10/Feb/2026:04:49:17 +0000] "GET /amok-casino-fur-fans-die-mitfiebern-wollen HTTP/1.1" 200 30658 kenilworthcourt.com "-" "TerraCotta https://github.com/CeramicTeam/CeramicTerracotta" "-"
3.83.76.0 - - [10/Feb/2026:04:49:26 +0000] "GET /axiopistes-diadikasies-pliromis-kai-oria-synallagon-sto-betonred-casino-stin-ellada HTTP/1.1" 200 51835 kenilworthcourt.com "-" "TerraCotta https://github.com/CeramicTeam/CeramicTerracotta" "-"
3.83.76.0 - - [10/Feb/2026:04:49:28 +0000] "GET /ms-office-ltsc-64bits-preactivated-most-recent-version-atmos-dow%f0%9d%9a%97l%f0%9d%9a%98ad-to%f0%9d%9a%9brent HTTP/1.1" 200 100161 kenilworthcourt.com "-" "TerraCotta https://github.com/CeramicTeam/CeramicTerracotta" "-"
51.195.183.0 - - [10/Feb/2026:04:49:29 +0000] "GET /kingbilly-win-casino-gaming-experience-review-guide/feed HTTP/1.1" 200 898 kenilworthcourt.com "-" "Mozilla/5.0 (compatible; AhrefsBot/7.0; +http://ahrefs.com/robot/)" "-"
31.220.151.0 - - [10/Feb/2026:04:49:30 +0000] "POST /wp-login.php HTTP/1.1" 200 5110 kenilworthcourt.com "https://kenilworthcourt.com/wp-login.php" "Mozilla/5.0 (Windows NT 10.0; Win64; x64) AppleWebKit/537.36 (KHTML, like Gecko) Chrome/130.0.0.0 Safari/537.36" "-"
3.83.76.0 - - [10/Feb/2026:04:49:38 +0000] "GET /plinko-game-4 HTTP/1.1" 200 34046 kenilworthcourt.com "-" "TerraCotta https://github.com/CeramicTeam/CeramicTerracotta" "-"
3.83.76.0 - - [10/Feb/2026:04:49:46 +0000] "GET /cash-n-riches-megaways-slot HTTP/1.1" 200 35632 kenilworthcourt.com "-" "TerraCotta https://github.com/CeramicTeam/CeramicTerracotta" "-"
54.38.147.0 - - [10/Feb/2026:04:49:52 +0000] "GET /gamble-mermaids-millions-casino-a-real-income-baccarat-2025-baccarat-casinos-on-the-internet HTTP/1.1" 200 38242 kenilworthcourt.com "-" "Mozilla/5.0 (compatible; AhrefsBot/7.0; +http://ahrefs.com/robot/)" "-"
85.208.98.0 - - [10/Feb/2026:04:49:56 +0000] "GET /robots.txt HTTP/1.1" 429 267 kenilworthcourt.com "-" "Mozilla/5.0 (compatible; SemrushBot-BA; +http://www.semrush.com/bot.html)" "-"
3.83.76.0 - - [10/Feb/2026:04:49:59 +0000] "GET /how-to-secure-sugar-rush-mega-prize HTTP/1.1" 200 37177 kenilworthcourt.com "-" "TerraCotta https://github.com/CeramicTeam/CeramicTerracotta" "-"
85.208.98.0 - - [10/Feb/2026:04:50:01 +0000] "GET /cute-grassa-rimedi-k.html HTTP/1.1" 429 267 kenilworthcourt.com "-" "Mozilla/5.0 (compatible; SemrushBot-BA; +http://www.semrush.com/bot.html)" "-"
46.101.116.0 - - [10/Feb/2026:04:50:02 +0000] "GET /wp-login.php HTTP/1.1" 200 4740 kenilworthcourt.com "-" "Mozilla/5.0 (Windows NT 10.0; Win64; x64) AppleWebKit/537.36 (KHTML, like Gecko) Chrome/130.0.0.0 Safari/537.36" "-"
85.208.98.0 - - [10/Feb/2026:04:50:07 +0000] "GET /robots.txt HTTP/1.1" 429 267 kenilworthcourt.com "-" "Mozilla/5.0 (compatible; SemrushBot-BA; +http://www.semrush.com/bot.html)" "-"
51.89.129.0 - - [10/Feb/2026:04:50:10 +0000] "GET /kasyno-betsafe-98 HTTP/1.1" 200 42293 kenilworthcourt.com "-" "Mozilla/5.0 (compatible; AhrefsBot/7.0; +http://ahrefs.com/robot/)" "-"
46.101.116.0 - - [10/Feb/2026:04:50:14 +0000] "POST /wp-login.php HTTP/1.1" 200 5110 kenilworthcourt.com "https://kenilworthcourt.com/wp-login.php" "Mozilla/5.0 (Windows NT 10.0; Win64; x64) AppleWebKit/537.36 (KHTML, like Gecko) Chrome/130.0.0.0 Safari/537.36" "-"
65.7.17.0 - - [10/Feb/2026:04:50:15 +0000] "GET /wp-login.php HTTP/1.1" 200 4740 kenilworthcourt.com "-" "Mozilla/5.0 (Windows NT 10.0; Win64; x64) AppleWebKit/537.36 (KHTML, like Gecko) Chrome/130.0.0.0 Safari/537.36" "-"
3.83.76.0 - - [10/Feb/2026:04:50:17 +0000] "GET /evolve-casino-3 HTTP/1.1" 200 33993 kenilworthcourt.com "-" "TerraCotta https://github.com/CeramicTeam/CeramicTerracotta" "-"
216.73.216.0 - - [10/Feb/2026:04:50:19 +0000] "GET /as-4-melhores-carabinas-para-jogue-speed-baccarat-g-online-para-dinheiro-contemporaneo-365betpix-login-lite-caca-%d8%aa%d8%b1%d8%a7%d8%ab%d9%86%d8%a7-%d8%a7%d9%84%d8%b7%d8%a8%d9%8a%d8%b9%d9%8a HTTP/1.1" 200 41056 kenilworthcourt.com "-" "Mozilla/5.0 AppleWebKit/537.36 (KHTML, like Gecko; compatible; ClaudeBot/1.0; +claudebot@anthropic.com)" "-"
65.7.17.0 - - [10/Feb/2026:04:50:27 +0000] "POST /wp-login.php HTTP/1.1" 200 5110 kenilworthcourt.com "https://kenilworthcourt.com/wp-login.php" "Mozilla/5.0 (Windows NT 10.0; Win64; x64) AppleWebKit/537.36 (KHTML, like Gecko) Chrome/130.0.0.0 Safari/537.36" "-"
198.244.242.0 - - [10/Feb/2026:04:50:29 +0000] "GET /besplatnaja-partija-v-virtualnoe-kazino-bez-uchetnoj-zapisi-optsii-i-granitsy HTTP/1.1" 200 55121 kenilworthcourt.com "-" "Mozilla/5.0 (compatible; AhrefsBot/7.0; +http://ahrefs.com/robot/)" "-"
52.221.89.0 - - [10/Feb/2026:04:50:30 +0000] "GET /wp-login.php HTTP/1.1" 200 4740 kenilworthcourt.com "-" "Mozilla/5.0 (Windows NT 10.0; Win64; x64) AppleWebKit/537.36 (KHTML, like Gecko) Chrome/130.0.0.0 Safari/537.36" "-"
3.83.76.0 - - [10/Feb/2026:04:50:36 +0000] "GET /entertainment-zonder-enige-druk-uitsluitend-bij-goldrun-casino-in-nederland-en-belgie HTTP/1.1" 200 39564 kenilworthcourt.com "-" "TerraCotta https://github.com/CeramicTeam/CeramicTerracotta" "-"
52.221.89.0 - - [10/Feb/2026:04:50:42 +0000] "POST /wp-login.php HTTP/1.1" 200 5110 kenilworthcourt.com "https://kenilworthcourt.com/wp-login.php" "Mozilla/5.0 (Windows NT 10.0; Win64; x64) AppleWebKit/537.36 (KHTML, like Gecko) Chrome/130.0.0.0 Safari/537.36" "-"
3.83.76.0 - - [10/Feb/2026:04:50:44 +0000] "GET /tag/asia-12-play HTTP/1.1" 200 38764 kenilworthcourt.com "-" "TerraCotta https://github.com/CeramicTeam/CeramicTerracotta" "-"
17.22.237.0 - - [10/Feb/2026:04:50:45 +0000] "GET /fortune-gems-slots-614 HTTP/1.1" 200 42552 kenilworthcourt.com "-" "Mozilla/5.0 (Macintosh; Intel Mac OS X 10_15_7) AppleWebKit/605.1.15 (KHTML, like Gecko) Version/17.4 Safari/605.1.15 (Applebot/0.1; +http://www.apple.com/go/applebot)" "-"
103.35.156.0 - - [10/Feb/2026:04:50:46 +0000] "GET /kakim-obrazom-dushevnyj-nastroj-vozdejstvuet-na-interpretatsiju-dostizhenija HTTP/1.1" 200 44039 kenilworthcourt.com "-" "Mozilla/5.0 (Windows NT 10.0; Win64; x64) AppleWebKit/537.36 (KHTML, like Gecko) Chrome/91.0.4472.102 Safari/537.36" "-"
198.244.183.0 - - [10/Feb/2026:04:50:48 +0000] "GET /bono-desprovisto-tanque-ice-casino-625-mxn-regalado-dentro-del-registrarse HTTP/1.1" 200 45653 kenilworthcourt.com "-" "Mozilla/5.0 (compatible; AhrefsBot/7.0; +http://ahrefs.com/robot/)" "-"
3.83.76.0 - - [10/Feb/2026:04:50:53 +0000] "GET /tag/como-registrarse-gratogana HTTP/1.1" 200 57122 kenilworthcourt.com "-" "TerraCotta https://github.com/CeramicTeam/CeramicTerracotta" "-"
2a03:2880:f800:: - - [10/Feb/2026:04:50:54 +0000] "GET /winbig21-casino HTTP/1.1" 200 31714 kenilworthcourt.com "-" "meta-externalagent/1.1 (+https://developers.facebook.com/docs/sharing/webmasters/crawler)" "-"
3.83.76.0 - - [10/Feb/2026:04:51:03 +0000] "GET /optimizing-bodybuilding-safe-and-effective-use-of-steroids HTTP/1.1" 200 29669 kenilworthcourt.com "-" "TerraCotta https://github.com/CeramicTeam/CeramicTerracotta" "-"
125.161.251.0 - - [10/Feb/2026:04:51:07 +0000] "GET /wp-login.php HTTP/1.1" 200 4740 kenilworthcourt.com "-" "Mozilla/5.0 (X11; Linux x86_64) AppleWebKit/537.36 (KHTML, like Gecko) Chrome/134.0.0.0 Safari/537.36" "-"
54.38.147.0 - - [10/Feb/2026:04:51:09 +0000] "GET /desert-diamond-gambling-enterprise-glendale-az-bombastic-casino-pc-login-2025-opinion/feed HTTP/1.1" 200 1001 kenilworthcourt.com "-" "Mozilla/5.0 (compatible; AhrefsBot/7.0; +http://ahrefs.com/robot/)" "-"
47.82.11.0 - - [10/Feb/2026:04:51:10 +0000] "GET /?p=21823727 HTTP/1.1" 429 267 kenilworthcourt.com "http://kenilworthcourt.com/" "Mozilla/5.0 (Macintosh; Intel Mac OS X 10_15_7) AppleWebKit/537.36 (KHTML, like Gecko) Chrome/135.0.0.0 Safari/537.36" "-"
3.83.76.0 - - [10/Feb/2026:04:51:14 +0000] "GET /anexartiti-analysi-2025 HTTP/1.1" 200 45501 kenilworthcourt.com "-" "TerraCotta https://github.com/CeramicTeam/CeramicTerracotta" "-"
125.161.251.0 - - [10/Feb/2026:04:51:19 +0000] "POST /wp-login.php HTTP/1.1" 200 5013 kenilworthcourt.com "-" "Mozilla/5.0 (X11; Linux x86_64) AppleWebKit/537.36 (KHTML, like Gecko) Chrome/134.0.0.0 Safari/537.36" "-"
125.161.251.0 - - [10/Feb/2026:04:51:19 +0000] "GET /wp-admin/ HTTP/1.1" 302 - kenilworthcourt.com "-" "Mozilla/5.0 (X11; Linux x86_64) AppleWebKit/537.36 (KHTML, like Gecko) Chrome/134.0.0.0 Safari/537.36" "-"
125.161.251.0 - - [10/Feb/2026:04:51:20 +0000] "GET /wp-login.php?redirect_to=https%3A%2F%2Fkenilworthcourt.com%2Fwp-admin%2F&reauth=1 HTTP/1.1" 200 4740 kenilworthcourt.com "-" "Mozilla/5.0 (X11; Linux x86_64) AppleWebKit/537.36 (KHTML, like Gecko) Chrome/134.0.0.0 Safari/537.36" "-"
3.83.76.0 - - [10/Feb/2026:04:51:20 +0000] "GET /%d0%bd%d0%b0%d0%bd%d0%b4%d1%80%d0%be%d0%bb%d0%be%d0%bd-%d0%b4%d0%b5%d0%ba%d0%b0%d0%bd%d0%be%d0%b0%d1%82-%d0%bd%d0%be%d1%80%d0%bc%d0%b0-%d1%85%d0%b5%d0%bb%d0%bb%d0%b0%d1%81-2-%d0%bc%d0%bb-%d1%87%d1%82 HTTP/1.1" 200 32040 kenilworthcourt.com "-" "TerraCotta https://github.com/CeramicTeam/CeramicTerracotta" "-"
103.82.92.0 - - [10/Feb/2026:04:51:26 +0000] "GET /wp-login.php HTTP/1.1" 200 4740 kenilworthcourt.com "-" "Mozilla/5.0 (Windows NT 10.0; Win64; x64) AppleWebKit/537.36 (KHTML, like Gecko) Chrome/130.0.0.0 Safari/537.36" "-"
3.83.76.0 - - [10/Feb/2026:04:51:27 +0000] "GET /optimizing-bodybuilding-using-anabolic-steroids-safely-and-effectively HTTP/1.1" 200 29851 kenilworthcourt.com "-" "TerraCotta https://github.com/CeramicTeam/CeramicTerracotta" "-"
198.244.226.0 - - [10/Feb/2026:04:51:29 +0000] "GET /finest-a-real-income-online-slots-games-play-harbors-for-real-currency-al-com/feed HTTP/1.1" 200 976 kenilworthcourt.com "-" "Mozilla/5.0 (compatible; AhrefsBot/7.0; +http://ahrefs.com/robot/)" "-"
3.83.76.0 - - [10/Feb/2026:04:51:29 +0000] "GET /category/spin-bizzo-casino-96 HTTP/1.1" 200 61757 kenilworthcourt.com "-" "TerraCotta https://github.com/CeramicTeam/CeramicTerracotta" "-"
103.82.92.0 - - [10/Feb/2026:04:51:38 +0000] "POST /wp-login.php HTTP/1.1" 200 5110 kenilworthcourt.com "https://kenilworthcourt.com/wp-login.php" "Mozilla/5.0 (Windows NT 10.0; Win64; x64) AppleWebKit/537.36 (KHTML, like Gecko) Chrome/130.0.0.0 Safari/537.36" "-"
51.89.129.0 - - [10/Feb/2026:04:51:48 +0000] "GET /polvo-slots-melhores-power-of-gods-slot-por-dinheiro-jogos-para-abiscoitar-algum/feed HTTP/1.1" 200 986 kenilworthcourt.com "-" "Mozilla/5.0 (compatible; AhrefsBot/7.0; +http://ahrefs.com/robot/)" "-"
3.83.76.0 - - [10/Feb/2026:04:51:53 +0000] "GET /category/8xbet-com-471 HTTP/1.1" 200 54587 kenilworthcourt.com "-" "TerraCotta https://github.com/CeramicTeam/CeramicTerracotta" "-"
3.83.76.0 - - [10/Feb/2026:04:52:00 +0000] "GET /category/20-bet-bonus-code-765 HTTP/1.1" 200 37941 kenilworthcourt.com "-" "TerraCotta https://github.com/CeramicTeam/CeramicTerracotta" "-"
198.244.226.0 - - [10/Feb/2026:04:52:02 +0000] "GET /better-us-best-online-casino-icy-wilds-a-real-income-on-the-internet-blackjack-casinos-inside-the-2025/feed HTTP/1.1" 200 1051 kenilworthcourt.com "-" "Mozilla/5.0 (compatible; AhrefsBot/7.0; +http://ahrefs.com/robot/)" "-"
3.83.76.0 - - [10/Feb/2026:04:52:04 +0000] "GET /torneos-y-actividades-exclusivos-en-el-casino-jugabet-de-argentina HTTP/1.1" 200 43229 kenilworthcourt.com "-" "TerraCotta https://github.com/CeramicTeam/CeramicTerracotta" "-"
68.178.199.0 - - [10/Feb/2026:04:52:12 +0000] "GET /wp-login.php HTTP/1.1" 200 4740 kenilworthcourt.com "-" "Mozilla/5.0 (Windows NT 10.0; Win64; x64) AppleWebKit/537.36 (KHTML, like Gecko) Chrome/130.0.0.0 Safari/537.36" "-"
51.195.183.0 - - [10/Feb/2026:04:52:16 +0000] "GET /category/20bet-login-276 HTTP/1.1" 200 68947 kenilworthcourt.com "-" "Mozilla/5.0 (compatible; AhrefsBot/7.0; +http://ahrefs.com/robot/)" "-"
3.83.76.0 - - [10/Feb/2026:04:52:18 +0000] "GET /offizielle-escort-service-seiten-starte-jetzt-einfach HTTP/1.1" 200 47523 kenilworthcourt.com "-" "TerraCotta https://github.com/CeramicTeam/CeramicTerracotta" "-"
34.234.206.0 - - [10/Feb/2026:04:52:22 +0000] "GET /win2pdf-pro-crack-keygen-final-clean-verified HTTP/1.1" 200 114734 kenilworthcourt.com "-" "Mozilla/5.0 AppleWebKit/537.36 (KHTML, like Gecko; compatible; Amazonbot/0.1; +https://developer.amazon.com/support/amazonbot) Chrome/119.0.6045.214 Safari/537.36" "-"
68.178.199.0 - - [10/Feb/2026:04:52:24 +0000] "POST /wp-login.php HTTP/1.1" 200 5110 kenilworthcourt.com "https://kenilworthcourt.com/wp-login.php" "Mozilla/5.0 (Windows NT 10.0; Win64; x64) AppleWebKit/537.36 (KHTML, like Gecko) Chrome/130.0.0.0 Safari/537.36" "-"
44.209.89.0 - - [10/Feb/2026:04:52:26 +0000] "GET /2001-one-dollar-statement-learn-the-property-value-so-it-bill HTTP/1.1" 200 39066 kenilworthcourt.com "-" "Mozilla/5.0 AppleWebKit/537.36 (KHTML, like Gecko; compatible; Amazonbot/0.1; +https://developer.amazon.com/support/amazonbot) Chrome/119.0.6045.214 Safari/537.36" "-"
198.244.183.0 - - [10/Feb/2026:04:52:30 +0000] "GET /aparelhamento-pressuroso-brasil-pokies-online-ratinho/feed HTTP/1.1" 200 904 kenilworthcourt.com "-" "Mozilla/5.0 (compatible; AhrefsBot/7.0; +http://ahrefs.com/robot/)" "-"
98.82.66.0 - - [10/Feb/2026:04:52:30 +0000] "GET /position-on-the-web-casino-minimum-deposit-2-terbesar HTTP/1.1" 200 38560 kenilworthcourt.com "-" "Mozilla/5.0 AppleWebKit/537.36 (KHTML, like Gecko; compatible; Amazonbot/0.1; +https://developer.amazon.com/support/amazonbot) Chrome/119.0.6045.214 Safari/537.36" "-"
49.247.31.0 - - [10/Feb/2026:04:52:32 +0000] "GET /wp-login.php HTTP/1.1" 200 4740 kenilworthcourt.com "-" "Mozilla/5.0 (Windows NT 10.0; Win64; x64) AppleWebKit/537.36 (KHTML, like Gecko) Chrome/130.0.0.0 Safari/537.36" "-"
34.227.156.0 - - [10/Feb/2026:04:52:34 +0000] "GET /blackjack-distinctions-laws-of-casino-with-dogecoin-20-games-types HTTP/1.1" 200 38033 kenilworthcourt.com "-" "Mozilla/5.0 AppleWebKit/537.36 (KHTML, like Gecko; compatible; Amazonbot/0.1; +https://developer.amazon.com/support/amazonbot) Chrome/119.0.6045.214 Safari/537.36" "-"
85.208.98.0 - - [10/Feb/2026:04:52:41 +0000] "GET /bio-cosmesi-online-amazon-k.html HTTP/1.1" 429 267 kenilworthcourt.com "-" "Mozilla/5.0 (compatible; SemrushBot-BA; +http://www.semrush.com/bot.html)" "-"
3.225.45.0 - - [10/Feb/2026:04:52:42 +0000] "GET /best-on-line-poker-odds-of-winning-beasts-of-fire-a-real-income-websites-to-own-usa-participants-2025 HTTP/1.1" 200 35088 kenilworthcourt.com "-" "Mozilla/5.0 AppleWebKit/537.36 (KHTML, like Gecko; compatible; Amazonbot/0.1; +https://developer.amazon.com/support/amazonbot) Chrome/119.0.6045.214 Safari/537.36" "-"
51.89.129.0 - - [10/Feb/2026:04:52:43 +0000] "GET /casino-bonus-die-beste-online-casino-deutschland-ohne-einzahlung-inside-land-der-dichter-und-denker-innovativ-2025/feed HTTP/1.1" 200 1087 kenilworthcourt.com "-" "Mozilla/5.0 (compatible; AhrefsBot/7.0; +http://ahrefs.com/robot/)" "-"
49.247.31.0 - - [10/Feb/2026:04:52:44 +0000] "POST /wp-login.php HTTP/1.1" 200 5110 kenilworthcourt.com "https://kenilworthcourt.com/wp-login.php" "Mozilla/5.0 (Windows NT 10.0; Win64; x64) AppleWebKit/537.36 (KHTML, like Gecko) Chrome/130.0.0.0 Safari/537.36" "-"
216.73.216.0 - - [10/Feb/2026:04:52:56 +0000] "GET /?p=12976 HTTP/1.1" 301 - kenilworthcourt.com "-" "Mozilla/5.0 AppleWebKit/537.36 (KHTML, like Gecko; compatible; ClaudeBot/1.0; +claudebot@anthropic.com)" "-"
3.83.76.0 - - [10/Feb/2026:04:52:56 +0000] "GET /tag/help-slot-win-jili HTTP/1.1" 200 171724 kenilworthcourt.com "-" "TerraCotta https://github.com/CeramicTeam/CeramicTerracotta" "-"
216.73.216.0 - - [10/Feb/2026:04:52:56 +0000] "GET /dragons-domain-name-hacksaw-betting-slot-casino-mystique-grove-slot-review-demonstration HTTP/1.1" 200 36467 kenilworthcourt.com "https://kenilworthcourt.com/?p=12976" "Mozilla/5.0 AppleWebKit/537.36 (KHTML, like Gecko; compatible; ClaudeBot/1.0; +claudebot@anthropic.com)" "-"
198.244.168.0 - - [10/Feb/2026:04:52:57 +0000] "GET /kasino-maklercourtage-ohne-einzahlung-top-chukcha-spiel-no-deposite-boni-2025/feed HTTP/1.1" 200 976 kenilworthcourt.com "-" "Mozilla/5.0 (compatible; AhrefsBot/7.0; +http://ahrefs.com/robot/)" "-"
3.83.76.0 - - [10/Feb/2026:04:53:02 +0000] "GET /tag/0x50c7fb7b HTTP/1.1" 200 26282 kenilworthcourt.com "-" "TerraCotta https://github.com/CeramicTeam/CeramicTerracotta" "-"
141.94.156.0 - - [10/Feb/2026:04:53:15 +0000] "GET /wp-login.php HTTP/1.1" 200 4740 kenilworthcourt.com "-" "Mozilla/5.0 (Windows NT 10.0; Win64; x64) AppleWebKit/537.36 (KHTML, like Gecko) Chrome/130.0.0.0 Safari/537.36" "-"
51.195.183.0 - - [10/Feb/2026:04:53:17 +0000] "GET /16-najboljsih-spletnih-mest-za-bitcoin-in-stave-2025-boljsi-izbori/feed HTTP/1.1" 200 948 kenilworthcourt.com "-" "Mozilla/5.0 (compatible; AhrefsBot/7.0; +http://ahrefs.com/robot/)" "-"
216.73.216.0 - - [10/Feb/2026:04:53:18 +0000] "GET /dragons-domain-name-hacksaw-betting-slot-casino-mystique-grove-slot-review-demonstration/feed HTTP/1.1" 200 1015 kenilworthcourt.com "-" "Mozilla/5.0 AppleWebKit/537.36 (KHTML, like Gecko; compatible; ClaudeBot/1.0; +claudebot@anthropic.com)" "-"
141.94.156.0 - - [10/Feb/2026:04:53:27 +0000] "POST /wp-login.php HTTP/1.1" 200 5110 kenilworthcourt.com "https://kenilworthcourt.com/wp-login.php" "Mozilla/5.0 (Windows NT 10.0; Win64; x64) AppleWebKit/537.36 (KHTML, like Gecko) Chrome/130.0.0.0 Safari/537.36" "-"
3.83.76.0 - - [10/Feb/2026:04:53:28 +0000] "GET /category/link-188bet-moi-nhat-889 HTTP/1.1" 200 42662 kenilworthcourt.com "-" "TerraCotta https://github.com/CeramicTeam/CeramicTerracotta" "-"
3.83.76.0 - - [10/Feb/2026:04:53:30 +0000] "GET /tag/ggbet-50-spin HTTP/1.1" 200 59435 kenilworthcourt.com "-" "TerraCotta https://github.com/CeramicTeam/CeramicTerracotta" "-"
51.89.129.0 - - [10/Feb/2026:04:53:33 +0000] "GET /experiential-understanding-15-dollar-free-no-deposit-online-casinos-sense-because-the-way-to-obtain-studying-and-you-can-advancement-david-a-great-kolb-google-c%EF%BF%BDrti/feed HTTP/1.1" 200 1257 kenilworthcourt.com "-" "Mozilla/5.0 (compatible; AhrefsBot/7.0; +http://ahrefs.com/robot/)" "-"
2a03:2880:f800:: - - [10/Feb/2026:04:53:36 +0000] "GET /adobe-illustrator-2025-licenseactivated-lifetime-clean HTTP/1.1" 200 91598 kenilworthcourt.com "-" "meta-externalagent/1.1 (+https://developers.facebook.com/docs/sharing/webmasters/crawler)" "-"
3.83.76.0 - - [10/Feb/2026:04:53:46 +0000] "GET /category/20bet-cz-220 HTTP/1.1" 200 72693 kenilworthcourt.com "-" "TerraCotta https://github.com/CeramicTeam/CeramicTerracotta" "-"
198.244.242.0 - - [10/Feb/2026:04:53:47 +0000] "GET /%CE%BE-ramses-book-mr-bet-no-dahme-80-kostenlose-spins-flaming-link-spielautomat-gamomat-bericht-%D6%8D-novnetco/feed HTTP/1.1" 200 1073 kenilworthcourt.com "-" "Mozilla/5.0 (compatible; AhrefsBot/7.0; +http://ahrefs.com/robot/)" "-"
85.208.98.0 - - [10/Feb/2026:04:53:51 +0000] "GET /robots.txt HTTP/1.1" 429 267 kenilworthcourt.com "-" "Mozilla/5.0 (compatible; SemrushBot-BA; +http://www.semrush.com/bot.html)" "-"
