85.208.98.0 - - [10/Feb/2026:04:53:54 +0000] "GET /occhiali-tendenza-k.html HTTP/1.1" 429 267 kenilworthcourt.com "-" "Mozilla/5.0 (compatible; SemrushBot-BA; +http://www.semrush.com/bot.html)" "-"
51.195.215.0 - - [10/Feb/2026:04:54:02 +0000] "GET /ten-enjoy-poker-totally-free-ten-enjoy-red-dog-casino-no-deposit-bonus-codes-video-poker/feed HTTP/1.1" 200 1009 kenilworthcourt.com "-" "Mozilla/5.0 (compatible; AhrefsBot/7.0; +http://ahrefs.com/robot/)" "-"
3.83.76.0 - - [10/Feb/2026:04:54:03 +0000] "GET /kazino-888starz-royxatdan-otish HTTP/1.1" 200 35029 kenilworthcourt.com "-" "TerraCotta https://github.com/CeramicTeam/CeramicTerracotta" "-"
216.73.216.0 - - [10/Feb/2026:04:54:09 +0000] "GET /best-on-the-internet-pokies-australia-2025-better-5-australian-pokie-sites-to-fruity-frost-slot-machine-possess-a-real-income HTTP/1.1" 200 37314 kenilworthcourt.com "-" "Mozilla/5.0 AppleWebKit/537.36 (KHTML, like Gecko; compatible; ClaudeBot/1.0; +claudebot@anthropic.com)" "-"
3.83.76.0 - - [10/Feb/2026:04:54:09 +0000] "GET /what-is-astropay-mobile HTTP/1.1" 200 35436 kenilworthcourt.com "-" "TerraCotta https://github.com/CeramicTeam/CeramicTerracotta" "-"
178.253.43.0 - - [10/Feb/2026:04:54:13 +0000] "GET /wp-login.php HTTP/1.1" 200 4740 kenilworthcourt.com "-" "Mozilla/5.0 (Windows NT 10.0; Win64; x64) AppleWebKit/537.36 (KHTML, like Gecko) Chrome/130.0.0.0 Safari/537.36" "-"
3.83.76.0 - - [10/Feb/2026:04:54:14 +0000] "GET /happy-hugo-casino-6 HTTP/1.1" 200 30272 kenilworthcourt.com "-" "TerraCotta https://github.com/CeramicTeam/CeramicTerracotta" "-"
198.244.242.0 - - [10/Feb/2026:04:54:20 +0000] "GET /rolling-slots-provision-7-schnelles-auszahlung-casino-online-codes-kupon-blos-einzahlung/feed HTTP/1.1" 200 1018 kenilworthcourt.com "-" "Mozilla/5.0 (compatible; AhrefsBot/7.0; +http://ahrefs.com/robot/)" "-"
3.83.76.0 - - [10/Feb/2026:04:54:21 +0000] "GET /spinsy-casino HTTP/1.1" 200 33946 kenilworthcourt.com "-" "TerraCotta https://github.com/CeramicTeam/CeramicTerracotta" "-"
3.83.76.0 - - [10/Feb/2026:04:54:36 +0000] "GET /category/hell-spin-promo-code-471 HTTP/1.1" 200 69225 kenilworthcourt.com "-" "TerraCotta https://github.com/CeramicTeam/CeramicTerracotta" "-"
51.195.183.0 - - [10/Feb/2026:04:54:40 +0000] "GET /reseau-casino-titan-exigences-de-paris-bonus-de-60-dollars-versatile-testez-cette-mutuelle-les-operateurs/feed HTTP/1.1" 200 1064 kenilworthcourt.com "-" "Mozilla/5.0 (compatible; AhrefsBot/7.0; +http://ahrefs.com/robot/)" "-"
85.208.98.0 - - [10/Feb/2026:04:54:51 +0000] "GET /robots.txt HTTP/1.1" 429 267 kenilworthcourt.com "-" "Mozilla/5.0 (compatible; SemrushBot-BA; +http://www.semrush.com/bot.html)" "-"
198.244.240.0 - - [10/Feb/2026:04:54:56 +0000] "GET /amonbet-online-a-web-based-sportsbook-platform/feed HTTP/1.1" 200 884 kenilworthcourt.com "-" "Mozilla/5.0 (compatible; AhrefsBot/7.0; +http://ahrefs.com/robot/)" "-"
209.235.136.0 - - [10/Feb/2026:04:55:01 +0000] "GET /wp-login.php HTTP/1.1" 200 4740 kenilworthcourt.com "-" "Mozilla/5.0 (Windows NT 10.0; Win64; x64) AppleWebKit/537.36 (KHTML, like Gecko) Chrome/130.0.0.0 Safari/537.36" "-"
198.244.168.0 - - [10/Feb/2026:04:55:14 +0000] "GET /bedste-spilleautomater-at-musiker-online-foran-rigtige-middel-topspil-dolphin-cash-online-slot-kasinoer-2025/feed HTTP/1.1" 200 1076 kenilworthcourt.com "-" "Mozilla/5.0 (compatible; AhrefsBot/7.0; +http://ahrefs.com/robot/)" "-"
3.83.76.0 - - [10/Feb/2026:04:55:19 +0000] "GET /kipstraat-2-spelen-op-geluk-en-risico HTTP/1.1" 200 33945 kenilworthcourt.com "-" "TerraCotta https://github.com/CeramicTeam/CeramicTerracotta" "-"
209.235.136.0 - - [10/Feb/2026:04:55:26 +0000] "POST /wp-login.php HTTP/1.1" 200 5110 kenilworthcourt.com "https://kenilworthcourt.com/wp-login.php" "Mozilla/5.0 (Windows NT 10.0; Win64; x64) AppleWebKit/537.36 (KHTML, like Gecko) Chrome/130.0.0.0 Safari/537.36" "-"
51.89.129.0 - - [10/Feb/2026:04:55:29 +0000] "GET /greatest-no-deposit-casino-888-mobile-black-hawk-luxury-incentives-to-the-canadian-gambling-enterprises HTTP/1.1" 200 38831 kenilworthcourt.com "-" "Mozilla/5.0 (compatible; AhrefsBot/7.0; +http://ahrefs.com/robot/)" "-"
3.83.76.0 - - [10/Feb/2026:04:55:33 +0000] "GET /chicken-road-di-inout HTTP/1.1" 200 32644 kenilworthcourt.com "-" "TerraCotta https://github.com/CeramicTeam/CeramicTerracotta" "-"
3.83.76.0 - - [10/Feb/2026:04:55:41 +0000] "GET /tag/dang-nhap-8xbet HTTP/1.1" 200 174968 kenilworthcourt.com "-" "TerraCotta https://github.com/CeramicTeam/CeramicTerracotta" "-"
51.195.244.0 - - [10/Feb/2026:04:55:46 +0000] "GET /spin-bizzo-casino-836/feed HTTP/1.1" 200 817 kenilworthcourt.com "-" "Mozilla/5.0 (compatible; AhrefsBot/7.0; +http://ahrefs.com/robot/)" "-"
85.208.98.0 - - [10/Feb/2026:04:55:50 +0000] "GET /densa-montatura-k.html HTTP/1.1" 429 267 kenilworthcourt.com "-" "Mozilla/5.0 (compatible; SemrushBot-BA; +http://www.semrush.com/bot.html)" "-"
3.83.76.0 - - [10/Feb/2026:04:55:50 +0000] "GET /sushi-casino HTTP/1.1" 200 31364 kenilworthcourt.com "-" "TerraCotta https://github.com/CeramicTeam/CeramicTerracotta" "-"
51.195.244.0 - - [10/Feb/2026:04:56:04 +0000] "GET /the-top-mobile-percentage-bork-the-fresh-berzerker-step-best-online-casino-ultra-hot-1-put-software-from-2024/feed HTTP/1.1" 200 1073 kenilworthcourt.com "-" "Mozilla/5.0 (compatible; AhrefsBot/7.0; +http://ahrefs.com/robot/)" "-"
198.244.242.0 - - [10/Feb/2026:04:56:19 +0000] "GET /greatest-paypal-betting-internet-sites-to-own-2025/feed HTTP/1.1" 200 895 kenilworthcourt.com "-" "Mozilla/5.0 (compatible; AhrefsBot/7.0; +http://ahrefs.com/robot/)" "-"
85.208.98.0 - - [10/Feb/2026:04:56:24 +0000] "GET /montatura-in-titanio-donna-k.html HTTP/1.1" 429 267 kenilworthcourt.com "-" "Mozilla/5.0 (compatible; SemrushBot-BA; +http://www.semrush.com/bot.html)" "-"
3.83.76.0 - - [10/Feb/2026:04:56:26 +0000] "GET /der-hahn-auf-der-chickencourtstrase HTTP/1.1" 200 34438 kenilworthcourt.com "-" "TerraCotta https://github.com/CeramicTeam/CeramicTerracotta" "-"
3.83.76.0 - - [10/Feb/2026:04:56:32 +0000] "GET /chicken-road-2-9 HTTP/1.1" 200 31734 kenilworthcourt.com "-" "TerraCotta https://github.com/CeramicTeam/CeramicTerracotta" "-"
198.244.242.0 - - [10/Feb/2026:04:56:37 +0000] "GET /taboo-free-video-slot-play-100-percent-free-trial-inside-the-british/feed HTTP/1.1" 200 949 kenilworthcourt.com "-" "Mozilla/5.0 (compatible; AhrefsBot/7.0; +http://ahrefs.com/robot/)" "-"
43.229.86.0 - - [10/Feb/2026:04:56:46 +0000] "GET /wp-login.php HTTP/1.1" 200 4740 kenilworthcourt.com "-" "Mozilla/5.0 (Windows NT 10.0; Win64; x64) AppleWebKit/537.36 (KHTML, like Gecko) Chrome/130.0.0.0 Safari/537.36" "-"
85.208.98.0 - - [10/Feb/2026:04:56:47 +0000] "GET /occhiali-viso-tondo-donna-k.html HTTP/1.1" 429 267 kenilworthcourt.com "-" "Mozilla/5.0 (compatible; SemrushBot-BA; +http://www.semrush.com/bot.html)" "-"
51.195.215.0 - - [10/Feb/2026:04:56:54 +0000] "GET /impress-casino-50-break-away-slot-machine-totally-free-spins-casino-added-bonus-no-deposit-foreign-sites-totally-free-height-games HTTP/1.1" 200 37318 kenilworthcourt.com "-" "Mozilla/5.0 (compatible; AhrefsBot/7.0; +http://ahrefs.com/robot/)" "-"
43.229.86.0 - - [10/Feb/2026:04:56:58 +0000] "POST /wp-login.php HTTP/1.1" 200 5110 kenilworthcourt.com "https://kenilworthcourt.com/wp-login.php" "Mozilla/5.0 (Windows NT 10.0; Win64; x64) AppleWebKit/537.36 (KHTML, like Gecko) Chrome/130.0.0.0 Safari/537.36" "-"
49.247.31.0 - - [10/Feb/2026:04:57:00 +0000] "GET /wp-login.php HTTP/1.1" 200 4740 kenilworthcourt.com "-" "Mozilla/5.0 (Windows NT 10.0; Win64; x64) AppleWebKit/537.36 (KHTML, like Gecko) Chrome/130.0.0.0 Safari/537.36" "-"
14.248.78.0 - - [10/Feb/2026:04:57:04 +0000] "GET /spin-casino-no-deposit-bonus-273 HTTP/1.1" 200 45999 kenilworthcourt.com "-" "Mozilla/5.0 (Windows NT 6.3; Win64; x64) AppleWebKit/537.36 (KHTML, like Gecko) Brave Chrome/86.0.4240.198 Safari/537.36" "-"
49.247.31.0 - - [10/Feb/2026:04:57:12 +0000] "POST /wp-login.php HTTP/1.1" 200 5110 kenilworthcourt.com "https://kenilworthcourt.com/wp-login.php" "Mozilla/5.0 (Windows NT 10.0; Win64; x64) AppleWebKit/537.36 (KHTML, like Gecko) Chrome/130.0.0.0 Safari/537.36" "-"
198.244.168.0 - - [10/Feb/2026:04:57:14 +0000] "GET /ten-better-online-pokies-and-gambling-enterprise-internet-sites-in-australia-casino-ultimate-super-reels-slot-2025/feed HTTP/1.1" 200 1087 kenilworthcourt.com "-" "Mozilla/5.0 (compatible; AhrefsBot/7.0; +http://ahrefs.com/robot/)" "-"
65.7.17.0 - - [10/Feb/2026:04:57:14 +0000] "GET /wp-login.php HTTP/1.1" 200 4740 kenilworthcourt.com "-" "Mozilla/5.0 (Windows NT 10.0; Win64; x64) AppleWebKit/537.36 (KHTML, like Gecko) Chrome/130.0.0.0 Safari/537.36" "-"
3.83.76.0 - - [10/Feb/2026:04:57:23 +0000] "GET /evolve-casino HTTP/1.1" 200 32790 kenilworthcourt.com "-" "TerraCotta https://github.com/CeramicTeam/CeramicTerracotta" "-"
65.7.17.0 - - [10/Feb/2026:04:57:26 +0000] "POST /wp-login.php HTTP/1.1" 200 5110 kenilworthcourt.com "https://kenilworthcourt.com/wp-login.php" "Mozilla/5.0 (Windows NT 10.0; Win64; x64) AppleWebKit/537.36 (KHTML, like Gecko) Chrome/130.0.0.0 Safari/537.36" "-"
51.195.244.0 - - [10/Feb/2026:04:57:32 +0000] "GET /hierbei-alle-microgaming-spielautomaten-fur-nusse-online-zum-besten-super-jewel-repeater-slot-free-spins-geben/feed HTTP/1.1" 200 1078 kenilworthcourt.com "-" "Mozilla/5.0 (compatible; AhrefsBot/7.0; +http://ahrefs.com/robot/)" "-"
85.208.98.0 - - [10/Feb/2026:04:57:34 +0000] "GET /occhiali-per-visi-tondi-k.html HTTP/1.1" 429 267 kenilworthcourt.com "-" "Mozilla/5.0 (compatible; SemrushBot-BA; +http://www.semrush.com/bot.html)" "-"
162.55.14.0 - - [10/Feb/2026:04:57:45 +0000] "GET /wp-login.php HTTP/1.1" 200 4740 kenilworthcourt.com "-" "Mozilla/5.0 (Windows NT 10.0; Win64; x64) AppleWebKit/537.36 (KHTML, like Gecko) Chrome/130.0.0.0 Safari/537.36" "-"
51.195.215.0 - - [10/Feb/2026:04:57:47 +0000] "GET /tag/20bet-apk/page/2 HTTP/1.1" 200 95692 kenilworthcourt.com "-" "Mozilla/5.0 (compatible; AhrefsBot/7.0; +http://ahrefs.com/robot/)" "-"
3.83.76.0 - - [10/Feb/2026:04:57:49 +0000] "GET /enjoy-stunning-visuals-and-dynamic-turns-in-sweet-bonanza HTTP/1.1" 200 37649 kenilworthcourt.com "-" "TerraCotta https://github.com/CeramicTeam/CeramicTerracotta" "-"
162.55.14.0 - - [10/Feb/2026:04:57:57 +0000] "POST /wp-login.php HTTP/1.1" 200 5110 kenilworthcourt.com "https://kenilworthcourt.com/wp-login.php" "Mozilla/5.0 (Windows NT 10.0; Win64; x64) AppleWebKit/537.36 (KHTML, like Gecko) Chrome/130.0.0.0 Safari/537.36" "-"
82.223.116.0 - - [10/Feb/2026:04:57:58 +0000] "GET /wp-login.php HTTP/1.1" 200 4740 kenilworthcourt.com "-" "Mozilla/5.0 (Windows NT 10.0; Win64; x64) AppleWebKit/537.36 (KHTML, like Gecko) Chrome/130.0.0.0 Safari/537.36" "-"
3.83.76.0 - - [10/Feb/2026:04:57:58 +0000] "GET /jackpot-lounge-casino HTTP/1.1" 200 34427 kenilworthcourt.com "-" "TerraCotta https://github.com/CeramicTeam/CeramicTerracotta" "-"
198.244.168.0 - - [10/Feb/2026:04:58:01 +0000] "GET /isoftbet-launches-the-brand-new-video-slot-book-away-casino-queen-play-mobile-from-immortals/feed HTTP/1.1" 200 1022 kenilworthcourt.com "-" "Mozilla/5.0 (compatible; AhrefsBot/7.0; +http://ahrefs.com/robot/)" "-"
85.208.98.0 - - [10/Feb/2026:04:58:07 +0000] "GET /occhiali-neri-rotondi-k.html HTTP/1.1" 429 267 kenilworthcourt.com "-" "Mozilla/5.0 (compatible; SemrushBot-BA; +http://www.semrush.com/bot.html)" "-"
82.223.116.0 - - [10/Feb/2026:04:58:10 +0000] "POST /wp-login.php HTTP/1.1" 200 5110 kenilworthcourt.com "https://kenilworthcourt.com/wp-login.php" "Mozilla/5.0 (Windows NT 10.0; Win64; x64) AppleWebKit/537.36 (KHTML, like Gecko) Chrome/130.0.0.0 Safari/537.36" "-"
51.195.244.0 - - [10/Feb/2026:04:58:17 +0000] "GET /highflybet/feed HTTP/1.1" 200 775 kenilworthcourt.com "-" "Mozilla/5.0 (compatible; AhrefsBot/7.0; +http://ahrefs.com/robot/)" "-"
3.83.76.0 - - [10/Feb/2026:04:58:20 +0000] "GET /silverplay-casino HTTP/1.1" 200 31650 kenilworthcourt.com "-" "TerraCotta https://github.com/CeramicTeam/CeramicTerracotta" "-"
85.208.98.0 - - [10/Feb/2026:04:58:21 +0000] "GET /costo-lenti-per-occhiali-k.html HTTP/1.1" 429 267 kenilworthcourt.com "-" "Mozilla/5.0 (compatible; SemrushBot-BA; +http://www.semrush.com/bot.html)" "-"
162.240.233.0 - - [10/Feb/2026:04:58:26 +0000] "GET /wp-login.php HTTP/1.1" 200 4740 kenilworthcourt.com "-" "Mozilla/5.0 (Windows NT 10.0; Win64; x64) AppleWebKit/537.36 (KHTML, like Gecko) Chrome/130.0.0.0 Safari/537.36" "-"
198.244.168.0 - - [10/Feb/2026:04:58:31 +0000] "GET /so-findest-du-seriose-online-casinos-in-23/feed HTTP/1.1" 200 881 kenilworthcourt.com "-" "Mozilla/5.0 (compatible; AhrefsBot/7.0; +http://ahrefs.com/robot/)" "-"
85.208.98.0 - - [10/Feb/2026:04:58:36 +0000] "GET /occhiali-30-euro-k.html HTTP/1.1" 429 267 kenilworthcourt.com "-" "Mozilla/5.0 (compatible; SemrushBot-BA; +http://www.semrush.com/bot.html)" "-"
66.249.68.0 - - [10/Feb/2026:04:58:37 +0000] "GET /microsoft-office-2019-enterprise-e3-x64-x86-self-activated-setup64-exe-italian-latest-version-super-fast-ctrlhd-get-to%F0%9D%9A%9Brent HTTP/1.1" 200 104452 kenilworthcourt.com "-" "Mozilla/5.0 (Linux; Android 6.0.1; Nexus 5X Build/MMB29P) AppleWebKit/537.36 (KHTML, like Gecko) Chrome/144.0.7559.132 Mobile Safari/537.36 (compatible; GoogleOther)" "-"
85.208.98.0 - - [10/Feb/2026:04:58:42 +0000] "GET /occhiali-senza-montatura-uomo-k.html HTTP/1.1" 429 267 kenilworthcourt.com "-" "Mozilla/5.0 (compatible; SemrushBot-BA; +http://www.semrush.com/bot.html)" "-"
198.244.242.0 - - [10/Feb/2026:04:58:44 +0000] "GET /tudo-sobre-o-20bet-cassino-jogos/feed HTTP/1.1" 200 842 kenilworthcourt.com "-" "Mozilla/5.0 (compatible; AhrefsBot/7.0; +http://ahrefs.com/robot/)" "-"
3.83.76.0 - - [10/Feb/2026:04:58:49 +0000] "GET /tag/energi-casino HTTP/1.1" 200 158877 kenilworthcourt.com "-" "TerraCotta https://github.com/CeramicTeam/CeramicTerracotta" "-"
162.240.233.0 - - [10/Feb/2026:04:58:50 +0000] "POST /wp-login.php HTTP/1.1" 200 5110 kenilworthcourt.com "https://kenilworthcourt.com/wp-login.php" "Mozilla/5.0 (Windows NT 10.0; Win64; x64) AppleWebKit/537.36 (KHTML, like Gecko) Chrome/130.0.0.0 Safari/537.36" "-"
178.253.43.0 - - [10/Feb/2026:04:58:51 +0000] "GET /wp-login.php HTTP/1.1" 200 4740 kenilworthcourt.com "-" "Mozilla/5.0 (Windows NT 10.0; Win64; x64) AppleWebKit/537.36 (KHTML, like Gecko) Chrome/130.0.0.0 Safari/537.36" "-"
3.83.76.0 - - [10/Feb/2026:04:58:53 +0000] "GET /olympe-casino-7 HTTP/1.1" 200 34199 kenilworthcourt.com "-" "TerraCotta https://github.com/CeramicTeam/CeramicTerracotta" "-"
198.244.168.0 - - [10/Feb/2026:04:59:01 +0000] "GET /bobby-7s-ports-ancient-script-5-deposit-play-free-trial-game HTTP/1.1" 200 35824 kenilworthcourt.com "-" "Mozilla/5.0 (compatible; AhrefsBot/7.0; +http://ahrefs.com/robot/)" "-"
178.253.43.0 - - [10/Feb/2026:04:59:03 +0000] "POST /wp-login.php HTTP/1.1" 200 5110 kenilworthcourt.com "https://kenilworthcourt.com/wp-login.php" "Mozilla/5.0 (Windows NT 10.0; Win64; x64) AppleWebKit/537.36 (KHTML, like Gecko) Chrome/130.0.0.0 Safari/537.36" "-"
85.208.98.0 - - [10/Feb/2026:04:59:03 +0000] "GET /occhiali-da-donna-da-vista-k.html HTTP/1.1" 429 267 kenilworthcourt.com "-" "Mozilla/5.0 (compatible; SemrushBot-BA; +http://www.semrush.com/bot.html)" "-"
162.240.233.0 - - [10/Feb/2026:04:59:04 +0000] "GET /wp-login.php HTTP/1.1" 200 4740 kenilworthcourt.com "-" "Mozilla/5.0 (Windows NT 10.0; Win64; x64) AppleWebKit/537.36 (KHTML, like Gecko) Chrome/130.0.0.0 Safari/537.36" "-"
3.83.76.0 - - [10/Feb/2026:04:59:12 +0000] "GET /how-to-play-video-poker-at-online-casinos HTTP/1.1" 200 33208 kenilworthcourt.com "-" "TerraCotta https://github.com/CeramicTeam/CeramicTerracotta" "-"
162.240.233.0 - - [10/Feb/2026:04:59:16 +0000] "POST /wp-login.php HTTP/1.1" 200 5110 kenilworthcourt.com "https://kenilworthcourt.com/wp-login.php" "Mozilla/5.0 (Windows NT 10.0; Win64; x64) AppleWebKit/537.36 (KHTML, like Gecko) Chrome/130.0.0.0 Safari/537.36" "-"
51.195.183.0 - - [10/Feb/2026:04:59:16 +0000] "GET /fruit-luxury-free-gambling-enterprise-harbors-spinomenal/feed HTTP/1.1" 200 913 kenilworthcourt.com "-" "Mozilla/5.0 (compatible; AhrefsBot/7.0; +http://ahrefs.com/robot/)" "-"
82.223.245.0 - - [10/Feb/2026:04:59:17 +0000] "GET /wp-login.php HTTP/1.1" 200 4740 kenilworthcourt.com "-" "Mozilla/5.0 (Windows NT 10.0; Win64; x64) AppleWebKit/537.36 (KHTML, like Gecko) Chrome/130.0.0.0 Safari/537.36" "-"
82.223.245.0 - - [10/Feb/2026:04:59:29 +0000] "POST /wp-login.php HTTP/1.1" 200 5110 kenilworthcourt.com "https://kenilworthcourt.com/wp-login.php" "Mozilla/5.0 (Windows NT 10.0; Win64; x64) AppleWebKit/537.36 (KHTML, like Gecko) Chrome/130.0.0.0 Safari/537.36" "-"
54.38.147.0 - - [10/Feb/2026:04:59:30 +0000] "GET /age-of-the-gods-wheels-of-olympus-slot/feed HTTP/1.1" 200 860 kenilworthcourt.com "-" "Mozilla/5.0 (compatible; AhrefsBot/7.0; +http://ahrefs.com/robot/)" "-"
85.208.98.0 - - [10/Feb/2026:04:59:32 +0000] "GET /occhiali-fashion-uomo-k.html HTTP/1.1" 429 267 kenilworthcourt.com "-" "Mozilla/5.0 (compatible; SemrushBot-BA; +http://www.semrush.com/bot.html)" "-"
3.83.76.0 - - [10/Feb/2026:04:59:44 +0000] "GET /category/bizzo-casino-promo-code-363 HTTP/1.1" 200 59724 kenilworthcourt.com "-" "TerraCotta https://github.com/CeramicTeam/CeramicTerracotta" "-"
51.195.244.0 - - [10/Feb/2026:04:59:45 +0000] "GET /mines-game/feed HTTP/1.1" 200 775 kenilworthcourt.com "-" "Mozilla/5.0 (compatible; AhrefsBot/7.0; +http://ahrefs.com/robot/)" "-"
3.83.76.0 - - [10/Feb/2026:04:59:59 +0000] "GET /category/betsafe-jackpot-307 HTTP/1.1" 200 72241 kenilworthcourt.com "-" "TerraCotta https://github.com/CeramicTeam/CeramicTerracotta" "-"
3.223.104.0 - - [10/Feb/2026:05:00:01 +0000] "GET /wp-login.php HTTP/1.1" 200 4740 kenilworthcourt.com "-" "Mozilla/5.0 (Windows NT 10.0; Win64; x64) AppleWebKit/537.36 (KHTML, like Gecko) Chrome/130.0.0.0 Safari/537.36" "-"
198.244.183.0 - - [10/Feb/2026:05:00:01 +0000] "GET /10-and-15-casino-startguthaben/feed HTTP/1.1" 200 835 kenilworthcourt.com "-" "Mozilla/5.0 (compatible; AhrefsBot/7.0; +http://ahrefs.com/robot/)" "-"
3.83.76.0 - - [10/Feb/2026:05:00:03 +0000] "GET /dvb-dream-cracked-all-versions-clean-2025 HTTP/1.1" 200 231592 kenilworthcourt.com "-" "TerraCotta https://github.com/CeramicTeam/CeramicTerracotta" "-"
3.83.76.0 - - [10/Feb/2026:05:00:07 +0000] "GET /ardente HTTP/1.1" 200 32097 kenilworthcourt.com "-" "TerraCotta https://github.com/CeramicTeam/CeramicTerracotta" "-"
85.208.98.0 - - [10/Feb/2026:05:00:09 +0000] "GET /montature-occhiali-titanio-k.html HTTP/1.1" 429 267 kenilworthcourt.com "-" "Mozilla/5.0 (compatible; SemrushBot-BA; +http://www.semrush.com/bot.html)" "-"
3.223.104.0 - - [10/Feb/2026:05:00:13 +0000] "POST /wp-login.php HTTP/1.1" 200 5110 kenilworthcourt.com "https://kenilworthcourt.com/wp-login.php" "Mozilla/5.0 (Windows NT 10.0; Win64; x64) AppleWebKit/537.36 (KHTML, like Gecko) Chrome/130.0.0.0 Safari/537.36" "-"
198.244.240.0 - - [10/Feb/2026:05:00:15 +0000] "GET /10-euroletten-kasino-pramie-abzuglich-einzahlung-tagesordnungspunkt-angebote/feed HTTP/1.1" 200 975 kenilworthcourt.com "-" "Mozilla/5.0 (compatible; AhrefsBot/7.0; +http://ahrefs.com/robot/)" "-"
3.83.76.0 - - [10/Feb/2026:05:00:18 +0000] "GET /chicken-road-24 HTTP/1.1" 200 30555 kenilworthcourt.com "-" "TerraCotta https://github.com/CeramicTeam/CeramicTerracotta" "-"
45.79.180.0 - - [10/Feb/2026:05:00:19 +0000] "GET /feed HTTP/1.1" 304 - kenilworthcourt.com "-" "MuckRackFeedParser/1.0 +https://muckrack.com" "-"
78.46.225.0 - - [10/Feb/2026:05:00:21 +0000] "GET /wp-login.php HTTP/1.1" 200 4740 kenilworthcourt.com "-" "Mozilla/5.0 (Windows NT 10.0; Win64; x64) AppleWebKit/537.36 (KHTML, like Gecko) Chrome/130.0.0.0 Safari/537.36" "-"
3.83.76.0 - - [10/Feb/2026:05:00:28 +0000] "GET /chicken-road-2-13 HTTP/1.1" 200 32285 kenilworthcourt.com "-" "TerraCotta https://github.com/CeramicTeam/CeramicTerracotta" "-"
51.195.244.0 - - [10/Feb/2026:05:00:28 +0000] "GET /5-minimal-put-cash-cuisine-win-casinos-august-2025 HTTP/1.1" 200 37980 kenilworthcourt.com "-" "Mozilla/5.0 (compatible; AhrefsBot/7.0; +http://ahrefs.com/robot/)" "-"
78.46.225.0 - - [10/Feb/2026:05:00:33 +0000] "POST /wp-login.php HTTP/1.1" 200 5110 kenilworthcourt.com "https://kenilworthcourt.com/wp-login.php" "Mozilla/5.0 (Windows NT 10.0; Win64; x64) AppleWebKit/537.36 (KHTML, like Gecko) Chrome/130.0.0.0 Safari/537.36" "-"
85.208.98.0 - - [10/Feb/2026:05:00:35 +0000] "GET /prova-occhiali-virtuale-k.html HTTP/1.1" 429 267 kenilworthcourt.com "-" "Mozilla/5.0 (compatible; SemrushBot-BA; +http://www.semrush.com/bot.html)" "-"
3.83.76.0 - - [10/Feb/2026:05:00:35 +0000] "GET /bienvenidos-al-entorno-de-juego-de-azar-playregal HTTP/1.1" 200 33827 kenilworthcourt.com "-" "TerraCotta https://github.com/CeramicTeam/CeramicTerracotta" "-"
3.83.76.0 - - [10/Feb/2026:05:00:45 +0000] "GET /microsoft-office-ltsc-offline-setup-minimal-setup-to%f0%9d%9a%9brent HTTP/1.1" 200 105283 kenilworthcourt.com "-" "TerraCotta https://github.com/CeramicTeam/CeramicTerracotta" "-"
51.195.244.0 - - [10/Feb/2026:05:00:45 +0000] "GET /antique-butterfly-sexy-slot-machine-game/feed HTTP/1.1" 200 865 kenilworthcourt.com "-" "Mozilla/5.0 (compatible; AhrefsBot/7.0; +http://ahrefs.com/robot/)" "-"
51.195.183.0 - - [10/Feb/2026:05:01:01 +0000] "GET /one-armed-bandit-the-ultimate-overview-to-the-popular-casino-site-game HTTP/1.1" 200 34056 kenilworthcourt.com "-" "Mozilla/5.0 (compatible; AhrefsBot/7.0; +http://ahrefs.com/robot/)" "-"
3.83.76.0 - - [10/Feb/2026:05:01:02 +0000] "GET /caspero-casino-biedt-vlugge-uitbetalingen-echte-winsten-en-eindeloos-plezier-in-nederland HTTP/1.1" 200 37910 kenilworthcourt.com "-" "TerraCotta https://github.com/CeramicTeam/CeramicTerracotta" "-"
85.208.98.0 - - [10/Feb/2026:05:01:02 +0000] "GET /imav-montatura-occhiali-titanio-k.html HTTP/1.1" 429 267 kenilworthcourt.com "-" "Mozilla/5.0 (compatible; SemrushBot-BA; +http://www.semrush.com/bot.html)" "-"
50.6.174.0 - - [10/Feb/2026:05:01:04 +0000] "GET /wp-login.php HTTP/1.1" 200 4740 kenilworthcourt.com "-" "Mozilla/5.0 (Windows NT 10.0; Win64; x64) AppleWebKit/537.36 (KHTML, like Gecko) Chrome/130.0.0.0 Safari/537.36" "-"
85.208.98.0 - - [10/Feb/2026:05:01:09 +0000] "GET /testo-occhiali-scuri-k.html HTTP/1.1" 429 267 kenilworthcourt.com "-" "Mozilla/5.0 (compatible; SemrushBot-BA; +http://www.semrush.com/bot.html)" "-"
3.83.76.0 - - [10/Feb/2026:05:01:14 +0000] "GET /category/slottica-cassino-649 HTTP/1.1" 200 55580 kenilworthcourt.com "-" "TerraCotta https://github.com/CeramicTeam/CeramicTerracotta" "-"
50.6.174.0 - - [10/Feb/2026:05:01:16 +0000] "POST /wp-login.php HTTP/1.1" 200 5110 kenilworthcourt.com "https://kenilworthcourt.com/wp-login.php" "Mozilla/5.0 (Windows NT 10.0; Win64; x64) AppleWebKit/537.36 (KHTML, like Gecko) Chrome/130.0.0.0 Safari/537.36" "-"
50.6.248.0 - - [10/Feb/2026:05:01:17 +0000] "GET /wp-login.php HTTP/1.1" 200 4740 kenilworthcourt.com "-" "Mozilla/5.0 (Windows NT 10.0; Win64; x64) AppleWebKit/537.36 (KHTML, like Gecko) Chrome/130.0.0.0 Safari/537.36" "-"
198.244.168.0 - - [10/Feb/2026:05:01:20 +0000] "GET /baccarat-expert-collection-high-limitation-couch-potato-casino-bonus-position-demonstration-enjoy-and-you-can-gambling-enterprise-extra HTTP/1.1" 200 38662 kenilworthcourt.com "-" "Mozilla/5.0 (compatible; AhrefsBot/7.0; +http://ahrefs.com/robot/)" "-"
3.83.76.0 - - [10/Feb/2026:05:01:27 +0000] "GET /category/891 HTTP/1.1" 200 65397 kenilworthcourt.com "-" "TerraCotta https://github.com/CeramicTeam/CeramicTerracotta" "-"
50.6.248.0 - - [10/Feb/2026:05:01:29 +0000] "POST /wp-login.php HTTP/1.1" 200 5110 kenilworthcourt.com "https://kenilworthcourt.com/wp-login.php" "Mozilla/5.0 (Windows NT 10.0; Win64; x64) AppleWebKit/537.36 (KHTML, like Gecko) Chrome/130.0.0.0 Safari/537.36" "-"
85.208.98.0 - - [10/Feb/2026:05:01:34 +0000] "GET /occhiali-moda-donna-k.html HTTP/1.1" 429 267 kenilworthcourt.com "-" "Mozilla/5.0 (compatible; SemrushBot-BA; +http://www.semrush.com/bot.html)" "-"
47.82.11.0 - - [10/Feb/2026:05:01:35 +0000] "GET /?p=7751271259 HTTP/1.1" 429 267 kenilworthcourt.com "https://kenilworthcourt.com/" "Mozilla/5.0 (X11; Linux x86_64) AppleWebKit/537.36 (KHTML, like Gecko) Chrome/129.0.0.0 Safari/537.36" "-"
3.83.76.0 - - [10/Feb/2026:05:01:35 +0000] "GET /winlion-casino-a-safe-gaming-platform-for-gamers-in-canada HTTP/1.1" 200 38146 kenilworthcourt.com "-" "TerraCotta https://github.com/CeramicTeam/CeramicTerracotta" "-"
198.244.226.0 - - [10/Feb/2026:05:01:36 +0000] "GET /online-casino-betsafe-445/feed HTTP/1.1" 200 856 kenilworthcourt.com "-" "Mozilla/5.0 (compatible; AhrefsBot/7.0; +http://ahrefs.com/robot/)" "-"
3.83.76.0 - - [10/Feb/2026:05:01:42 +0000] "GET /sector-experts-take-notice-as-tonybet-introduces-itself-in-uk HTTP/1.1" 200 42633 kenilworthcourt.com "-" "TerraCotta https://github.com/CeramicTeam/CeramicTerracotta" "-"
85.208.98.0 - - [10/Feb/2026:05:01:44 +0000] "GET /graffi-lenti-antiriflesso-amazon-k.html HTTP/1.1" 429 267 kenilworthcourt.com "-" "Mozilla/5.0 (compatible; SemrushBot-BA; +http://www.semrush.com/bot.html)" "-"
51.89.129.0 - - [10/Feb/2026:05:01:52 +0000] "GET /le-ce-site-casino-un-peu-gratuit-allez/feed HTTP/1.1" 200 862 kenilworthcourt.com "-" "Mozilla/5.0 (compatible; AhrefsBot/7.0; +http://ahrefs.com/robot/)" "-"
149.102.141.0 - - [10/Feb/2026:05:01:54 +0000] "GET /wp-login.php HTTP/1.1" 200 4740 kenilworthcourt.com "-" "Mozilla/5.0 (Windows NT 10.0; Win64; x64) AppleWebKit/537.36 (KHTML, like Gecko) Chrome/130.0.0.0 Safari/537.36" "-"
3.83.76.0 - - [10/Feb/2026:05:02:03 +0000] "GET /eisfischen-in-der-glucksspiel-halle HTTP/1.1" 200 32014 kenilworthcourt.com "-" "TerraCotta https://github.com/CeramicTeam/CeramicTerracotta" "-"
3.83.76.0 - - [10/Feb/2026:05:02:05 +0000] "GET /slotystake HTTP/1.1" 200 33256 kenilworthcourt.com "-" "TerraCotta https://github.com/CeramicTeam/CeramicTerracotta" "-"
3.83.76.0 - - [10/Feb/2026:05:02:06 +0000] "GET /category/25 HTTP/1.1" 200 66200 kenilworthcourt.com "-" "TerraCotta https://github.com/CeramicTeam/CeramicTerracotta" "-"
51.195.215.0 - - [10/Feb/2026:05:02:08 +0000] "GET /angeschlossen-spielbank-erprobung-2025-215-seriose-casinos-im-kollation/feed HTTP/1.1" 200 961 kenilworthcourt.com "-" "Mozilla/5.0 (compatible; AhrefsBot/7.0; +http://ahrefs.com/robot/)" "-"
37.140.223.0 - - [10/Feb/2026:05:02:11 +0000] "POST /wp-login.php HTTP/1.1" 200 5110 kenilworthcourt.com "-" "Mozilla/5.0" "-"
136.144.33.0 - - [10/Feb/2026:05:02:11 +0000] "POST /wp-login.php HTTP/1.1" 200 5162 kenilworthcourt.com "-" "Mozilla/5.0" "-"
85.208.98.0 - - [10/Feb/2026:05:02:12 +0000] "GET /come-pulire-montatura-occhiali-da-vista-k.html HTTP/1.1" 429 267 kenilworthcourt.com "-" "Mozilla/5.0 (compatible; SemrushBot-BA; +http://www.semrush.com/bot.html)" "-"
3.83.76.0 - - [10/Feb/2026:05:02:17 +0000] "GET /ice-casino-najlepsie-kasinove-bonusy-pre-hracov-zo-zive-kasino HTTP/1.1" 200 34311 kenilworthcourt.com "-" "TerraCotta https://github.com/CeramicTeam/CeramicTerracotta" "-"
3.83.76.0 - - [10/Feb/2026:05:02:20 +0000] "GET /tag/0x59146b75 HTTP/1.1" 200 26282 kenilworthcourt.com "-" "TerraCotta https://github.com/CeramicTeam/CeramicTerracotta" "-"
198.244.183.0 - - [10/Feb/2026:05:02:23 +0000] "GET /motivewave-crack-exe-stable-x32x64-lifetime-premium HTTP/1.1" 200 163253 kenilworthcourt.com "-" "Mozilla/5.0 (compatible; AhrefsBot/7.0; +http://ahrefs.com/robot/)" "-"
85.208.98.0 - - [10/Feb/2026:05:02:25 +0000] "GET /occhiali-viso-piccolo-k.html HTTP/1.1" 429 267 kenilworthcourt.com "-" "Mozilla/5.0 (compatible; SemrushBot-BA; +http://www.semrush.com/bot.html)" "-"
51.195.215.0 - - [10/Feb/2026:05:02:41 +0000] "GET /demo-di-sweet-bonanza-sweet-bonanza-1000-il-tuo-biglietto-gratuito-per-il-piacere HTTP/1.1" 200 35018 kenilworthcourt.com "-" "Mozilla/5.0 (compatible; AhrefsBot/7.0; +http://ahrefs.com/robot/)" "-"
198.244.226.0 - - [10/Feb/2026:05:02:55 +0000] "GET /bevorzugt-casinos-abzuglich-bankkonto-je-2025-sofortiges-durchlauf-ohne-anmeldung/feed HTTP/1.1" 200 989 kenilworthcourt.com "-" "Mozilla/5.0 (compatible; AhrefsBot/7.0; +http://ahrefs.com/robot/)" "-"
109.123.255.0 - - [10/Feb/2026:05:02:56 +0000] "GET /wp-login.php HTTP/1.1" 200 4740 kenilworthcourt.com "-" "Mozilla/5.0 (Windows NT 10.0; Win64; x64) AppleWebKit/537.36 (KHTML, like Gecko) Chrome/130.0.0.0 Safari/537.36" "-"
3.83.76.0 - - [10/Feb/2026:05:03:03 +0000] "GET /de-pad-van-de-kip-een-spel-voor-helden-op-slotsmachine-chicken-road HTTP/1.1" 200 32821 kenilworthcourt.com "-" "TerraCotta https://github.com/CeramicTeam/CeramicTerracotta" "-"
109.123.255.0 - - [10/Feb/2026:05:03:08 +0000] "POST /wp-login.php HTTP/1.1" 200 5110 kenilworthcourt.com "https://kenilworthcourt.com/wp-login.php" "Mozilla/5.0 (Windows NT 10.0; Win64; x64) AppleWebKit/537.36 (KHTML, like Gecko) Chrome/130.0.0.0 Safari/537.36" "-"
51.195.244.0 - - [10/Feb/2026:05:03:10 +0000] "GET /fairy-tale-tales-reddish-riding-hood-gamble-on-line-now HTTP/1.1" 200 35440 kenilworthcourt.com "-" "Mozilla/5.0 (compatible; AhrefsBot/7.0; +http://ahrefs.com/robot/)" "-"
3.83.76.0 - - [10/Feb/2026:05:03:11 +0000] "GET /pdffactory-pro-full-crack-portable-final-x32x64-stable-zip HTTP/1.1" 200 91883 kenilworthcourt.com "-" "TerraCotta https://github.com/CeramicTeam/CeramicTerracotta" "-"
85.208.98.0 - - [10/Feb/2026:05:03:20 +0000] "GET /occhiali-da-vista-ragazza-2019-k.html HTTP/1.1" 429 267 kenilworthcourt.com "-" "Mozilla/5.0 (compatible; SemrushBot-BA; +http://www.semrush.com/bot.html)" "-"
3.83.76.0 - - [10/Feb/2026:05:03:21 +0000] "GET /nyxbet HTTP/1.1" 200 32417 kenilworthcourt.com "-" "TerraCotta https://github.com/CeramicTeam/CeramicTerracotta" "-"
3.83.76.0 - - [10/Feb/2026:05:03:25 +0000] "GET /royal-joker-hold-and-win-slot HTTP/1.1" 200 33746 kenilworthcourt.com "-" "TerraCotta https://github.com/CeramicTeam/CeramicTerracotta" "-"
198.244.240.0 - - [10/Feb/2026:05:03:30 +0000] "GET /dolphin-reef-on-line-video-slot-online-otherwise-to-the-cellular HTTP/1.1" 200 35283 kenilworthcourt.com "-" "Mozilla/5.0 (compatible; AhrefsBot/7.0; +http://ahrefs.com/robot/)" "-"
3.83.76.0 - - [10/Feb/2026:05:03:33 +0000] "GET /roletka-na-hraci-hra-osklivosti-a-kreditu HTTP/1.1" 200 32466 kenilworthcourt.com "-" "TerraCotta https://github.com/CeramicTeam/CeramicTerracotta" "-"
85.208.98.0 - - [10/Feb/2026:05:03:35 +0000] "GET /montature-per-occhiali-da-vista-da-uomo-k.html HTTP/1.1" 429 267 kenilworthcourt.com "-" "Mozilla/5.0 (compatible; SemrushBot-BA; +http://www.semrush.com/bot.html)" "-"
54.38.147.0 - - [10/Feb/2026:05:03:43 +0000] "GET /fb-777-login-980/feed HTTP/1.1" 200 820 kenilworthcourt.com "-" "Mozilla/5.0 (compatible; AhrefsBot/7.0; +http://ahrefs.com/robot/)" "-"
3.83.76.0 - - [10/Feb/2026:05:03:45 +0000] "GET /tag/kasyno-hellspin HTTP/1.1" 200 76320 kenilworthcourt.com "-" "TerraCotta https://github.com/CeramicTeam/CeramicTerracotta" "-"
208.109.39.0 - - [10/Feb/2026:05:03:56 +0000] "GET /wp-login.php HTTP/1.1" 200 4740 kenilworthcourt.com "-" "Mozilla/5.0 (Windows NT 10.0; Win64; x64) AppleWebKit/537.36 (KHTML, like Gecko) Chrome/130.0.0.0 Safari/537.36" "-"
198.244.240.0 - - [10/Feb/2026:05:03:57 +0000] "GET /mobile-casinos-online-2025-casinos-je-taschentelefon-and-tablet/feed HTTP/1.1" 200 935 kenilworthcourt.com "-" "Mozilla/5.0 (compatible; AhrefsBot/7.0; +http://ahrefs.com/robot/)" "-"
85.208.98.0 - - [10/Feb/2026:05:04:06 +0000] "GET /lenti-per-occhiali-astigmatismo-prezzi-k.html HTTP/1.1" 429 267 kenilworthcourt.com "-" "Mozilla/5.0 (compatible; SemrushBot-BA; +http://www.semrush.com/bot.html)" "-"
3.83.76.0 - - [10/Feb/2026:05:04:08 +0000] "GET /category/20bet-casino-739 HTTP/1.1" 200 75881 kenilworthcourt.com "-" "TerraCotta https://github.com/CeramicTeam/CeramicTerracotta" "-"
51.195.183.0 - - [10/Feb/2026:05:04:14 +0000] "GET /divine-chance-slot-comment-enjoy-totally-free-demo-house-of-fun-slot-free-spins-2025/feed HTTP/1.1" 200 997 kenilworthcourt.com "-" "Mozilla/5.0 (compatible; AhrefsBot/7.0; +http://ahrefs.com/robot/)" "-"
208.109.39.0 - - [10/Feb/2026:05:04:20 +0000] "POST /wp-login.php HTTP/1.1" 200 5110 kenilworthcourt.com "https://kenilworthcourt.com/wp-login.php" "Mozilla/5.0 (Windows NT 10.0; Win64; x64) AppleWebKit/537.36 (KHTML, like Gecko) Chrome/130.0.0.0 Safari/537.36" "-"
3.83.76.0 - - [10/Feb/2026:05:04:20 +0000] "GET /tag/play-croco-casino-login HTTP/1.1" 200 88235 kenilworthcourt.com "-" "TerraCotta https://github.com/CeramicTeam/CeramicTerracotta" "-"
2a03:2880:f800:: - - [10/Feb/2026:05:04:24 +0000] "GET /wild-slots-at-playzilla-casino HTTP/1.1" 200 35231 kenilworthcourt.com "-" "meta-externalagent/1.1 (+https://developers.facebook.com/docs/sharing/webmasters/crawler)" "-"
3.83.76.0 - - [10/Feb/2026:05:04:29 +0000] "GET /testosteron-no-ester-dosierung-ein-uberblick HTTP/1.1" 200 29976 kenilworthcourt.com "-" "TerraCotta https://github.com/CeramicTeam/CeramicTerracotta" "-"
198.244.168.0 - - [10/Feb/2026:05:04:29 +0000] "GET /free-online-bonus-deuces-crazy-10-hand-roulette-game-for-fun-no-deposit-registration-otherwise-install-cloud-options/feed HTTP/1.1" 200 1094 kenilworthcourt.com "-" "Mozilla/5.0 (compatible; AhrefsBot/7.0; +http://ahrefs.com/robot/)" "-"
3.83.76.0 - - [10/Feb/2026:05:04:32 +0000] "GET /9-masks-of-fire-hyperspins-slot-2 HTTP/1.1" 200 34663 kenilworthcourt.com "-" "TerraCotta https://github.com/CeramicTeam/CeramicTerracotta" "-"
217.154.41.0 - - [10/Feb/2026:05:04:37 +0000] "GET /wp-login.php HTTP/1.1" 200 4740 kenilworthcourt.com "-" "Mozilla/5.0 (Windows NT 10.0; Win64; x64) AppleWebKit/537.36 (KHTML, like Gecko) Chrome/130.0.0.0 Safari/537.36" "-"
3.83.76.0 - - [10/Feb/2026:05:04:48 +0000] "GET /crea-velocemente-il-tuo-account-casino-protetto HTTP/1.1" 200 33848 kenilworthcourt.com "-" "TerraCotta https://github.com/CeramicTeam/CeramicTerracotta" "-"
51.89.129.0 - - [10/Feb/2026:05:04:50 +0000] "GET /dragon-shrine-2022-dragon-shrine-review-free-revolves/feed HTTP/1.1" 200 904 kenilworthcourt.com "-" "Mozilla/5.0 (compatible; AhrefsBot/7.0; +http://ahrefs.com/robot/)" "-"
3.83.76.0 - - [10/Feb/2026:05:04:56 +0000] "GET /take-flight-with-avia-masters-win-big-sky-high-rewards HTTP/1.1" 200 34533 kenilworthcourt.com "-" "TerraCotta https://github.com/CeramicTeam/CeramicTerracotta" "-"
217.154.41.0 - - [10/Feb/2026:05:05:01 +0000] "POST /wp-login.php HTTP/1.1" 200 5110 kenilworthcourt.com "https://kenilworthcourt.com/wp-login.php" "Mozilla/5.0 (Windows NT 10.0; Win64; x64) AppleWebKit/537.36 (KHTML, like Gecko) Chrome/130.0.0.0 Safari/537.36" "-"
51.195.183.0 - - [10/Feb/2026:05:05:05 +0000] "GET /spelklubben-tipsar-basta-bonusar-fore-slots-sam-casino-idag/feed HTTP/1.1" 200 925 kenilworthcourt.com "-" "Mozilla/5.0 (compatible; AhrefsBot/7.0; +http://ahrefs.com/robot/)" "-"
3.83.76.0 - - [10/Feb/2026:05:05:10 +0000] "GET /pochemu-individy-pereotsenivajut-vazhnost-sovpadenij HTTP/1.1" 200 48333 kenilworthcourt.com "-" "TerraCotta https://github.com/CeramicTeam/CeramicTerracotta" "-"
3.83.76.0 - - [10/Feb/2026:05:05:11 +0000] "GET /tag/hellspin-kifizetes HTTP/1.1" 200 46755 kenilworthcourt.com "-" "TerraCotta https://github.com/CeramicTeam/CeramicTerracotta" "-"
2a03:2880:f800:: - - [10/Feb/2026:05:05:15 +0000] "GET /coreldraw-2025-activated-lifetime-windows-10-premium HTTP/1.1" 200 114742 kenilworthcourt.com "-" "meta-externalagent/1.1 (+https://developers.facebook.com/docs/sharing/webmasters/crawler)" "-"
85.208.98.0 - - [10/Feb/2026:05:05:20 +0000] "GET /occhiali-da-vista-per-uomo-k.html HTTP/1.1" 429 267 kenilworthcourt.com "-" "Mozilla/5.0 (compatible; SemrushBot-BA; +http://www.semrush.com/bot.html)" "-"
3.83.76.0 - - [10/Feb/2026:05:05:20 +0000] "GET /category/fairspin-casino HTTP/1.1" 200 33635 kenilworthcourt.com "-" "TerraCotta https://github.com/CeramicTeam/CeramicTerracotta" "-"
198.244.183.0 - - [10/Feb/2026:05:05:22 +0000] "GET /tag/188bet-alternatif/feed HTTP/1.1" 200 17563 kenilworthcourt.com "-" "Mozilla/5.0 (compatible; AhrefsBot/7.0; +http://ahrefs.com/robot/)" "-"
3.83.76.0 - - [10/Feb/2026:05:05:31 +0000] "GET /tag/hellspin-promo-code-no-deposit HTTP/1.1" 200 51661 kenilworthcourt.com "-" "TerraCotta https://github.com/CeramicTeam/CeramicTerracotta" "-"
198.244.183.0 - - [10/Feb/2026:05:05:38 +0000] "GET /is-loki-casino-safe-and-legitimate/feed HTTP/1.1" 200 848 kenilworthcourt.com "-" "Mozilla/5.0 (compatible; AhrefsBot/7.0; +http://ahrefs.com/robot/)" "-"
3.83.76.0 - - [10/Feb/2026:05:05:39 +0000] "GET /category/tadhana-slot-777-login-712 HTTP/1.1" 200 92585 kenilworthcourt.com "-" "TerraCotta https://github.com/CeramicTeam/CeramicTerracotta" "-"
160.30.192.0 - - [10/Feb/2026:05:05:42 +0000] "GET /wp-login.php HTTP/1.1" 200 4740 kenilworthcourt.com "-" "Mozilla/5.0 (Windows NT 10.0; Win64; x64) AppleWebKit/537.36 (KHTML, like Gecko) Chrome/130.0.0.0 Safari/537.36" "-"
3.83.76.0 - - [10/Feb/2026:05:05:51 +0000] "GET /rtp-analyse-van-gokkasten-bij-spinjoys-casino-voor-nederlandstalige-spelers HTTP/1.1" 200 35162 kenilworthcourt.com "-" "TerraCotta https://github.com/CeramicTeam/CeramicTerracotta" "-"
160.30.192.0 - - [10/Feb/2026:05:05:54 +0000] "POST /wp-login.php HTTP/1.1" 200 5110 kenilworthcourt.com "https://kenilworthcourt.com/wp-login.php" "Mozilla/5.0 (Windows NT 10.0; Win64; x64) AppleWebKit/537.36 (KHTML, like Gecko) Chrome/130.0.0.0 Safari/537.36" "-"
54.38.147.0 - - [10/Feb/2026:05:05:54 +0000] "GET /888-online-casino-679 HTTP/1.1" 200 41099 kenilworthcourt.com "-" "Mozilla/5.0 (compatible; AhrefsBot/7.0; +http://ahrefs.com/robot/)" "-"
3.83.76.0 - - [10/Feb/2026:05:05:55 +0000] "GET /live-casino-action-mit-pasino-casino HTTP/1.1" 200 30675 kenilworthcourt.com "-" "TerraCotta https://github.com/CeramicTeam/CeramicTerracotta" "-"
85.208.98.0 - - [10/Feb/2026:05:05:59 +0000] "GET /robots.txt HTTP/1.1" 429 267 kenilworthcourt.com "-" "Mozilla/5.0 (compatible; SemrushBot-BA; +http://www.semrush.com/bot.html)" "-"
3.83.76.0 - - [10/Feb/2026:05:06:03 +0000] "GET /category/20bet-app-android-26 HTTP/1.1" 200 67246 kenilworthcourt.com "-" "TerraCotta https://github.com/CeramicTeam/CeramicTerracotta" "-"
3.83.76.0 - - [10/Feb/2026:05:06:04 +0000] "GET /a-magia-do-casino-com-os-ofertas-do-cassino-wingaga-para-jogadores-de-portugal HTTP/1.1" 200 39192 kenilworthcourt.com "-" "TerraCotta https://github.com/CeramicTeam/CeramicTerracotta" "-"
198.244.183.0 - - [10/Feb/2026:05:06:07 +0000] "GET /vuelta-a-good-espana-phase-9-preview-one-for-the-breakaway/feed HTTP/1.1" 200 921 kenilworthcourt.com "-" "Mozilla/5.0 (compatible; AhrefsBot/7.0; +http://ahrefs.com/robot/)" "-"
92.205.20.0 - - [10/Feb/2026:05:06:12 +0000] "GET /wp-login.php HTTP/1.1" 200 4740 kenilworthcourt.com "-" "Mozilla/5.0 (Windows NT 10.0; Win64; x64) AppleWebKit/537.36 (KHTML, like Gecko) Chrome/130.0.0.0 Safari/537.36" "-"
85.208.98.0 - - [10/Feb/2026:05:06:12 +0000] "GET /robots.txt HTTP/1.1" 429 267 kenilworthcourt.com "-" "Mozilla/5.0 (compatible; SemrushBot-BA; +http://www.semrush.com/bot.html)" "-"
3.83.76.0 - - [10/Feb/2026:05:06:21 +0000] "GET /category/8xbet-online-320 HTTP/1.1" 200 56774 kenilworthcourt.com "-" "TerraCotta https://github.com/CeramicTeam/CeramicTerracotta" "-"
51.195.183.0 - - [10/Feb/2026:05:06:22 +0000] "GET /0x1c8c5b6a-9/feed HTTP/1.1" 200 779 kenilworthcourt.com "-" "Mozilla/5.0 (compatible; AhrefsBot/7.0; +http://ahrefs.com/robot/)" "-"
92.205.20.0 - - [10/Feb/2026:05:06:24 +0000] "POST /wp-login.php HTTP/1.1" 200 5110 kenilworthcourt.com "https://kenilworthcourt.com/wp-login.php" "Mozilla/5.0 (Windows NT 10.0; Win64; x64) AppleWebKit/537.36 (KHTML, like Gecko) Chrome/130.0.0.0 Safari/537.36" "-"
3.83.76.0 - - [10/Feb/2026:05:06:28 +0000] "GET /category/lemon-casino-kod-na-darmowe-spiny-337 HTTP/1.1" 200 63929 kenilworthcourt.com "-" "TerraCotta https://github.com/CeramicTeam/CeramicTerracotta" "-"
3.83.76.0 - - [10/Feb/2026:05:06:31 +0000] "GET /category/20-bet-bet-937 HTTP/1.1" 200 76515 kenilworthcourt.com "-" "TerraCotta https://github.com/CeramicTeam/CeramicTerracotta" "-"
85.208.98.0 - - [10/Feb/2026:05:06:32 +0000] "GET /accessori-termosifoni-alluminio-k.html HTTP/1.1" 429 267 kenilworthcourt.com "-" "Mozilla/5.0 (compatible; SemrushBot-BA; +http://www.semrush.com/bot.html)" "-"
51.89.129.0 - - [10/Feb/2026:05:06:42 +0000] "GET /kiedy-fire-joker-kasyno-zwyciezyc-w-ruletke-najistotniejsze-rady-i-triki HTTP/1.1" 200 37645 kenilworthcourt.com "-" "Mozilla/5.0 (compatible; AhrefsBot/7.0; +http://ahrefs.com/robot/)" "-"
3.83.76.0 - - [10/Feb/2026:05:06:46 +0000] "GET /bwin-casino-geniessen-sie-die-neuesten-pragmatic-slots-als-erstes-in-oesterreich HTTP/1.1" 200 35364 kenilworthcourt.com "-" "TerraCotta https://github.com/CeramicTeam/CeramicTerracotta" "-"
3.83.76.0 - - [10/Feb/2026:05:06:50 +0000] "GET /tag/spin-samurai-login HTTP/1.1" 200 68326 kenilworthcourt.com "-" "TerraCotta https://github.com/CeramicTeam/CeramicTerracotta" "-"
198.244.168.0 - - [10/Feb/2026:05:06:57 +0000] "GET /25-ecu-bonus-abzuglich-einzahlung-inoffizieller-mitarbeiter-kasino-tagesordnungspunkt-angebote-2025 HTTP/1.1" 200 34584 kenilworthcourt.com "-" "Mozilla/5.0 (compatible; AhrefsBot/7.0; +http://ahrefs.com/robot/)" "-"
3.83.76.0 - - [10/Feb/2026:05:07:04 +0000] "GET /tag/winspark-free-spins HTTP/1.1" 200 64756 kenilworthcourt.com "-" "TerraCotta https://github.com/CeramicTeam/CeramicTerracotta" "-"
3.83.76.0 - - [10/Feb/2026:05:07:10 +0000] "GET /kakim-obrazom-dushevnyj-nastroj-vozdejstvuet-na-interpretatsiju-dostizhenija HTTP/1.1" 200 44039 kenilworthcourt.com "-" "TerraCotta https://github.com/CeramicTeam/CeramicTerracotta" "-"
198.244.242.0 - - [10/Feb/2026:05:07:14 +0000] "GET /jogo-infantilidade-cassino-rocket-mana-dds-slot-thief-solucoes/feed HTTP/1.1" 200 933 kenilworthcourt.com "-" "Mozilla/5.0 (compatible; AhrefsBot/7.0; +http://ahrefs.com/robot/)" "-"
52.140.96.0 - - [10/Feb/2026:05:07:16 +0000] "GET /wp-login.php HTTP/1.1" 200 4740 kenilworthcourt.com "-" "Mozilla/5.0 (Windows NT 10.0; Win64; x64) AppleWebKit/537.36 (KHTML, like Gecko) Chrome/130.0.0.0 Safari/537.36" "-"
52.140.96.0 - - [10/Feb/2026:05:07:28 +0000] "POST /wp-login.php HTTP/1.1" 200 5110 kenilworthcourt.com "https://kenilworthcourt.com/wp-login.php" "Mozilla/5.0 (Windows NT 10.0; Win64; x64) AppleWebKit/537.36 (KHTML, like Gecko) Chrome/130.0.0.0 Safari/537.36" "-"
198.244.240.0 - - [10/Feb/2026:05:07:28 +0000] "GET /greatest-web-sites-playing-baccarat-on-the-web-for-real-money-100-percent-free-within-the-2025/feed HTTP/1.1" 200 1034 kenilworthcourt.com "-" "Mozilla/5.0 (compatible; AhrefsBot/7.0; +http://ahrefs.com/robot/)" "-"
3.83.76.0 - - [10/Feb/2026:05:07:43 +0000] "GET /category/20bet-opinie-6 HTTP/1.1" 200 61032 kenilworthcourt.com "-" "TerraCotta https://github.com/CeramicTeam/CeramicTerracotta" "-"
51.195.183.0 - - [10/Feb/2026:05:07:46 +0000] "GET /melhores-cassinos-virtual-football-bundesliga-1-casa-online-uma-vez-que-bagarote-real-and-bonus-pokernews/feed HTTP/1.1" 200 1063 kenilworthcourt.com "-" "Mozilla/5.0 (compatible; AhrefsBot/7.0; +http://ahrefs.com/robot/)" "-"
85.208.98.0 - - [10/Feb/2026:05:07:47 +0000] "GET /manicotti-in-ghisa-3-4-gas-k.html HTTP/1.1" 429 267 kenilworthcourt.com "-" "Mozilla/5.0 (compatible; SemrushBot-BA; +http://www.semrush.com/bot.html)" "-"
3.83.76.0 - - [10/Feb/2026:05:08:02 +0000] "GET /category/jili-slot-777-login-register-online-377 HTTP/1.1" 200 72819 kenilworthcourt.com "-" "TerraCotta https://github.com/CeramicTeam/CeramicTerracotta" "-"
198.244.242.0 - - [10/Feb/2026:05:08:03 +0000] "GET /roleta-conhecimento-entusiasmado-jogue-roleta-online-dado-com-dealers-ciencia-alegre/feed HTTP/1.1" 200 998 kenilworthcourt.com "-" "Mozilla/5.0 (compatible; AhrefsBot/7.0; +http://ahrefs.com/robot/)" "-"
3.83.76.0 - - [10/Feb/2026:05:08:11 +0000] "GET /jeetwin-online-app-reach-massive-prize-victory HTTP/1.1" 200 33913 kenilworthcourt.com "-" "TerraCotta https://github.com/CeramicTeam/CeramicTerracotta" "-"
198.244.240.0 - - [10/Feb/2026:05:08:18 +0000] "GET /20bet-partners-84 HTTP/1.1" 200 42974 kenilworthcourt.com "-" "Mozilla/5.0 (compatible; AhrefsBot/7.0; +http://ahrefs.com/robot/)" "-"
3.83.76.0 - - [10/Feb/2026:05:08:23 +0000] "GET /katsubet-casino HTTP/1.1" 200 32318 kenilworthcourt.com "-" "TerraCotta https://github.com/CeramicTeam/CeramicTerracotta" "-"
3.83.76.0 - - [10/Feb/2026:05:08:27 +0000] "GET /category/bizzo-casino-bonus-code-22 HTTP/1.1" 200 59796 kenilworthcourt.com "-" "TerraCotta https://github.com/CeramicTeam/CeramicTerracotta" "-"
54.38.147.0 - - [10/Feb/2026:05:08:35 +0000] "GET /tonybet-sportsbook-review-2025-one-hundred-incentive-up-to-700/feed HTTP/1.1" 200 933 kenilworthcourt.com "-" "Mozilla/5.0 (compatible; AhrefsBot/7.0; +http://ahrefs.com/robot/)" "-"
3.83.76.0 - - [10/Feb/2026:05:08:38 +0000] "GET /iwild-casino HTTP/1.1" 200 32831 kenilworthcourt.com "-" "TerraCotta https://github.com/CeramicTeam/CeramicTerracotta" "-"
3.83.76.0 - - [10/Feb/2026:05:08:40 +0000] "GET /category/hellspin-casino-australia-882 HTTP/1.1" 200 74097 kenilworthcourt.com "-" "TerraCotta https://github.com/CeramicTeam/CeramicTerracotta" "-"
14.182.239.0 - - [10/Feb/2026:05:08:45 +0000] "GET /wp-json/oembed/1.0/embed?url=https%3A%2F%2Fkenilworthcourt.com%2Fhell-spin-casino-no-deposit-bonus-646 HTTP/1.1" 200 2311 kenilworthcourt.com "-" "Mozilla/5.0 (Windows NT 10.0; Win64; x64) AppleWebKit/537.36 (KHTML, like Gecko) Chrome/89.0.4389.116 Safari/537.36" "-"
198.244.240.0 - - [10/Feb/2026:05:08:46 +0000] "GET /tonybet-wagering-remark-2025-our-pro-choice-rating/feed HTTP/1.1" 200 896 kenilworthcourt.com "-" "Mozilla/5.0 (compatible; AhrefsBot/7.0; +http://ahrefs.com/robot/)" "-"
3.83.76.0 - - [10/Feb/2026:05:08:51 +0000] "GET /category/777slot-login-89 HTTP/1.1" 200 67554 kenilworthcourt.com "-" "TerraCotta https://github.com/CeramicTeam/CeramicTerracotta" "-"
179.108.84.0 - - [10/Feb/2026:05:08:58 +0000] "GET /wp-login.php HTTP/1.1" 200 4740 kenilworthcourt.com "-" "Mozilla/5.0 (Windows NT 10.0; Win64; x64) AppleWebKit/537.36 (KHTML, like Gecko) Chrome/130.0.0.0 Safari/537.36" "-"
198.244.226.0 - - [10/Feb/2026:05:09:03 +0000] "GET /slots-que-jogos-infantilidade-casino-pragmatic-play-acessivel-hand-of-midas-slot-machine-pp-slots-demonio/feed HTTP/1.1" 200 1062 kenilworthcourt.com "-" "Mozilla/5.0 (compatible; AhrefsBot/7.0; +http://ahrefs.com/robot/)" "-"
85.208.98.0 - - [10/Feb/2026:05:09:03 +0000] "GET /costo-tubi-rame-per-riscaldamento-amazon-k.html HTTP/1.1" 429 267 kenilworthcourt.com "-" "Mozilla/5.0 (compatible; SemrushBot-BA; +http://www.semrush.com/bot.html)" "-"
43.173.179.0 - - [10/Feb/2026:05:09:12 +0000] "GET /50-freispiele-abzuglich-einzahlung-sofort-erhaltlich HTTP/1.1" 200 37409 kenilworthcourt.com "-" "Mozilla/5.0 (Windows NT 10.0; Win64; x64) AppleWebKit/537.36 (KHTML, like Gecko) Chrome/131.0.0.0 Safari/537.36" "-"
17.22.253.0 - - [10/Feb/2026:05:09:14 +0000] "GET /robots.txt HTTP/1.1" 301 276 kenilworthcourt.com "-" "Mozilla/5.0 (Macintosh; Intel Mac OS X 10_15_7) AppleWebKit/605.1.15 (KHTML, like Gecko) Version/17.4 Safari/605.1.15 (Applebot/0.1; +http://www.apple.com/go/applebot)" "-"
17.22.237.0 - - [10/Feb/2026:05:09:15 +0000] "GET / HTTP/1.1" 200 32153 kenilworthcourt.com "-" "Mozilla/5.0 (Macintosh; Intel Mac OS X 10_15_7) AppleWebKit/605.1.15 (KHTML, like Gecko) Version/17.4 Safari/605.1.15 (Applebot/0.1; +http://www.apple.com/go/applebot)" "-"
17.22.253.0 - - [10/Feb/2026:05:09:15 +0000] "GET /?e=felpa-vans-rossa-e-bianca-p-k4w97qiR HTTP/1.1" 301 315 kenilworthcourt.com "-" "Mozilla/5.0 (Macintosh; Intel Mac OS X 10_15_7) AppleWebKit/605.1.15 (KHTML, like Gecko) Version/17.4 Safari/605.1.15 (Applebot/0.1; +http://www.apple.com/go/applebot)" "-"
17.22.237.0 - - [10/Feb/2026:05:09:15 +0000] "GET /?e=felpa-vans-rossa-e-bianca-p-k4w97qiR HTTP/1.1" 200 32192 kenilworthcourt.com "-" "Mozilla/5.0 (Macintosh; Intel Mac OS X 10_15_7) AppleWebKit/605.1.15 (KHTML, like Gecko) Version/17.4 Safari/605.1.15 (Applebot/0.1; +http://www.apple.com/go/applebot)" "-"
198.244.183.0 - - [10/Feb/2026:05:09:18 +0000] "GET /scientific-games-review-play-free-slots-slot-buffalo-power-megaways-from-scientific-games/feed HTTP/1.1" 200 1013 kenilworthcourt.com "-" "Mozilla/5.0 (compatible; AhrefsBot/7.0; +http://ahrefs.com/robot/)" "-"
3.83.76.0 - - [10/Feb/2026:05:09:18 +0000] "GET /hoe-vaak-per-jaar-moeten-steroidecycli-worden-uitgevoerd HTTP/1.1" 200 29453 kenilworthcourt.com "-" "TerraCotta https://github.com/CeramicTeam/CeramicTerracotta" "-"
160.153.180.0 - - [10/Feb/2026:05:09:18 +0000] "GET /wp-login.php HTTP/1.1" 200 4740 kenilworthcourt.com "-" "Mozilla/5.0 (Windows NT 10.0; Win64; x64) AppleWebKit/537.36 (KHTML, like Gecko) Chrome/130.0.0.0 Safari/537.36" "-"
2a03:2880:f800:: - - [10/Feb/2026:05:09:22 +0000] "GET /adobe-creative-cloud-freeactivated-clean-stable-bypass HTTP/1.1" 200 109596 kenilworthcourt.com "-" "meta-externalagent/1.1 (+https://developers.facebook.com/docs/sharing/webmasters/crawler)" "-"
160.153.180.0 - - [10/Feb/2026:05:09:30 +0000] "POST /wp-login.php HTTP/1.1" 200 5110 kenilworthcourt.com "https://kenilworthcourt.com/wp-login.php" "Mozilla/5.0 (Windows NT 10.0; Win64; x64) AppleWebKit/537.36 (KHTML, like Gecko) Chrome/130.0.0.0 Safari/537.36" "-"
51.195.183.0 - - [10/Feb/2026:05:09:33 +0000] "GET /free-harbors-zero-obtain-no-casino-queen-play-100-free-spins-subscription-free-slot-machines-immediate-enjoy HTTP/1.1" 200 35795 kenilworthcourt.com "-" "Mozilla/5.0 (compatible; AhrefsBot/7.0; +http://ahrefs.com/robot/)" "-"
3.83.76.0 - - [10/Feb/2026:05:09:37 +0000] "GET /tag/play-croco HTTP/1.1" 200 58838 kenilworthcourt.com "-" "TerraCotta https://github.com/CeramicTeam/CeramicTerracotta" "-"
198.244.168.0 - - [10/Feb/2026:05:09:48 +0000] "GET /bet-188-754/feed HTTP/1.1" 200 774 kenilworthcourt.com "-" "Mozilla/5.0 (compatible; AhrefsBot/7.0; +http://ahrefs.com/robot/)" "-"
3.83.76.0 - - [10/Feb/2026:05:09:58 +0000] "GET /category/hellspin-casino-no-deposit-bonus-516 HTTP/1.1" 200 41406 kenilworthcourt.com "-" "TerraCotta https://github.com/CeramicTeam/CeramicTerracotta" "-"
