209.235.136.0 - - [10/Feb/2026:06:01:58 +0000] "POST /wp-login.php HTTP/1.1" 200 5110 kenilworthcourt.com "https://kenilworthcourt.com/wp-login.php" "Mozilla/5.0 (Windows NT 10.0; Win64; x64) AppleWebKit/537.36 (KHTML, like Gecko) Chrome/130.0.0.0 Safari/537.36" "-"
51.195.183.0 - - [10/Feb/2026:06:02:01 +0000] "GET /phlwin-casino-381 HTTP/1.1" 200 45412 kenilworthcourt.com "-" "Mozilla/5.0 (compatible; AhrefsBot/7.0; +http://ahrefs.com/robot/)" "-"
198.244.168.0 - - [10/Feb/2026:06:02:17 +0000] "GET /angeschlossen-spielbank-via-handyrechnung-saldieren-as-four-lucky-clover-spielautomat-part-of-brd HTTP/1.1" 200 35751 kenilworthcourt.com "-" "Mozilla/5.0 (compatible; AhrefsBot/7.0; +http://ahrefs.com/robot/)" "-"
47.82.11.0 - - [10/Feb/2026:06:02:18 +0000] "GET /?p=548199026 HTTP/1.1" 429 267 kenilworthcourt.com "http://kenilworthcourt.com/" "Mozilla/5.0 (Windows NT 10.0; Win64; x64) AppleWebKit/537.36 (KHTML, like Gecko) Chrome/135.0.0.0 Safari/537.36" "-"
3.83.76.0 - - [10/Feb/2026:06:02:21 +0000] "GET /tag/20bet-apuestas HTTP/1.1" 200 92171 kenilworthcourt.com "-" "TerraCotta https://github.com/CeramicTeam/CeramicTerracotta" "-"
190.123.210.0 - - [10/Feb/2026:06:02:30 +0000] "GET /adu-builders-in-sacramento-2 HTTP/1.1" 200 188952 kenilworthcourt.com "-" "Mozilla/5.0 (Windows NT 10.0; WOW64) AppleWebKit/537.36 (KHTML, like Gecko) Chrome/114.0.0.0 Safari/537.36" "-"
198.244.168.0 - - [10/Feb/2026:06:02:31 +0000] "GET /maklercourtage-exklusive-einzahlung-15-online-casinos-via-diamonds-1-kaution-nodeposit-boni HTTP/1.1" 200 35834 kenilworthcourt.com "-" "Mozilla/5.0 (compatible; AhrefsBot/7.0; +http://ahrefs.com/robot/)" "-"
85.208.98.0 - - [10/Feb/2026:06:02:34 +0000] "GET /robots.txt HTTP/1.1" 429 267 kenilworthcourt.com "-" "Mozilla/5.0 (compatible; SemrushBot-BA; +http://www.semrush.com/bot.html)" "-"
198.244.168.0 - - [10/Feb/2026:06:02:45 +0000] "GET /kostenlose-verbunden-slots-eighteen-000-kostenfrei-slots-im-demonstration-modus HTTP/1.1" 200 37517 kenilworthcourt.com "-" "Mozilla/5.0 (compatible; AhrefsBot/7.0; +http://ahrefs.com/robot/)" "-"
3.83.76.0 - - [10/Feb/2026:06:02:58 +0000] "GET /happy-hugo-casino HTTP/1.1" 200 33123 kenilworthcourt.com "-" "TerraCotta https://github.com/CeramicTeam/CeramicTerracotta" "-"
3.83.76.0 - - [10/Feb/2026:06:02:59 +0000] "GET /exploring-the-games-and-promotions-at-spin-platinum-online-casino HTTP/1.1" 200 35141 kenilworthcourt.com "-" "TerraCotta https://github.com/CeramicTeam/CeramicTerracotta" "-"
217.154.105.0 - - [10/Feb/2026:06:02:59 +0000] "GET /wp-login.php HTTP/1.1" 200 4740 kenilworthcourt.com "-" "Mozilla/5.0 (Windows NT 10.0; Win64; x64) AppleWebKit/537.36 (KHTML, like Gecko) Chrome/130.0.0.0 Safari/537.36" "-"
198.244.242.0 - - [10/Feb/2026:06:03:03 +0000] "GET /category/slottica-logowanie-624/feed HTTP/1.1" 200 41528 kenilworthcourt.com "-" "Mozilla/5.0 (compatible; AhrefsBot/7.0; +http://ahrefs.com/robot/)" "-"
217.154.105.0 - - [10/Feb/2026:06:03:12 +0000] "POST /wp-login.php HTTP/1.1" 200 5110 kenilworthcourt.com "https://kenilworthcourt.com/wp-login.php" "Mozilla/5.0 (Windows NT 10.0; Win64; x64) AppleWebKit/537.36 (KHTML, like Gecko) Chrome/130.0.0.0 Safari/537.36" "-"
198.244.226.0 - - [10/Feb/2026:06:03:20 +0000] "GET /category/nv-kasyno-logowanie-947 HTTP/1.1" 200 61733 kenilworthcourt.com "-" "Mozilla/5.0 (compatible; AhrefsBot/7.0; +http://ahrefs.com/robot/)" "-"
3.83.76.0 - - [10/Feb/2026:06:03:22 +0000] "GET /bdmbet-casino HTTP/1.1" 200 34090 kenilworthcourt.com "-" "TerraCotta https://github.com/CeramicTeam/CeramicTerracotta" "-"
51.89.129.0 - - [10/Feb/2026:06:03:34 +0000] "GET /category/bet-188-987 HTTP/1.1" 200 67606 kenilworthcourt.com "-" "Mozilla/5.0 (compatible; AhrefsBot/7.0; +http://ahrefs.com/robot/)" "-"
3.83.76.0 - - [10/Feb/2026:06:03:37 +0000] "GET /chicken-road-29 HTTP/1.1" 200 32014 kenilworthcourt.com "-" "TerraCotta https://github.com/CeramicTeam/CeramicTerracotta" "-"
85.208.98.0 - - [10/Feb/2026:06:03:38 +0000] "GET /chino-dress-pants-k.html HTTP/1.1" 429 267 kenilworthcourt.com "-" "Mozilla/5.0 (compatible; SemrushBot-BA; +http://www.semrush.com/bot.html)" "-"
3.83.76.0 - - [10/Feb/2026:06:03:39 +0000] "GET /category/12play-singapore-457 HTTP/1.1" 200 64006 kenilworthcourt.com "-" "TerraCotta https://github.com/CeramicTeam/CeramicTerracotta" "-"
78.46.225.0 - - [10/Feb/2026:06:03:46 +0000] "GET /wp-login.php HTTP/1.1" 200 4740 kenilworthcourt.com "-" "Mozilla/5.0 (Windows NT 10.0; Win64; x64) AppleWebKit/537.36 (KHTML, like Gecko) Chrome/130.0.0.0 Safari/537.36" "-"
51.195.215.0 - - [10/Feb/2026:06:03:52 +0000] "GET /washing-car-service-437 HTTP/1.1" 200 41657 kenilworthcourt.com "-" "Mozilla/5.0 (compatible; AhrefsBot/7.0; +http://ahrefs.com/robot/)" "-"
78.46.225.0 - - [10/Feb/2026:06:03:58 +0000] "POST /wp-login.php HTTP/1.1" 200 5110 kenilworthcourt.com "https://kenilworthcourt.com/wp-login.php" "Mozilla/5.0 (Windows NT 10.0; Win64; x64) AppleWebKit/537.36 (KHTML, like Gecko) Chrome/130.0.0.0 Safari/537.36" "-"
3.83.76.0 - - [10/Feb/2026:06:03:58 +0000] "GET /category/20bet-casino-958 HTTP/1.1" 200 64967 kenilworthcourt.com "-" "TerraCotta https://github.com/CeramicTeam/CeramicTerracotta" "-"
78.46.225.0 - - [10/Feb/2026:06:03:58 +0000] "GET /wp-login.php HTTP/1.1" 200 4740 kenilworthcourt.com "-" "Mozilla/5.0 (Windows NT 10.0; Win64; x64) AppleWebKit/537.36 (KHTML, like Gecko) Chrome/130.0.0.0 Safari/537.36" "-"
85.208.98.0 - - [10/Feb/2026:06:04:02 +0000] "GET /white-floral-shirt-mens-k.html HTTP/1.1" 429 267 kenilworthcourt.com "-" "Mozilla/5.0 (compatible; SemrushBot-BA; +http://www.semrush.com/bot.html)" "-"
198.244.183.0 - - [10/Feb/2026:06:04:10 +0000] "GET /category/20bet-app-993 HTTP/1.1" 200 63795 kenilworthcourt.com "-" "Mozilla/5.0 (compatible; AhrefsBot/7.0; +http://ahrefs.com/robot/)" "-"
78.46.225.0 - - [10/Feb/2026:06:04:10 +0000] "POST /wp-login.php HTTP/1.1" 200 5110 kenilworthcourt.com "https://kenilworthcourt.com/wp-login.php" "Mozilla/5.0 (Windows NT 10.0; Win64; x64) AppleWebKit/537.36 (KHTML, like Gecko) Chrome/130.0.0.0 Safari/537.36" "-"
209.235.136.0 - - [10/Feb/2026:06:04:11 +0000] "GET /wp-login.php HTTP/1.1" 200 4740 kenilworthcourt.com "-" "Mozilla/5.0 (Windows NT 10.0; Win64; x64) AppleWebKit/537.36 (KHTML, like Gecko) Chrome/130.0.0.0 Safari/537.36" "-"
3.83.76.0 - - [10/Feb/2026:06:04:15 +0000] "GET /category/cai-shen-fishing HTTP/1.1" 200 30627 kenilworthcourt.com "-" "TerraCotta https://github.com/CeramicTeam/CeramicTerracotta" "-"
3.83.76.0 - - [10/Feb/2026:06:04:17 +0000] "GET /tag/777-tadhana-slot HTTP/1.1" 200 206477 kenilworthcourt.com "-" "TerraCotta https://github.com/CeramicTeam/CeramicTerracotta" "-"
209.235.136.0 - - [10/Feb/2026:06:04:24 +0000] "POST /wp-login.php HTTP/1.1" 200 5110 kenilworthcourt.com "https://kenilworthcourt.com/wp-login.php" "Mozilla/5.0 (Windows NT 10.0; Win64; x64) AppleWebKit/537.36 (KHTML, like Gecko) Chrome/130.0.0.0 Safari/537.36" "-"
198.244.183.0 - - [10/Feb/2026:06:04:25 +0000] "GET /phlwin-app-link-783 HTTP/1.1" 200 46546 kenilworthcourt.com "-" "Mozilla/5.0 (compatible; AhrefsBot/7.0; +http://ahrefs.com/robot/)" "-"
3.83.76.0 - - [10/Feb/2026:06:04:31 +0000] "GET /la-ruta-del-pollo-de-la-fortuna HTTP/1.1" 200 32879 kenilworthcourt.com "-" "TerraCotta https://github.com/CeramicTeam/CeramicTerracotta" "-"
85.208.98.0 - - [10/Feb/2026:06:04:33 +0000] "GET /white-casual-blazer-mens-k.html HTTP/1.1" 429 267 kenilworthcourt.com "-" "Mozilla/5.0 (compatible; SemrushBot-BA; +http://www.semrush.com/bot.html)" "-"
198.244.168.0 - - [10/Feb/2026:06:04:40 +0000] "GET /fb-777-casino-411 HTTP/1.1" 200 41154 kenilworthcourt.com "-" "Mozilla/5.0 (compatible; AhrefsBot/7.0; +http://ahrefs.com/robot/)" "-"
3.83.76.0 - - [10/Feb/2026:06:04:44 +0000] "GET /discover-the-thrills-at-ignition-casino-slots HTTP/1.1" 200 33345 kenilworthcourt.com "-" "TerraCotta https://github.com/CeramicTeam/CeramicTerracotta" "-"
104.37.190.0 - - [10/Feb/2026:06:04:52 +0000] "GET /wp-login.php HTTP/1.1" 200 4740 kenilworthcourt.com "-" "Mozilla/5.0 (Windows NT 10.0; Win64; x64) AppleWebKit/537.36 (KHTML, like Gecko) Chrome/130.0.0.0 Safari/537.36" "-"
27.118.26.0 - - [10/Feb/2026:06:04:57 +0000] "POST /xmlrpc.php HTTP/1.1" 503 339 kenilworthcourt.com "-" "Mozilla/5.0 (Windows NT 11.0; Win64; x64) AppleWebKit/537.36 (KHTML, like Gecko) Chrome/130.0.0.0 Safari/537.36" "-"
129.226.82.0 - - [10/Feb/2026:06:04:57 +0000] "POST /xmlrpc.php HTTP/1.1" 200 403 kenilworthcourt.com "-" "Mozilla/5.0 (Macintosh; Intel Mac OS X 13_6_9) AppleWebKit/605.1.15 (KHTML, like Gecko) Version/17.6 Safari/605.1.15" "-"
3.83.76.0 - - [10/Feb/2026:06:04:57 +0000] "GET /category/hellspin-kod-promocyjny-690 HTTP/1.1" 200 62024 kenilworthcourt.com "-" "TerraCotta https://github.com/CeramicTeam/CeramicTerracotta" "-"
47.82.11.0 - - [10/Feb/2026:06:04:58 +0000] "GET /?p=828773937 HTTP/1.1" 429 267 kenilworthcourt.com "http://kenilworthcourt.com/" "Mozilla/5.0 (Windows NT 10.0; Win64; x64) AppleWebKit/537.36 (KHTML, like Gecko) Chrome/133.0.0.0 Safari/537.36" "-"
3.83.76.0 - - [10/Feb/2026:06:04:58 +0000] "GET /category/news HTTP/1.1" 200 107240 kenilworthcourt.com "-" "TerraCotta https://github.com/CeramicTeam/CeramicTerracotta" "-"
3.83.76.0 - - [10/Feb/2026:06:05:00 +0000] "GET /otchego-volnenie-mozhet-byt-elementom-kreativa HTTP/1.1" 200 46235 kenilworthcourt.com "-" "TerraCotta https://github.com/CeramicTeam/CeramicTerracotta" "-"
51.195.183.0 - - [10/Feb/2026:06:05:00 +0000] "GET /washing-car-service-138/feed HTTP/1.1" 200 874 kenilworthcourt.com "-" "Mozilla/5.0 (compatible; AhrefsBot/7.0; +http://ahrefs.com/robot/)" "-"
85.208.98.0 - - [10/Feb/2026:06:05:01 +0000] "GET /mens-velvet-blazer-k.html HTTP/1.1" 429 267 kenilworthcourt.com "-" "Mozilla/5.0 (compatible; SemrushBot-BA; +http://www.semrush.com/bot.html)" "-"
185.73.130.0 - - [10/Feb/2026:06:05:05 +0000] "POST /xmlrpc.php HTTP/1.1" 503 339 kenilworthcourt.com "-" "Mozilla/5.0 (Macintosh; Intel Mac OS X 10_15_7) AppleWebKit/537.36 (KHTML, like Gecko) Chrome/129.0.6668.100 Safari/537.36" "-"
216.73.216.0 - - [10/Feb/2026:06:05:14 +0000] "GET /?p=4987 HTTP/1.1" 301 - kenilworthcourt.com "-" "Mozilla/5.0 AppleWebKit/537.36 (KHTML, like Gecko; compatible; ClaudeBot/1.0; +claudebot@anthropic.com)" "-"
216.73.216.0 - - [10/Feb/2026:06:05:14 +0000] "GET /intercity-express-spielsaal-goldbet-schweiz-login-provision-ohne-einzahlung-25-gebuhrenfrei-im-land-der-dichter-und-denker HTTP/1.1" 200 35972 kenilworthcourt.com "https://kenilworthcourt.com/?p=4987" "Mozilla/5.0 AppleWebKit/537.36 (KHTML, like Gecko; compatible; ClaudeBot/1.0; +claudebot@anthropic.com)" "-"
104.37.190.0 - - [10/Feb/2026:06:05:16 +0000] "POST /wp-login.php HTTP/1.1" 200 5110 kenilworthcourt.com "https://kenilworthcourt.com/wp-login.php" "Mozilla/5.0 (Windows NT 10.0; Win64; x64) AppleWebKit/537.36 (KHTML, like Gecko) Chrome/130.0.0.0 Safari/537.36" "-"
47.251.71.0 - - [10/Feb/2026:06:05:17 +0000] "POST /xmlrpc.php HTTP/1.1" 503 339 kenilworthcourt.com "-" "Mozilla/5.0 (Windows NT 10.0; Win64; x64) AppleWebKit/537.36 (KHTML, like Gecko) Chrome/129.0.6668.58 Safari/537.36" "-"
51.195.244.0 - - [10/Feb/2026:06:05:18 +0000] "GET /la-piattaforma-di-casino-piu-conosciuta-in-italia-e-betflag-casino HTTP/1.1" 200 39855 kenilworthcourt.com "-" "Mozilla/5.0 (compatible; AhrefsBot/7.0; +http://ahrefs.com/robot/)" "-"
85.208.98.0 - - [10/Feb/2026:06:05:24 +0000] "GET /mens-grey-chinos-k.html HTTP/1.1" 429 267 kenilworthcourt.com "-" "Mozilla/5.0 (compatible; SemrushBot-BA; +http://www.semrush.com/bot.html)" "-"
2a00:f10:400:: - - [10/Feb/2026:06:05:28 +0000] "POST /xmlrpc.php HTTP/1.1" 503 339 kenilworthcourt.com "-" "Mozilla/5.0 (Windows NT 10.0; Win64; x64) AppleWebKit/537.36 (KHTML, like Gecko) Chrome/129.0.6668.70 Safari/537.36" "-"
104.28.254.0 - - [10/Feb/2026:06:05:33 +0000] "POST /xmlrpc.php HTTP/1.1" 503 339 kenilworthcourt.com "-" "Mozilla/5.0 (Windows NT 10.0; Win64; x64) AppleWebKit/537.36 (KHTML, like Gecko) Chrome/130.0.6723.116 Safari/537.36" "-"
39.108.100.0 - - [10/Feb/2026:06:05:34 +0000] "POST /xmlrpc.php HTTP/1.1" 503 339 kenilworthcourt.com "-" "Mozilla/5.0 (Macintosh; Intel Mac OS X 10_15_7) AppleWebKit/537.36 (KHTML, like Gecko) Chrome/130.0.0.0 Safari/537.36" "-"
198.244.226.0 - - [10/Feb/2026:06:05:40 +0000] "GET /betsafe-deposit-999/feed HTTP/1.1" 200 868 kenilworthcourt.com "-" "Mozilla/5.0 (compatible; AhrefsBot/7.0; +http://ahrefs.com/robot/)" "-"
85.208.98.0 - - [10/Feb/2026:06:05:41 +0000] "GET /navy-shirt-black-pants-k.html HTTP/1.1" 429 267 kenilworthcourt.com "-" "Mozilla/5.0 (compatible; SemrushBot-BA; +http://www.semrush.com/bot.html)" "-"
3.83.76.0 - - [10/Feb/2026:06:05:48 +0000] "GET /slotlair-uk-casino-games-and-offers-online HTTP/1.1" 200 34586 kenilworthcourt.com "-" "TerraCotta https://github.com/CeramicTeam/CeramicTerracotta" "-"
51.195.215.0 - - [10/Feb/2026:06:06:02 +0000] "GET /power-of-spin-palace-casino-gods-valhalla/feed HTTP/1.1" 200 869 kenilworthcourt.com "-" "Mozilla/5.0 (compatible; AhrefsBot/7.0; +http://ahrefs.com/robot/)" "-"
3.83.76.0 - - [10/Feb/2026:06:06:11 +0000] "GET /category/188-bet-188bet-317 HTTP/1.1" 200 55918 kenilworthcourt.com "-" "TerraCotta https://github.com/CeramicTeam/CeramicTerracotta" "-"
85.208.98.0 - - [10/Feb/2026:06:06:16 +0000] "GET /mens-short-sleeve-shirts-k.html HTTP/1.1" 429 267 kenilworthcourt.com "-" "Mozilla/5.0 (compatible; SemrushBot-BA; +http://www.semrush.com/bot.html)" "-"
103.121.89.0 - - [10/Feb/2026:06:06:18 +0000] "GET /wp-login.php HTTP/1.1" 200 4740 kenilworthcourt.com "-" "Mozilla/5.0 (Windows NT 10.0; Win64; x64) AppleWebKit/537.36 (KHTML, like Gecko) Chrome/130.0.0.0 Safari/537.36" "-"
51.195.215.0 - - [10/Feb/2026:06:06:24 +0000] "GET /freispiele-ohne-einzahlung-fix-verfugbar-beste-chancen-online-casino-within-deutschland/feed HTTP/1.1" 200 1008 kenilworthcourt.com "-" "Mozilla/5.0 (compatible; AhrefsBot/7.0; +http://ahrefs.com/robot/)" "-"
103.121.89.0 - - [10/Feb/2026:06:06:30 +0000] "POST /wp-login.php HTTP/1.1" 200 5110 kenilworthcourt.com "https://kenilworthcourt.com/wp-login.php" "Mozilla/5.0 (Windows NT 10.0; Win64; x64) AppleWebKit/537.36 (KHTML, like Gecko) Chrome/130.0.0.0 Safari/537.36" "-"
66.94.119.0 - - [10/Feb/2026:06:06:32 +0000] "GET /wp-login.php HTTP/1.1" 200 4740 kenilworthcourt.com "-" "Mozilla/5.0 (Windows NT 10.0; Win64; x64) AppleWebKit/537.36 (KHTML, like Gecko) Chrome/130.0.0.0 Safari/537.36" "-"
43.173.180.0 - - [10/Feb/2026:06:06:34 +0000] "GET /kasyno-slottica-297/feed HTTP/1.1" 200 849 kenilworthcourt.com "-" "Mozilla/5.0 (Windows NT 10.0; Win64; x64) AppleWebKit/537.36 (KHTML, like Gecko) Chrome/120.0.0.0 Safari/537.36" "-"
3.83.76.0 - - [10/Feb/2026:06:06:36 +0000] "GET /emsisoft-anti-malware-portable-lifetime-x86-x64-windows HTTP/1.1" 200 116723 kenilworthcourt.com "-" "TerraCotta https://github.com/CeramicTeam/CeramicTerracotta" "-"
216.73.216.0 - - [10/Feb/2026:06:06:40 +0000] "GET /intercity-express-spielsaal-goldbet-schweiz-login-provision-ohne-einzahlung-25-gebuhrenfrei-im-land-der-dichter-und-denker/feed HTTP/1.1" 200 1112 kenilworthcourt.com "-" "Mozilla/5.0 AppleWebKit/537.36 (KHTML, like Gecko; compatible; ClaudeBot/1.0; +claudebot@anthropic.com)" "-"
3.83.76.0 - - [10/Feb/2026:06:06:40 +0000] "GET /category/zetcasino-687 HTTP/1.1" 200 77716 kenilworthcourt.com "-" "TerraCotta https://github.com/CeramicTeam/CeramicTerracotta" "-"
3.83.76.0 - - [10/Feb/2026:06:06:43 +0000] "GET /category/rtbet-promo-code-646 HTTP/1.1" 200 77838 kenilworthcourt.com "-" "TerraCotta https://github.com/CeramicTeam/CeramicTerracotta" "-"
66.94.119.0 - - [10/Feb/2026:06:06:44 +0000] "POST /wp-login.php HTTP/1.1" 200 5110 kenilworthcourt.com "https://kenilworthcourt.com/wp-login.php" "Mozilla/5.0 (Windows NT 10.0; Win64; x64) AppleWebKit/537.36 (KHTML, like Gecko) Chrome/130.0.0.0 Safari/537.36" "-"
198.244.242.0 - - [10/Feb/2026:06:06:45 +0000] "GET /crack-year-of-the-rooster-play-da-lender-again-megaways-slot-opinion-demonstration-gameburger HTTP/1.1" 200 35659 kenilworthcourt.com "-" "Mozilla/5.0 (compatible; AhrefsBot/7.0; +http://ahrefs.com/robot/)" "-"
85.208.98.0 - - [10/Feb/2026:06:06:53 +0000] "GET /robots.txt HTTP/1.1" 429 267 kenilworthcourt.com "-" "Mozilla/5.0 (compatible; SemrushBot-BA; +http://www.semrush.com/bot.html)" "-"
85.208.98.0 - - [10/Feb/2026:06:06:53 +0000] "GET /blue-jeans-light-k.html HTTP/1.1" 429 267 kenilworthcourt.com "-" "Mozilla/5.0 (compatible; SemrushBot-BA; +http://www.semrush.com/bot.html)" "-"
54.38.147.0 - - [10/Feb/2026:06:07:03 +0000] "GET /crystal-forest-slot-demo-entretenimiento-sizzling-hot-deluxe-maquina-tragamonedas-tragamonedas-de-balde/feed HTTP/1.1" 200 1055 kenilworthcourt.com "-" "Mozilla/5.0 (compatible; AhrefsBot/7.0; +http://ahrefs.com/robot/)" "-"
103.56.161.0 - - [10/Feb/2026:06:07:11 +0000] "GET /wp-login.php HTTP/1.1" 200 4740 kenilworthcourt.com "-" "Mozilla/5.0 (Windows NT 10.0; Win64; x64) AppleWebKit/537.36 (KHTML, like Gecko) Chrome/130.0.0.0 Safari/537.36" "-"
3.83.76.0 - - [10/Feb/2026:06:07:15 +0000] "GET /blazebet-casino HTTP/1.1" 200 35560 kenilworthcourt.com "-" "TerraCotta https://github.com/CeramicTeam/CeramicTerracotta" "-"
198.244.242.0 - - [10/Feb/2026:06:07:22 +0000] "GET /play-mythic-fortune-slot-demo-lightning-link-slot-machine-from-the-practical-enjoy HTTP/1.1" 200 36776 kenilworthcourt.com "-" "Mozilla/5.0 (compatible; AhrefsBot/7.0; +http://ahrefs.com/robot/)" "-"
3.83.76.0 - - [10/Feb/2026:06:07:24 +0000] "GET /gioca-per-primo-posto-alle-nuove-slot-pragmatic-su-slotsdj-casino HTTP/1.1" 200 38273 kenilworthcourt.com "-" "TerraCotta https://github.com/CeramicTeam/CeramicTerracotta" "-"
3.83.76.0 - - [10/Feb/2026:06:07:31 +0000] "GET /%cf%84%ce%bf-coin-casino-%cf%80%cf%81%ce%bf%cf%83%cf%86%ce%ad%cf%81%ce%b5%ce%b9-%ce%ad%ce%bd%ce%b1%ce%bd-%cf%83%cf%8d%ce%bc%cf%80%ce%b1%ce%bd-%ce%b4%ce%b9%ce%b1%cf%83%ce%ba%ce%ad%ce%b4%ce%b1%cf%83 HTTP/1.1" 200 56144 kenilworthcourt.com "-" "TerraCotta https://github.com/CeramicTeam/CeramicTerracotta" "-"
3.83.76.0 - - [10/Feb/2026:06:07:34 +0000] "GET /perche-il-tempo-di-reazione-e-fondamentale-per-la-sicurezza-stradale HTTP/1.1" 200 36996 kenilworthcourt.com "-" "TerraCotta https://github.com/CeramicTeam/CeramicTerracotta" "-"
51.195.244.0 - - [10/Feb/2026:06:07:39 +0000] "GET /british-status-baccarat-professional-show-crypto-bonus-casino-high-restrict-alive-dealer-on-line-festival HTTP/1.1" 200 38630 kenilworthcourt.com "-" "Mozilla/5.0 (compatible; AhrefsBot/7.0; +http://ahrefs.com/robot/)" "-"
43.229.86.0 - - [10/Feb/2026:06:07:43 +0000] "GET /wp-login.php HTTP/1.1" 200 4740 kenilworthcourt.com "-" "Mozilla/5.0 (Windows NT 10.0; Win64; x64) AppleWebKit/537.36 (KHTML, like Gecko) Chrome/130.0.0.0 Safari/537.36" "-"
3.83.76.0 - - [10/Feb/2026:06:07:50 +0000] "GET /category/20-bet-de-113 HTTP/1.1" 200 66312 kenilworthcourt.com "-" "TerraCotta https://github.com/CeramicTeam/CeramicTerracotta" "-"
51.195.183.0 - - [10/Feb/2026:06:07:53 +0000] "GET /otchego-udovolstvie-ot-protsessa-ostree-chem-ot-itoga/feed HTTP/1.1" 200 947 kenilworthcourt.com "-" "Mozilla/5.0 (compatible; AhrefsBot/7.0; +http://ahrefs.com/robot/)" "-"
43.229.86.0 - - [10/Feb/2026:06:07:55 +0000] "POST /wp-login.php HTTP/1.1" 200 5110 kenilworthcourt.com "https://kenilworthcourt.com/wp-login.php" "Mozilla/5.0 (Windows NT 10.0; Win64; x64) AppleWebKit/537.36 (KHTML, like Gecko) Chrome/130.0.0.0 Safari/537.36" "-"
2a03:2880:f800:: - - [10/Feb/2026:06:07:58 +0000] "GET /geld-speel-spelletje-munt-spel-in-nederlandse-casino-gokmachines HTTP/1.1" 404 24756 kenilworthcourt.com "-" "meta-externalagent/1.1 (+https://developers.facebook.com/docs/sharing/webmasters/crawler)" "-"
3.83.76.0 - - [10/Feb/2026:06:07:59 +0000] "GET /tag/0x44c5d251 HTTP/1.1" 200 26271 kenilworthcourt.com "-" "TerraCotta https://github.com/CeramicTeam/CeramicTerracotta" "-"
198.244.168.0 - - [10/Feb/2026:06:08:06 +0000] "GET /vegas-vulkan-300 HTTP/1.1" 200 40373 kenilworthcourt.com "-" "Mozilla/5.0 (compatible; AhrefsBot/7.0; +http://ahrefs.com/robot/)" "-"
85.208.98.0 - - [10/Feb/2026:06:08:15 +0000] "GET /peacoat-k.html HTTP/1.1" 429 267 kenilworthcourt.com "-" "Mozilla/5.0 (compatible; SemrushBot-BA; +http://www.semrush.com/bot.html)" "-"
3.83.76.0 - - [10/Feb/2026:06:08:21 +0000] "GET /the-thrill-of-winning-at-bs22-casino-slots HTTP/1.1" 200 34839 kenilworthcourt.com "-" "TerraCotta https://github.com/CeramicTeam/CeramicTerracotta" "-"
51.195.244.0 - - [10/Feb/2026:06:08:23 +0000] "GET /simple-tips-to-observe-davis-mug-finals-2024-inside-the-you-date-date-television-route-real-time-stream-for-rafael-nadals-farewell/feed HTTP/1.1" 200 1146 kenilworthcourt.com "-" "Mozilla/5.0 (compatible; AhrefsBot/7.0; +http://ahrefs.com/robot/)" "-"
85.208.98.0 - - [10/Feb/2026:06:08:37 +0000] "GET /blue-dress-shirt-k.html HTTP/1.1" 429 267 kenilworthcourt.com "-" "Mozilla/5.0 (compatible; SemrushBot-BA; +http://www.semrush.com/bot.html)" "-"
198.244.168.0 - - [10/Feb/2026:06:08:37 +0000] "GET /1win-cazinou-moldova-login-pe-site-ul-guvernamental-sa-pariuri-bonus-500 HTTP/1.1" 200 37389 kenilworthcourt.com "-" "Mozilla/5.0 (compatible; AhrefsBot/7.0; +http://ahrefs.com/robot/)" "-"
2a03:2880:3200:: - - [10/Feb/2026:06:08:38 +0000] "GET /seamless-access-enjoy-exclusive-rewards-with-a-quick-f7-casino HTTP/1.1" 200 37645 kenilworthcourt.com "-" "facebookexternalhit/1.1 (+http://www.facebook.com/externalhit_uatext.php)" "-"
2a03:2880:3200:: - - [10/Feb/2026:06:08:40 +0000] "GET /seamless-access-enjoy-exclusive-rewards-with-a-quick-f7-casino HTTP/1.1" 200 37645 kenilworthcourt.com "-" "facebookexternalhit/1.1 (+http://www.facebook.com/externalhit_uatext.php)" "-"
3.83.76.0 - - [10/Feb/2026:06:08:44 +0000] "GET /bs22-casino-roulette-strategy-guide HTTP/1.1" 200 32211 kenilworthcourt.com "-" "TerraCotta https://github.com/CeramicTeam/CeramicTerracotta" "-"
198.244.226.0 - - [10/Feb/2026:06:08:53 +0000] "GET /parimatch-casino/feed HTTP/1.1" 200 793 kenilworthcourt.com "-" "Mozilla/5.0 (compatible; AhrefsBot/7.0; +http://ahrefs.com/robot/)" "-"
66.249.68.0 - - [10/Feb/2026:06:09:08 +0000] "GET /cast-your-line-land-big-wins-with-fishin-frenzy-a-5-reel-slot/feed HTTP/1.1" 200 950 kenilworthcourt.com "-" "Mozilla/5.0 (Linux; Android 6.0.1; Nexus 5X Build/MMB29P) AppleWebKit/537.36 (KHTML, like Gecko) Chrome/144.0.7559.132 Mobile Safari/537.36 (compatible; Googlebot/2.1; +http://www.google.com/bot.html)" "-"
2a03:2880:1200:: - - [10/Feb/2026:06:09:11 +0000] "GET /seamless-access-enjoy-exclusive-rewards-with-a-quick-f7-casino HTTP/1.1" 200 37645 kenilworthcourt.com "-" "facebookexternalhit/1.1 (+http://www.facebook.com/externalhit_uatext.php)" "-"
198.244.242.0 - - [10/Feb/2026:06:09:14 +0000] "GET /ihr-echte-entzuckung-ferner-richtiger-riesenerfolg-in-was-auch-immer-push-gaming-pokie-spiele-spitze/feed HTTP/1.1" 200 1047 kenilworthcourt.com "-" "Mozilla/5.0 (compatible; AhrefsBot/7.0; +http://ahrefs.com/robot/)" "-"
142.93.68.0 - - [10/Feb/2026:06:09:19 +0000] "GET /wp-login.php HTTP/1.1" 200 4740 kenilworthcourt.com "-" "Mozilla/5.0 (Windows NT 10.0; Win64; x64) AppleWebKit/537.36 (KHTML, like Gecko) Chrome/130.0.0.0 Safari/537.36" "-"
3.83.76.0 - - [10/Feb/2026:06:09:26 +0000] "GET /les-effets-du-sermorelin-5-mg-un-peptide-prometteur HTTP/1.1" 200 30171 kenilworthcourt.com "-" "TerraCotta https://github.com/CeramicTeam/CeramicTerracotta" "-"
142.93.68.0 - - [10/Feb/2026:06:09:31 +0000] "POST /wp-login.php HTTP/1.1" 200 5110 kenilworthcourt.com "https://kenilworthcourt.com/wp-login.php" "Mozilla/5.0 (Windows NT 10.0; Win64; x64) AppleWebKit/537.36 (KHTML, like Gecko) Chrome/130.0.0.0 Safari/537.36" "-"
198.244.183.0 - - [10/Feb/2026:06:09:33 +0000] "GET /category/blog/page/3 HTTP/1.1" 200 185589 kenilworthcourt.com "-" "Mozilla/5.0 (compatible; AhrefsBot/7.0; +http://ahrefs.com/robot/)" "-"
3.83.76.0 - - [10/Feb/2026:06:09:35 +0000] "GET /hot-and-cold-slots-2 HTTP/1.1" 200 33059 kenilworthcourt.com "-" "TerraCotta https://github.com/CeramicTeam/CeramicTerracotta" "-"
3.83.76.0 - - [10/Feb/2026:06:09:36 +0000] "GET /slotmagie-casino-2 HTTP/1.1" 200 34240 kenilworthcourt.com "-" "TerraCotta https://github.com/CeramicTeam/CeramicTerracotta" "-"
3.83.76.0 - - [10/Feb/2026:06:09:37 +0000] "GET /wingaga-casino-es-tu-aliado-de-seguridad-para-ganar-online-en-espana HTTP/1.1" 200 35027 kenilworthcourt.com "-" "TerraCotta https://github.com/CeramicTeam/CeramicTerracotta" "-"
54.38.147.0 - - [10/Feb/2026:06:09:49 +0000] "GET /gamble-roulette-at-no-cost-demonstration-game-zero-obtain-or-hearts-of-vegas-online-pokie-sign-up HTTP/1.1" 200 35398 kenilworthcourt.com "-" "Mozilla/5.0 (compatible; AhrefsBot/7.0; +http://ahrefs.com/robot/)" "-"
3.83.76.0 - - [10/Feb/2026:06:10:00 +0000] "GET /tag/queen-777-casino HTTP/1.1" 200 121619 kenilworthcourt.com "-" "TerraCotta https://github.com/CeramicTeam/CeramicTerracotta" "-"
198.244.168.0 - - [10/Feb/2026:06:10:06 +0000] "GET /greatest-5-minimal-casino-royal-frog-deposit-casinos-to-own-august-2025/feed HTTP/1.1" 200 959 kenilworthcourt.com "-" "Mozilla/5.0 (compatible; AhrefsBot/7.0; +http://ahrefs.com/robot/)" "-"
198.244.226.0 - - [10/Feb/2026:06:10:24 +0000] "GET /20bet-online-giros-gratis-e-bonus-de-boas-vindas-promocoes-ativas/feed HTTP/1.1" 200 947 kenilworthcourt.com "-" "Mozilla/5.0 (compatible; AhrefsBot/7.0; +http://ahrefs.com/robot/)" "-"
3.83.76.0 - - [10/Feb/2026:06:10:26 +0000] "GET /vincispin-casino-betreten-sie-in-die-gewinnerzone-in-belgien-ein HTTP/1.1" 200 40269 kenilworthcourt.com "-" "TerraCotta https://github.com/CeramicTeam/CeramicTerracotta" "-"
3.83.76.0 - - [10/Feb/2026:06:10:27 +0000] "GET /izzi-casino-fairene-und-sichere-glucksspiel-erfahrungen-machen HTTP/1.1" 200 32398 kenilworthcourt.com "-" "TerraCotta https://github.com/CeramicTeam/CeramicTerracotta" "-"
50.6.174.0 - - [10/Feb/2026:06:10:28 +0000] "GET /wp-login.php HTTP/1.1" 200 4740 kenilworthcourt.com "-" "Mozilla/5.0 (Windows NT 10.0; Win64; x64) AppleWebKit/537.36 (KHTML, like Gecko) Chrome/130.0.0.0 Safari/537.36" "-"
198.244.168.0 - - [10/Feb/2026:06:10:43 +0000] "GET /lemon-casino-er-det-trygt-a-sette-inn-penger-og-spille/feed HTTP/1.1" 200 910 kenilworthcourt.com "-" "Mozilla/5.0 (compatible; AhrefsBot/7.0; +http://ahrefs.com/robot/)" "-"
3.83.76.0 - - [10/Feb/2026:06:10:46 +0000] "GET /category/188bet-25-reais-707 HTTP/1.1" 200 65923 kenilworthcourt.com "-" "TerraCotta https://github.com/CeramicTeam/CeramicTerracotta" "-"
216.73.216.0 - - [10/Feb/2026:06:10:48 +0000] "GET /enjoy-on-the-internet-roulette-the-real-deal-currency-from-the-finest-you-web-sites HTTP/1.1" 200 34571 kenilworthcourt.com "-" "Mozilla/5.0 AppleWebKit/537.36 (KHTML, like Gecko; compatible; ClaudeBot/1.0; +claudebot@anthropic.com)" "-"
3.83.76.0 - - [10/Feb/2026:06:10:55 +0000] "GET /tag/betsafe-jackpot HTTP/1.1" 200 57192 kenilworthcourt.com "-" "TerraCotta https://github.com/CeramicTeam/CeramicTerracotta" "-"
3.83.76.0 - - [10/Feb/2026:06:10:58 +0000] "GET /reel-wins-at-jackpot-city-casino HTTP/1.1" 200 34479 kenilworthcourt.com "-" "TerraCotta https://github.com/CeramicTeam/CeramicTerracotta" "-"
3.83.76.0 - - [10/Feb/2026:06:11:00 +0000] "GET /zdobadz-bonusowe-spiny-i-natychmiastowe-nagrody-w-kasynie-safe HTTP/1.1" 200 39263 kenilworthcourt.com "-" "TerraCotta https://github.com/CeramicTeam/CeramicTerracotta" "-"
103.255.134.0 - - [10/Feb/2026:06:11:02 +0000] "GET /wp-login.php HTTP/1.1" 200 4740 kenilworthcourt.com "-" "Mozilla/5.0 (Windows NT 10.0; Win64; x64) AppleWebKit/537.36 (KHTML, like Gecko) Chrome/130.0.0.0 Safari/537.36" "-"
198.244.242.0 - - [10/Feb/2026:06:11:05 +0000] "GET /spinago-casino HTTP/1.1" 200 33380 kenilworthcourt.com "-" "Mozilla/5.0 (compatible; AhrefsBot/7.0; +http://ahrefs.com/robot/)" "-"
85.208.98.0 - - [10/Feb/2026:06:11:06 +0000] "GET /winter-shirts-k.html HTTP/1.1" 429 267 kenilworthcourt.com "-" "Mozilla/5.0 (compatible; SemrushBot-BA; +http://www.semrush.com/bot.html)" "-"
103.255.134.0 - - [10/Feb/2026:06:11:14 +0000] "POST /wp-login.php HTTP/1.1" 200 5110 kenilworthcourt.com "https://kenilworthcourt.com/wp-login.php" "Mozilla/5.0 (Windows NT 10.0; Win64; x64) AppleWebKit/537.36 (KHTML, like Gecko) Chrome/130.0.0.0 Safari/537.36" "-"
198.244.168.0 - - [10/Feb/2026:06:11:21 +0000] "GET /cyrus-the-herpes-50-no-deposit-spins-disco-fever-virus-demo-enjoy-free-slots-from-the-higher-com/feed HTTP/1.1" 200 1033 kenilworthcourt.com "-" "Mozilla/5.0 (compatible; AhrefsBot/7.0; +http://ahrefs.com/robot/)" "-"
23.92.16.0 - - [10/Feb/2026:06:11:32 +0000] "GET /feed HTTP/1.1" 304 - kenilworthcourt.com "-" "MuckRackFeedParser/1.0 +https://muckrack.com" "-"
85.208.98.0 - - [10/Feb/2026:06:11:34 +0000] "GET /mens-floral-dress-shirts-k.html HTTP/1.1" 429 267 kenilworthcourt.com "-" "Mozilla/5.0 (compatible; SemrushBot-BA; +http://www.semrush.com/bot.html)" "-"
43.173.176.0 - - [10/Feb/2026:06:11:34 +0000] "GET /tag/fb777-win HTTP/1.1" 200 161717 kenilworthcourt.com "-" "Mozilla/5.0 (Windows NT 10.0; Win64; x64) AppleWebKit/537.36 (KHTML, like Gecko) Chrome/117.0.0.0 Safari/537.36" "-"
113.182.113.0 - - [10/Feb/2026:06:11:35 +0000] "GET /bizzo-casino-promo-code-804 HTTP/1.1" 200 39992 kenilworthcourt.com "-" "Mozilla/5.0 (Windows NT 6.1; Win64; x64) AppleWebKit/537.36 (KHTML, like Gecko) Chrome/92.0.4515.131 Safari/537.36" "-"
198.244.183.0 - - [10/Feb/2026:06:11:36 +0000] "GET /davinci-journey-flirt-kostenlose-spins-keine-einzahlung-diamonds-testbericht-besorgen-eltern-gegenseitig-pramie/feed HTTP/1.1" 200 1079 kenilworthcourt.com "-" "Mozilla/5.0 (compatible; AhrefsBot/7.0; +http://ahrefs.com/robot/)" "-"
94.72.107.0 - - [10/Feb/2026:06:11:44 +0000] "GET /wp-login.php HTTP/1.1" 200 4740 kenilworthcourt.com "-" "Mozilla/5.0 (Windows NT 10.0; Win64; x64) AppleWebKit/537.36 (KHTML, like Gecko) Chrome/130.0.0.0 Safari/537.36" "-"
3.83.76.0 - - [10/Feb/2026:06:11:46 +0000] "GET /gewinner-bei-dendera-casino HTTP/1.1" 200 33972 kenilworthcourt.com "-" "TerraCotta https://github.com/CeramicTeam/CeramicTerracotta" "-"
51.89.129.0 - - [10/Feb/2026:06:11:53 +0000] "GET /betsafe-casinos-461 HTTP/1.1" 200 41485 kenilworthcourt.com "-" "Mozilla/5.0 (compatible; AhrefsBot/7.0; +http://ahrefs.com/robot/)" "-"
3.83.76.0 - - [10/Feb/2026:06:11:56 +0000] "GET /category/hellspin-kasyno-141 HTTP/1.1" 200 59807 kenilworthcourt.com "-" "TerraCotta https://github.com/CeramicTeam/CeramicTerracotta" "-"
198.244.242.0 - - [10/Feb/2026:06:12:11 +0000] "GET /tag/partycasino-entrar/feed HTTP/1.1" 200 18204 kenilworthcourt.com "-" "Mozilla/5.0 (compatible; AhrefsBot/7.0; +http://ahrefs.com/robot/)" "-"
85.208.98.0 - - [10/Feb/2026:06:12:11 +0000] "GET /white-fitted-jacket-sale-k.html HTTP/1.1" 429 267 kenilworthcourt.com "-" "Mozilla/5.0 (compatible; SemrushBot-BA; +http://www.semrush.com/bot.html)" "-"
14.191.43.0 - - [10/Feb/2026:06:12:16 +0000] "GET /category/8xbet-download-787 HTTP/1.1" 200 63547 kenilworthcourt.com "-" "Mozilla/5.0 (Macintosh; Intel Mac OS X 10_11_6) AppleWebKit/537.36 (KHTML, like Gecko) Brave Chrome/79.0.3945.88 Safari/537.36" "-"
51.195.183.0 - - [10/Feb/2026:06:12:30 +0000] "GET /black-jack-online-for-real-money-during-the-bovada-casino/feed HTTP/1.1" 200 916 kenilworthcourt.com "-" "Mozilla/5.0 (compatible; AhrefsBot/7.0; +http://ahrefs.com/robot/)" "-"
3.83.76.0 - - [10/Feb/2026:06:12:33 +0000] "GET /stake-casino-2 HTTP/1.1" 200 32245 kenilworthcourt.com "-" "TerraCotta https://github.com/CeramicTeam/CeramicTerracotta" "-"
92.205.20.0 - - [10/Feb/2026:06:12:34 +0000] "GET /wp-login.php HTTP/1.1" 200 4740 kenilworthcourt.com "-" "Mozilla/5.0 (Windows NT 10.0; Win64; x64) AppleWebKit/537.36 (KHTML, like Gecko) Chrome/130.0.0.0 Safari/537.36" "-"
66.249.68.0 - - [10/Feb/2026:06:12:36 +0000] "GET /adrenalin-spannung-zufall-so-funktioniert-plinko-casino-und HTTP/1.1" 200 40761 kenilworthcourt.com "-" "Mozilla/5.0 (Linux; Android 6.0.1; Nexus 5X Build/MMB29P) AppleWebKit/537.36 (KHTML, like Gecko) Chrome/144.0.7559.132 Mobile Safari/537.36 (compatible; Googlebot/2.1; +http://www.google.com/bot.html)" "-"
85.208.98.0 - - [10/Feb/2026:06:12:39 +0000] "GET /robots.txt HTTP/1.1" 429 267 kenilworthcourt.com "-" "Mozilla/5.0 (compatible; SemrushBot-BA; +http://www.semrush.com/bot.html)" "-"
92.205.20.0 - - [10/Feb/2026:06:12:46 +0000] "POST /wp-login.php HTTP/1.1" 200 5110 kenilworthcourt.com "https://kenilworthcourt.com/wp-login.php" "Mozilla/5.0 (Windows NT 10.0; Win64; x64) AppleWebKit/537.36 (KHTML, like Gecko) Chrome/130.0.0.0 Safari/537.36" "-"
92.205.175.0 - - [10/Feb/2026:06:12:46 +0000] "GET /wp-login.php HTTP/1.1" 200 4740 kenilworthcourt.com "-" "Mozilla/5.0 (Windows NT 10.0; Win64; x64) AppleWebKit/537.36 (KHTML, like Gecko) Chrome/130.0.0.0 Safari/537.36" "-"
198.244.242.0 - - [10/Feb/2026:06:12:47 +0000] "GET /pochemu-individy-tsenjat-emotsii-dazhe-neprijatnye/feed HTTP/1.1" 200 929 kenilworthcourt.com "-" "Mozilla/5.0 (compatible; AhrefsBot/7.0; +http://ahrefs.com/robot/)" "-"
85.208.98.0 - - [10/Feb/2026:06:12:56 +0000] "GET /shirts-online-k.html HTTP/1.1" 429 267 kenilworthcourt.com "-" "Mozilla/5.0 (compatible; SemrushBot-BA; +http://www.semrush.com/bot.html)" "-"
2a03:2880:f800:: - - [10/Feb/2026:06:12:56 +0000] "GET /fliegerlegenden-mobile-casino-spiel-fur-slots-fans HTTP/1.1" 200 34329 kenilworthcourt.com "-" "meta-externalagent/1.1 (+https://developers.facebook.com/docs/sharing/webmasters/crawler)" "-"
92.205.175.0 - - [10/Feb/2026:06:12:58 +0000] "POST /wp-login.php HTTP/1.1" 200 5110 kenilworthcourt.com "https://kenilworthcourt.com/wp-login.php" "Mozilla/5.0 (Windows NT 10.0; Win64; x64) AppleWebKit/537.36 (KHTML, like Gecko) Chrome/130.0.0.0 Safari/537.36" "-"
3.83.76.0 - - [10/Feb/2026:06:13:00 +0000] "GET /tag/0xbb16d5b4 HTTP/1.1" 200 26280 kenilworthcourt.com "-" "TerraCotta https://github.com/CeramicTeam/CeramicTerracotta" "-"
85.208.98.0 - - [10/Feb/2026:06:13:00 +0000] "GET /robots.txt HTTP/1.1" 429 267 kenilworthcourt.com "-" "Mozilla/5.0 (compatible; SemrushBot-BA; +http://www.semrush.com/bot.html)" "-"
198.244.242.0 - - [10/Feb/2026:06:13:01 +0000] "GET /category/yukon-gold-casino-app-916 HTTP/1.1" 200 68203 kenilworthcourt.com "-" "Mozilla/5.0 (compatible; AhrefsBot/7.0; +http://ahrefs.com/robot/)" "-"
3.83.76.0 - - [10/Feb/2026:06:13:02 +0000] "GET /category/20-bet-tv-login-207 HTTP/1.1" 200 66299 kenilworthcourt.com "-" "TerraCotta https://github.com/CeramicTeam/CeramicTerracotta" "-"
51.89.129.0 - - [10/Feb/2026:06:13:19 +0000] "GET /tag/playcroco-mobile-casino/feed HTTP/1.1" 200 33757 kenilworthcourt.com "-" "Mozilla/5.0 (compatible; AhrefsBot/7.0; +http://ahrefs.com/robot/)" "-"
3.83.76.0 - - [10/Feb/2026:06:13:21 +0000] "GET /tag/slottica-jak-usunac-konto HTTP/1.1" 200 93362 kenilworthcourt.com "-" "TerraCotta https://github.com/CeramicTeam/CeramicTerracotta" "-"
3.83.76.0 - - [10/Feb/2026:06:13:25 +0000] "GET /kingbilly-win-casino-gaming-experience-review-guide HTTP/1.1" 200 33737 kenilworthcourt.com "-" "TerraCotta https://github.com/CeramicTeam/CeramicTerracotta" "-"
85.208.98.0 - - [10/Feb/2026:06:13:34 +0000] "GET /rintraccia-ordine-adidas-k.html HTTP/1.1" 429 267 kenilworthcourt.com "-" "Mozilla/5.0 (compatible; SemrushBot-BA; +http://www.semrush.com/bot.html)" "-"
176.126.172.0 - - [10/Feb/2026:06:13:34 +0000] "GET /wp-login.php HTTP/1.1" 200 4740 kenilworthcourt.com "-" "Mozilla/5.0 (Windows NT 10.0; Win64; x64) AppleWebKit/537.36 (KHTML, like Gecko) Chrome/130.0.0.0 Safari/537.36" "-"
198.244.168.0 - - [10/Feb/2026:06:13:35 +0000] "GET /partycasino-bonus-code-10e-637/feed HTTP/1.1" 200 881 kenilworthcourt.com "-" "Mozilla/5.0 (compatible; AhrefsBot/7.0; +http://ahrefs.com/robot/)" "-"
176.126.172.0 - - [10/Feb/2026:06:13:46 +0000] "POST /wp-login.php HTTP/1.1" 200 5110 kenilworthcourt.com "https://kenilworthcourt.com/wp-login.php" "Mozilla/5.0 (Windows NT 10.0; Win64; x64) AppleWebKit/537.36 (KHTML, like Gecko) Chrome/130.0.0.0 Safari/537.36" "-"
198.244.240.0 - - [10/Feb/2026:06:13:51 +0000] "GET /better-online-black-jack-websites-inside-2025-gamble-black-jack-on-the-internet/feed HTTP/1.1" 200 982 kenilworthcourt.com "-" "Mozilla/5.0 (compatible; AhrefsBot/7.0; +http://ahrefs.com/robot/)" "-"
3.83.76.0 - - [10/Feb/2026:06:13:56 +0000] "GET /how-to-play-casino-at-online-casinos-h2-understanding-the-online-casino-landscape-h2-p-online-casinos-have-revolutionized-the-gambling-experience-providing-players-with-access-to-a-vast-array-of-games HTTP/1.1" 200 46472 kenilworthcourt.com "-" "TerraCotta https://github.com/CeramicTeam/CeramicTerracotta" "-"
51.195.183.0 - - [10/Feb/2026:06:14:07 +0000] "GET /publikasyon-ng-online-na-casino-propesyonal-na-pagsusuri-at-rating-ng-sarili-bons-casino-login-mobile-mong-best-gambling-web-site-sa-loob-ng-2025 HTTP/1.1" 200 39265 kenilworthcourt.com "-" "Mozilla/5.0 (compatible; AhrefsBot/7.0; +http://ahrefs.com/robot/)" "-"
3.83.76.0 - - [10/Feb/2026:06:14:08 +0000] "GET /dvd-cloner-portable-product-key-lifetime-x86x64-latest-filecr HTTP/1.1" 200 101446 kenilworthcourt.com "-" "TerraCotta https://github.com/CeramicTeam/CeramicTerracotta" "-"
107.152.32.0 - - [10/Feb/2026:06:14:08 +0000] "GET /best-us-casinos-2025-greatest-casinos-on-the-internet-for-people-people HTTP/1.1" 200 37548 kenilworthcourt.com "https://kenilworthcourt.com/" "Mozilla/5.0 (Windows NT 10.0; WOW64) AppleWebKit/537.36 (KHTML, like Gecko) Chrome/114.0.0.0 Safari/537.36 Vivaldi/5.3.2679.68" "-"
107.152.32.0 - - [10/Feb/2026:06:14:09 +0000] "GET /?p=13940 HTTP/1.1" 301 - kenilworthcourt.com "https://kenilworthcourt.com/best-us-casinos-2025-greatest-casinos-on-the-internet-for-people-people" "Mozilla/5.0 (Windows NT 10.0; WOW64) AppleWebKit/537.36 (KHTML, like Gecko) Chrome/114.0.0.0 Safari/537.36 Vivaldi/5.3.2679.68" "-"
97.74.84.0 - - [10/Feb/2026:06:14:09 +0000] "GET /wp-login.php HTTP/1.1" 200 4740 kenilworthcourt.com "-" "Mozilla/5.0 (Windows NT 10.0; Win64; x64) AppleWebKit/537.36 (KHTML, like Gecko) Chrome/130.0.0.0 Safari/537.36" "-"
107.152.32.0 - - [10/Feb/2026:06:14:10 +0000] "GET /best-us-casinos-2025-greatest-casinos-on-the-internet-for-people-people HTTP/1.1" 200 37548 kenilworthcourt.com "https://kenilworthcourt.com/?p=13940" "Mozilla/5.0 (Windows NT 10.0; WOW64) AppleWebKit/537.36 (KHTML, like Gecko) Chrome/114.0.0.0 Safari/537.36 Vivaldi/5.3.2679.68" "-"
97.74.84.0 - - [10/Feb/2026:06:14:21 +0000] "POST /wp-login.php HTTP/1.1" 200 5110 kenilworthcourt.com "https://kenilworthcourt.com/wp-login.php" "Mozilla/5.0 (Windows NT 10.0; Win64; x64) AppleWebKit/537.36 (KHTML, like Gecko) Chrome/130.0.0.0 Safari/537.36" "-"
51.195.244.0 - - [10/Feb/2026:06:14:23 +0000] "GET /gambling-establishment-castle-a-dr-bet-log-in-hundred-free-revolves-and-you-can-ten-no-deposit-added-bonus HTTP/1.1" 200 38074 kenilworthcourt.com "-" "Mozilla/5.0 (compatible; AhrefsBot/7.0; +http://ahrefs.com/robot/)" "-"
85.208.98.0 - - [10/Feb/2026:06:14:25 +0000] "GET /sport-specialist-lacoste-k.html HTTP/1.1" 429 267 kenilworthcourt.com "-" "Mozilla/5.0 (compatible; SemrushBot-BA; +http://www.semrush.com/bot.html)" "-"
3.83.76.0 - - [10/Feb/2026:06:14:36 +0000] "GET /het-effect-van-stimulerende-middelen-op-focus-en-concentratie HTTP/1.1" 200 29516 kenilworthcourt.com "-" "TerraCotta https://github.com/CeramicTeam/CeramicTerracotta" "-"
85.208.98.0 - - [10/Feb/2026:06:14:37 +0000] "GET /orologio-invicta-vintage-amazon-k.html HTTP/1.1" 429 267 kenilworthcourt.com "-" "Mozilla/5.0 (compatible; SemrushBot-BA; +http://www.semrush.com/bot.html)" "-"
198.244.242.0 - - [10/Feb/2026:06:14:40 +0000] "GET /best-a-real-income-online-casinos-inside-canada-august-2025/feed HTTP/1.1" 200 922 kenilworthcourt.com "-" "Mozilla/5.0 (compatible; AhrefsBot/7.0; +http://ahrefs.com/robot/)" "-"
208.109.231.0 - - [10/Feb/2026:06:14:41 +0000] "GET /wp-login.php HTTP/1.1" 200 4740 kenilworthcourt.com "-" "Mozilla/5.0 (Windows NT 10.0; Win64; x64) AppleWebKit/537.36 (KHTML, like Gecko) Chrome/130.0.0.0 Safari/537.36" "-"
3.83.76.0 - - [10/Feb/2026:06:14:45 +0000] "GET /tag/bizzo-casino-no-deposit-bonus HTTP/1.1" 200 66821 kenilworthcourt.com "-" "TerraCotta https://github.com/CeramicTeam/CeramicTerracotta" "-"
51.195.215.0 - - [10/Feb/2026:06:15:02 +0000] "GET /0x1c8c5b6a-22/feed HTTP/1.1" 200 781 kenilworthcourt.com "-" "Mozilla/5.0 (compatible; AhrefsBot/7.0; +http://ahrefs.com/robot/)" "-"
3.83.76.0 - - [10/Feb/2026:06:15:05 +0000] "GET /category/20bet-reviews-305 HTTP/1.1" 200 69236 kenilworthcourt.com "-" "TerraCotta https://github.com/CeramicTeam/CeramicTerracotta" "-"
208.109.231.0 - - [10/Feb/2026:06:15:05 +0000] "POST /wp-login.php HTTP/1.1" 200 5110 kenilworthcourt.com "https://kenilworthcourt.com/wp-login.php" "Mozilla/5.0 (Windows NT 10.0; Win64; x64) AppleWebKit/537.36 (KHTML, like Gecko) Chrome/130.0.0.0 Safari/537.36" "-"
3.83.76.0 - - [10/Feb/2026:06:15:07 +0000] "GET /canplay-casino-roulette-experience HTTP/1.1" 200 31812 kenilworthcourt.com "-" "TerraCotta https://github.com/CeramicTeam/CeramicTerracotta" "-"
3.83.76.0 - - [10/Feb/2026:06:15:15 +0000] "GET /category/phlwin-login-453 HTTP/1.1" 200 66042 kenilworthcourt.com "-" "TerraCotta https://github.com/CeramicTeam/CeramicTerracotta" "-"
85.208.98.0 - - [10/Feb/2026:06:15:17 +0000] "GET /robots.txt HTTP/1.1" 429 267 kenilworthcourt.com "-" "Mozilla/5.0 (compatible; SemrushBot-BA; +http://www.semrush.com/bot.html)" "-"
51.195.244.0 - - [10/Feb/2026:06:15:20 +0000] "GET /kakadu-casino/feed HTTP/1.1" 200 784 kenilworthcourt.com "-" "Mozilla/5.0 (compatible; AhrefsBot/7.0; +http://ahrefs.com/robot/)" "-"
3.83.76.0 - - [10/Feb/2026:06:15:35 +0000] "GET /effet-des-steroides-sur-le-metabolisme HTTP/1.1" 200 29951 kenilworthcourt.com "-" "TerraCotta https://github.com/CeramicTeam/CeramicTerracotta" "-"
51.195.183.0 - - [10/Feb/2026:06:15:40 +0000] "GET /eierweg-zum-jackpot-auf-dem-hahnstrase-slotmaschinen-circuit-chicken-road/feed HTTP/1.1" 200 965 kenilworthcourt.com "-" "Mozilla/5.0 (compatible; AhrefsBot/7.0; +http://ahrefs.com/robot/)" "-"
3.83.76.0 - - [10/Feb/2026:06:15:52 +0000] "GET /tag/energykasyno HTTP/1.1" 200 134745 kenilworthcourt.com "-" "TerraCotta https://github.com/CeramicTeam/CeramicTerracotta" "-"
3.83.76.0 - - [10/Feb/2026:06:15:59 +0000] "GET /category/888-starz-bet-631 HTTP/1.1" 200 64963 kenilworthcourt.com "-" "TerraCotta https://github.com/CeramicTeam/CeramicTerracotta" "-"
198.244.226.0 - - [10/Feb/2026:06:16:03 +0000] "GET /0x1c8c5b6a-10/feed HTTP/1.1" 200 781 kenilworthcourt.com "-" "Mozilla/5.0 (compatible; AhrefsBot/7.0; +http://ahrefs.com/robot/)" "-"
193.36.225.0 - - [10/Feb/2026:06:16:12 +0000] "POST /wp-login.php HTTP/1.1" 200 5110 kenilworthcourt.com "-" "Mozilla/5.0" "-"
37.140.223.0 - - [10/Feb/2026:06:16:12 +0000] "POST /wp-login.php HTTP/1.1" 200 5162 kenilworthcourt.com "-" "Mozilla/5.0" "-"
66.249.68.0 - - [10/Feb/2026:06:16:17 +0000] "GET /apisteftes-nikes-diaskedasi-h-spinmama-allazei-ton-tropo-poy HTTP/1.1" 200 40005 kenilworthcourt.com "-" "Mozilla/5.0 (Linux; Android 6.0.1; Nexus 5X Build/MMB29P) AppleWebKit/537.36 (KHTML, like Gecko) Chrome/144.0.7559.132 Mobile Safari/537.36 (compatible; Googlebot/2.1; +http://www.google.com/bot.html)" "-"
3.83.76.0 - - [10/Feb/2026:06:16:20 +0000] "GET /category/phlwin-ph-240 HTTP/1.1" 200 77412 kenilworthcourt.com "-" "TerraCotta https://github.com/CeramicTeam/CeramicTerracotta" "-"
3.83.76.0 - - [10/Feb/2026:06:16:24 +0000] "GET /warum-deutsche-spieler-lemon-casino-so-moegen HTTP/1.1" 200 34847 kenilworthcourt.com "-" "TerraCotta https://github.com/CeramicTeam/CeramicTerracotta" "-"
198.244.183.0 - - [10/Feb/2026:06:16:25 +0000] "GET /0x1c8c5b6a-12/feed HTTP/1.1" 200 781 kenilworthcourt.com "-" "Mozilla/5.0 (compatible; AhrefsBot/7.0; +http://ahrefs.com/robot/)" "-"
103.255.134.0 - - [10/Feb/2026:06:16:35 +0000] "GET /wp-login.php HTTP/1.1" 200 4740 kenilworthcourt.com "-" "Mozilla/5.0 (Windows NT 10.0; Win64; x64) AppleWebKit/537.36 (KHTML, like Gecko) Chrome/130.0.0.0 Safari/537.36" "-"
85.208.98.0 - - [10/Feb/2026:06:16:41 +0000] "GET /orologio-baby-flash-amazon-k.html HTTP/1.1" 429 267 kenilworthcourt.com "-" "Mozilla/5.0 (compatible; SemrushBot-BA; +http://www.semrush.com/bot.html)" "-"
3.83.76.0 - - [10/Feb/2026:06:16:46 +0000] "GET /tag/20bet-erfahrungen HTTP/1.1" 200 101119 kenilworthcourt.com "-" "TerraCotta https://github.com/CeramicTeam/CeramicTerracotta" "-"
51.195.244.0 - - [10/Feb/2026:06:16:48 +0000] "GET /tag/tala888-games/feed HTTP/1.1" 200 64299 kenilworthcourt.com "-" "Mozilla/5.0 (compatible; AhrefsBot/7.0; +http://ahrefs.com/robot/)" "-"
3.83.76.0 - - [10/Feb/2026:06:16:52 +0000] "GET /tag/20bet-play HTTP/1.1" 200 155742 kenilworthcourt.com "-" "TerraCotta https://github.com/CeramicTeam/CeramicTerracotta" "-"
103.255.134.0 - - [10/Feb/2026:06:16:59 +0000] "POST /wp-login.php HTTP/1.1" 200 5110 kenilworthcourt.com "https://kenilworthcourt.com/wp-login.php" "Mozilla/5.0 (Windows NT 10.0; Win64; x64) AppleWebKit/537.36 (KHTML, like Gecko) Chrome/130.0.0.0 Safari/537.36" "-"
51.255.148.0 - - [10/Feb/2026:06:17:00 +0000] "GET /wp-login.php HTTP/1.1" 200 4740 kenilworthcourt.com "-" "Mozilla/5.0 (Windows NT 10.0; Win64; x64) AppleWebKit/537.36 (KHTML, like Gecko) Chrome/130.0.0.0 Safari/537.36" "-"
54.38.147.0 - - [10/Feb/2026:06:17:09 +0000] "GET /vainqueurs-de-lolympe-casino-les-plus-grandes-machines-a-sous-en-ligne/feed HTTP/1.1" 200 958 kenilworthcourt.com "-" "Mozilla/5.0 (compatible; AhrefsBot/7.0; +http://ahrefs.com/robot/)" "-"
51.255.148.0 - - [10/Feb/2026:06:17:13 +0000] "POST /wp-login.php HTTP/1.1" 200 5110 kenilworthcourt.com "https://kenilworthcourt.com/wp-login.php" "Mozilla/5.0 (Windows NT 10.0; Win64; x64) AppleWebKit/537.36 (KHTML, like Gecko) Chrome/130.0.0.0 Safari/537.36" "-"
116.118.2.0 - - [10/Feb/2026:06:17:15 +0000] "GET /wp-login.php HTTP/1.1" 200 4740 kenilworthcourt.com "-" "Mozilla/5.0 (Windows NT 10.0; Win64; x64) AppleWebKit/537.36 (KHTML, like Gecko) Chrome/130.0.0.0 Safari/537.36" "-"
85.208.98.0 - - [10/Feb/2026:06:17:24 +0000] "GET /cronografo-michael-kors-k.html HTTP/1.1" 429 267 kenilworthcourt.com "-" "Mozilla/5.0 (compatible; SemrushBot-BA; +http://www.semrush.com/bot.html)" "-"
116.118.2.0 - - [10/Feb/2026:06:17:27 +0000] "POST /wp-login.php HTTP/1.1" 200 5110 kenilworthcourt.com "https://kenilworthcourt.com/wp-login.php" "Mozilla/5.0 (Windows NT 10.0; Win64; x64) AppleWebKit/537.36 (KHTML, like Gecko) Chrome/130.0.0.0 Safari/537.36" "-"
51.195.215.0 - - [10/Feb/2026:06:17:28 +0000] "GET /tag/20-bet-casino/page/3 HTTP/1.1" 200 160595 kenilworthcourt.com "-" "Mozilla/5.0 (compatible; AhrefsBot/7.0; +http://ahrefs.com/robot/)" "-"
185.221.37.0 - - [10/Feb/2026:06:17:31 +0000] "GET /wp-login.php HTTP/1.1" 200 4740 kenilworthcourt.com "-" "Mozilla/5.0 (Windows NT 10.0; Win64; x64) AppleWebKit/537.36 (KHTML, like Gecko) Chrome/130.0.0.0 Safari/537.36" "-"
185.221.37.0 - - [10/Feb/2026:06:17:43 +0000] "POST /wp-login.php HTTP/1.1" 200 5110 kenilworthcourt.com "https://kenilworthcourt.com/wp-login.php" "Mozilla/5.0 (Windows NT 10.0; Win64; x64) AppleWebKit/537.36 (KHTML, like Gecko) Chrome/130.0.0.0 Safari/537.36" "-"
3.83.76.0 - - [10/Feb/2026:06:17:48 +0000] "GET /tag/188bet-vao-bong HTTP/1.1" 200 177068 kenilworthcourt.com "-" "TerraCotta https://github.com/CeramicTeam/CeramicTerracotta" "-"
198.244.226.0 - - [10/Feb/2026:06:17:48 +0000] "GET /app-con-inteligencia-wifi-gestiona-maritime-maidens-ranura-en-linea-su-red-wifi-es-regalado/feed HTTP/1.1" 200 1022 kenilworthcourt.com "-" "Mozilla/5.0 (compatible; AhrefsBot/7.0; +http://ahrefs.com/robot/)" "-"
57.128.2.0 - - [10/Feb/2026:06:17:49 +0000] "GET /wp-login.php HTTP/1.1" 200 4740 kenilworthcourt.com "-" "Mozilla/5.0 (Windows NT 10.0; Win64; x64) AppleWebKit/537.36 (KHTML, like Gecko) Chrome/130.0.0.0 Safari/537.36" "-"
57.128.2.0 - - [10/Feb/2026:06:18:01 +0000] "POST /wp-login.php HTTP/1.1" 200 5110 kenilworthcourt.com "https://kenilworthcourt.com/wp-login.php" "Mozilla/5.0 (Windows NT 10.0; Win64; x64) AppleWebKit/537.36 (KHTML, like Gecko) Chrome/130.0.0.0 Safari/537.36" "-"
54.38.147.0 - - [10/Feb/2026:06:18:09 +0000] "GET /casino-online-dinero-real-como-empezar-a-jugar-20/feed HTTP/1.1" 200 1472 kenilworthcourt.com "-" "Mozilla/5.0 (compatible; AhrefsBot/7.0; +http://ahrefs.com/robot/)" "-"
3.83.76.0 - - [10/Feb/2026:06:18:11 +0000] "GET /vulkan-vegas-casino-experience-the-thrill-of-slot-machines-and-online-gaming HTTP/1.1" 200 34752 kenilworthcourt.com "-" "TerraCotta https://github.com/CeramicTeam/CeramicTerracotta" "-"
57.130.20.0 - - [10/Feb/2026:06:18:22 +0000] "GET /wp-login.php HTTP/1.1" 200 4740 kenilworthcourt.com "-" "Mozilla/5.0 (Windows NT 10.0; Win64; x64) AppleWebKit/537.36 (KHTML, like Gecko) Chrome/130.0.0.0 Safari/537.36" "-"
198.244.242.0 - - [10/Feb/2026:06:18:30 +0000] "GET /table-limits-inside-the-blackjack-guide-to-on-the-internet-21-max-casino-trada-minute-bets/feed HTTP/1.1" 200 1022 kenilworthcourt.com "-" "Mozilla/5.0 (compatible; AhrefsBot/7.0; +http://ahrefs.com/robot/)" "-"
3.83.76.0 - - [10/Feb/2026:06:18:30 +0000] "GET /glucksspielangebote-bei-der-spielbank-baden-baden-in-deutschland-erortert HTTP/1.1" 200 33616 kenilworthcourt.com "-" "TerraCotta https://github.com/CeramicTeam/CeramicTerracotta" "-"
17.22.253.0 - - [10/Feb/2026:06:18:43 +0000] "GET / HTTP/1.1" 200 32153 kenilworthcourt.com "-" "Mozilla/5.0 (Macintosh; Intel Mac OS X 10_15_7) AppleWebKit/605.1.15 (KHTML, like Gecko) Version/17.4 Safari/605.1.15 (Applebot/0.1; +http://www.apple.com/go/applebot)" "-"
17.22.253.0 - - [10/Feb/2026:06:18:44 +0000] "GET /?e=sac-eastpak-cactus-p-onNL7Psk HTTP/1.1" 301 308 kenilworthcourt.com "-" "Mozilla/5.0 (Macintosh; Intel Mac OS X 10_15_7) AppleWebKit/605.1.15 (KHTML, like Gecko) Version/17.4 Safari/605.1.15 (Applebot/0.1; +http://www.apple.com/go/applebot)" "-"
17.22.253.0 - - [10/Feb/2026:06:18:44 +0000] "GET /?e=sac-eastpak-cactus-p-onNL7Psk HTTP/1.1" 200 32185 kenilworthcourt.com "-" "Mozilla/5.0 (Macintosh; Intel Mac OS X 10_15_7) AppleWebKit/605.1.15 (KHTML, like Gecko) Version/17.4 Safari/605.1.15 (Applebot/0.1; +http://www.apple.com/go/applebot)" "-"
