3.83.76.0 - - [10/Feb/2026:03:46:43 +0000] "GET /drumul-pasarilor-de-noroc HTTP/1.1" 200 31739 kenilworthcourt.com "-" "TerraCotta https://github.com/CeramicTeam/CeramicTerracotta" "-"
85.208.98.0 - - [10/Feb/2026:03:46:48 +0000] "GET /occhiali-30-anni-k.html HTTP/1.1" 429 267 kenilworthcourt.com "-" "Mozilla/5.0 (compatible; SemrushBot-BA; +http://www.semrush.com/bot.html)" "-"
85.208.98.0 - - [10/Feb/2026:03:46:48 +0000] "GET /sun-lovers-occhiali-k.html HTTP/1.1" 429 267 kenilworthcourt.com "-" "Mozilla/5.0 (compatible; SemrushBot-BA; +http://www.semrush.com/bot.html)" "-"
85.208.98.0 - - [10/Feb/2026:03:46:48 +0000] "GET /occhiali-da-vista-tondi-k.html HTTP/1.1" 429 267 kenilworthcourt.com "-" "Mozilla/5.0 (compatible; SemrushBot-BA; +http://www.semrush.com/bot.html)" "-"
3.83.76.0 - - [10/Feb/2026:03:46:51 +0000] "GET /spelers-rennen-naar-gewinnen-bij-slotorush-online-casino HTTP/1.1" 200 31019 kenilworthcourt.com "-" "TerraCotta https://github.com/CeramicTeam/CeramicTerracotta" "-"
198.244.183.0 - - [10/Feb/2026:03:46:52 +0000] "GET /20bet-cz-972 HTTP/1.1" 200 43094 kenilworthcourt.com "-" "Mozilla/5.0 (compatible; AhrefsBot/7.0; +http://ahrefs.com/robot/)" "-"
3.83.76.0 - - [10/Feb/2026:03:46:54 +0000] "GET /spielbank-cottbus-glucksspiele-fur-erwachsene-in-brandenburg HTTP/1.1" 200 35274 kenilworthcourt.com "-" "TerraCotta https://github.com/CeramicTeam/CeramicTerracotta" "-"
2a03:2880:f800:: - - [10/Feb/2026:03:47:04 +0000] "GET /top-casinos-featuring-dragon-tiger-where-to-play-securely HTTP/1.1" 200 33343 kenilworthcourt.com "-" "meta-externalagent/1.1 (+https://developers.facebook.com/docs/sharing/webmasters/crawler)" "-"
51.89.129.0 - - [10/Feb/2026:03:47:07 +0000] "GET /energi-casino-612 HTTP/1.1" 200 42750 kenilworthcourt.com "-" "Mozilla/5.0 (compatible; AhrefsBot/7.0; +http://ahrefs.com/robot/)" "-"
50.6.248.0 - - [10/Feb/2026:03:47:11 +0000] "GET /wp-login.php HTTP/1.1" 200 4740 kenilworthcourt.com "-" "Mozilla/5.0 (Windows NT 10.0; Win64; x64) AppleWebKit/537.36 (KHTML, like Gecko) Chrome/130.0.0.0 Safari/537.36" "-"
198.244.242.0 - - [10/Feb/2026:03:47:24 +0000] "GET /verbunden-slots-spielautomaten-kostenlos-zum-besten-50-kostenlose-spins-auf-aztec-idols-keine-einzahlung-geben HTTP/1.1" 200 40722 kenilworthcourt.com "-" "Mozilla/5.0 (compatible; AhrefsBot/7.0; +http://ahrefs.com/robot/)" "-"
85.208.98.0 - - [10/Feb/2026:03:47:34 +0000] "GET /lenti-occhiali-sole-k.html HTTP/1.1" 429 267 kenilworthcourt.com "-" "Mozilla/5.0 (compatible; SemrushBot-BA; +http://www.semrush.com/bot.html)" "-"
85.208.98.0 - - [10/Feb/2026:03:47:35 +0000] "GET /daniel-craig-occhiali-k.html HTTP/1.1" 429 267 kenilworthcourt.com "-" "Mozilla/5.0 (compatible; SemrushBot-BA; +http://www.semrush.com/bot.html)" "-"
85.208.98.0 - - [10/Feb/2026:03:47:35 +0000] "GET /lennon-occhiali-k.html HTTP/1.1" 429 267 kenilworthcourt.com "-" "Mozilla/5.0 (compatible; SemrushBot-BA; +http://www.semrush.com/bot.html)" "-"
3.83.76.0 - - [10/Feb/2026:03:47:39 +0000] "GET /how-to-play-avia-masters HTTP/1.1" 200 30072 kenilworthcourt.com "-" "TerraCotta https://github.com/CeramicTeam/CeramicTerracotta" "-"
72.167.150.0 - - [10/Feb/2026:03:47:42 +0000] "GET /wp-login.php HTTP/1.1" 200 4740 kenilworthcourt.com "-" "Mozilla/5.0 (Windows NT 10.0; Win64; x64) AppleWebKit/537.36 (KHTML, like Gecko) Chrome/130.0.0.0 Safari/537.36" "-"
3.83.76.0 - - [10/Feb/2026:03:47:44 +0000] "GET /tag/0x305a19a5 HTTP/1.1" 200 26281 kenilworthcourt.com "-" "TerraCotta https://github.com/CeramicTeam/CeramicTerracotta" "-"
54.38.147.0 - - [10/Feb/2026:03:47:44 +0000] "GET /tag/phlwin-bonus HTTP/1.1" 200 157474 kenilworthcourt.com "-" "Mozilla/5.0 (compatible; AhrefsBot/7.0; +http://ahrefs.com/robot/)" "-"
2a03:2880:f800:: - - [10/Feb/2026:03:47:54 +0000] "GET /gorgeous-to-lose-reel-games-at-casino-empire-demonstration-and-slot-review HTTP/1.1" 200 34983 kenilworthcourt.com "-" "meta-externalagent/1.1 (+https://developers.facebook.com/docs/sharing/webmasters/crawler)" "-"
72.167.150.0 - - [10/Feb/2026:03:47:54 +0000] "POST /wp-login.php HTTP/1.1" 200 5110 kenilworthcourt.com "https://kenilworthcourt.com/wp-login.php" "Mozilla/5.0 (Windows NT 10.0; Win64; x64) AppleWebKit/537.36 (KHTML, like Gecko) Chrome/130.0.0.0 Safari/537.36" "-"
198.244.242.0 - - [10/Feb/2026:03:48:03 +0000] "GET /tag/zodiac-casino-rewards-login HTTP/1.1" 200 68877 kenilworthcourt.com "-" "Mozilla/5.0 (compatible; AhrefsBot/7.0; +http://ahrefs.com/robot/)" "-"
85.208.98.0 - - [10/Feb/2026:03:48:05 +0000] "GET /occhiali-per-viso-quadrato-k.html HTTP/1.1" 429 267 kenilworthcourt.com "-" "Mozilla/5.0 (compatible; SemrushBot-BA; +http://www.semrush.com/bot.html)" "-"
85.208.98.0 - - [10/Feb/2026:03:48:05 +0000] "GET /dada-occhiali-da-sole-k.html HTTP/1.1" 429 267 kenilworthcourt.com "-" "Mozilla/5.0 (compatible; SemrushBot-BA; +http://www.semrush.com/bot.html)" "-"
85.208.98.0 - - [10/Feb/2026:03:48:05 +0000] "GET /modelli-cravatte-marinella-k.html HTTP/1.1" 429 267 kenilworthcourt.com "-" "Mozilla/5.0 (compatible; SemrushBot-BA; +http://www.semrush.com/bot.html)" "-"
103.56.161.0 - - [10/Feb/2026:03:48:11 +0000] "GET /wp-login.php HTTP/1.1" 200 4740 kenilworthcourt.com "-" "Mozilla/5.0 (Windows NT 10.0; Win64; x64) AppleWebKit/537.36 (KHTML, like Gecko) Chrome/130.0.0.0 Safari/537.36" "-"
198.244.242.0 - - [10/Feb/2026:03:48:18 +0000] "GET /ableton-live-live-12-crack-for-pc-clean-x32-x64-no-virus-premium HTTP/1.1" 200 117077 kenilworthcourt.com "-" "Mozilla/5.0 (compatible; AhrefsBot/7.0; +http://ahrefs.com/robot/)" "-"
3.83.76.0 - - [10/Feb/2026:03:48:32 +0000] "GET /informe-de-desempeno-del-casino-caspero-en-espana-evalue-el-casino-caspero-en-horas-punta HTTP/1.1" 200 41502 kenilworthcourt.com "-" "TerraCotta https://github.com/CeramicTeam/CeramicTerracotta" "-"
198.244.183.0 - - [10/Feb/2026:03:48:38 +0000] "GET /high-beste-online-rulett-nettsted-society-danselat-gratis-online-norske-spilleautomater-for-nett HTTP/1.1" 200 32506 kenilworthcourt.com "-" "Mozilla/5.0 (compatible; AhrefsBot/7.0; +http://ahrefs.com/robot/)" "-"
3.83.76.0 - - [10/Feb/2026:03:48:41 +0000] "GET /tag/slottica-aplikacja HTTP/1.1" 200 105097 kenilworthcourt.com "-" "TerraCotta https://github.com/CeramicTeam/CeramicTerracotta" "-"
85.208.98.0 - - [10/Feb/2026:03:48:42 +0000] "GET /occhiali-per-forma-viso-k.html HTTP/1.1" 429 267 kenilworthcourt.com "-" "Mozilla/5.0 (compatible; SemrushBot-BA; +http://www.semrush.com/bot.html)" "-"
85.208.98.0 - - [10/Feb/2026:03:48:42 +0000] "GET /clip-on-occhiali-tondi-k.html HTTP/1.1" 429 267 kenilworthcourt.com "-" "Mozilla/5.0 (compatible; SemrushBot-BA; +http://www.semrush.com/bot.html)" "-"
85.208.98.0 - - [10/Feb/2026:03:48:42 +0000] "GET /occhiali-dorati-k.html HTTP/1.1" 429 267 kenilworthcourt.com "-" "Mozilla/5.0 (compatible; SemrushBot-BA; +http://www.semrush.com/bot.html)" "-"
190.92.174.0 - - [10/Feb/2026:03:48:43 +0000] "GET /wp-login.php HTTP/1.1" 200 4740 kenilworthcourt.com "-" "Mozilla/5.0 (Windows NT 10.0; Win64; x64) AppleWebKit/537.36 (KHTML, like Gecko) Chrome/130.0.0.0 Safari/537.36" "-"
190.92.174.0 - - [10/Feb/2026:03:48:55 +0000] "POST /wp-login.php HTTP/1.1" 200 5110 kenilworthcourt.com "https://kenilworthcourt.com/wp-login.php" "Mozilla/5.0 (Windows NT 10.0; Win64; x64) AppleWebKit/537.36 (KHTML, like Gecko) Chrome/130.0.0.0 Safari/537.36" "-"
3.83.76.0 - - [10/Feb/2026:03:48:55 +0000] "GET /category/levelup-casino-app-843 HTTP/1.1" 200 71679 kenilworthcourt.com "-" "TerraCotta https://github.com/CeramicTeam/CeramicTerracotta" "-"
180.252.95.0 - - [10/Feb/2026:03:48:57 +0000] "GET /wp-login.php HTTP/1.1" 200 4740 kenilworthcourt.com "-" "Mozilla/5.0 (Windows NT 10.0; Win64; x64) AppleWebKit/537.36 (KHTML, like Gecko) Chrome/130.0.0.0 Safari/537.36" "-"
198.244.242.0 - - [10/Feb/2026:03:49:01 +0000] "GET /winspark-registrazione-579 HTTP/1.1" 200 43655 kenilworthcourt.com "-" "Mozilla/5.0 (compatible; AhrefsBot/7.0; +http://ahrefs.com/robot/)" "-"
85.208.98.0 - - [10/Feb/2026:03:49:05 +0000] "GET /robots.txt HTTP/1.1" 429 267 kenilworthcourt.com "-" "Mozilla/5.0 (compatible; SemrushBot-BA; +http://www.semrush.com/bot.html)" "-"
180.252.95.0 - - [10/Feb/2026:03:49:09 +0000] "POST /wp-login.php HTTP/1.1" 200 5110 kenilworthcourt.com "https://kenilworthcourt.com/wp-login.php" "Mozilla/5.0 (Windows NT 10.0; Win64; x64) AppleWebKit/537.36 (KHTML, like Gecko) Chrome/130.0.0.0 Safari/537.36" "-"
101.0.79.0 - - [10/Feb/2026:03:49:12 +0000] "GET /wp-login.php HTTP/1.1" 200 4740 kenilworthcourt.com "-" "Mozilla/5.0 (Windows NT 10.0; Win64; x64) AppleWebKit/537.36 (KHTML, like Gecko) Chrome/130.0.0.0 Safari/537.36" "-"
3.83.76.0 - - [10/Feb/2026:03:49:22 +0000] "GET /category/bet-online-safe-627 HTTP/1.1" 200 65789 kenilworthcourt.com "-" "TerraCotta https://github.com/CeramicTeam/CeramicTerracotta" "-"
101.0.79.0 - - [10/Feb/2026:03:49:24 +0000] "POST /wp-login.php HTTP/1.1" 200 5110 kenilworthcourt.com "https://kenilworthcourt.com/wp-login.php" "Mozilla/5.0 (Windows NT 10.0; Win64; x64) AppleWebKit/537.36 (KHTML, like Gecko) Chrome/130.0.0.0 Safari/537.36" "-"
167.172.79.0 - - [10/Feb/2026:03:49:26 +0000] "GET /wp-login.php HTTP/1.1" 200 4740 kenilworthcourt.com "-" "Mozilla/5.0 (Windows NT 10.0; Win64; x64) AppleWebKit/537.36 (KHTML, like Gecko) Chrome/130.0.0.0 Safari/537.36" "-"
54.38.147.0 - - [10/Feb/2026:03:49:26 +0000] "GET /spin-away-casino-325 HTTP/1.1" 200 40523 kenilworthcourt.com "-" "Mozilla/5.0 (compatible; AhrefsBot/7.0; +http://ahrefs.com/robot/)" "-"
167.172.79.0 - - [10/Feb/2026:03:49:38 +0000] "POST /wp-login.php HTTP/1.1" 200 5110 kenilworthcourt.com "https://kenilworthcourt.com/wp-login.php" "Mozilla/5.0 (Windows NT 10.0; Win64; x64) AppleWebKit/537.36 (KHTML, like Gecko) Chrome/130.0.0.0 Safari/537.36" "-"
3.83.76.0 - - [10/Feb/2026:03:49:41 +0000] "GET /tag/luxury-casino-login HTTP/1.1" 200 38124 kenilworthcourt.com "-" "TerraCotta https://github.com/CeramicTeam/CeramicTerracotta" "-"
54.38.147.0 - - [10/Feb/2026:03:49:48 +0000] "GET /oba-bet-bonus-de-20-924 HTTP/1.1" 200 40555 kenilworthcourt.com "-" "Mozilla/5.0 (compatible; AhrefsBot/7.0; +http://ahrefs.com/robot/)" "-"
3.83.76.0 - - [10/Feb/2026:03:49:50 +0000] "GET /tag/0xaed5d486 HTTP/1.1" 200 26272 kenilworthcourt.com "-" "TerraCotta https://github.com/CeramicTeam/CeramicTerracotta" "-"
3.83.76.0 - - [10/Feb/2026:03:49:59 +0000] "GET /tag/vulkan-vegas-pl HTTP/1.1" 200 118677 kenilworthcourt.com "-" "TerraCotta https://github.com/CeramicTeam/CeramicTerracotta" "-"
47.161.210.0 - - [10/Feb/2026:03:49:59 +0000] "GET /wp-login.php HTTP/1.1" 200 4740 kenilworthcourt.com "-" "Mozilla/5.0 (Windows NT 10.0; Win64; x64) AppleWebKit/537.36 (KHTML, like Gecko) Chrome/130.0.0.0 Safari/537.36" "-"
51.89.129.0 - - [10/Feb/2026:03:50:01 +0000] "GET /best-real-money-gambling-enterprises-that-have-5-deposit-casino-schlagermillions-caribbean-stud-2025 HTTP/1.1" 200 37419 kenilworthcourt.com "-" "Mozilla/5.0 (compatible; AhrefsBot/7.0; +http://ahrefs.com/robot/)" "-"
85.208.98.0 - - [10/Feb/2026:03:50:08 +0000] "GET /bio-occhiali-opinioni-k.html HTTP/1.1" 429 267 kenilworthcourt.com "-" "Mozilla/5.0 (compatible; SemrushBot-BA; +http://www.semrush.com/bot.html)" "-"
85.208.98.0 - - [10/Feb/2026:03:50:08 +0000] "GET /occhiali-fatti-a-mano-k.html HTTP/1.1" 429 267 kenilworthcourt.com "-" "Mozilla/5.0 (compatible; SemrushBot-BA; +http://www.semrush.com/bot.html)" "-"
85.208.98.0 - - [10/Feb/2026:03:50:08 +0000] "GET /montatura-oro-occhiali-k.html HTTP/1.1" 429 267 kenilworthcourt.com "-" "Mozilla/5.0 (compatible; SemrushBot-BA; +http://www.semrush.com/bot.html)" "-"
3.83.76.0 - - [10/Feb/2026:03:50:08 +0000] "GET /office-365-professional-cracked-internet-archive-vlsc-super-fast-yify-magnet-link HTTP/1.1" 200 96160 kenilworthcourt.com "-" "TerraCotta https://github.com/CeramicTeam/CeramicTerracotta" "-"
3.83.76.0 - - [10/Feb/2026:03:50:10 +0000] "GET /category/hell-spin-casino-545 HTTP/1.1" 200 66639 kenilworthcourt.com "-" "TerraCotta https://github.com/CeramicTeam/CeramicTerracotta" "-"
47.161.210.0 - - [10/Feb/2026:03:50:11 +0000] "POST /wp-login.php HTTP/1.1" 200 5110 kenilworthcourt.com "https://kenilworthcourt.com/wp-login.php" "Mozilla/5.0 (Windows NT 10.0; Win64; x64) AppleWebKit/537.36 (KHTML, like Gecko) Chrome/130.0.0.0 Safari/537.36" "-"
65.7.17.0 - - [10/Feb/2026:03:50:13 +0000] "GET /wp-login.php HTTP/1.1" 200 4740 kenilworthcourt.com "-" "Mozilla/5.0 (Windows NT 10.0; Win64; x64) AppleWebKit/537.36 (KHTML, like Gecko) Chrome/130.0.0.0 Safari/537.36" "-"
3.83.76.0 - - [10/Feb/2026:03:50:16 +0000] "GET /office-2021-vlsc-magnet-link HTTP/1.1" 200 109795 kenilworthcourt.com "-" "TerraCotta https://github.com/CeramicTeam/CeramicTerracotta" "-"
198.244.226.0 - - [10/Feb/2026:03:50:18 +0000] "GET /category/zodiac-casino-canada-169 HTTP/1.1" 200 69072 kenilworthcourt.com "-" "Mozilla/5.0 (compatible; AhrefsBot/7.0; +http://ahrefs.com/robot/)" "-"
65.7.17.0 - - [10/Feb/2026:03:50:25 +0000] "POST /wp-login.php HTTP/1.1" 200 5110 kenilworthcourt.com "https://kenilworthcourt.com/wp-login.php" "Mozilla/5.0 (Windows NT 10.0; Win64; x64) AppleWebKit/537.36 (KHTML, like Gecko) Chrome/130.0.0.0 Safari/537.36" "-"
3.83.76.0 - - [10/Feb/2026:03:50:29 +0000] "GET /tag/0xb26a3b7a HTTP/1.1" 200 26280 kenilworthcourt.com "-" "TerraCotta https://github.com/CeramicTeam/CeramicTerracotta" "-"
52.221.89.0 - - [10/Feb/2026:03:50:29 +0000] "GET /wp-login.php HTTP/1.1" 200 4740 kenilworthcourt.com "-" "Mozilla/5.0 (Windows NT 10.0; Win64; x64) AppleWebKit/537.36 (KHTML, like Gecko) Chrome/130.0.0.0 Safari/537.36" "-"
3.83.76.0 - - [10/Feb/2026:03:50:36 +0000] "GET /al%d0%b0%d1%83-%d1%88%d0%b0%d1%80%d1%8b%d2%9b%d1%82%d0%b0%d0%bf-ice-fishing-game-%d0%b0%d0%bb%d1%82%d1%8b%d0%bd%d0%b4%d1%8b-%d2%af%d1%88%d0%b5%d1%83%d0%b4%d0%b5%d0%bd-%d0%b1%d1%96%d1%80%d1%96%d0%bd HTTP/1.1" 200 37348 kenilworthcourt.com "-" "TerraCotta https://github.com/CeramicTeam/CeramicTerracotta" "-"
3.83.76.0 - - [10/Feb/2026:03:50:37 +0000] "GET /chicken-road-20 HTTP/1.1" 200 33874 kenilworthcourt.com "-" "TerraCotta https://github.com/CeramicTeam/CeramicTerracotta" "-"
51.89.129.0 - - [10/Feb/2026:03:50:38 +0000] "GET /gamble-star-crystals-slot-free-spins-dragon-moving-and-you-may-earn-larger-from-the-fruity-casinos HTTP/1.1" 200 36531 kenilworthcourt.com "-" "Mozilla/5.0 (compatible; AhrefsBot/7.0; +http://ahrefs.com/robot/)" "-"
52.221.89.0 - - [10/Feb/2026:03:50:41 +0000] "POST /wp-login.php HTTP/1.1" 200 5110 kenilworthcourt.com "https://kenilworthcourt.com/wp-login.php" "Mozilla/5.0 (Windows NT 10.0; Win64; x64) AppleWebKit/537.36 (KHTML, like Gecko) Chrome/130.0.0.0 Safari/537.36" "-"
3.83.76.0 - - [10/Feb/2026:03:50:44 +0000] "GET /lucky-hippo-casino HTTP/1.1" 200 34777 kenilworthcourt.com "-" "TerraCotta https://github.com/CeramicTeam/CeramicTerracotta" "-"
85.208.98.0 - - [10/Feb/2026:03:50:49 +0000] "GET /occhiali-clip-on-k.html HTTP/1.1" 429 267 kenilworthcourt.com "-" "Mozilla/5.0 (compatible; SemrushBot-BA; +http://www.semrush.com/bot.html)" "-"
85.208.98.0 - - [10/Feb/2026:03:50:49 +0000] "GET /negozi-di-sole-cravatte-k.html HTTP/1.1" 429 267 kenilworthcourt.com "-" "Mozilla/5.0 (compatible; SemrushBot-BA; +http://www.semrush.com/bot.html)" "-"
85.208.98.0 - - [10/Feb/2026:03:50:49 +0000] "GET /occhiali-per-viso-lungo-k.html HTTP/1.1" 429 267 kenilworthcourt.com "-" "Mozilla/5.0 (compatible; SemrushBot-BA; +http://www.semrush.com/bot.html)" "-"
3.83.76.0 - - [10/Feb/2026:03:50:52 +0000] "GET /sweet-win-casino HTTP/1.1" 200 34315 kenilworthcourt.com "-" "TerraCotta https://github.com/CeramicTeam/CeramicTerracotta" "-"
3.83.76.0 - - [10/Feb/2026:03:50:53 +0000] "GET /category/luckycola-844 HTTP/1.1" 200 77920 kenilworthcourt.com "-" "TerraCotta https://github.com/CeramicTeam/CeramicTerracotta" "-"
66.249.68.0 - - [10/Feb/2026:03:50:54 +0000] "GET /index.php HTTP/1.1" 301 276 kenilworthcourt.com "-" "Mozilla/5.0 (Linux; Android 6.0.1; Nexus 5X Build/MMB29P) AppleWebKit/537.36 (KHTML, like Gecko) Chrome/144.0.7559.132 Mobile Safari/537.36 (compatible; Googlebot/2.1; +http://www.google.com/bot.html)" "-"
66.249.68.0 - - [10/Feb/2026:03:50:54 +0000] "GET / HTTP/1.1" 200 32153 kenilworthcourt.com "-" "Mozilla/5.0 (Linux; Android 6.0.1; Nexus 5X Build/MMB29P) AppleWebKit/537.36 (KHTML, like Gecko) Chrome/144.0.7559.132 Mobile Safari/537.36 (compatible; Googlebot/2.1; +http://www.google.com/bot.html)" "-"
198.244.240.0 - - [10/Feb/2026:03:50:56 +0000] "GET /tag/uptown-pokies-review HTTP/1.1" 200 162486 kenilworthcourt.com "-" "Mozilla/5.0 (compatible; AhrefsBot/7.0; +http://ahrefs.com/robot/)" "-"
3.83.76.0 - - [10/Feb/2026:03:51:03 +0000] "GET /category/spin-palace-casino-966 HTTP/1.1" 200 60774 kenilworthcourt.com "-" "TerraCotta https://github.com/CeramicTeam/CeramicTerracotta" "-"
66.249.68.0 - - [10/Feb/2026:03:51:06 +0000] "GET /wp-content/themes/twentythirteen/fonts/source-sans-pro-plus-bitter.css?ver=20230328 HTTP/1.1" 200 1448 kenilworthcourt.com "https://kenilworthcourt.com/" "Mozilla/5.0 (Linux; Android 6.0.1; Nexus 5X Build/MMB29P) AppleWebKit/537.36 (KHTML, like Gecko) Chrome/144.0.7559.109 Mobile Safari/537.36 (compatible; Googlebot/2.1; +http://www.google.com/bot.html)" "-"
66.249.68.0 - - [10/Feb/2026:03:51:07 +0000] "GET /wp-content/themes/twentythirteen/style.css?ver=6.9.1 HTTP/1.1" 200 15170 kenilworthcourt.com "https://kenilworthcourt.com/" "Mozilla/5.0 (Linux; Android 6.0.1; Nexus 5X Build/MMB29P) AppleWebKit/537.36 (KHTML, like Gecko) Chrome/144.0.7559.109 Mobile Safari/537.36 (compatible; Googlebot/2.1; +http://www.google.com/bot.html)" "-"
66.249.68.0 - - [10/Feb/2026:03:51:07 +0000] "GET /wp-content/themes/eins/style.css?ver=6.9.1 HTTP/1.1" 200 5426 kenilworthcourt.com "https://kenilworthcourt.com/" "Mozilla/5.0 (Linux; Android 6.0.1; Nexus 5X Build/MMB29P) AppleWebKit/537.36 (KHTML, like Gecko) Chrome/144.0.7559.109 Mobile Safari/537.36 (compatible; Googlebot/2.1; +http://www.google.com/bot.html)" "-"
85.208.98.0 - - [10/Feb/2026:03:51:13 +0000] "GET /occhiali-miro-k.html HTTP/1.1" 429 267 kenilworthcourt.com "-" "Mozilla/5.0 (compatible; SemrushBot-BA; +http://www.semrush.com/bot.html)" "-"
85.208.98.0 - - [10/Feb/2026:03:51:13 +0000] "GET /handmade-occhiali-k.html HTTP/1.1" 429 267 kenilworthcourt.com "-" "Mozilla/5.0 (compatible; SemrushBot-BA; +http://www.semrush.com/bot.html)" "-"
85.208.98.0 - - [10/Feb/2026:03:51:13 +0000] "GET /occhiali-vista-trasparenti-k.html HTTP/1.1" 429 267 kenilworthcourt.com "-" "Mozilla/5.0 (compatible; SemrushBot-BA; +http://www.semrush.com/bot.html)" "-"
51.89.129.0 - - [10/Feb/2026:03:51:17 +0000] "GET /finest-us-a-real-income-on-the-web-baccarat-gambling-retro-reels-casino-enterprises-in-the-2025 HTTP/1.1" 200 38598 kenilworthcourt.com "-" "Mozilla/5.0 (compatible; AhrefsBot/7.0; +http://ahrefs.com/robot/)" "-"
3.83.76.0 - - [10/Feb/2026:03:51:20 +0000] "GET /tag/queen777-casino-login HTTP/1.1" 200 94160 kenilworthcourt.com "-" "TerraCotta https://github.com/CeramicTeam/CeramicTerracotta" "-"
3.83.76.0 - - [10/Feb/2026:03:51:22 +0000] "GET /spin-to-win-big-with-sugar-craze-bonanza-slot-sweet-treats-and-jackpots HTTP/1.1" 200 34446 kenilworthcourt.com "-" "TerraCotta https://github.com/CeramicTeam/CeramicTerracotta" "-"
31.220.151.0 - - [10/Feb/2026:03:51:22 +0000] "GET /wp-login.php HTTP/1.1" 200 4740 kenilworthcourt.com "-" "Mozilla/5.0 (Windows NT 10.0; Win64; x64) AppleWebKit/537.36 (KHTML, like Gecko) Chrome/130.0.0.0 Safari/537.36" "-"
3.83.76.0 - - [10/Feb/2026:03:51:32 +0000] "GET /tag/188bet-link-alternatif HTTP/1.1" 200 37361 kenilworthcourt.com "-" "TerraCotta https://github.com/CeramicTeam/CeramicTerracotta" "-"
31.220.151.0 - - [10/Feb/2026:03:51:34 +0000] "POST /wp-login.php HTTP/1.1" 200 5110 kenilworthcourt.com "https://kenilworthcourt.com/wp-login.php" "Mozilla/5.0 (Windows NT 10.0; Win64; x64) AppleWebKit/537.36 (KHTML, like Gecko) Chrome/130.0.0.0 Safari/537.36" "-"
85.208.98.0 - - [10/Feb/2026:03:51:34 +0000] "GET /occhiali-da-vista-tondi-oro-k.html HTTP/1.1" 429 267 kenilworthcourt.com "-" "Mozilla/5.0 (compatible; SemrushBot-BA; +http://www.semrush.com/bot.html)" "-"
85.208.98.0 - - [10/Feb/2026:03:51:34 +0000] "GET /collezione-occhiali-k.html HTTP/1.1" 429 267 kenilworthcourt.com "-" "Mozilla/5.0 (compatible; SemrushBot-BA; +http://www.semrush.com/bot.html)" "-"
85.208.98.0 - - [10/Feb/2026:03:51:34 +0000] "GET /misure-montature-occhiali-da-vista-k.html HTTP/1.1" 429 267 kenilworthcourt.com "-" "Mozilla/5.0 (compatible; SemrushBot-BA; +http://www.semrush.com/bot.html)" "-"
198.244.226.0 - - [10/Feb/2026:03:51:37 +0000] "GET /divine-implies-position-by-red-play-sugar-trail-slot-uk-tiger-playing HTTP/1.1" 200 36499 kenilworthcourt.com "-" "Mozilla/5.0 (compatible; AhrefsBot/7.0; +http://ahrefs.com/robot/)" "-"
14.237.50.0 - - [10/Feb/2026:03:51:37 +0000] "GET /hell-spin-promo-code-902 HTTP/1.1" 200 41241 kenilworthcourt.com "-" "Mozilla/5.0 (Windows NT 10.0; Win64; x64) AppleWebKit/537.36 (KHTML, like Gecko) Chrome/85.0.4183.121 Safari/537.36" "-"
85.208.98.0 - - [10/Feb/2026:03:51:44 +0000] "GET /colorare-montatura-occhiali-k.html HTTP/1.1" 429 267 kenilworthcourt.com "-" "Mozilla/5.0 (compatible; SemrushBot-BA; +http://www.semrush.com/bot.html)" "-"
85.208.98.0 - - [10/Feb/2026:03:51:44 +0000] "GET /occhiali-gold-k.html HTTP/1.1" 429 267 kenilworthcourt.com "-" "Mozilla/5.0 (compatible; SemrushBot-BA; +http://www.semrush.com/bot.html)" "-"
85.208.98.0 - - [10/Feb/2026:03:51:44 +0000] "GET /montature-occhiali-personalizzate-k.html HTTP/1.1" 429 267 kenilworthcourt.com "-" "Mozilla/5.0 (compatible; SemrushBot-BA; +http://www.semrush.com/bot.html)" "-"
47.82.11.0 - - [10/Feb/2026:03:51:49 +0000] "GET /?p=043220187 HTTP/1.1" 429 267 kenilworthcourt.com "http://kenilworthcourt.com/" "Mozilla/5.0 (Macintosh; Intel Mac OS X 10_15_7) AppleWebKit/537.36 (KHTML, like Gecko) Chrome/134.0.0.0 Safari/537.36" "-"
198.244.168.0 - - [10/Feb/2026:03:51:53 +0000] "GET /tag/fb-777/feed HTTP/1.1" 200 123222 kenilworthcourt.com "-" "Mozilla/5.0 (compatible; AhrefsBot/7.0; +http://ahrefs.com/robot/)" "-"
85.208.98.0 - - [10/Feb/2026:03:51:54 +0000] "GET /occhiali-viso-lungo-uomo-k.html HTTP/1.1" 429 267 kenilworthcourt.com "-" "Mozilla/5.0 (compatible; SemrushBot-BA; +http://www.semrush.com/bot.html)" "-"
85.208.98.0 - - [10/Feb/2026:03:51:54 +0000] "GET /occhiali-arancioni-k.html HTTP/1.1" 429 267 kenilworthcourt.com "-" "Mozilla/5.0 (compatible; SemrushBot-BA; +http://www.semrush.com/bot.html)" "-"
85.208.98.0 - - [10/Feb/2026:03:51:54 +0000] "GET /oliviero-toscani-occhiali-k.html HTTP/1.1" 429 267 kenilworthcourt.com "-" "Mozilla/5.0 (compatible; SemrushBot-BA; +http://www.semrush.com/bot.html)" "-"
85.208.98.0 - - [10/Feb/2026:03:52:07 +0000] "GET /montatura-occhiali-tondi-k.html HTTP/1.1" 429 267 kenilworthcourt.com "-" "Mozilla/5.0 (compatible; SemrushBot-BA; +http://www.semrush.com/bot.html)" "-"
85.208.98.0 - - [10/Feb/2026:03:52:08 +0000] "GET /occhiali-da-vista-lente-azzurra-k.html HTTP/1.1" 429 267 kenilworthcourt.com "-" "Mozilla/5.0 (compatible; SemrushBot-BA; +http://www.semrush.com/bot.html)" "-"
85.208.98.0 - - [10/Feb/2026:03:52:08 +0000] "GET /occhiali-da-vista-diesse-k.html HTTP/1.1" 429 267 kenilworthcourt.com "-" "Mozilla/5.0 (compatible; SemrushBot-BA; +http://www.semrush.com/bot.html)" "-"
198.244.226.0 - - [10/Feb/2026:03:52:12 +0000] "GET /enjoy-free-online-roulette-games-no-obtain-casino-wazamba-zero-subscribe HTTP/1.1" 200 35201 kenilworthcourt.com "-" "Mozilla/5.0 (compatible; AhrefsBot/7.0; +http://ahrefs.com/robot/)" "-"
3.83.76.0 - - [10/Feb/2026:03:52:26 +0000] "GET /fl-studio-cracked-all-versions-x86x64-clean-bypass HTTP/1.1" 200 123328 kenilworthcourt.com "-" "TerraCotta https://github.com/CeramicTeam/CeramicTerracotta" "-"
198.244.226.0 - - [10/Feb/2026:03:52:28 +0000] "GET /bonusy-odbierz-swoja-oferte-powitalna-w-kasynie-vincispin-w-polsce HTTP/1.1" 200 37081 kenilworthcourt.com "-" "Mozilla/5.0 (compatible; AhrefsBot/7.0; +http://ahrefs.com/robot/)" "-"
2a03:2880:f800:: - - [10/Feb/2026:03:52:28 +0000] "GET /roll-dorado-casino-spte-live-casino-sessions-und-e HTTP/1.1" 200 36755 kenilworthcourt.com "-" "meta-externalagent/1.1 (+https://developers.facebook.com/docs/sharing/webmasters/crawler)" "-"
3.83.76.0 - - [10/Feb/2026:03:52:37 +0000] "GET /huff-n-more-puff-slot-4 HTTP/1.1" 200 34568 kenilworthcourt.com "-" "TerraCotta https://github.com/CeramicTeam/CeramicTerracotta" "-"
3.83.76.0 - - [10/Feb/2026:03:52:38 +0000] "GET /utforsking-av-den-spennende-verdenen-til-luckyvibe HTTP/1.1" 200 36237 kenilworthcourt.com "-" "TerraCotta https://github.com/CeramicTeam/CeramicTerracotta" "-"
198.244.168.0 - - [10/Feb/2026:03:52:44 +0000] "GET /three-the-newest-igt-game-online-casino-with-real-money-payout-from-the-jj-gambling HTTP/1.1" 200 38579 kenilworthcourt.com "-" "Mozilla/5.0 (compatible; AhrefsBot/7.0; +http://ahrefs.com/robot/)" "-"
2a03:2880:f800:: - - [10/Feb/2026:03:52:46 +0000] "GET /one-piece-the-newest-identified-bounty-of-every-blackbeard-pirate-rated-of-reduced-in-order-to-highest HTTP/1.1" 200 39229 kenilworthcourt.com "-" "meta-externalagent/1.1 (+https://developers.facebook.com/docs/sharing/webmasters/crawler)" "-"
103.56.161.0 - - [10/Feb/2026:03:52:47 +0000] "GET /wp-login.php HTTP/1.1" 200 4740 kenilworthcourt.com "-" "Mozilla/5.0 (Windows NT 10.0; Win64; x64) AppleWebKit/537.36 (KHTML, like Gecko) Chrome/130.0.0.0 Safari/537.36" "-"
3.83.76.0 - - [10/Feb/2026:03:52:53 +0000] "GET /inscreva-se-sem-dificuldade-no-lizaro-casino HTTP/1.1" 200 36193 kenilworthcourt.com "-" "TerraCotta https://github.com/CeramicTeam/CeramicTerracotta" "-"
103.56.161.0 - - [10/Feb/2026:03:52:59 +0000] "POST /wp-login.php HTTP/1.1" 200 5110 kenilworthcourt.com "https://kenilworthcourt.com/wp-login.php" "Mozilla/5.0 (Windows NT 10.0; Win64; x64) AppleWebKit/537.36 (KHTML, like Gecko) Chrome/130.0.0.0 Safari/537.36" "-"
104.37.190.0 - - [10/Feb/2026:03:53:00 +0000] "GET /wp-login.php HTTP/1.1" 200 4740 kenilworthcourt.com "-" "Mozilla/5.0 (Windows NT 10.0; Win64; x64) AppleWebKit/537.36 (KHTML, like Gecko) Chrome/130.0.0.0 Safari/537.36" "-"
198.244.168.0 - - [10/Feb/2026:03:53:03 +0000] "GET /guter-deutsch-zusammenfassung-unter-einsatz-online-casino-retro-reels-von-deutsche-nahrungsmittel HTTP/1.1" 200 39767 kenilworthcourt.com "-" "Mozilla/5.0 (compatible; AhrefsBot/7.0; +http://ahrefs.com/robot/)" "-"
85.208.98.0 - - [10/Feb/2026:03:53:05 +0000] "GET /occhiali-metallo-vista-k.html HTTP/1.1" 429 267 kenilworthcourt.com "-" "Mozilla/5.0 (compatible; SemrushBot-BA; +http://www.semrush.com/bot.html)" "-"
85.208.98.0 - - [10/Feb/2026:03:53:05 +0000] "GET /occhiali-vista-oro-k.html HTTP/1.1" 429 267 kenilworthcourt.com "-" "Mozilla/5.0 (compatible; SemrushBot-BA; +http://www.semrush.com/bot.html)" "-"
85.208.98.0 - - [10/Feb/2026:03:53:05 +0000] "GET /evoluzione-delle-montature-occhiali-k.html HTTP/1.1" 429 267 kenilworthcourt.com "-" "Mozilla/5.0 (compatible; SemrushBot-BA; +http://www.semrush.com/bot.html)" "-"
104.37.190.0 - - [10/Feb/2026:03:53:13 +0000] "POST /wp-login.php HTTP/1.1" 200 5110 kenilworthcourt.com "https://kenilworthcourt.com/wp-login.php" "Mozilla/5.0 (Windows NT 10.0; Win64; x64) AppleWebKit/537.36 (KHTML, like Gecko) Chrome/130.0.0.0 Safari/537.36" "-"
101.0.79.0 - - [10/Feb/2026:03:53:15 +0000] "GET /wp-login.php HTTP/1.1" 200 4740 kenilworthcourt.com "-" "Mozilla/5.0 (Windows NT 10.0; Win64; x64) AppleWebKit/537.36 (KHTML, like Gecko) Chrome/130.0.0.0 Safari/537.36" "-"
85.208.98.0 - - [10/Feb/2026:03:53:20 +0000] "GET /cover-occhiali-k.html HTTP/1.1" 429 267 kenilworthcourt.com "-" "Mozilla/5.0 (compatible; SemrushBot-BA; +http://www.semrush.com/bot.html)" "-"
85.208.98.0 - - [10/Feb/2026:03:53:21 +0000] "GET /occhiali-da-vista-marroni-k.html HTTP/1.1" 429 267 kenilworthcourt.com "-" "Mozilla/5.0 (compatible; SemrushBot-BA; +http://www.semrush.com/bot.html)" "-"
85.208.98.0 - - [10/Feb/2026:03:53:21 +0000] "GET /occhiali-tondi-vista-k.html HTTP/1.1" 429 267 kenilworthcourt.com "-" "Mozilla/5.0 (compatible; SemrushBot-BA; +http://www.semrush.com/bot.html)" "-"
198.244.240.0 - - [10/Feb/2026:03:53:25 +0000] "GET /mirax-gambling-enterprise-fifty-slot-free-bonus-free-spins-for-the-aloha-queen-elvis HTTP/1.1" 200 36519 kenilworthcourt.com "-" "Mozilla/5.0 (compatible; AhrefsBot/7.0; +http://ahrefs.com/robot/)" "-"
101.0.79.0 - - [10/Feb/2026:03:53:27 +0000] "POST /wp-login.php HTTP/1.1" 200 5110 kenilworthcourt.com "https://kenilworthcourt.com/wp-login.php" "Mozilla/5.0 (Windows NT 10.0; Win64; x64) AppleWebKit/537.36 (KHTML, like Gecko) Chrome/130.0.0.0 Safari/537.36" "-"
3.83.76.0 - - [10/Feb/2026:03:53:31 +0000] "GET /category/8xbet-com-287 HTTP/1.1" 200 61312 kenilworthcourt.com "-" "TerraCotta https://github.com/CeramicTeam/CeramicTerracotta" "-"
85.208.98.0 - - [10/Feb/2026:03:53:35 +0000] "GET /occhiali-come-sceglierli-k.html HTTP/1.1" 429 267 kenilworthcourt.com "-" "Mozilla/5.0 (compatible; SemrushBot-BA; +http://www.semrush.com/bot.html)" "-"
85.208.98.0 - - [10/Feb/2026:03:53:35 +0000] "GET /occhiali-in-oro-k.html HTTP/1.1" 429 267 kenilworthcourt.com "-" "Mozilla/5.0 (compatible; SemrushBot-BA; +http://www.semrush.com/bot.html)" "-"
85.208.98.0 - - [10/Feb/2026:03:53:35 +0000] "GET /occhiali-rotondi-k.html HTTP/1.1" 429 267 kenilworthcourt.com "-" "Mozilla/5.0 (compatible; SemrushBot-BA; +http://www.semrush.com/bot.html)" "-"
198.244.226.0 - - [10/Feb/2026:03:53:42 +0000] "GET /tag/hellspin-review HTTP/1.1" 200 129973 kenilworthcourt.com "-" "Mozilla/5.0 (compatible; AhrefsBot/7.0; +http://ahrefs.com/robot/)" "-"
2a03:2880:f800:: - - [10/Feb/2026:03:53:55 +0000] "GET /top-ten-sports-betting-websites-all-sparta-mega-jackpot-of-us-2025-best-coupon-codes HTTP/1.1" 200 37642 kenilworthcourt.com "-" "meta-externalagent/1.1 (+https://developers.facebook.com/docs/sharing/webmasters/crawler)" "-"
85.208.98.0 - - [10/Feb/2026:03:53:56 +0000] "GET /occhiali-viso-tondo-donna-k.html HTTP/1.1" 429 267 kenilworthcourt.com "-" "Mozilla/5.0 (compatible; SemrushBot-BA; +http://www.semrush.com/bot.html)" "-"
85.208.98.0 - - [10/Feb/2026:03:53:56 +0000] "GET /montatura-occhiali-su-misura-k.html HTTP/1.1" 429 267 kenilworthcourt.com "-" "Mozilla/5.0 (compatible; SemrushBot-BA; +http://www.semrush.com/bot.html)" "-"
85.208.98.0 - - [10/Feb/2026:03:53:56 +0000] "GET /occhiali-argento-da-vista-k.html HTTP/1.1" 429 267 kenilworthcourt.com "-" "Mozilla/5.0 (compatible; SemrushBot-BA; +http://www.semrush.com/bot.html)" "-"
3.83.76.0 - - [10/Feb/2026:03:53:59 +0000] "GET /kakim-obrazom-antitsipatsija-pobedy-povyshaet-ubezhdennost HTTP/1.1" 200 45725 kenilworthcourt.com "-" "TerraCotta https://github.com/CeramicTeam/CeramicTerracotta" "-"
149.50.142.0 - - [10/Feb/2026:03:54:00 +0000] "GET /wp-login.php HTTP/1.1" 200 4740 kenilworthcourt.com "-" "Mozilla/5.0 (Windows NT 10.0; Win64; x64) AppleWebKit/537.36 (KHTML, like Gecko) Chrome/130.0.0.0 Safari/537.36" "-"
51.195.183.0 - - [10/Feb/2026:03:54:00 +0000] "GET /predannost-polzovatelej-kak-virtualnye-kazino-privlekajut-klientov HTTP/1.1" 200 63854 kenilworthcourt.com "-" "Mozilla/5.0 (compatible; AhrefsBot/7.0; +http://ahrefs.com/robot/)" "-"
149.50.142.0 - - [10/Feb/2026:03:54:12 +0000] "POST /wp-login.php HTTP/1.1" 200 5110 kenilworthcourt.com "https://kenilworthcourt.com/wp-login.php" "Mozilla/5.0 (Windows NT 10.0; Win64; x64) AppleWebKit/537.36 (KHTML, like Gecko) Chrome/130.0.0.0 Safari/537.36" "-"
3.83.76.0 - - [10/Feb/2026:03:54:13 +0000] "GET /tag/queen-777-casino-login-register HTTP/1.1" 200 46114 kenilworthcourt.com "-" "TerraCotta https://github.com/CeramicTeam/CeramicTerracotta" "-"
72.167.134.0 - - [10/Feb/2026:03:54:14 +0000] "GET /wp-login.php HTTP/1.1" 200 4740 kenilworthcourt.com "-" "Mozilla/5.0 (Windows NT 10.0; Win64; x64) AppleWebKit/537.36 (KHTML, like Gecko) Chrome/130.0.0.0 Safari/537.36" "-"
198.244.168.0 - - [10/Feb/2026:03:54:15 +0000] "GET /tag/20-bet/page/3 HTTP/1.1" 200 161457 kenilworthcourt.com "-" "Mozilla/5.0 (compatible; AhrefsBot/7.0; +http://ahrefs.com/robot/)" "-"
3.83.76.0 - - [10/Feb/2026:03:54:22 +0000] "GET /verbeterde-instellingen-caspero-casino-vergroot-mogelijkheden-voor-nederland HTTP/1.1" 200 35695 kenilworthcourt.com "-" "TerraCotta https://github.com/CeramicTeam/CeramicTerracotta" "-"
72.167.134.0 - - [10/Feb/2026:03:54:26 +0000] "POST /wp-login.php HTTP/1.1" 200 5110 kenilworthcourt.com "https://kenilworthcourt.com/wp-login.php" "Mozilla/5.0 (Windows NT 10.0; Win64; x64) AppleWebKit/537.36 (KHTML, like Gecko) Chrome/130.0.0.0 Safari/537.36" "-"
198.244.168.0 - - [10/Feb/2026:03:54:28 +0000] "GET /wild-classic-slots-casino-spi-downloadin-og-idraetsgren-pa-personlig-compute-kigge-efter-play-bitkingz-betting-app-butikslokale/feed HTTP/1.1" 200 1127 kenilworthcourt.com "-" "Mozilla/5.0 (compatible; AhrefsBot/7.0; +http://ahrefs.com/robot/)" "-"
85.208.98.0 - - [10/Feb/2026:03:54:35 +0000] "GET /rimorchi-umbra-amazon-k.html HTTP/1.1" 429 267 kenilworthcourt.com "-" "Mozilla/5.0 (compatible; SemrushBot-BA; +http://www.semrush.com/bot.html)" "-"
85.208.98.0 - - [10/Feb/2026:03:54:35 +0000] "GET /johnny-depp-occhiali-k.html HTTP/1.1" 429 267 kenilworthcourt.com "-" "Mozilla/5.0 (compatible; SemrushBot-BA; +http://www.semrush.com/bot.html)" "-"
51.195.215.0 - - [10/Feb/2026:03:54:45 +0000] "GET /real-time-texas-hold-em-extra-web-based-porno-teens-group-poker-legislation HTTP/1.1" 200 38575 kenilworthcourt.com "-" "Mozilla/5.0 (compatible; AhrefsBot/7.0; +http://ahrefs.com/robot/)" "-"
3.83.76.0 - - [10/Feb/2026:03:54:46 +0000] "GET /tag/188bet-danhbai123 HTTP/1.1" 200 168959 kenilworthcourt.com "-" "TerraCotta https://github.com/CeramicTeam/CeramicTerracotta" "-"
3.83.76.0 - - [10/Feb/2026:03:54:56 +0000] "GET /mr-win-casinos-online-gaming-platform-review HTTP/1.1" 200 36283 kenilworthcourt.com "-" "TerraCotta https://github.com/CeramicTeam/CeramicTerracotta" "-"
3.83.76.0 - - [10/Feb/2026:03:54:57 +0000] "GET /category/188bet-danhbai123-755 HTTP/1.1" 200 55090 kenilworthcourt.com "-" "TerraCotta https://github.com/CeramicTeam/CeramicTerracotta" "-"
3.83.76.0 - - [10/Feb/2026:03:54:58 +0000] "GET /category/spin-bizzo-casino-223 HTTP/1.1" 200 51754 kenilworthcourt.com "-" "TerraCotta https://github.com/CeramicTeam/CeramicTerracotta" "-"
51.195.215.0 - - [10/Feb/2026:03:55:00 +0000] "GET /tag/fb777-register-login/page/2 HTTP/1.1" 200 144817 kenilworthcourt.com "-" "Mozilla/5.0 (compatible; AhrefsBot/7.0; +http://ahrefs.com/robot/)" "-"
3.83.76.0 - - [10/Feb/2026:03:55:07 +0000] "GET /category/slottica-bet-191 HTTP/1.1" 200 72796 kenilworthcourt.com "-" "TerraCotta https://github.com/CeramicTeam/CeramicTerracotta" "-"
54.38.147.0 - - [10/Feb/2026:03:55:15 +0000] "GET /finest-bitcoin-online-casinos-finest-btc-betting-internet-sites-2025 HTTP/1.1" 200 34731 kenilworthcourt.com "-" "Mozilla/5.0 (compatible; AhrefsBot/7.0; +http://ahrefs.com/robot/)" "-"
14.176.100.0 - - [10/Feb/2026:03:55:22 +0000] "GET /tag/slottica-50-free-spins-no-deposit HTTP/1.1" 200 72431 kenilworthcourt.com "-" "Mozilla/5.0 (Windows NT 10.0; Win64; x64) AppleWebKit/537.36 (KHTML, like Gecko) Chrome/68.0.3409.13 Safari/537.36" "-"
3.83.76.0 - - [10/Feb/2026:03:55:28 +0000] "GET /pandido-casino HTTP/1.1" 200 36312 kenilworthcourt.com "-" "TerraCotta https://github.com/CeramicTeam/CeramicTerracotta" "-"
3.83.76.0 - - [10/Feb/2026:03:55:29 +0000] "GET /tag/bdmbet-casino HTTP/1.1" 200 83854 kenilworthcourt.com "-" "TerraCotta https://github.com/CeramicTeam/CeramicTerracotta" "-"
51.195.244.0 - - [10/Feb/2026:03:55:32 +0000] "GET /danger-high-voltage-slot-opinion-and-info-totally-free-spins-rtp HTTP/1.1" 200 35789 kenilworthcourt.com "-" "Mozilla/5.0 (compatible; AhrefsBot/7.0; +http://ahrefs.com/robot/)" "-"
162.240.233.0 - - [10/Feb/2026:03:55:36 +0000] "GET /wp-login.php HTTP/1.1" 200 4740 kenilworthcourt.com "-" "Mozilla/5.0 (Windows NT 10.0; Win64; x64) AppleWebKit/537.36 (KHTML, like Gecko) Chrome/130.0.0.0 Safari/537.36" "-"
37.140.223.0 - - [10/Feb/2026:03:55:45 +0000] "POST /wp-login.php HTTP/1.1" 200 5110 kenilworthcourt.com "-" "Mozilla/5.0" "-"
172.245.102.0 - - [10/Feb/2026:03:55:46 +0000] "POST /wp-login.php HTTP/1.1" 200 5162 kenilworthcourt.com "-" "Mozilla/5.0" "-"
66.249.68.0 - - [10/Feb/2026:03:55:47 +0000] "GET /sharpen-your-strategy-maximize-wins-with-a-free-mines-game-demo HTTP/1.1" 200 37759 kenilworthcourt.com "-" "Mozilla/5.0 (Linux; Android 6.0.1; Nexus 5X Build/MMB29P) AppleWebKit/537.36 (KHTML, like Gecko) Chrome/144.0.7559.132 Mobile Safari/537.36 (compatible; Googlebot/2.1; +http://www.google.com/bot.html)" "-"
162.240.233.0 - - [10/Feb/2026:03:55:48 +0000] "POST /wp-login.php HTTP/1.1" 200 5110 kenilworthcourt.com "https://kenilworthcourt.com/wp-login.php" "Mozilla/5.0 (Windows NT 10.0; Win64; x64) AppleWebKit/537.36 (KHTML, like Gecko) Chrome/130.0.0.0 Safari/537.36" "-"
198.244.242.0 - - [10/Feb/2026:03:55:49 +0000] "GET /hot-and-cold-slots-4 HTTP/1.1" 200 33331 kenilworthcourt.com "-" "Mozilla/5.0 (compatible; AhrefsBot/7.0; +http://ahrefs.com/robot/)" "-"
3.83.76.0 - - [10/Feb/2026:03:55:51 +0000] "GET /penalty-shoot-out-gioca-e-vinci-al-penalty-shoot-out-casino HTTP/1.1" 200 38683 kenilworthcourt.com "-" "TerraCotta https://github.com/CeramicTeam/CeramicTerracotta" "-"
198.244.242.0 - - [10/Feb/2026:03:56:07 +0000] "GET /hrajte-bezpecne-s-licenciou-winbay-casino HTTP/1.1" 200 34376 kenilworthcourt.com "-" "Mozilla/5.0 (compatible; AhrefsBot/7.0; +http://ahrefs.com/robot/)" "-"
3.83.76.0 - - [10/Feb/2026:03:56:17 +0000] "GET /magiya-melbet-v-2026-vzglyad-iz-serdtsa-ekaterinburga-i-stavok-mechty HTTP/1.1" 200 40033 kenilworthcourt.com "-" "TerraCotta https://github.com/CeramicTeam/CeramicTerracotta" "-"
3.83.76.0 - - [10/Feb/2026:03:56:20 +0000] "GET /tag/20bet-bonus HTTP/1.1" 200 162968 kenilworthcourt.com "-" "TerraCotta https://github.com/CeramicTeam/CeramicTerracotta" "-"
198.244.242.0 - - [10/Feb/2026:03:56:24 +0000] "GET /norges-bunny-boiler-dehydrert-casino-beste-brukerveiledning-for-hver-online-casino-wunderino-anmeldelse-gambling-2025 HTTP/1.1" 200 39522 kenilworthcourt.com "-" "Mozilla/5.0 (compatible; AhrefsBot/7.0; +http://ahrefs.com/robot/)" "-"
3.83.76.0 - - [10/Feb/2026:03:56:30 +0000] "GET /vegazone-casino HTTP/1.1" 200 31988 kenilworthcourt.com "-" "TerraCotta https://github.com/CeramicTeam/CeramicTerracotta" "-"
198.244.183.0 - - [10/Feb/2026:03:56:36 +0000] "GET /lifeless-or-live-gioco-free-slots-casino-games-slot-machine-demonstration-gratis HTTP/1.1" 200 36939 kenilworthcourt.com "-" "Mozilla/5.0 (compatible; AhrefsBot/7.0; +http://ahrefs.com/robot/)" "-"
98.82.63.0 - - [10/Feb/2026:03:56:40 +0000] "GET /world-through-reading-fiction-books-creating-a-home HTTP/1.1" 200 27709 kenilworthcourt.com "-" "Mozilla/5.0 AppleWebKit/537.36 (KHTML, like Gecko; compatible; Amazonbot/0.1; +https://developer.amazon.com/support/amazonbot) Chrome/119.0.6045.214 Safari/537.36" "-"
3.218.35.0 - - [10/Feb/2026:03:56:43 +0000] "GET /wp-json/wp/v2/posts/5391 HTTP/1.1" 200 14320 kenilworthcourt.com "-" "Mozilla/5.0 AppleWebKit/537.36 (KHTML, like Gecko; compatible; Amazonbot/0.1; +https://developer.amazon.com/support/amazonbot) Chrome/119.0.6045.214 Safari/537.36" "-"
52.0.41.0 - - [10/Feb/2026:03:56:48 +0000] "GET /vip-vorteile-in-inlndischen-virtuellen-spielbanken HTTP/1.1" 200 35225 kenilworthcourt.com "-" "Mozilla/5.0 AppleWebKit/537.36 (KHTML, like Gecko; compatible; Amazonbot/0.1; +https://developer.amazon.com/support/amazonbot) Chrome/119.0.6045.214 Safari/537.36" "-"
3.83.76.0 - - [10/Feb/2026:03:56:48 +0000] "GET /johnny-kash HTTP/1.1" 200 35084 kenilworthcourt.com "-" "TerraCotta https://github.com/CeramicTeam/CeramicTerracotta" "-"
3.83.76.0 - - [10/Feb/2026:03:56:51 +0000] "GET /tag/bono-gratogana HTTP/1.1" 200 38678 kenilworthcourt.com "-" "TerraCotta https://github.com/CeramicTeam/CeramicTerracotta" "-"
3.83.76.0 - - [10/Feb/2026:03:56:52 +0000] "GET /tag/ggbet-free-spin HTTP/1.1" 200 73850 kenilworthcourt.com "-" "TerraCotta https://github.com/CeramicTeam/CeramicTerracotta" "-"
52.70.123.0 - - [10/Feb/2026:03:56:52 +0000] "GET /app-winnita-casino-scarica-e-inizia-a-giocare-subito-in-italia HTTP/1.1" 200 37598 kenilworthcourt.com "-" "Mozilla/5.0 AppleWebKit/537.36 (KHTML, like Gecko; compatible; Amazonbot/0.1; +https://developer.amazon.com/support/amazonbot) Chrome/119.0.6045.214 Safari/537.36" "-"
198.244.168.0 - - [10/Feb/2026:03:56:53 +0000] "GET /dolphin-reef-online-casino-29-100-percent-free-spins-chinga-choong-slot-game-online-otherwise-to-your-cellular HTTP/1.1" 200 34445 kenilworthcourt.com "-" "Mozilla/5.0 (compatible; AhrefsBot/7.0; +http://ahrefs.com/robot/)" "-"
54.221.203.0 - - [10/Feb/2026:03:56:54 +0000] "GET /aktualne-bonusy-bez-depozytu-zbytnio-rejestracje-2025-nowatorskie-kasyna-z-brakiem-depozytu-pod-poczatek HTTP/1.1" 200 38148 kenilworthcourt.com "-" "Mozilla/5.0 AppleWebKit/537.36 (KHTML, like Gecko; compatible; Amazonbot/0.1; +https://developer.amazon.com/support/amazonbot) Chrome/119.0.6045.214 Safari/537.36" "-"
34.227.156.0 - - [10/Feb/2026:03:57:02 +0000] "GET /wp-json/oembed/1.0/embed?url=https://kenilworthcourt.com/bizzo-casino-app-54 HTTP/1.1" 200 2353 kenilworthcourt.com "-" "Mozilla/5.0 AppleWebKit/537.36 (KHTML, like Gecko; compatible; Amazonbot/0.1; +https://developer.amazon.com/support/amazonbot) Chrome/119.0.6045.214 Safari/537.36" "-"
34.203.111.0 - - [10/Feb/2026:03:57:03 +0000] "GET /wp-json/wp/v2/posts/5441 HTTP/1.1" 200 15006 kenilworthcourt.com "-" "Mozilla/5.0 AppleWebKit/537.36 (KHTML, like Gecko; compatible; Amazonbot/0.1; +https://developer.amazon.com/support/amazonbot) Chrome/119.0.6045.214 Safari/537.36" "-"
198.244.240.0 - - [10/Feb/2026:03:57:07 +0000] "GET /la-riviere-doree-de-lolympe-casino HTTP/1.1" 200 32346 kenilworthcourt.com "-" "Mozilla/5.0 (compatible; AhrefsBot/7.0; +http://ahrefs.com/robot/)" "-"
184.72.95.0 - - [10/Feb/2026:03:57:08 +0000] "GET /die-entwicklung-der-casino-treueprogramme-1691/feed HTTP/1.1" 200 879 kenilworthcourt.com "-" "Mozilla/5.0 AppleWebKit/537.36 (KHTML, like Gecko; compatible; Amazonbot/0.1; +https://developer.amazon.com/support/amazonbot) Chrome/119.0.6045.214 Safari/537.36" "-"
17.246.23.0 - - [10/Feb/2026:03:57:10 +0000] "GET /migliore-scuola-inglese-new-york-amazon-k.html HTTP/1.1" 301 276 kenilworthcourt.com "-" "Mozilla/5.0 (Macintosh; Intel Mac OS X 10_15_7) AppleWebKit/605.1.15 (KHTML, like Gecko) Version/17.4 Safari/605.1.15 (Applebot/0.1; +http://www.apple.com/go/applebot)" "-"
17.246.15.0 - - [10/Feb/2026:03:57:10 +0000] "GET / HTTP/1.1" 200 32153 kenilworthcourt.com "-" "Mozilla/5.0 (Macintosh; Intel Mac OS X 10_15_7) AppleWebKit/605.1.15 (KHTML, like Gecko) Version/17.4 Safari/605.1.15 (Applebot/0.1; +http://www.apple.com/go/applebot)" "-"
50.17.193.0 - - [10/Feb/2026:03:57:11 +0000] "GET /wp-json/oembed/1.0/embed?url=https://kenilworthcourt.com/when-nv-casino-looking-for-totally-free-slots-on-line-you-should-look-no-further-than-onlineslotsx HTTP/1.1" 200 2595 kenilworthcourt.com "-" "Mozilla/5.0 AppleWebKit/537.36 (KHTML, like Gecko; compatible; Amazonbot/0.1; +https://developer.amazon.com/support/amazonbot) Chrome/119.0.6045.214 Safari/537.36" "-"
34.225.24.0 - - [10/Feb/2026:03:57:16 +0000] "GET /wp-json/wp/v2/posts/21511 HTTP/1.1" 200 16671 kenilworthcourt.com "-" "Mozilla/5.0 AppleWebKit/537.36 (KHTML, like Gecko; compatible; Amazonbot/0.1; +https://developer.amazon.com/support/amazonbot) Chrome/119.0.6045.214 Safari/537.36" "-"
52.200.93.0 - - [10/Feb/2026:03:57:20 +0000] "GET /wp-json/oembed/1.0/embed?url=https://kenilworthcourt.com/top-features-of-cricket-road-game-accessible-in-pakistan HTTP/1.1" 200 2382 kenilworthcourt.com "-" "Mozilla/5.0 AppleWebKit/537.36 (KHTML, like Gecko; compatible; Amazonbot/0.1; +https://developer.amazon.com/support/amazonbot) Chrome/119.0.6045.214 Safari/537.36" "-"
3.83.76.0 - - [10/Feb/2026:03:57:23 +0000] "GET /category/luckycola-446 HTTP/1.1" 200 67839 kenilworthcourt.com "-" "TerraCotta https://github.com/CeramicTeam/CeramicTerracotta" "-"
52.204.71.0 - - [10/Feb/2026:03:57:24 +0000] "GET /wp-json/wp/v2/posts/21951 HTTP/1.1" 200 2789 kenilworthcourt.com "-" "Mozilla/5.0 AppleWebKit/537.36 (KHTML, like Gecko; compatible; Amazonbot/0.1; +https://developer.amazon.com/support/amazonbot) Chrome/119.0.6045.214 Safari/537.36" "-"
51.195.183.0 - - [10/Feb/2026:03:57:25 +0000] "GET /lucky-88-slot-machine-game-able-to-gamble-online-casino-highest-paying-online-pokies-australia-game HTTP/1.1" 200 35927 kenilworthcourt.com "-" "Mozilla/5.0 (compatible; AhrefsBot/7.0; +http://ahrefs.com/robot/)" "-"
3.83.76.0 - - [10/Feb/2026:03:57:27 +0000] "GET /energy-casino HTTP/1.1" 200 32404 kenilworthcourt.com "-" "TerraCotta https://github.com/CeramicTeam/CeramicTerracotta" "-"
52.4.229.0 - - [10/Feb/2026:03:57:28 +0000] "GET /wp-json/wp/v2/posts/14134 HTTP/1.1" 200 20440 kenilworthcourt.com "-" "Mozilla/5.0 AppleWebKit/537.36 (KHTML, like Gecko; compatible; Amazonbot/0.1; +https://developer.amazon.com/support/amazonbot) Chrome/119.0.6045.214 Safari/537.36" "-"
3.83.76.0 - - [10/Feb/2026:03:57:31 +0000] "GET /tag/20bet-casino-app HTTP/1.1" 200 158279 kenilworthcourt.com "-" "TerraCotta https://github.com/CeramicTeam/CeramicTerracotta" "-"
18.205.127.0 - - [10/Feb/2026:03:57:31 +0000] "GET /wp-json/wp/v2/posts/21509 HTTP/1.1" 200 16395 kenilworthcourt.com "-" "Mozilla/5.0 AppleWebKit/537.36 (KHTML, like Gecko; compatible; Amazonbot/0.1; +https://developer.amazon.com/support/amazonbot) Chrome/119.0.6045.214 Safari/537.36" "-"
3.213.213.0 - - [10/Feb/2026:03:57:36 +0000] "GET /wp-json/wp/v2/posts/15230 HTTP/1.1" 200 21884 kenilworthcourt.com "-" "Mozilla/5.0 AppleWebKit/537.36 (KHTML, like Gecko; compatible; Amazonbot/0.1; +https://developer.amazon.com/support/amazonbot) Chrome/119.0.6045.214 Safari/537.36" "-"
185.221.37.0 - - [10/Feb/2026:03:57:39 +0000] "GET /wp-login.php HTTP/1.1" 200 4740 kenilworthcourt.com "-" "Mozilla/5.0 (Windows NT 10.0; Win64; x64) AppleWebKit/537.36 (KHTML, like Gecko) Chrome/130.0.0.0 Safari/537.36" "-"
198.244.183.0 - - [10/Feb/2026:03:57:39 +0000] "GET /dragon-harbors-no-deposit-free-revolves-and-you-cool-bananas-casino-slot-may-bonus-rules-listing HTTP/1.1" 200 36937 kenilworthcourt.com "-" "Mozilla/5.0 (compatible; AhrefsBot/7.0; +http://ahrefs.com/robot/)" "-"
44.208.223.0 - - [10/Feb/2026:03:57:40 +0000] "GET /wp-json/oembed/1.0/embed?format=xml&url=https://kenilworthcourt.com/bizzo-casino-bonus-235 HTTP/1.1" 200 2415 kenilworthcourt.com "-" "Mozilla/5.0 AppleWebKit/537.36 (KHTML, like Gecko; compatible; Amazonbot/0.1; +https://developer.amazon.com/support/amazonbot) Chrome/119.0.6045.214 Safari/537.36" "-"
98.83.94.0 - - [10/Feb/2026:03:57:43 +0000] "GET /wp-json/oembed/1.0/embed?format=xml&url=https://kenilworthcourt.com/john-huntsman-and-the-gifts-out-of-da-vincis-appreciate-position-play-wild-catch-slot-online-no-download-by-practical-gamble-100-percent-free-enjoy-evaluation HTTP/1.1" 200 3077 kenilworthcourt.com "-" "Mozilla/5.0 AppleWebKit/537.36 (KHTML, like Gecko; compatible; Amazonbot/0.1; +https://developer.amazon.com/support/amazonbot) Chrome/119.0.6045.214 Safari/537.36" "-"
198.244.242.0 - - [10/Feb/2026:03:57:56 +0000] "GET /10-ecu-provision-abzuglich-einzahlung-casinos-2023/feed HTTP/1.1" 200 896 kenilworthcourt.com "-" "Mozilla/5.0 (compatible; AhrefsBot/7.0; +http://ahrefs.com/robot/)" "-"
3.83.76.0 - - [10/Feb/2026:03:57:59 +0000] "GET /chicken-road-2-6 HTTP/1.1" 200 32260 kenilworthcourt.com "-" "TerraCotta https://github.com/CeramicTeam/CeramicTerracotta" "-"
3.83.76.0 - - [10/Feb/2026:03:58:02 +0000] "GET /freispiele-und-boni-nur-bei-mystake-casino-sichern HTTP/1.1" 200 30115 kenilworthcourt.com "-" "TerraCotta https://github.com/CeramicTeam/CeramicTerracotta" "-"
3.83.76.0 - - [10/Feb/2026:03:58:09 +0000] "GET /tag/slottica-login HTTP/1.1" 200 153812 kenilworthcourt.com "-" "TerraCotta https://github.com/CeramicTeam/CeramicTerracotta" "-"
51.195.244.0 - - [10/Feb/2026:03:58:11 +0000] "GET /crystal-forest-testspielautomat-kostenlos-50-spins-keine-einzahlung-kostenloses-demospiel HTTP/1.1" 200 40826 kenilworthcourt.com "-" "Mozilla/5.0 (compatible; AhrefsBot/7.0; +http://ahrefs.com/robot/)" "-"
3.83.76.0 - - [10/Feb/2026:03:58:12 +0000] "GET /piste-de-poulet-le-chemin-a-la-loterie HTTP/1.1" 200 33338 kenilworthcourt.com "-" "TerraCotta https://github.com/CeramicTeam/CeramicTerracotta" "-"
66.249.68.0 - - [10/Feb/2026:03:58:17 +0000] "GET /?p=281347666 HTTP/1.1" 404 24756 kenilworthcourt.com "-" "Mozilla/5.0 (Linux; Android 6.0.1; Nexus 5X Build/MMB29P) AppleWebKit/537.36 (KHTML, like Gecko) Chrome/144.0.7559.132 Mobile Safari/537.36 (compatible; Googlebot/2.1; +http://www.google.com/bot.html)" "-"
54.221.203.0 - - [10/Feb/2026:03:58:22 +0000] "GET /wp-json/wp/v2/posts/%22https:/images.thewest.com.au/publication/YA-367246/a_091106genpearl1_19hrk5n-19hrk63.jpg/%22 HTTP/1.1" 404 114 kenilworthcourt.com "-" "Mozilla/5.0 AppleWebKit/537.36 (KHTML, like Gecko; compatible; Amazonbot/0.1; +https://developer.amazon.com/support/amazonbot) Chrome/119.0.6045.214 Safari/537.36" "-"
3.83.76.0 - - [10/Feb/2026:03:58:24 +0000] "GET /how-coffee-changed-time-and-trade HTTP/1.1" 200 37252 kenilworthcourt.com "-" "TerraCotta https://github.com/CeramicTeam/CeramicTerracotta" "-"
198.244.226.0 - - [10/Feb/2026:03:58:26 +0000] "GET /washington-wa-casino-near-portland-10 HTTP/1.1" 200 137429 kenilworthcourt.com "-" "Mozilla/5.0 (compatible; AhrefsBot/7.0; +http://ahrefs.com/robot/)" "-"
51.195.183.0 - - [10/Feb/2026:03:58:43 +0000] "GET /the-cats-slots-for-iphone-newest-position-other-sites-which-have-el-torero-fifty-free-spins-no-deposit-2025-complete-amount-weed-marijuana-development HTTP/1.1" 200 35935 kenilworthcourt.com "-" "Mozilla/5.0 (compatible; AhrefsBot/7.0; +http://ahrefs.com/robot/)" "-"
3.83.76.0 - - [10/Feb/2026:03:58:44 +0000] "GET /tag/gratogana-espana HTTP/1.1" 200 46983 kenilworthcourt.com "-" "TerraCotta https://github.com/CeramicTeam/CeramicTerracotta" "-"
