139.28.122.0 - - [10/Feb/2026:04:08:12 +0000] "HEAD /layout HTTP/1.1" 200 - kenilworthcourt.com "https://kenilworthcourt.com/layout" "Mozilla/5.0 (Windows NT 10.0; Win64; x64) AppleWebKit/537.36 (KHTML, like Gecko) Chrome/122.0.0.0 Safari/537.36" "-"
89.40.81.0 - - [10/Feb/2026:04:08:12 +0000] "HEAD /wp-json/oembed/1.0/embed?url=https%3A%2F%2Fkenilworthcourt.com%2Flayout&format=xml HTTP/1.1" 200 - kenilworthcourt.com "https://kenilworthcourt.com/layout" "Mozilla/5.0 (Windows NT 10.0; Win64; x64) AppleWebKit/537.36 (KHTML, like Gecko) Chrome/122.0.0.0 Safari/537.36" "-"
209.235.136.0 - - [10/Feb/2026:04:08:13 +0000] "POST /wp-login.php HTTP/1.1" 200 5110 kenilworthcourt.com "https://kenilworthcourt.com/wp-login.php" "Mozilla/5.0 (Windows NT 10.0; Win64; x64) AppleWebKit/537.36 (KHTML, like Gecko) Chrome/130.0.0.0 Safari/537.36" "-"
198.244.242.0 - - [10/Feb/2026:04:08:17 +0000] "GET /category/20bet-%E7%99%BB%E9%8C%B2-750/feed HTTP/1.1" 200 40498 kenilworthcourt.com "-" "Mozilla/5.0 (compatible; AhrefsBot/7.0; +http://ahrefs.com/robot/)" "-"
129.121.74.0 - - [10/Feb/2026:04:08:17 +0000] "GET /wp-login.php HTTP/1.1" 200 4740 kenilworthcourt.com "-" "Mozilla/5.0 (Windows NT 10.0; Win64; x64) AppleWebKit/537.36 (KHTML, like Gecko) Chrome/130.0.0.0 Safari/537.36" "-"
3.83.76.0 - - [10/Feb/2026:04:08:26 +0000] "GET /spinn-vinn-og-feir-hver-dag-med-slotsvader-casino-i-norge HTTP/1.1" 200 37060 kenilworthcourt.com "-" "TerraCotta https://github.com/CeramicTeam/CeramicTerracotta" "-"
3.83.76.0 - - [10/Feb/2026:04:08:27 +0000] "GET /exploring-the-vegasino-casino-and-sportsbook-exper HTTP/1.1" 200 36114 kenilworthcourt.com "-" "TerraCotta https://github.com/CeramicTeam/CeramicTerracotta" "-"
129.121.74.0 - - [10/Feb/2026:04:08:29 +0000] "POST /wp-login.php HTTP/1.1" 200 5110 kenilworthcourt.com "https://kenilworthcourt.com/wp-login.php" "Mozilla/5.0 (Windows NT 10.0; Win64; x64) AppleWebKit/537.36 (KHTML, like Gecko) Chrome/130.0.0.0 Safari/537.36" "-"
198.244.183.0 - - [10/Feb/2026:04:08:32 +0000] "GET /jewel-sea-pirate-riches-slot-descubra-isso-gpis-acessivel-golden-vegas-sem-deposito-review/feed HTTP/1.1" 200 1017 kenilworthcourt.com "-" "Mozilla/5.0 (compatible; AhrefsBot/7.0; +http://ahrefs.com/robot/)" "-"
176.126.172.0 - - [10/Feb/2026:04:08:34 +0000] "GET /wp-login.php HTTP/1.1" 200 4740 kenilworthcourt.com "-" "Mozilla/5.0 (Windows NT 10.0; Win64; x64) AppleWebKit/537.36 (KHTML, like Gecko) Chrome/130.0.0.0 Safari/537.36" "-"
3.83.76.0 - - [10/Feb/2026:04:08:39 +0000] "GET /fortune-rabbit-estilo-de-jogo-livre-com-sensacao-autentica-de-cassino HTTP/1.1" 200 35488 kenilworthcourt.com "-" "TerraCotta https://github.com/CeramicTeam/CeramicTerracotta" "-"
3.83.76.0 - - [10/Feb/2026:04:08:45 +0000] "GET /pcshow-buzz-2-portable-only-final-latest-genuine HTTP/1.1" 200 182852 kenilworthcourt.com "-" "TerraCotta https://github.com/CeramicTeam/CeramicTerracotta" "-"
176.126.172.0 - - [10/Feb/2026:04:08:46 +0000] "POST /wp-login.php HTTP/1.1" 200 5110 kenilworthcourt.com "https://kenilworthcourt.com/wp-login.php" "Mozilla/5.0 (Windows NT 10.0; Win64; x64) AppleWebKit/537.36 (KHTML, like Gecko) Chrome/130.0.0.0 Safari/537.36" "-"
2a03:2880:f800:: - - [10/Feb/2026:04:08:49 +0000] "GET /feel-the-rush-of-real-casino-excitement-in-jackpot-party-game HTTP/1.1" 200 33722 kenilworthcourt.com "-" "meta-externalagent/1.1 (+https://developers.facebook.com/docs/sharing/webmasters/crawler)" "-"
51.195.244.0 - - [10/Feb/2026:04:08:50 +0000] "GET /gates-of-olympus%EF%B8%8F-acteren-gates-ofwe-olympu-gedurende-pragmatic/feed HTTP/1.1" 200 952 kenilworthcourt.com "-" "Mozilla/5.0 (compatible; AhrefsBot/7.0; +http://ahrefs.com/robot/)" "-"
51.195.244.0 - - [10/Feb/2026:04:09:09 +0000] "GET /cosmic-fortune-fietsslot-vanuit-net-entertainmen-bespreking-speel-kosteloos-online/feed HTTP/1.1" 200 992 kenilworthcourt.com "-" "Mozilla/5.0 (compatible; AhrefsBot/7.0; +http://ahrefs.com/robot/)" "-"
52.140.96.0 - - [10/Feb/2026:04:09:09 +0000] "GET /wp-login.php HTTP/1.1" 200 4740 kenilworthcourt.com "-" "Mozilla/5.0 (Windows NT 10.0; Win64; x64) AppleWebKit/537.36 (KHTML, like Gecko) Chrome/130.0.0.0 Safari/537.36" "-"
3.83.76.0 - - [10/Feb/2026:04:09:11 +0000] "GET /tag/bdm-bet-casino HTTP/1.1" 200 35561 kenilworthcourt.com "-" "TerraCotta https://github.com/CeramicTeam/CeramicTerracotta" "-"
52.140.96.0 - - [10/Feb/2026:04:09:22 +0000] "POST /wp-login.php HTTP/1.1" 503 339 kenilworthcourt.com "https://kenilworthcourt.com/wp-login.php" "Mozilla/5.0 (Windows NT 10.0; Win64; x64) AppleWebKit/537.36 (KHTML, like Gecko) Chrome/130.0.0.0 Safari/537.36" "-"
3.83.76.0 - - [10/Feb/2026:04:09:22 +0000] "GET /tag/level-up-casino-app HTTP/1.1" 200 69026 kenilworthcourt.com "-" "TerraCotta https://github.com/CeramicTeam/CeramicTerracotta" "-"
51.195.183.0 - - [10/Feb/2026:04:09:26 +0000] "GET /where-does-it-come-from HTTP/1.1" 200 29648 kenilworthcourt.com "-" "Mozilla/5.0 (compatible; AhrefsBot/7.0; +http://ahrefs.com/robot/)" "-"
23.92.16.0 - - [10/Feb/2026:04:09:31 +0000] "GET /office-2019-64bits-all-in-one-latest-compact-build-p2p-dow%F0%9D%9A%97l%F0%9D%9A%98ad-to%F0%9D%9A%9Brent HTTP/1.1" 200 104133 kenilworthcourt.com "-" "Mozilla/5.0 (compatible; MuckRack/1.0; +https://muckrack.com)" "-"
198.244.242.0 - - [10/Feb/2026:04:09:41 +0000] "GET /bono-de-casino-desprovisto-deposito-en-chile-2025-disponible/feed HTTP/1.1" 200 926 kenilworthcourt.com "-" "Mozilla/5.0 (compatible; AhrefsBot/7.0; +http://ahrefs.com/robot/)" "-"
3.83.76.0 - - [10/Feb/2026:04:09:42 +0000] "GET /del-oro-casino-real-money-games-and-slot-machines-online HTTP/1.1" 200 31811 kenilworthcourt.com "-" "TerraCotta https://github.com/CeramicTeam/CeramicTerracotta" "-"
3.83.76.0 - - [10/Feb/2026:04:09:46 +0000] "GET /stakebro HTTP/1.1" 200 32573 kenilworthcourt.com "-" "TerraCotta https://github.com/CeramicTeam/CeramicTerracotta" "-"
2a03:2880:f800:: - - [10/Feb/2026:04:09:48 +0000] "GET /added-mr-cashman-casino-bonus-poker-10-hands-review-play-100-percent-free-demo-2025 HTTP/1.1" 200 34429 kenilworthcourt.com "-" "meta-externalagent/1.1 (+https://developers.facebook.com/docs/sharing/webmasters/crawler)" "-"
3.83.76.0 - - [10/Feb/2026:04:09:56 +0000] "GET /category/fortune-gems-online-casino-653 HTTP/1.1" 200 68296 kenilworthcourt.com "-" "TerraCotta https://github.com/CeramicTeam/CeramicTerracotta" "-"
51.195.215.0 - - [10/Feb/2026:04:10:05 +0000] "GET /32178-gratis-slot-online-ultra-hot-deluxe-online-slots-uden-downloadin/feed HTTP/1.1" 200 956 kenilworthcourt.com "-" "Mozilla/5.0 (compatible; AhrefsBot/7.0; +http://ahrefs.com/robot/)" "-"
2a03:2880:f800:: - - [10/Feb/2026:04:10:08 +0000] "GET /join-lions-den-casino-and-experience-the-change HTTP/1.1" 200 36662 kenilworthcourt.com "-" "meta-externalagent/1.1 (+https://developers.facebook.com/docs/sharing/webmasters/crawler)" "-"
3.83.76.0 - - [10/Feb/2026:04:10:11 +0000] "GET /category/296 HTTP/1.1" 200 73294 kenilworthcourt.com "-" "TerraCotta https://github.com/CeramicTeam/CeramicTerracotta" "-"
94.72.107.0 - - [10/Feb/2026:04:10:12 +0000] "GET /wp-login.php HTTP/1.1" 200 4740 kenilworthcourt.com "-" "Mozilla/5.0 (Windows NT 10.0; Win64; x64) AppleWebKit/537.36 (KHTML, like Gecko) Chrome/130.0.0.0 Safari/537.36" "-"
54.38.147.0 - - [10/Feb/2026:04:10:25 +0000] "GET /hooked-on-victory-royal-fishing-slot-adventure HTTP/1.1" 200 33410 kenilworthcourt.com "-" "Mozilla/5.0 (compatible; AhrefsBot/7.0; +http://ahrefs.com/robot/)" "-"
216.73.216.0 - - [10/Feb/2026:04:10:26 +0000] "GET /robots.txt HTTP/1.1" 200 120 kenilworthcourt.com "-" "Mozilla/5.0 AppleWebKit/537.36 (KHTML, like Gecko; compatible; ClaudeBot/1.0; +claudebot@anthropic.com)" "-"
216.73.216.0 - - [10/Feb/2026:04:10:26 +0000] "GET /baccarat-on-the-internet-the-lucky-ladys-charm-casino-real-deal-currency-10-finest-gambling-enterprises-playing-2025/feed HTTP/1.1" 200 1093 kenilworthcourt.com "-" "Mozilla/5.0 AppleWebKit/537.36 (KHTML, like Gecko; compatible; ClaudeBot/1.0; +claudebot@anthropic.com)" "-"
216.73.216.0 - - [10/Feb/2026:04:10:27 +0000] "GET /?p=4989 HTTP/1.1" 301 - kenilworthcourt.com "-" "Mozilla/5.0 AppleWebKit/537.36 (KHTML, like Gecko; compatible; ClaudeBot/1.0; +claudebot@anthropic.com)" "-"
216.73.216.0 - - [10/Feb/2026:04:10:27 +0000] "GET /baccarat-on-the-internet-the-lucky-ladys-charm-casino-real-deal-currency-10-finest-gambling-enterprises-playing-2025 HTTP/1.1" 200 38430 kenilworthcourt.com "https://kenilworthcourt.com/?p=4989" "Mozilla/5.0 AppleWebKit/537.36 (KHTML, like Gecko; compatible; ClaudeBot/1.0; +claudebot@anthropic.com)" "-"
85.208.98.0 - - [10/Feb/2026:04:10:28 +0000] "GET /robots.txt HTTP/1.1" 429 267 kenilworthcourt.com "-" "Mozilla/5.0 (compatible; SemrushBot-BA; +http://www.semrush.com/bot.html)" "-"
3.83.76.0 - - [10/Feb/2026:04:10:40 +0000] "GET /tag/hell-spin-casino HTTP/1.1" 200 165667 kenilworthcourt.com "-" "TerraCotta https://github.com/CeramicTeam/CeramicTerracotta" "-"
3.83.76.0 - - [10/Feb/2026:04:10:42 +0000] "GET /office-2025-x64-kms-activated-v2408-get-to%f0%9d%9a%9brent HTTP/1.1" 200 100342 kenilworthcourt.com "-" "TerraCotta https://github.com/CeramicTeam/CeramicTerracotta" "-"
198.244.183.0 - - [10/Feb/2026:04:10:47 +0000] "GET /spielautomat-rich-fruits-zum-besten-geben-slots-diese-um-echtes-piepen-inoffizieller-mitarbeiter-slots-echtes-geld-slotier-spielsaal HTTP/1.1" 200 36157 kenilworthcourt.com "-" "Mozilla/5.0 (compatible; AhrefsBot/7.0; +http://ahrefs.com/robot/)" "-"
3.83.76.0 - - [10/Feb/2026:04:10:56 +0000] "GET /category/bizzo-casino-pl-617 HTTP/1.1" 200 69728 kenilworthcourt.com "-" "TerraCotta https://github.com/CeramicTeam/CeramicTerracotta" "-"
148.66.157.0 - - [10/Feb/2026:04:11:03 +0000] "GET /wp-login.php HTTP/1.1" 200 4740 kenilworthcourt.com "-" "Mozilla/5.0 (Windows NT 10.0; Win64; x64) AppleWebKit/537.36 (KHTML, like Gecko) Chrome/130.0.0.0 Safari/537.36" "-"
51.195.244.0 - - [10/Feb/2026:04:11:08 +0000] "GET /bedste-kasino-afkastning-i-modsat-fald-indbetaling-topliste-vederlagsfri-spins-ingen-depositum-wild-turkey-30-gratis-spins-300-shields-2025-danmark/feed HTTP/1.1" 200 1186 kenilworthcourt.com "-" "Mozilla/5.0 (compatible; AhrefsBot/7.0; +http://ahrefs.com/robot/)" "-"
85.208.98.0 - - [10/Feb/2026:04:11:10 +0000] "GET /robots.txt HTTP/1.1" 429 267 kenilworthcourt.com "-" "Mozilla/5.0 (compatible; SemrushBot-BA; +http://www.semrush.com/bot.html)" "-"
3.83.76.0 - - [10/Feb/2026:04:11:11 +0000] "GET /0xa03210da HTTP/1.1" 200 28887 kenilworthcourt.com "-" "TerraCotta https://github.com/CeramicTeam/CeramicTerracotta" "-"
51.195.183.0 - - [10/Feb/2026:04:11:26 +0000] "GET /release-fire-joker-slot-real-money-your-fortune-having-dragon-kingdom-position-games-because-of-the-pragmatic-play HTTP/1.1" 200 35417 kenilworthcourt.com "-" "Mozilla/5.0 (compatible; AhrefsBot/7.0; +http://ahrefs.com/robot/)" "-"
148.66.157.0 - - [10/Feb/2026:04:11:27 +0000] "POST /wp-login.php HTTP/1.1" 200 5110 kenilworthcourt.com "https://kenilworthcourt.com/wp-login.php" "Mozilla/5.0 (Windows NT 10.0; Win64; x64) AppleWebKit/537.36 (KHTML, like Gecko) Chrome/130.0.0.0 Safari/537.36" "-"
85.208.98.0 - - [10/Feb/2026:04:11:37 +0000] "GET /halter-dress-k.html HTTP/1.1" 429 267 kenilworthcourt.com "-" "Mozilla/5.0 (compatible; SemrushBot-BA; +http://www.semrush.com/bot.html)" "-"
3.83.76.0 - - [10/Feb/2026:04:11:41 +0000] "GET /category/spin-samurai-app-860 HTTP/1.1" 200 74188 kenilworthcourt.com "-" "TerraCotta https://github.com/CeramicTeam/CeramicTerracotta" "-"
85.208.98.0 - - [10/Feb/2026:04:11:44 +0000] "GET /logo-adidas-falso-k.html HTTP/1.1" 429 267 kenilworthcourt.com "-" "Mozilla/5.0 (compatible; SemrushBot-BA; +http://www.semrush.com/bot.html)" "-"
198.244.168.0 - - [10/Feb/2026:04:11:45 +0000] "GET /texas-holdem-on-line-poker-2025-evaluate-an-informed-hold-em-casino-poker-porno-teens-group-porno-pics-milf-web-sites HTTP/1.1" 200 39248 kenilworthcourt.com "-" "Mozilla/5.0 (compatible; AhrefsBot/7.0; +http://ahrefs.com/robot/)" "-"
3.83.76.0 - - [10/Feb/2026:04:11:58 +0000] "GET /skinjoker-casino-vous-invite-a-jouer-a-spin-and-win-instantanement-en-france HTTP/1.1" 200 40870 kenilworthcourt.com "-" "TerraCotta https://github.com/CeramicTeam/CeramicTerracotta" "-"
3.83.76.0 - - [10/Feb/2026:04:12:05 +0000] "GET /understanding-the-security-features-of-megawin-secure-platforms HTTP/1.1" 200 33665 kenilworthcourt.com "-" "TerraCotta https://github.com/CeramicTeam/CeramicTerracotta" "-"
51.89.129.0 - - [10/Feb/2026:04:12:09 +0000] "GET /777slot-vip-login-474 HTTP/1.1" 200 39600 kenilworthcourt.com "-" "Mozilla/5.0 (compatible; AhrefsBot/7.0; +http://ahrefs.com/robot/)" "-"
3.83.76.0 - - [10/Feb/2026:04:12:15 +0000] "GET /category/20bet-live-880 HTTP/1.1" 200 64548 kenilworthcourt.com "-" "TerraCotta https://github.com/CeramicTeam/CeramicTerracotta" "-"
2a03:2880:f800:: - - [10/Feb/2026:04:12:26 +0000] "GET /express-burn-cd-and-dvd-burner-full-activated-final-x32-x64-latest-multilingual HTTP/1.1" 200 161687 kenilworthcourt.com "-" "meta-externalagent/1.1 (+https://developers.facebook.com/docs/sharing/webmasters/crawler)" "-"
3.83.76.0 - - [10/Feb/2026:04:12:28 +0000] "GET /0x07480d32 HTTP/1.1" 200 28842 kenilworthcourt.com "-" "TerraCotta https://github.com/CeramicTeam/CeramicTerracotta" "-"
198.244.242.0 - - [10/Feb/2026:04:12:28 +0000] "GET /bedste-microgaming-casinoer-som-dannevan-2025-fa-pandamania-idraet-50-gratis-spins-pa-rainbow-riches-intet-depositum-foran-morskab-bonusser-d-d/feed HTTP/1.1" 200 1177 kenilworthcourt.com "-" "Mozilla/5.0 (compatible; AhrefsBot/7.0; +http://ahrefs.com/robot/)" "-"
3.83.76.0 - - [10/Feb/2026:04:12:38 +0000] "GET /category/bizzo-casino-bonus-797 HTTP/1.1" 200 63234 kenilworthcourt.com "-" "TerraCotta https://github.com/CeramicTeam/CeramicTerracotta" "-"
198.244.240.0 - - [10/Feb/2026:04:12:50 +0000] "GET /beste-spilleautomater-pa-nett-slot-game-secret-of-the-stones-i-2025-sikken-ekte-penger/feed HTTP/1.1" 200 1005 kenilworthcourt.com "-" "Mozilla/5.0 (compatible; AhrefsBot/7.0; +http://ahrefs.com/robot/)" "-"
101.0.79.0 - - [10/Feb/2026:04:12:51 +0000] "GET /wp-login.php HTTP/1.1" 200 4740 kenilworthcourt.com "-" "Mozilla/5.0 (Windows NT 10.0; Win64; x64) AppleWebKit/537.36 (KHTML, like Gecko) Chrome/130.0.0.0 Safari/537.36" "-"
3.83.76.0 - - [10/Feb/2026:04:12:58 +0000] "GET /microsoft-office-365-home-student-64-bit-one-click-setup-p2p-magnet-link HTTP/1.1" 200 104399 kenilworthcourt.com "-" "TerraCotta https://github.com/CeramicTeam/CeramicTerracotta" "-"
101.0.79.0 - - [10/Feb/2026:04:13:03 +0000] "POST /wp-login.php HTTP/1.1" 200 5110 kenilworthcourt.com "https://kenilworthcourt.com/wp-login.php" "Mozilla/5.0 (Windows NT 10.0; Win64; x64) AppleWebKit/537.36 (KHTML, like Gecko) Chrome/130.0.0.0 Safari/537.36" "-"
51.255.148.0 - - [10/Feb/2026:04:13:03 +0000] "GET /wp-login.php HTTP/1.1" 200 4740 kenilworthcourt.com "-" "Mozilla/5.0 (Windows NT 10.0; Win64; x64) AppleWebKit/537.36 (KHTML, like Gecko) Chrome/130.0.0.0 Safari/537.36" "-"
51.195.215.0 - - [10/Feb/2026:04:13:07 +0000] "GET /casino-lezen-speel-kosteloos-casino-games-zonder-aanmelden/feed HTTP/1.1" 200 919 kenilworthcourt.com "-" "Mozilla/5.0 (compatible; AhrefsBot/7.0; +http://ahrefs.com/robot/)" "-"
3.83.76.0 - - [10/Feb/2026:04:13:11 +0000] "GET /fluoxymesterone-10-mg-un-allie-pour-la-musculation HTTP/1.1" 200 29982 kenilworthcourt.com "-" "TerraCotta https://github.com/CeramicTeam/CeramicTerracotta" "-"
3.83.76.0 - - [10/Feb/2026:04:13:15 +0000] "GET /tag/betsafe-deposit HTTP/1.1" 200 141785 kenilworthcourt.com "-" "TerraCotta https://github.com/CeramicTeam/CeramicTerracotta" "-"
51.255.148.0 - - [10/Feb/2026:04:13:16 +0000] "POST /wp-login.php HTTP/1.1" 200 5110 kenilworthcourt.com "https://kenilworthcourt.com/wp-login.php" "Mozilla/5.0 (Windows NT 10.0; Win64; x64) AppleWebKit/537.36 (KHTML, like Gecko) Chrome/130.0.0.0 Safari/537.36" "-"
198.244.168.0 - - [10/Feb/2026:04:13:28 +0000] "GET /juguetear-jurassic-park-gold-acerca-de-slingo-tragaperras-asi-como-casino-online/feed HTTP/1.1" 200 989 kenilworthcourt.com "-" "Mozilla/5.0 (compatible; AhrefsBot/7.0; +http://ahrefs.com/robot/)" "-"
3.83.76.0 - - [10/Feb/2026:04:13:32 +0000] "GET /tag/hell-spin-22 HTTP/1.1" 200 144468 kenilworthcourt.com "-" "TerraCotta https://github.com/CeramicTeam/CeramicTerracotta" "-"
131.72.236.0 - - [10/Feb/2026:04:13:34 +0000] "GET /wp-login.php HTTP/1.1" 200 4740 kenilworthcourt.com "-" "Mozilla/5.0 (Windows NT 10.0; Win64; x64) AppleWebKit/537.36 (KHTML, like Gecko) Chrome/130.0.0.0 Safari/537.36" "-"
3.83.76.0 - - [10/Feb/2026:04:13:38 +0000] "GET /rollblock-casino-2 HTTP/1.1" 200 35373 kenilworthcourt.com "-" "TerraCotta https://github.com/CeramicTeam/CeramicTerracotta" "-"
131.72.236.0 - - [10/Feb/2026:04:13:46 +0000] "POST /wp-login.php HTTP/1.1" 200 5110 kenilworthcourt.com "https://kenilworthcourt.com/wp-login.php" "Mozilla/5.0 (Windows NT 10.0; Win64; x64) AppleWebKit/537.36 (KHTML, like Gecko) Chrome/130.0.0.0 Safari/537.36" "-"
3.83.76.0 - - [10/Feb/2026:04:13:49 +0000] "GET /tag/188bet-e-confiavel HTTP/1.1" 200 40060 kenilworthcourt.com "-" "TerraCotta https://github.com/CeramicTeam/CeramicTerracotta" "-"
51.195.215.0 - - [10/Feb/2026:04:13:49 +0000] "GET /500-casino-maklercourtage-2025-die-besten-terminator-2-casino-boni-within-verbunden-casinos HTTP/1.1" 200 36049 kenilworthcourt.com "-" "Mozilla/5.0 (compatible; AhrefsBot/7.0; +http://ahrefs.com/robot/)" "-"
3.83.76.0 - - [10/Feb/2026:04:13:52 +0000] "GET /tag/phlwin-bonus HTTP/1.1" 200 157474 kenilworthcourt.com "-" "TerraCotta https://github.com/CeramicTeam/CeramicTerracotta" "-"
85.208.98.0 - - [10/Feb/2026:04:13:58 +0000] "GET /timberland-boots-usa-price-k.html HTTP/1.1" 429 267 kenilworthcourt.com "-" "Mozilla/5.0 (compatible; SemrushBot-BA; +http://www.semrush.com/bot.html)" "-"
51.195.215.0 - - [10/Feb/2026:04:14:06 +0000] "GET /win-big-with-coin-strike-slot-riches-and-rewards-ahead/feed HTTP/1.1" 200 908 kenilworthcourt.com "-" "Mozilla/5.0 (compatible; AhrefsBot/7.0; +http://ahrefs.com/robot/)" "-"
3.83.76.0 - - [10/Feb/2026:04:14:12 +0000] "GET /wingaga-casino-i-piu-rinomati-fornitori-di-slot-e-percentuali-rtp-in-svizzera HTTP/1.1" 200 40568 kenilworthcourt.com "-" "TerraCotta https://github.com/CeramicTeam/CeramicTerracotta" "-"
3.83.76.0 - - [10/Feb/2026:04:14:14 +0000] "GET /sushi-casino-2 HTTP/1.1" 200 32349 kenilworthcourt.com "-" "TerraCotta https://github.com/CeramicTeam/CeramicTerracotta" "-"
85.208.98.0 - - [10/Feb/2026:04:14:19 +0000] "GET /scarpe-timberland-false-k.html HTTP/1.1" 429 267 kenilworthcourt.com "-" "Mozilla/5.0 (compatible; SemrushBot-BA; +http://www.semrush.com/bot.html)" "-"
3.83.76.0 - - [10/Feb/2026:04:14:22 +0000] "GET /tag/20-bet-login HTTP/1.1" 200 160467 kenilworthcourt.com "-" "TerraCotta https://github.com/CeramicTeam/CeramicTerracotta" "-"
85.208.98.0 - - [10/Feb/2026:04:14:25 +0000] "GET /authentic-timberland-k.html HTTP/1.1" 429 267 kenilworthcourt.com "-" "Mozilla/5.0 (compatible; SemrushBot-BA; +http://www.semrush.com/bot.html)" "-"
51.89.129.0 - - [10/Feb/2026:04:14:26 +0000] "GET /online-kasino-dannevan-fa-oje-pa-hvor-du-spiller-i-kraft-af-dansker-choy-sun-doa-slot-licens/feed HTTP/1.1" 200 1024 kenilworthcourt.com "-" "Mozilla/5.0 (compatible; AhrefsBot/7.0; +http://ahrefs.com/robot/)" "-"
3.83.76.0 - - [10/Feb/2026:04:14:32 +0000] "GET /category/hellspin-login-900 HTTP/1.1" 200 60779 kenilworthcourt.com "-" "TerraCotta https://github.com/CeramicTeam/CeramicTerracotta" "-"
3.83.76.0 - - [10/Feb/2026:04:14:39 +0000] "GET /category/bizzo-casino-bonus-code-875 HTTP/1.1" 200 67319 kenilworthcourt.com "-" "TerraCotta https://github.com/CeramicTeam/CeramicTerracotta" "-"
198.244.242.0 - - [10/Feb/2026:04:14:43 +0000] "GET /the-winningest-symbols-an-in-depth-look-at-payouts HTTP/1.1" 200 32259 kenilworthcourt.com "-" "Mozilla/5.0 (compatible; AhrefsBot/7.0; +http://ahrefs.com/robot/)" "-"
179.108.84.0 - - [10/Feb/2026:04:14:50 +0000] "GET /wp-login.php HTTP/1.1" 200 4740 kenilworthcourt.com "-" "Mozilla/5.0 (Windows NT 10.0; Win64; x64) AppleWebKit/537.36 (KHTML, like Gecko) Chrome/130.0.0.0 Safari/537.36" "-"
3.83.76.0 - - [10/Feb/2026:04:14:51 +0000] "GET /0x38053956 HTTP/1.1" 200 28981 kenilworthcourt.com "-" "TerraCotta https://github.com/CeramicTeam/CeramicTerracotta" "-"
216.73.216.0 - - [10/Feb/2026:04:14:53 +0000] "GET /intercity-express-spielsaal-goldbet-schweiz-login-provision-ohne-einzahlung-25-gebuhrenfrei-im-land-der-dichter-und-denker HTTP/1.1" 200 35972 kenilworthcourt.com "-" "Mozilla/5.0 AppleWebKit/537.36 (KHTML, like Gecko; compatible; ClaudeBot/1.0; +claudebot@anthropic.com)" "-"
179.108.84.0 - - [10/Feb/2026:04:15:02 +0000] "POST /wp-login.php HTTP/1.1" 200 5110 kenilworthcourt.com "https://kenilworthcourt.com/wp-login.php" "Mozilla/5.0 (Windows NT 10.0; Win64; x64) AppleWebKit/537.36 (KHTML, like Gecko) Chrome/130.0.0.0 Safari/537.36" "-"
66.249.68.0 - - [10/Feb/2026:04:15:06 +0000] "GET /?e=39087100560000&channel=8b41d1&from=form.php%3Fid%3D1005600-6816%26name%3D%E8%8A%8D%E8%96%AC%E7%A8%AE+%EF%BC%88%E8%8A%8D%E8%96%AC%E3%81%AE%E7%A8%AE%E3%81%8C%E5%BC%BE%E3%81%91%E3%81%BE%E3%81%97%E3%81%9F%EF%BD%9C%E5%9C%92%E8%8A%B8%E6%97%A5%E8%A8%98by%E3%82%AA%E3%83%AA%E3%83%BC%E3%83%96%E3%83%9E%E3%83%9E%EF%BD%9C%E3%81%BF%E3%82%93%E3%81%AA%E3%81%AE%E8%B6%A3%E5%91%B3%E3%81%AE%E5%9C%92%E8%8A%B8%EF%BD%9C858524%EF%BC%89 HTTP/1.1" 301 - kenilworthcourt.com "-" "Mozilla/5.0 (Linux; Android 6.0.1; Nexus 5X Build/MMB29P) AppleWebKit/537.36 (KHTML, like Gecko) Chrome/144.0.7559.132 Mobile Safari/537.36 (compatible; Googlebot/2.1; +http://www.google.com/bot.html)" "-"
66.249.68.0 - - [10/Feb/2026:04:15:07 +0000] "GET /?e=39087100560000&channel=8b41d1&from=form.php%3Fid%3D1005600-6816%26name%3D%E8%8A%8D%E8%96%AC%E7%A8%AE%20%EF%BC%88%E8%8A%8D%E8%96%AC%E3%81%AE%E7%A8%AE%E3%81%8C%E5%BC%BE%E3%81%91%E3%81%BE%E3%81%97%E3%81%9F%EF%BD%9C%E5%9C%92%E8%8A%B8%E6%97%A5%E8%A8%98by%E3%82%AA%E3%83%AA%E3%83%BC%E3%83%96%E3%83%9E%E3%83%9E%EF%BD%9C%E3%81%BF%E3%82%93%E3%81%AA%E3%81%AE%E8%B6%A3%E5%91%B3%E3%81%AE%E5%9C%92%E8%8A%B8%EF%BD%9C858524%EF%BC%89 HTTP/1.1" 200 32581 kenilworthcourt.com "-" "Mozilla/5.0 (Linux; Android 6.0.1; Nexus 5X Build/MMB29P) AppleWebKit/537.36 (KHTML, like Gecko) Chrome/144.0.7559.132 Mobile Safari/537.36 (compatible; Googlebot/2.1; +http://www.google.com/bot.html)" "-"
54.38.147.0 - - [10/Feb/2026:04:15:08 +0000] "GET /quick-slager-gratis-spins-pa-lucky-ladys-charm-deluxe-glimt-purple-gratis-demoban-afart/feed HTTP/1.1" 200 1008 kenilworthcourt.com "-" "Mozilla/5.0 (compatible; AhrefsBot/7.0; +http://ahrefs.com/robot/)" "-"
85.208.98.0 - - [10/Feb/2026:04:15:10 +0000] "GET /imitation-timberland-k.html HTTP/1.1" 429 267 kenilworthcourt.com "-" "Mozilla/5.0 (compatible; SemrushBot-BA; +http://www.semrush.com/bot.html)" "-"
3.83.76.0 - - [10/Feb/2026:04:15:18 +0000] "GET /tag/0xd0421cbc HTTP/1.1" 200 26271 kenilworthcourt.com "-" "TerraCotta https://github.com/CeramicTeam/CeramicTerracotta" "-"
51.195.215.0 - - [10/Feb/2026:04:15:23 +0000] "GET /experience-the-sweet-thrill-with-sugar-rush-1000-slot-win-big/feed HTTP/1.1" 200 937 kenilworthcourt.com "-" "Mozilla/5.0 (compatible; AhrefsBot/7.0; +http://ahrefs.com/robot/)" "-"
49.51.36.0 - - [10/Feb/2026:04:15:32 +0000] "GET / HTTP/1.1" 301 280 www.kenilworthcourt.com "-" "Mozilla/5.0 (iPhone; CPU iPhone OS 13_2_3 like Mac OS X) AppleWebKit/605.1.15 (KHTML, like Gecko) Version/13.0.3 Mobile/15E148 Safari/604.1" "-"
3.83.76.0 - - [10/Feb/2026:04:15:32 +0000] "GET /where-every-turn-brings-real-thrill-for-ireland-at-wonaco-casino HTTP/1.1" 200 34823 kenilworthcourt.com "-" "TerraCotta https://github.com/CeramicTeam/CeramicTerracotta" "-"
49.51.36.0 - - [10/Feb/2026:04:15:33 +0000] "GET / HTTP/1.1" 301 - www.kenilworthcourt.com "http://www.kenilworthcourt.com" "Mozilla/5.0 (iPhone; CPU iPhone OS 13_2_3 like Mac OS X) AppleWebKit/605.1.15 (KHTML, like Gecko) Version/13.0.3 Mobile/15E148 Safari/604.1" "-"
49.51.36.0 - - [10/Feb/2026:04:15:37 +0000] "GET / HTTP/1.1" 200 32153 kenilworthcourt.com "https://www.kenilworthcourt.com/" "Mozilla/5.0 (iPhone; CPU iPhone OS 13_2_3 like Mac OS X) AppleWebKit/605.1.15 (KHTML, like Gecko) Version/13.0.3 Mobile/15E148 Safari/604.1" "-"
172.245.102.0 - - [10/Feb/2026:04:15:39 +0000] "POST /wp-login.php HTTP/1.1" 200 5110 kenilworthcourt.com "-" "Mozilla/5.0" "-"
136.144.33.0 - - [10/Feb/2026:04:15:39 +0000] "POST /wp-login.php HTTP/1.1" 200 5162 kenilworthcourt.com "-" "Mozilla/5.0" "-"
17.246.19.0 - - [10/Feb/2026:04:15:41 +0000] "GET /robots.txt HTTP/1.1" 301 280 www.kenilworthcourt.com "-" "Mozilla/5.0 (Macintosh; Intel Mac OS X 10_15_7) AppleWebKit/605.1.15 (KHTML, like Gecko) Version/17.4 Safari/605.1.15 (Applebot/0.1; +http://www.apple.com/go/applebot)" "-"
198.244.242.0 - - [10/Feb/2026:04:15:42 +0000] "GET /beste-online-casinos-rainbow-riches-1-kaution-ostmark-2025-legal-ferner-auf-jeden-fall-auffuhren HTTP/1.1" 200 39046 kenilworthcourt.com "-" "Mozilla/5.0 (compatible; AhrefsBot/7.0; +http://ahrefs.com/robot/)" "-"
17.246.15.0 - - [10/Feb/2026:04:15:42 +0000] "GET / HTTP/1.1" 301 - www.kenilworthcourt.com "-" "Mozilla/5.0 (Macintosh; Intel Mac OS X 10_15_7) AppleWebKit/605.1.15 (KHTML, like Gecko) Version/17.4 Safari/605.1.15 (Applebot/0.1; +http://www.apple.com/go/applebot)" "-"
17.246.19.0 - - [10/Feb/2026:04:15:43 +0000] "GET /masha-e-orso-episodi-amazon-k.html HTTP/1.1" 301 280 www.kenilworthcourt.com "-" "Mozilla/5.0 (Macintosh; Intel Mac OS X 10_15_7) AppleWebKit/605.1.15 (KHTML, like Gecko) Version/17.4 Safari/605.1.15 (Applebot/0.1; +http://www.apple.com/go/applebot)" "-"
17.246.15.0 - - [10/Feb/2026:04:15:43 +0000] "GET / HTTP/1.1" 301 - www.kenilworthcourt.com "-" "Mozilla/5.0 (Macintosh; Intel Mac OS X 10_15_7) AppleWebKit/605.1.15 (KHTML, like Gecko) Version/17.4 Safari/605.1.15 (Applebot/0.1; +http://www.apple.com/go/applebot)" "-"
17.246.15.0 - - [10/Feb/2026:04:15:46 +0000] "GET /robots.txt HTTP/1.1" 301 - www.kenilworthcourt.com "-" "Mozilla/5.0 (Macintosh; Intel Mac OS X 10_15_7) AppleWebKit/605.1.15 (KHTML, like Gecko) Version/17.4 Safari/605.1.15 (Applebot/0.1; +http://www.apple.com/go/applebot)" "-"
17.246.15.0 - - [10/Feb/2026:04:15:51 +0000] "GET /robots.txt HTTP/1.1" 301 - www.kenilworthcourt.com "-" "Mozilla/5.0 (Macintosh; Intel Mac OS X 10_15_7) AppleWebKit/605.1.15 (KHTML, like Gecko) Version/17.4 Safari/605.1.15 (Applebot/0.1; +http://www.apple.com/go/applebot)" "-"
51.89.129.0 - - [10/Feb/2026:04:15:57 +0000] "GET /why-do-we-use-it HTTP/1.1" 200 29452 kenilworthcourt.com "-" "Mozilla/5.0 (compatible; AhrefsBot/7.0; +http://ahrefs.com/robot/)" "-"
3.83.76.0 - - [10/Feb/2026:04:16:00 +0000] "GET /bettilt-casino HTTP/1.1" 200 32238 kenilworthcourt.com "-" "TerraCotta https://github.com/CeramicTeam/CeramicTerracotta" "-"
2a03:2880:f800:: - - [10/Feb/2026:04:16:10 +0000] "GET /sweet-bonanza-1000-slot-bonus-games-and-features-review HTTP/1.1" 200 35313 kenilworthcourt.com "-" "meta-externalagent/1.1 (+https://developers.facebook.com/docs/sharing/webmasters/crawler)" "-"
52.221.89.0 - - [10/Feb/2026:04:16:11 +0000] "GET /wp-login.php HTTP/1.1" 200 4740 kenilworthcourt.com "-" "Mozilla/5.0 (Windows NT 10.0; Win64; x64) AppleWebKit/537.36 (KHTML, like Gecko) Chrome/130.0.0.0 Safari/537.36" "-"
198.244.226.0 - - [10/Feb/2026:04:16:17 +0000] "GET /roleta-online-dado-jogue-roleta-gratis-sem-se-classificar/feed HTTP/1.1" 200 917 kenilworthcourt.com "-" "Mozilla/5.0 (compatible; AhrefsBot/7.0; +http://ahrefs.com/robot/)" "-"
3.83.76.0 - - [10/Feb/2026:04:16:24 +0000] "GET /category/777slot-vip-991 HTTP/1.1" 200 67436 kenilworthcourt.com "-" "TerraCotta https://github.com/CeramicTeam/CeramicTerracotta" "-"
198.244.226.0 - - [10/Feb/2026:04:16:33 +0000] "GET /evaluation-de-winstrol-50-mg-tout-ce-que-vous-devez-savoir/feed HTTP/1.1" 200 922 kenilworthcourt.com "-" "Mozilla/5.0 (compatible; AhrefsBot/7.0; +http://ahrefs.com/robot/)" "-"
52.221.89.0 - - [10/Feb/2026:04:16:35 +0000] "POST /wp-login.php HTTP/1.1" 200 5110 kenilworthcourt.com "https://kenilworthcourt.com/wp-login.php" "Mozilla/5.0 (Windows NT 10.0; Win64; x64) AppleWebKit/537.36 (KHTML, like Gecko) Chrome/130.0.0.0 Safari/537.36" "-"
3.83.76.0 - - [10/Feb/2026:04:16:40 +0000] "GET /wbetz-casino-live-casinospellen-wat-zijn-de-keuzes HTTP/1.1" 200 33683 kenilworthcourt.com "-" "TerraCotta https://github.com/CeramicTeam/CeramicTerracotta" "-"
3.83.76.0 - - [10/Feb/2026:04:16:47 +0000] "GET /category/nv-kasyno-rejestracja-134 HTTP/1.1" 200 65615 kenilworthcourt.com "-" "TerraCotta https://github.com/CeramicTeam/CeramicTerracotta" "-"
198.244.226.0 - - [10/Feb/2026:04:16:50 +0000] "GET /5-minimum-put-gambling-enterprise-canada-%E1%90%88-150-totally-free-revolves-for-5-dollar/feed HTTP/1.1" 200 1006 kenilworthcourt.com "-" "Mozilla/5.0 (compatible; AhrefsBot/7.0; +http://ahrefs.com/robot/)" "-"
3.83.76.0 - - [10/Feb/2026:04:16:57 +0000] "GET /win-big-with-crown-gems-slot-jewels-and-fortune-awaits-you HTTP/1.1" 200 35644 kenilworthcourt.com "-" "TerraCotta https://github.com/CeramicTeam/CeramicTerracotta" "-"
41.72.131.0 - - [10/Feb/2026:04:17:00 +0000] "GET /wp-login.php HTTP/1.1" 200 4740 kenilworthcourt.com "-" "Mozilla/5.0 (Windows NT 10.0; Win64; x64) AppleWebKit/537.36 (KHTML, like Gecko) Chrome/130.0.0.0 Safari/537.36" "-"
198.244.226.0 - - [10/Feb/2026:04:17:06 +0000] "GET /ein-herz-fur-lord-lucky-casino-gewinne-mit-jedem-spin/feed HTTP/1.1" 200 914 kenilworthcourt.com "-" "Mozilla/5.0 (compatible; AhrefsBot/7.0; +http://ahrefs.com/robot/)" "-"
3.83.76.0 - - [10/Feb/2026:04:17:06 +0000] "GET /chicken-road-3 HTTP/1.1" 200 38857 kenilworthcourt.com "-" "TerraCotta https://github.com/CeramicTeam/CeramicTerracotta" "-"
85.208.98.0 - - [10/Feb/2026:04:17:09 +0000] "GET /sito-timberland-falso-k.html HTTP/1.1" 429 267 kenilworthcourt.com "-" "Mozilla/5.0 (compatible; SemrushBot-BA; +http://www.semrush.com/bot.html)" "-"
3.83.76.0 - - [10/Feb/2026:04:17:15 +0000] "GET /tag/20bet-%ce%b1%cf%80%ce%b1%cf%84%ce%b7 HTTP/1.1" 200 95938 kenilworthcourt.com "-" "TerraCotta https://github.com/CeramicTeam/CeramicTerracotta" "-"
198.244.240.0 - - [10/Feb/2026:04:17:22 +0000] "GET /una-treintena-giros-regalado-desprovisto-deposito-giros-gratis-jack-hammer-2-sin-deposito-excelentes-bonos-2025/feed HTTP/1.1" 200 1080 kenilworthcourt.com "-" "Mozilla/5.0 (compatible; AhrefsBot/7.0; +http://ahrefs.com/robot/)" "-"
85.208.98.0 - - [10/Feb/2026:04:17:34 +0000] "GET /original-timberland-shoes-k.html HTTP/1.1" 429 267 kenilworthcourt.com "-" "Mozilla/5.0 (compatible; SemrushBot-BA; +http://www.semrush.com/bot.html)" "-"
51.195.244.0 - - [10/Feb/2026:04:17:40 +0000] "GET /no-deposit-incentives-nz-best-discount-coupons-to-superman-mobile-casino-have-2025/feed HTTP/1.1" 200 991 kenilworthcourt.com "-" "Mozilla/5.0 (compatible; AhrefsBot/7.0; +http://ahrefs.com/robot/)" "-"
3.83.76.0 - - [10/Feb/2026:04:17:45 +0000] "GET /boomerang-casino-die-heimat-von-ehrlichem-spiel-und-schnellen-auszahlungen-in-der-schweiz HTTP/1.1" 200 36340 kenilworthcourt.com "-" "TerraCotta https://github.com/CeramicTeam/CeramicTerracotta" "-"
3.83.76.0 - - [10/Feb/2026:04:17:47 +0000] "GET /category/jili-slot-777-login-598 HTTP/1.1" 200 71553 kenilworthcourt.com "-" "TerraCotta https://github.com/CeramicTeam/CeramicTerracotta" "-"
198.244.242.0 - - [10/Feb/2026:04:17:57 +0000] "GET /big-chef-champions-rankings-and-better-gambling-lock-it-link-paypal-enterprises/feed HTTP/1.1" 200 983 kenilworthcourt.com "-" "Mozilla/5.0 (compatible; AhrefsBot/7.0; +http://ahrefs.com/robot/)" "-"
3.83.76.0 - - [10/Feb/2026:04:17:59 +0000] "GET /themida-developer-company-license-cracked-latest-clean-filecr HTTP/1.1" 200 126527 kenilworthcourt.com "-" "TerraCotta https://github.com/CeramicTeam/CeramicTerracotta" "-"
3.83.76.0 - - [10/Feb/2026:04:18:02 +0000] "GET /category/hellspin-casino-59 HTTP/1.1" 200 64824 kenilworthcourt.com "-" "TerraCotta https://github.com/CeramicTeam/CeramicTerracotta" "-"
85.208.98.0 - - [10/Feb/2026:04:18:06 +0000] "GET /gold-timberlands-k.html HTTP/1.1" 429 267 kenilworthcourt.com "-" "Mozilla/5.0 (compatible; SemrushBot-BA; +http://www.semrush.com/bot.html)" "-"
51.195.183.0 - - [10/Feb/2026:04:18:13 +0000] "GET /link-188bet-moi-nhat-810 HTTP/1.1" 200 43338 kenilworthcourt.com "-" "Mozilla/5.0 (compatible; AhrefsBot/7.0; +http://ahrefs.com/robot/)" "-"
51.195.215.0 - - [10/Feb/2026:04:18:29 +0000] "GET /kisa-vurus-limanlari-8-000-tamamen-7slotstan-nasil-para-cekilir-ucretsiz-jeton/feed HTTP/1.1" 200 993 kenilworthcourt.com "-" "Mozilla/5.0 (compatible; AhrefsBot/7.0; +http://ahrefs.com/robot/)" "-"
3.83.76.0 - - [10/Feb/2026:04:18:31 +0000] "GET /ballonix-game-game-engage-for-free-or-cash-rewards HTTP/1.1" 200 33784 kenilworthcourt.com "-" "TerraCotta https://github.com/CeramicTeam/CeramicTerracotta" "-"
20.219.105.0 - - [10/Feb/2026:04:18:32 +0000] "GET /wp-login.php HTTP/1.1" 200 4740 kenilworthcourt.com "-" "Mozilla/5.0 (Windows NT 10.0; Win64; x64) AppleWebKit/537.36 (KHTML, like Gecko) Chrome/130.0.0.0 Safari/537.36" "-"
20.219.105.0 - - [10/Feb/2026:04:18:44 +0000] "POST /wp-login.php HTTP/1.1" 200 5110 kenilworthcourt.com "https://kenilworthcourt.com/wp-login.php" "Mozilla/5.0 (Windows NT 10.0; Win64; x64) AppleWebKit/537.36 (KHTML, like Gecko) Chrome/130.0.0.0 Safari/537.36" "-"
3.83.76.0 - - [10/Feb/2026:04:18:44 +0000] "GET /uzdrowienie-w-drogach-kurczaka-2-gry-ubiegajace-sie-od-wszy HTTP/1.1" 200 32138 kenilworthcourt.com "-" "TerraCotta https://github.com/CeramicTeam/CeramicTerracotta" "-"
148.66.157.0 - - [10/Feb/2026:04:18:46 +0000] "GET /wp-login.php HTTP/1.1" 200 4740 kenilworthcourt.com "-" "Mozilla/5.0 (Windows NT 10.0; Win64; x64) AppleWebKit/537.36 (KHTML, like Gecko) Chrome/130.0.0.0 Safari/537.36" "-"
51.195.215.0 - - [10/Feb/2026:04:18:48 +0000] "GET /20bet-casino-296-2/feed HTTP/1.1" 200 832 kenilworthcourt.com "-" "Mozilla/5.0 (compatible; AhrefsBot/7.0; +http://ahrefs.com/robot/)" "-"
148.66.157.0 - - [10/Feb/2026:04:18:58 +0000] "POST /wp-login.php HTTP/1.1" 200 5110 kenilworthcourt.com "https://kenilworthcourt.com/wp-login.php" "Mozilla/5.0 (Windows NT 10.0; Win64; x64) AppleWebKit/537.36 (KHTML, like Gecko) Chrome/130.0.0.0 Safari/537.36" "-"
198.244.240.0 - - [10/Feb/2026:04:19:05 +0000] "GET /glucksversprechende-einsatze-beim-bet-on-red-casino/feed HTTP/1.1" 200 900 kenilworthcourt.com "-" "Mozilla/5.0 (compatible; AhrefsBot/7.0; +http://ahrefs.com/robot/)" "-"
85.208.98.0 - - [10/Feb/2026:04:19:09 +0000] "GET /robots.txt HTTP/1.1" 429 267 kenilworthcourt.com "-" "Mozilla/5.0 (compatible; SemrushBot-BA; +http://www.semrush.com/bot.html)" "-"
85.208.98.0 - - [10/Feb/2026:04:19:13 +0000] "GET /shoes-fitted-to-feet-k.html HTTP/1.1" 429 267 kenilworthcourt.com "-" "Mozilla/5.0 (compatible; SemrushBot-BA; +http://www.semrush.com/bot.html)" "-"
104.37.190.0 - - [10/Feb/2026:04:19:13 +0000] "GET /wp-login.php HTTP/1.1" 200 4740 kenilworthcourt.com "-" "Mozilla/5.0 (Windows NT 10.0; Win64; x64) AppleWebKit/537.36 (KHTML, like Gecko) Chrome/130.0.0.0 Safari/537.36" "-"
3.83.76.0 - - [10/Feb/2026:04:19:13 +0000] "GET /mysteres-de-lolympe-casino HTTP/1.1" 200 32564 kenilworthcourt.com "-" "TerraCotta https://github.com/CeramicTeam/CeramicTerracotta" "-"
66.249.68.0 - - [10/Feb/2026:04:19:19 +0000] "GET /vwah-z/1151-t/9280-paw HTTP/1.1" 301 276 kenilworthcourt.com "-" "Mozilla/5.0 (Linux; Android 6.0.1; Nexus 5X Build/MMB29P) AppleWebKit/537.36 (KHTML, like Gecko) Chrome/144.0.7559.132 Mobile Safari/537.36 (compatible; Googlebot/2.1; +http://www.google.com/bot.html)" "-"
51.195.183.0 - - [10/Feb/2026:04:19:19 +0000] "GET /tmpgenc-authoring-works-crack-only-windows-x32-x64-full-mediafire/feed HTTP/1.1" 200 944 kenilworthcourt.com "-" "Mozilla/5.0 (compatible; AhrefsBot/7.0; +http://ahrefs.com/robot/)" "-"
3.83.76.0 - - [10/Feb/2026:04:19:23 +0000] "GET /category/phlwin-free-100-648 HTTP/1.1" 200 76640 kenilworthcourt.com "-" "TerraCotta https://github.com/CeramicTeam/CeramicTerracotta" "-"
3.83.76.0 - - [10/Feb/2026:04:19:26 +0000] "GET /tag/20-bet-slovenija HTTP/1.1" 200 35572 kenilworthcourt.com "-" "TerraCotta https://github.com/CeramicTeam/CeramicTerracotta" "-"
85.208.98.0 - - [10/Feb/2026:04:19:35 +0000] "GET /false-timberland-k.html HTTP/1.1" 429 267 kenilworthcourt.com "-" "Mozilla/5.0 (compatible; SemrushBot-BA; +http://www.semrush.com/bot.html)" "-"
3.83.76.0 - - [10/Feb/2026:04:19:35 +0000] "GET /ms-office-2026-x86-tiny-qxr-to%f0%9d%9a%9brent-dow%f0%9d%9a%97l%f0%9d%9a%98ad HTTP/1.1" 200 97171 kenilworthcourt.com "-" "TerraCotta https://github.com/CeramicTeam/CeramicTerracotta" "-"
51.195.215.0 - - [10/Feb/2026:04:19:40 +0000] "GET /2025-wm-phoenix-open-forecasts-picks-opportunity-community-ratings-tennis-best-bets-to-possess-tpc-scottsdale HTTP/1.1" 200 38330 kenilworthcourt.com "-" "Mozilla/5.0 (compatible; AhrefsBot/7.0; +http://ahrefs.com/robot/)" "-"
3.83.76.0 - - [10/Feb/2026:04:19:43 +0000] "GET /category/20bet-login-679 HTTP/1.1" 200 62285 kenilworthcourt.com "-" "TerraCotta https://github.com/CeramicTeam/CeramicTerracotta" "-"
160.16.114.0 - - [10/Feb/2026:04:19:46 +0000] "GET /wp-login.php HTTP/1.1" 200 4740 kenilworthcourt.com "-" "Mozilla/5.0 (Windows NT 10.0; Win64; x64) AppleWebKit/537.36 (KHTML, like Gecko) Chrome/130.0.0.0 Safari/537.36" "-"
85.208.98.0 - - [10/Feb/2026:04:19:51 +0000] "GET /portafogli-in-uzbeco-k.html HTTP/1.1" 429 267 kenilworthcourt.com "-" "Mozilla/5.0 (compatible; SemrushBot-BA; +http://www.semrush.com/bot.html)" "-"
160.16.114.0 - - [10/Feb/2026:04:19:58 +0000] "POST /wp-login.php HTTP/1.1" 200 5110 kenilworthcourt.com "https://kenilworthcourt.com/wp-login.php" "Mozilla/5.0 (Windows NT 10.0; Win64; x64) AppleWebKit/537.36 (KHTML, like Gecko) Chrome/130.0.0.0 Safari/537.36" "-"
198.244.242.0 - - [10/Feb/2026:04:19:58 +0000] "GET /lemon-casino-kod-promocyjny-154 HTTP/1.1" 200 44796 kenilworthcourt.com "-" "Mozilla/5.0 (compatible; AhrefsBot/7.0; +http://ahrefs.com/robot/)" "-"
3.83.76.0 - - [10/Feb/2026:04:19:58 +0000] "GET /pink-joker-hold-and-win-slot HTTP/1.1" 200 32884 kenilworthcourt.com "-" "TerraCotta https://github.com/CeramicTeam/CeramicTerracotta" "-"
198.244.242.0 - - [10/Feb/2026:04:20:16 +0000] "GET /papel-infantilidade-columbus-deluxe-slot-machine-acabamento-acessivel-abrasado-slot-gonzos-quest-megaways/feed HTTP/1.1" 200 1068 kenilworthcourt.com "-" "Mozilla/5.0 (compatible; AhrefsBot/7.0; +http://ahrefs.com/robot/)" "-"
3.83.76.0 - - [10/Feb/2026:04:20:21 +0000] "GET /huff-n-more-puff-slot-2 HTTP/1.1" 200 36846 kenilworthcourt.com "-" "TerraCotta https://github.com/CeramicTeam/CeramicTerracotta" "-"
51.195.244.0 - - [10/Feb/2026:04:20:33 +0000] "GET /dogfather-ports-comment-rtp-incentives-sweet-27-no-deposit-free-spins-%EF%B8%8F-microgaming HTTP/1.1" 200 36597 kenilworthcourt.com "-" "Mozilla/5.0 (compatible; AhrefsBot/7.0; +http://ahrefs.com/robot/)" "-"
3.83.76.0 - - [10/Feb/2026:04:20:51 +0000] "GET /plinko-game-a-lucky-fall-down HTTP/1.1" 200 35942 kenilworthcourt.com "-" "TerraCotta https://github.com/CeramicTeam/CeramicTerracotta" "-"
51.195.183.0 - - [10/Feb/2026:04:20:51 +0000] "GET /tag/777-slot/page/2 HTTP/1.1" 200 98067 kenilworthcourt.com "-" "Mozilla/5.0 (compatible; AhrefsBot/7.0; +http://ahrefs.com/robot/)" "-"
54.38.147.0 - - [10/Feb/2026:04:21:07 +0000] "GET /crystal-forest-sugar-trail-online-slot-spielautomat-geben-diese-gratis-en-bloc-abzuglich-download/feed HTTP/1.1" 200 1038 kenilworthcourt.com "-" "Mozilla/5.0 (compatible; AhrefsBot/7.0; +http://ahrefs.com/robot/)" "-"
3.83.76.0 - - [10/Feb/2026:04:21:09 +0000] "GET /category/2 HTTP/1.1" 200 37434 kenilworthcourt.com "-" "TerraCotta https://github.com/CeramicTeam/CeramicTerracotta" "-"
3.83.76.0 - - [10/Feb/2026:04:21:21 +0000] "GET /lottolo-casino HTTP/1.1" 200 36150 kenilworthcourt.com "-" "TerraCotta https://github.com/CeramicTeam/CeramicTerracotta" "-"
3.83.76.0 - - [10/Feb/2026:04:21:22 +0000] "GET /mejor-casino-online-que-acepta-paypal HTTP/1.1" 200 35300 kenilworthcourt.com "-" "TerraCotta https://github.com/CeramicTeam/CeramicTerracotta" "-"
198.244.168.0 - - [10/Feb/2026:04:21:24 +0000] "GET /victory-real-50-free-spins-pinata-fiesta-money HTTP/1.1" 200 36825 kenilworthcourt.com "-" "Mozilla/5.0 (compatible; AhrefsBot/7.0; +http://ahrefs.com/robot/)" "-"
3.83.76.0 - - [10/Feb/2026:04:21:29 +0000] "GET /tenbet-casino-online-gaming-platform-review-and-analysis HTTP/1.1" 200 34239 kenilworthcourt.com "-" "TerraCotta https://github.com/CeramicTeam/CeramicTerracotta" "-"
3.83.76.0 - - [10/Feb/2026:04:21:30 +0000] "GET /plinko-juega-online-con-dinero-real-y-bonos-en-ganancias HTTP/1.1" 200 31705 kenilworthcourt.com "-" "TerraCotta https://github.com/CeramicTeam/CeramicTerracotta" "-"
47.82.11.0 - - [10/Feb/2026:04:21:31 +0000] "GET /?p=6621662342 HTTP/1.1" 429 267 kenilworthcourt.com "http://kenilworthcourt.com/" "Mozilla/5.0 (Macintosh; Intel Mac OS X 10_15_7) AppleWebKit/605.1.15 (KHTML, like Gecko) Version/17.5 Safari/605.1.15" "-"
198.244.226.0 - - [10/Feb/2026:04:21:39 +0000] "GET /consejero-sobre-tiradas-gratuito-referente-a-casinos-slottica-movil-online-de-ecuador-2025 HTTP/1.1" 200 35768 kenilworthcourt.com "-" "Mozilla/5.0 (compatible; AhrefsBot/7.0; +http://ahrefs.com/robot/)" "-"
139.59.3.0 - - [10/Feb/2026:04:21:40 +0000] "GET /wp-login.php HTTP/1.1" 200 4740 kenilworthcourt.com "-" "Mozilla/5.0 (Windows NT 10.0; Win64; x64) AppleWebKit/537.36 (KHTML, like Gecko) Chrome/130.0.0.0 Safari/537.36" "-"
139.59.3.0 - - [10/Feb/2026:04:21:52 +0000] "POST /wp-login.php HTTP/1.1" 200 5110 kenilworthcourt.com "https://kenilworthcourt.com/wp-login.php" "Mozilla/5.0 (Windows NT 10.0; Win64; x64) AppleWebKit/537.36 (KHTML, like Gecko) Chrome/130.0.0.0 Safari/537.36" "-"
198.244.168.0 - - [10/Feb/2026:04:21:57 +0000] "GET /0x1c8c5b6a/feed HTTP/1.1" 200 775 kenilworthcourt.com "-" "Mozilla/5.0 (compatible; AhrefsBot/7.0; +http://ahrefs.com/robot/)" "-"
3.83.76.0 - - [10/Feb/2026:04:22:06 +0000] "GET /tag/casino-20-euros-gratis-sin-deposito-por-registrar-10-bet HTTP/1.1" 200 148903 kenilworthcourt.com "-" "TerraCotta https://github.com/CeramicTeam/CeramicTerracotta" "-"
54.38.147.0 - - [10/Feb/2026:04:22:16 +0000] "GET /lucky-elf-casino HTTP/1.1" 200 32973 kenilworthcourt.com "-" "Mozilla/5.0 (compatible; AhrefsBot/7.0; +http://ahrefs.com/robot/)" "-"
103.82.92.0 - - [10/Feb/2026:04:22:24 +0000] "GET /wp-login.php HTTP/1.1" 200 4740 kenilworthcourt.com "-" "Mozilla/5.0 (Windows NT 10.0; Win64; x64) AppleWebKit/537.36 (KHTML, like Gecko) Chrome/130.0.0.0 Safari/537.36" "-"
3.83.76.0 - - [10/Feb/2026:04:22:28 +0000] "GET /tag/hell-spin-casino-no-deposit-bonus-codes HTTP/1.1" 200 36772 kenilworthcourt.com "-" "TerraCotta https://github.com/CeramicTeam/CeramicTerracotta" "-"
51.89.129.0 - - [10/Feb/2026:04:22:30 +0000] "GET /impressive-excursion-position-from-the-reddish-tiger-betting-magic-of-the-ring-slot-rtp-thrill-awaits/feed HTTP/1.1" 200 1049 kenilworthcourt.com "-" "Mozilla/5.0 (compatible; AhrefsBot/7.0; +http://ahrefs.com/robot/)" "-"
103.82.92.0 - - [10/Feb/2026:04:22:37 +0000] "POST /wp-login.php HTTP/1.1" 200 5110 kenilworthcourt.com "https://kenilworthcourt.com/wp-login.php" "Mozilla/5.0 (Windows NT 10.0; Win64; x64) AppleWebKit/537.36 (KHTML, like Gecko) Chrome/130.0.0.0 Safari/537.36" "-"
209.38.204.0 - - [10/Feb/2026:04:22:37 +0000] "GET /wp-login.php HTTP/1.1" 200 4740 kenilworthcourt.com "-" "Mozilla/5.0 (Windows NT 10.0; Win64; x64) AppleWebKit/537.36 (KHTML, like Gecko) Chrome/130.0.0.0 Safari/537.36" "-"
3.83.76.0 - - [10/Feb/2026:04:22:43 +0000] "GET /sprawdzilem-ograniczenia-wplat-w-kasynie-internetowym-cubet-w-prawdziwym-zyciu-w-polsce HTTP/1.1" 200 41595 kenilworthcourt.com "-" "TerraCotta https://github.com/CeramicTeam/CeramicTerracotta" "-"
198.244.183.0 - - [10/Feb/2026:04:22:48 +0000] "GET /casino-provision-blos-timber-jack-1-kaution-einzahlung-freespins-casinobonus/feed HTTP/1.1" 200 977 kenilworthcourt.com "-" "Mozilla/5.0 (compatible; AhrefsBot/7.0; +http://ahrefs.com/robot/)" "-"
209.38.204.0 - - [10/Feb/2026:04:22:49 +0000] "POST /wp-login.php HTTP/1.1" 200 5110 kenilworthcourt.com "https://kenilworthcourt.com/wp-login.php" "Mozilla/5.0 (Windows NT 10.0; Win64; x64) AppleWebKit/537.36 (KHTML, like Gecko) Chrome/130.0.0.0 Safari/537.36" "-"
3.83.76.0 - - [10/Feb/2026:04:22:53 +0000] "GET /golden-winner-slot-experience HTTP/1.1" 200 31416 kenilworthcourt.com "-" "TerraCotta https://github.com/CeramicTeam/CeramicTerracotta" "-"
3.83.76.0 - - [10/Feb/2026:04:22:54 +0000] "GET /category/20bet-play-109 HTTP/1.1" 200 65596 kenilworthcourt.com "-" "TerraCotta https://github.com/CeramicTeam/CeramicTerracotta" "-"
51.195.215.0 - - [10/Feb/2026:04:23:03 +0000] "GET /caesars-palace-slot-machines-number-vegas-position-finder/feed HTTP/1.1" 200 916 kenilworthcourt.com "-" "Mozilla/5.0 (compatible; AhrefsBot/7.0; +http://ahrefs.com/robot/)" "-"
51.195.215.0 - - [10/Feb/2026:04:23:20 +0000] "GET /oscar-spin-casino-spickove-vyherni-automaty-k-dispozici-v-ceske-republice HTTP/1.1" 200 36112 kenilworthcourt.com "-" "Mozilla/5.0 (compatible; AhrefsBot/7.0; +http://ahrefs.com/robot/)" "-"
131.72.236.0 - - [10/Feb/2026:04:23:21 +0000] "GET /wp-login.php HTTP/1.1" 200 4740 kenilworthcourt.com "-" "Mozilla/5.0 (Windows NT 10.0; Win64; x64) AppleWebKit/537.36 (KHTML, like Gecko) Chrome/130.0.0.0 Safari/537.36" "-"
131.72.236.0 - - [10/Feb/2026:04:23:33 +0000] "POST /wp-login.php HTTP/1.1" 200 5110 kenilworthcourt.com "https://kenilworthcourt.com/wp-login.php" "Mozilla/5.0 (Windows NT 10.0; Win64; x64) AppleWebKit/537.36 (KHTML, like Gecko) Chrome/130.0.0.0 Safari/537.36" "-"
198.244.240.0 - - [10/Feb/2026:04:23:37 +0000] "GET /a-game-of-chance-with-the-plinko-machine/feed HTTP/1.1" 200 865 kenilworthcourt.com "-" "Mozilla/5.0 (compatible; AhrefsBot/7.0; +http://ahrefs.com/robot/)" "-"
3.83.76.0 - - [10/Feb/2026:04:23:42 +0000] "GET /tag/phlwin-free-100-no-deposit-bonus HTTP/1.1" 200 189079 kenilworthcourt.com "-" "TerraCotta https://github.com/CeramicTeam/CeramicTerracotta" "-"
198.244.168.0 - - [10/Feb/2026:04:23:56 +0000] "GET /casino-vip-ho-ho-ho-carente-giros-desprovisto-deposito-sobre-paris/feed HTTP/1.1" 200 945 kenilworthcourt.com "-" "Mozilla/5.0 (compatible; AhrefsBot/7.0; +http://ahrefs.com/robot/)" "-"
3.83.76.0 - - [10/Feb/2026:04:24:00 +0000] "GET /category/car-service-657 HTTP/1.1" 200 48295 kenilworthcourt.com "-" "TerraCotta https://github.com/CeramicTeam/CeramicTerracotta" "-"
51.195.215.0 - - [10/Feb/2026:04:24:10 +0000] "GET /erfolg-auf-der-huhnerstrase-durch-gluck-und-strategie/feed HTTP/1.1" 200 907 kenilworthcourt.com "-" "Mozilla/5.0 (compatible; AhrefsBot/7.0; +http://ahrefs.com/robot/)" "-"
176.126.172.0 - - [10/Feb/2026:04:24:11 +0000] "GET /wp-login.php HTTP/1.1" 200 4740 kenilworthcourt.com "-" "Mozilla/5.0 (Windows NT 10.0; Win64; x64) AppleWebKit/537.36 (KHTML, like Gecko) Chrome/130.0.0.0 Safari/537.36" "-"
3.83.76.0 - - [10/Feb/2026:04:24:15 +0000] "GET /the-club-house-casino-experience-review HTTP/1.1" 200 43072 kenilworthcourt.com "-" "TerraCotta https://github.com/CeramicTeam/CeramicTerracotta" "-"
85.208.98.0 - - [10/Feb/2026:04:24:17 +0000] "GET /robots.txt HTTP/1.1" 429 267 kenilworthcourt.com "-" "Mozilla/5.0 (compatible; SemrushBot-BA; +http://www.semrush.com/bot.html)" "-"
176.126.172.0 - - [10/Feb/2026:04:24:23 +0000] "POST /wp-login.php HTTP/1.1" 200 5110 kenilworthcourt.com "https://kenilworthcourt.com/wp-login.php" "Mozilla/5.0 (Windows NT 10.0; Win64; x64) AppleWebKit/537.36 (KHTML, like Gecko) Chrome/130.0.0.0 Safari/537.36" "-"
3.83.76.0 - - [10/Feb/2026:04:24:23 +0000] "GET /category/spin-casino-no-deposit-bonus-879 HTTP/1.1" 200 72226 kenilworthcourt.com "-" "TerraCotta https://github.com/CeramicTeam/CeramicTerracotta" "-"
198.244.168.0 - - [10/Feb/2026:04:24:26 +0000] "GET /spin-samurai-casino-australia-145 HTTP/1.1" 200 39920 kenilworthcourt.com "-" "Mozilla/5.0 (compatible; AhrefsBot/7.0; +http://ahrefs.com/robot/)" "-"
198.244.183.0 - - [10/Feb/2026:04:24:47 +0000] "GET /462-2/feed HTTP/1.1" 200 800 kenilworthcourt.com "-" "Mozilla/5.0 (compatible; AhrefsBot/7.0; +http://ahrefs.com/robot/)" "-"
3.83.76.0 - - [10/Feb/2026:04:24:58 +0000] "GET /tag/20bet-osterreich HTTP/1.1" 200 68537 kenilworthcourt.com "-" "TerraCotta https://github.com/CeramicTeam/CeramicTerracotta" "-"
51.195.183.0 - - [10/Feb/2026:04:25:02 +0000] "GET /funciona-de-balde-enlace-fructifero-en-spartacus-gladiator-of-rome-en-forma-demo/feed HTTP/1.1" 200 986 kenilworthcourt.com "-" "Mozilla/5.0 (compatible; AhrefsBot/7.0; +http://ahrefs.com/robot/)" "-"
85.208.98.0 - - [10/Feb/2026:04:25:07 +0000] "GET /igg-kappa-cos-%C3%A8-k.html HTTP/1.1" 429 267 kenilworthcourt.com "-" "Mozilla/5.0 (compatible; SemrushBot-BA; +http://www.semrush.com/bot.html)" "-"
3.83.76.0 - - [10/Feb/2026:04:25:10 +0000] "GET /tag/hell-spin-nz HTTP/1.1" 200 58132 kenilworthcourt.com "-" "TerraCotta https://github.com/CeramicTeam/CeramicTerracotta" "-"
51.195.215.0 - - [10/Feb/2026:04:25:18 +0000] "GET /legzo-casino-2/feed HTTP/1.1" 200 785 kenilworthcourt.com "-" "Mozilla/5.0 (compatible; AhrefsBot/7.0; +http://ahrefs.com/robot/)" "-"
157.180.91.0 - - [10/Feb/2026:04:25:27 +0000] "GET /wp-login.php HTTP/1.1" 200 4740 kenilworthcourt.com "-" "Mozilla/5.0 (Windows NT 10.0; Win64; x64) AppleWebKit/537.36 (KHTML, like Gecko) Chrome/130.0.0.0 Safari/537.36" "-"
3.83.76.0 - - [10/Feb/2026:04:25:27 +0000] "GET /category/8k8-slot-casino-60 HTTP/1.1" 200 71394 kenilworthcourt.com "-" "TerraCotta https://github.com/CeramicTeam/CeramicTerracotta" "-"
51.195.215.0 - - [10/Feb/2026:04:25:37 +0000] "GET /robots.txt HTTP/1.1" 200 120 kenilworthcourt.com "-" "Mozilla/5.0 (compatible; AhrefsBot/7.0; +http://ahrefs.com/robot/)" "-"
85.208.98.0 - - [10/Feb/2026:04:25:39 +0000] "GET /kappa-trap-k.html HTTP/1.1" 429 267 kenilworthcourt.com "-" "Mozilla/5.0 (compatible; SemrushBot-BA; +http://www.semrush.com/bot.html)" "-"
