17.241.75.0 - - [10/Feb/2026:05:46:21 +0000] "GET /wp-includes/js/jquery/jquery.min.js?ver=3.7.1 HTTP/1.1" 200 35532 kenilworthcourt.com "https://kenilworthcourt.com/tadhana-slot-777-real-money-763" "Mozilla/5.0 (Macintosh; Intel Mac OS X 10_15_7) AppleWebKit/605.1.15 (KHTML, like Gecko) Version/17.4 Safari/605.1.15 (Applebot/0.1; +http://www.apple.com/go/applebot)" "-"
3.83.76.0 - - [10/Feb/2026:05:46:21 +0000] "GET /tag/spin-casino-no-deposit-bonus HTTP/1.1" 200 155003 kenilworthcourt.com "-" "TerraCotta https://github.com/CeramicTeam/CeramicTerracotta" "-"
17.241.75.0 - - [10/Feb/2026:05:46:23 +0000] "GET /wp-includes/js/jquery/jquery-migrate.min.js?ver=3.4.1 HTTP/1.1" 200 5348 kenilworthcourt.com "https://kenilworthcourt.com/tadhana-slot-777-real-money-763" "Mozilla/5.0 (Macintosh; Intel Mac OS X 10_15_7) AppleWebKit/605.1.15 (KHTML, like Gecko) Version/17.4 Safari/605.1.15 (Applebot/0.1; +http://www.apple.com/go/applebot)" "-"
72.167.134.0 - - [10/Feb/2026:05:46:23 +0000] "GET /wp-login.php HTTP/1.1" 200 4740 kenilworthcourt.com "-" "Mozilla/5.0 (Windows NT 10.0; Win64; x64) AppleWebKit/537.36 (KHTML, like Gecko) Chrome/130.0.0.0 Safari/537.36" "-"
17.241.227.0 - - [10/Feb/2026:05:46:25 +0000] "GET /wp-content/themes/twentythirteen/js/functions.js?ver=20250727 HTTP/1.1" 200 1723 kenilworthcourt.com "https://kenilworthcourt.com/tadhana-slot-777-real-money-763" "Mozilla/5.0 (Macintosh; Intel Mac OS X 10_15_7) AppleWebKit/605.1.15 (KHTML, like Gecko) Version/17.4 Safari/605.1.15 (Applebot/0.1; +http://www.apple.com/go/applebot)" "-"
17.241.227.0 - - [10/Feb/2026:05:46:26 +0000] "GET /wp-includes/js/comment-reply.min.js?ver=6.9.1 HTTP/1.1" 200 1422 kenilworthcourt.com "https://kenilworthcourt.com/tadhana-slot-777-real-money-763" "Mozilla/5.0 (Macintosh; Intel Mac OS X 10_15_7) AppleWebKit/605.1.15 (KHTML, like Gecko) Version/17.4 Safari/605.1.15 (Applebot/0.1; +http://www.apple.com/go/applebot)" "-"
17.241.75.0 - - [10/Feb/2026:05:46:28 +0000] "GET /wp-includes/js/wp-emoji-release.min.js?ver=6.9.1 HTTP/1.1" 200 6295 kenilworthcourt.com "https://kenilworthcourt.com/tadhana-slot-777-real-money-763" "Mozilla/5.0 (Macintosh; Intel Mac OS X 10_15_7) AppleWebKit/605.1.15 (KHTML, like Gecko) Version/17.4 Safari/605.1.15 (Applebot/0.1; +http://www.apple.com/go/applebot)" "-"
51.195.183.0 - - [10/Feb/2026:05:46:34 +0000] "GET /category/uncategorized/page/466 HTTP/1.1" 200 54575 kenilworthcourt.com "-" "Mozilla/5.0 (compatible; AhrefsBot/7.0; +http://ahrefs.com/robot/)" "-"
72.167.134.0 - - [10/Feb/2026:05:46:48 +0000] "POST /wp-login.php HTTP/1.1" 200 5110 kenilworthcourt.com "https://kenilworthcourt.com/wp-login.php" "Mozilla/5.0 (Windows NT 10.0; Win64; x64) AppleWebKit/537.36 (KHTML, like Gecko) Chrome/130.0.0.0 Safari/537.36" "-"
51.195.183.0 - - [10/Feb/2026:05:46:52 +0000] "GET /one-armed-bandit-the-ultimate-overview-to-the-popular-casino-site-game/feed HTTP/1.1" 200 956 kenilworthcourt.com "-" "Mozilla/5.0 (compatible; AhrefsBot/7.0; +http://ahrefs.com/robot/)" "-"
198.244.240.0 - - [10/Feb/2026:05:47:09 +0000] "GET /lugar-publico-de-su-mejor-entretenimiento-sobre-esparcimiento-sitios-de-ranura-con-aztec-treasure-referente-a-chile HTTP/1.1" 200 42985 kenilworthcourt.com "-" "Mozilla/5.0 (compatible; AhrefsBot/7.0; +http://ahrefs.com/robot/)" "-"
3.83.76.0 - - [10/Feb/2026:05:47:11 +0000] "GET /tag/galactic-wins-review HTTP/1.1" 200 68384 kenilworthcourt.com "-" "TerraCotta https://github.com/CeramicTeam/CeramicTerracotta" "-"
3.83.76.0 - - [10/Feb/2026:05:47:23 +0000] "GET /piperspin-casino-2 HTTP/1.1" 200 33695 kenilworthcourt.com "-" "TerraCotta https://github.com/CeramicTeam/CeramicTerracotta" "-"
198.244.183.0 - - [10/Feb/2026:05:47:29 +0000] "GET /the-four-kings-casino-and-slots-3 HTTP/1.1" 200 304802 kenilworthcourt.com "-" "Mozilla/5.0 (compatible; AhrefsBot/7.0; +http://ahrefs.com/robot/)" "-"
51.195.244.0 - - [10/Feb/2026:05:47:48 +0000] "GET /exploring-the-best-casino-options-online-or HTTP/1.1" 200 175782 kenilworthcourt.com "-" "Mozilla/5.0 (compatible; AhrefsBot/7.0; +http://ahrefs.com/robot/)" "-"
66.249.68.0 - - [10/Feb/2026:05:47:56 +0000] "GET /beyond-traditional-card-games-could-andar-bahar-be-your-next/feed HTTP/1.1" 200 946 kenilworthcourt.com "-" "Mozilla/5.0 (Linux; Android 6.0.1; Nexus 5X Build/MMB29P) AppleWebKit/537.36 (KHTML, like Gecko) Chrome/144.0.7559.132 Mobile Safari/537.36 (compatible; Googlebot/2.1; +http://www.google.com/bot.html)" "-"
142.93.120.0 - - [10/Feb/2026:05:47:59 +0000] "GET /wp-login.php HTTP/1.1" 200 4740 kenilworthcourt.com "-" "Mozilla/5.0 (Windows NT 10.0; Win64; x64) AppleWebKit/537.36 (KHTML, like Gecko) Chrome/130.0.0.0 Safari/537.36" "-"
3.83.76.0 - - [10/Feb/2026:05:48:00 +0000] "GET /chicken-road-4 HTTP/1.1" 200 31907 kenilworthcourt.com "-" "TerraCotta https://github.com/CeramicTeam/CeramicTerracotta" "-"
51.89.129.0 - - [10/Feb/2026:05:48:07 +0000] "GET /the-evolution-of-fishing-from-marathons-to-modern-games-16 HTTP/1.1" 200 45266 kenilworthcourt.com "-" "Mozilla/5.0 (compatible; AhrefsBot/7.0; +http://ahrefs.com/robot/)" "-"
66.249.68.0 - - [10/Feb/2026:05:48:08 +0000] "GET /kan-jouw-geluk-je-een-vermenigvuldiging-opleveren-met-plinko-en HTTP/1.1" 200 37349 kenilworthcourt.com "-" "Mozilla/5.0 (Linux; Android 6.0.1; Nexus 5X Build/MMB29P) AppleWebKit/537.36 (KHTML, like Gecko) Chrome/144.0.7559.132 Mobile Safari/537.36 (compatible; Googlebot/2.1; +http://www.google.com/bot.html)" "-"
14.161.203.0 - - [10/Feb/2026:05:48:12 +0000] "GET /tag/fortune-gems-slot HTTP/1.1" 200 159148 kenilworthcourt.com "-" "Mozilla/5.0 (Macintosh; Intel Mac OS X 11_0_1) AppleWebKit/537.36 (KHTML, like Gecko) Chrome/87.0.4280.88 Safari/537.36" "-"
43.173.182.0 - - [10/Feb/2026:05:48:13 +0000] "GET /winspark-5-euro-gratis-561/feed HTTP/1.1" 200 831 kenilworthcourt.com "-" "Mozilla/5.0 (Windows NT 10.0; Win64; x64) AppleWebKit/537.36 (KHTML, like Gecko) Chrome/111.0.0.0 Safari/537.36" "-"
3.83.76.0 - - [10/Feb/2026:05:48:20 +0000] "GET /category/tadhana-slot-777-real-money-155 HTTP/1.1" 200 79895 kenilworthcourt.com "-" "TerraCotta https://github.com/CeramicTeam/CeramicTerracotta" "-"
142.93.120.0 - - [10/Feb/2026:05:48:23 +0000] "POST /wp-login.php HTTP/1.1" 200 5110 kenilworthcourt.com "https://kenilworthcourt.com/wp-login.php" "Mozilla/5.0 (Windows NT 10.0; Win64; x64) AppleWebKit/537.36 (KHTML, like Gecko) Chrome/130.0.0.0 Safari/537.36" "-"
72.167.150.0 - - [10/Feb/2026:05:48:25 +0000] "GET /wp-login.php HTTP/1.1" 200 4740 kenilworthcourt.com "-" "Mozilla/5.0 (Windows NT 10.0; Win64; x64) AppleWebKit/537.36 (KHTML, like Gecko) Chrome/130.0.0.0 Safari/537.36" "-"
51.195.215.0 - - [10/Feb/2026:05:48:25 +0000] "GET /tag/betsafe-pl HTTP/1.1" 200 75967 kenilworthcourt.com "-" "Mozilla/5.0 (compatible; AhrefsBot/7.0; +http://ahrefs.com/robot/)" "-"
3.83.76.0 - - [10/Feb/2026:05:48:28 +0000] "GET /tag/188-rio-bet HTTP/1.1" 200 38532 kenilworthcourt.com "-" "TerraCotta https://github.com/CeramicTeam/CeramicTerracotta" "-"
72.167.150.0 - - [10/Feb/2026:05:48:37 +0000] "POST /wp-login.php HTTP/1.1" 200 5110 kenilworthcourt.com "https://kenilworthcourt.com/wp-login.php" "Mozilla/5.0 (Windows NT 10.0; Win64; x64) AppleWebKit/537.36 (KHTML, like Gecko) Chrome/130.0.0.0 Safari/537.36" "-"
198.244.242.0 - - [10/Feb/2026:05:48:39 +0000] "GET /three-vacation-station-sem-entreposto-star-fortune/feed HTTP/1.1" 200 895 kenilworthcourt.com "-" "Mozilla/5.0 (compatible; AhrefsBot/7.0; +http://ahrefs.com/robot/)" "-"
3.83.76.0 - - [10/Feb/2026:05:48:41 +0000] "GET /my-path-from-beginner-to-vip-at-lamabet-casino-in-new-zealand HTTP/1.1" 200 34944 kenilworthcourt.com "-" "TerraCotta https://github.com/CeramicTeam/CeramicTerracotta" "-"
198.244.242.0 - - [10/Feb/2026:05:48:55 +0000] "GET /tag/10-jili-slot HTTP/1.1" 200 154738 kenilworthcourt.com "-" "Mozilla/5.0 (compatible; AhrefsBot/7.0; +http://ahrefs.com/robot/)" "-"
3.83.76.0 - - [10/Feb/2026:05:49:00 +0000] "GET /category/party-casino-bono-sin-deposito-373 HTTP/1.1" 200 66194 kenilworthcourt.com "-" "TerraCotta https://github.com/CeramicTeam/CeramicTerracotta" "-"
178.253.43.0 - - [10/Feb/2026:05:49:08 +0000] "GET /wp-login.php HTTP/1.1" 200 4740 kenilworthcourt.com "-" "Mozilla/5.0 (Windows NT 10.0; Win64; x64) AppleWebKit/537.36 (KHTML, like Gecko) Chrome/130.0.0.0 Safari/537.36" "-"
51.195.215.0 - - [10/Feb/2026:05:49:12 +0000] "GET /bestes-playson-kasino-2025-verbinden-casinos-via-playson-inoffizieller-mitarbeiter-tizona-slot-freispiele-untersuchung HTTP/1.1" 200 38256 kenilworthcourt.com "-" "Mozilla/5.0 (compatible; AhrefsBot/7.0; +http://ahrefs.com/robot/)" "-"
178.253.43.0 - - [10/Feb/2026:05:49:20 +0000] "POST /wp-login.php HTTP/1.1" 200 5572 kenilworthcourt.com "https://kenilworthcourt.com/wp-login.php" "Mozilla/5.0 (Windows NT 10.0; Win64; x64) AppleWebKit/537.36 (KHTML, like Gecko) Chrome/130.0.0.0 Safari/537.36" "-"
51.195.183.0 - - [10/Feb/2026:05:49:33 +0000] "GET /20bet-login-811 HTTP/1.1" 200 39449 kenilworthcourt.com "-" "Mozilla/5.0 (compatible; AhrefsBot/7.0; +http://ahrefs.com/robot/)" "-"
3.83.76.0 - - [10/Feb/2026:05:49:37 +0000] "GET /tag/slottica HTTP/1.1" 200 96707 kenilworthcourt.com "-" "TerraCotta https://github.com/CeramicTeam/CeramicTerracotta" "-"
198.244.240.0 - - [10/Feb/2026:05:49:46 +0000] "GET /tag/8xbet-com HTTP/1.1" 200 100536 kenilworthcourt.com "-" "Mozilla/5.0 (compatible; AhrefsBot/7.0; +http://ahrefs.com/robot/)" "-"
198.244.183.0 - - [10/Feb/2026:05:50:05 +0000] "GET /tadhana-slot-777-download-996 HTTP/1.1" 200 44734 kenilworthcourt.com "-" "Mozilla/5.0 (compatible; AhrefsBot/7.0; +http://ahrefs.com/robot/)" "-"
3.83.76.0 - - [10/Feb/2026:05:50:07 +0000] "GET /lucky-penny-slot HTTP/1.1" 200 33990 kenilworthcourt.com "-" "TerraCotta https://github.com/CeramicTeam/CeramicTerracotta" "-"
43.173.169.0 - - [10/Feb/2026:05:50:08 +0000] "GET /tag/0xf29037d1 HTTP/1.1" 200 26281 kenilworthcourt.com "-" "Mozilla/5.0 (Windows NT 10.0; Win64; x64) AppleWebKit/537.36 (KHTML, like Gecko) Chrome/106.0.5249.119 Safari/537.36" "-"
3.83.76.0 - - [10/Feb/2026:05:50:16 +0000] "GET /tag/hellspin-logowanie HTTP/1.1" 200 144567 kenilworthcourt.com "-" "TerraCotta https://github.com/CeramicTeam/CeramicTerracotta" "-"
51.195.215.0 - - [10/Feb/2026:05:50:28 +0000] "GET /tag/starz-888-casino HTTP/1.1" 200 89110 kenilworthcourt.com "-" "Mozilla/5.0 (compatible; AhrefsBot/7.0; +http://ahrefs.com/robot/)" "-"
3.83.76.0 - - [10/Feb/2026:05:50:39 +0000] "GET /ignition-casinos-slot-machine-collection HTTP/1.1" 200 32731 kenilworthcourt.com "-" "TerraCotta https://github.com/CeramicTeam/CeramicTerracotta" "-"
198.244.240.0 - - [10/Feb/2026:05:50:47 +0000] "GET /888-casino-free-spins-208 HTTP/1.1" 200 41597 kenilworthcourt.com "-" "Mozilla/5.0 (compatible; AhrefsBot/7.0; +http://ahrefs.com/robot/)" "-"
23.92.16.0 - - [10/Feb/2026:05:50:58 +0000] "GET /seamless-access-enjoy-exclusive-rewards-with-a-quick-f7-casino HTTP/1.1" 200 37645 kenilworthcourt.com "-" "Mozilla/5.0 (compatible; MuckRack/1.0; +https://muckrack.com)" "-"
3.83.76.0 - - [10/Feb/2026:05:50:59 +0000] "GET /tag/ggbet-kasyno HTTP/1.1" 200 67786 kenilworthcourt.com "-" "TerraCotta https://github.com/CeramicTeam/CeramicTerracotta" "-"
43.173.169.0 - - [10/Feb/2026:05:51:03 +0000] "GET /frozen-fortune-teller/feed HTTP/1.1" 200 808 kenilworthcourt.com "-" "Mozilla/5.0 (Windows NT 10.0; Win64; x64) AppleWebKit/537.36 (KHTML, like Gecko) Chrome/117.0.0.0 Safari/537.36" "-"
198.244.226.0 - - [10/Feb/2026:05:51:05 +0000] "GET /tag/vip-slot-777-login HTTP/1.1" 200 162615 kenilworthcourt.com "-" "Mozilla/5.0 (compatible; AhrefsBot/7.0; +http://ahrefs.com/robot/)" "-"
43.173.175.0 - - [10/Feb/2026:05:51:05 +0000] "GET /the-magic-of-winning-at-katsubet-online-casino-games-every-time HTTP/1.1" 200 32639 kenilworthcourt.com "-" "Mozilla/5.0 (Windows NT 10.0; Win64; x64) AppleWebKit/537.36 (KHTML, like Gecko) Chrome/111.0.0.0 Safari/537.36" "-"
3.83.76.0 - - [10/Feb/2026:05:51:18 +0000] "GET /tag/bet-riot HTTP/1.1" 200 171089 kenilworthcourt.com "-" "TerraCotta https://github.com/CeramicTeam/CeramicTerracotta" "-"
198.244.240.0 - - [10/Feb/2026:05:51:22 +0000] "GET /hell-spin-casino-334 HTTP/1.1" 200 37369 kenilworthcourt.com "-" "Mozilla/5.0 (compatible; AhrefsBot/7.0; +http://ahrefs.com/robot/)" "-"
3.83.76.0 - - [10/Feb/2026:05:51:29 +0000] "GET /jugadas-de-suerte-con-hello-fortune-online-casino HTTP/1.1" 200 34082 kenilworthcourt.com "-" "TerraCotta https://github.com/CeramicTeam/CeramicTerracotta" "-"
47.82.11.0 - - [10/Feb/2026:05:51:30 +0000] "GET /?p=489482397 HTTP/1.1" 429 267 kenilworthcourt.com "http://kenilworthcourt.com/" "Mozilla/5.0 (Windows NT 10.0; Win64; x64) AppleWebKit/537.36 (KHTML, like Gecko) Chrome/135.0.0.0 Safari/537.36" "-"
3.83.76.0 - - [10/Feb/2026:05:51:36 +0000] "GET /ms-microsoft-365-pro-plus-x64-silent-activation-setup-file-english-ultra-lite-edition-eztv-dow%f0%9d%9a%97l%f0%9d%9a%98ad-to%f0%9d%9a%9brent HTTP/1.1" 200 99915 kenilworthcourt.com "-" "TerraCotta https://github.com/CeramicTeam/CeramicTerracotta" "-"
198.244.226.0 - - [10/Feb/2026:05:51:43 +0000] "GET /jogo-infantilidade-cassino-rocket-mana-dds-slot-thief-solucoes HTTP/1.1" 200 39150 kenilworthcourt.com "-" "Mozilla/5.0 (compatible; AhrefsBot/7.0; +http://ahrefs.com/robot/)" "-"
3.83.76.0 - - [10/Feb/2026:05:51:45 +0000] "GET /tag/link-vao-188-bet HTTP/1.1" 200 172343 kenilworthcourt.com "-" "TerraCotta https://github.com/CeramicTeam/CeramicTerracotta" "-"
149.102.141.0 - - [10/Feb/2026:05:51:51 +0000] "GET /wp-login.php HTTP/1.1" 200 4740 kenilworthcourt.com "-" "Mozilla/5.0 (Windows NT 10.0; Win64; x64) AppleWebKit/537.36 (KHTML, like Gecko) Chrome/130.0.0.0 Safari/537.36" "-"
3.83.76.0 - - [10/Feb/2026:05:51:57 +0000] "GET /les-machines-a-sous-dolympe-casino HTTP/1.1" 200 34728 kenilworthcourt.com "-" "TerraCotta https://github.com/CeramicTeam/CeramicTerracotta" "-"
198.244.168.0 - - [10/Feb/2026:05:52:04 +0000] "GET /20bet-%CE%B1%CF%80%CE%B1%CF%84%CE%B7-58 HTTP/1.1" 200 41204 kenilworthcourt.com "-" "Mozilla/5.0 (compatible; AhrefsBot/7.0; +http://ahrefs.com/robot/)" "-"
3.83.76.0 - - [10/Feb/2026:05:52:08 +0000] "GET /avia-masters-2 HTTP/1.1" 200 32042 kenilworthcourt.com "-" "TerraCotta https://github.com/CeramicTeam/CeramicTerracotta" "-"
3.83.76.0 - - [10/Feb/2026:05:52:09 +0000] "GET /microsoft-excel-2025-crack-license-key-full-clean-filehippo HTTP/1.1" 200 113986 kenilworthcourt.com "-" "TerraCotta https://github.com/CeramicTeam/CeramicTerracotta" "-"
3.83.76.0 - - [10/Feb/2026:05:52:12 +0000] "GET /mystake-casino-registro-rapido HTTP/1.1" 200 34180 kenilworthcourt.com "-" "TerraCotta https://github.com/CeramicTeam/CeramicTerracotta" "-"
43.173.180.0 - - [10/Feb/2026:05:52:18 +0000] "GET /?p=19301 HTTP/1.1" 301 - kenilworthcourt.com "-" "Mozilla/5.0 (Windows NT 10.0; Win64; x64) AppleWebKit/537.36 (KHTML, like Gecko) Chrome/116.0.0.0 Safari/537.36" "-"
43.173.180.0 - - [10/Feb/2026:05:52:18 +0000] "GET /the-magic-of-winning-at-katsubet-online-casino-games-every-time HTTP/1.1" 200 32639 kenilworthcourt.com "https://kenilworthcourt.com/?p=19301" "Mozilla/5.0 (Windows NT 10.0; Win64; x64) AppleWebKit/537.36 (KHTML, like Gecko) Chrome/116.0.0.0 Safari/537.36" "-"
195.250.26.0 - - [10/Feb/2026:05:52:22 +0000] "GET /wp-login.php HTTP/1.1" 200 4740 kenilworthcourt.com "-" "Mozilla/5.0 (Windows NT 10.0; Win64; x64) AppleWebKit/537.36 (KHTML, like Gecko) Chrome/130.0.0.0 Safari/537.36" "-"
51.195.183.0 - - [10/Feb/2026:05:52:22 +0000] "GET /tag/188-pg-bet HTTP/1.1" 200 67829 kenilworthcourt.com "-" "Mozilla/5.0 (compatible; AhrefsBot/7.0; +http://ahrefs.com/robot/)" "-"
3.83.76.0 - - [10/Feb/2026:05:52:24 +0000] "GET /privatni-eskort-brno-podivej-se-hned HTTP/1.1" 200 45354 kenilworthcourt.com "-" "TerraCotta https://github.com/CeramicTeam/CeramicTerracotta" "-"
3.83.76.0 - - [10/Feb/2026:05:52:30 +0000] "GET /office-2019-enterprise-e5-fully-cracked-single-language-no-background-services-rarbg-magnet-link HTTP/1.1" 200 103043 kenilworthcourt.com "-" "TerraCotta https://github.com/CeramicTeam/CeramicTerracotta" "-"
195.250.26.0 - - [10/Feb/2026:05:52:34 +0000] "POST /wp-login.php HTTP/1.1" 200 5110 kenilworthcourt.com "https://kenilworthcourt.com/wp-login.php" "Mozilla/5.0 (Windows NT 10.0; Win64; x64) AppleWebKit/537.36 (KHTML, like Gecko) Chrome/130.0.0.0 Safari/537.36" "-"
113.190.75.0 - - [10/Feb/2026:05:52:38 +0000] "GET /tag/lemon-casino-kod-na-darmowe-spiny HTTP/1.1" 200 136922 kenilworthcourt.com "-" "Mozilla/5.0 (Macintosh; Intel Mac OS X 10_14_6) AppleWebKit/537.36 (KHTML, like Gecko) Brave Chrome/85.0.4183.102 Safari/537.36" "-"
54.38.147.0 - - [10/Feb/2026:05:52:42 +0000] "GET /multihand-black-jack-from-the-pragmatic-play-trial-gamble-totally-free-casino-video-game HTTP/1.1" 200 34674 kenilworthcourt.com "-" "Mozilla/5.0 (compatible; AhrefsBot/7.0; +http://ahrefs.com/robot/)" "-"
72.167.134.0 - - [10/Feb/2026:05:52:49 +0000] "GET /wp-login.php HTTP/1.1" 200 4740 kenilworthcourt.com "-" "Mozilla/5.0 (Windows NT 10.0; Win64; x64) AppleWebKit/537.36 (KHTML, like Gecko) Chrome/130.0.0.0 Safari/537.36" "-"
3.83.76.0 - - [10/Feb/2026:05:52:57 +0000] "GET /tag/queen777-register-login HTTP/1.1" 200 124232 kenilworthcourt.com "-" "TerraCotta https://github.com/CeramicTeam/CeramicTerracotta" "-"
2a03:2880:f800:: - - [10/Feb/2026:05:53:00 +0000] "GET /bienvenue-chez-sos-casino-jouer-responsable-est-reussir HTTP/1.1" 200 34712 kenilworthcourt.com "-" "meta-externalagent/1.1 (+https://developers.facebook.com/docs/sharing/webmasters/crawler)" "-"
3.83.76.0 - - [10/Feb/2026:05:53:00 +0000] "GET /category/hellspin-casino-review-386 HTTP/1.1" 200 59805 kenilworthcourt.com "-" "TerraCotta https://github.com/CeramicTeam/CeramicTerracotta" "-"
72.167.134.0 - - [10/Feb/2026:05:53:01 +0000] "POST /wp-login.php HTTP/1.1" 200 5110 kenilworthcourt.com "https://kenilworthcourt.com/wp-login.php" "Mozilla/5.0 (Windows NT 10.0; Win64; x64) AppleWebKit/537.36 (KHTML, like Gecko) Chrome/130.0.0.0 Safari/537.36" "-"
51.89.129.0 - - [10/Feb/2026:05:53:02 +0000] "GET /777-tadhana-slot-114 HTTP/1.1" 200 49247 kenilworthcourt.com "-" "Mozilla/5.0 (compatible; AhrefsBot/7.0; +http://ahrefs.com/robot/)" "-"
51.195.215.0 - - [10/Feb/2026:05:53:20 +0000] "GET /tag/0x1c8c5b6a/feed HTTP/1.1" 200 8453 kenilworthcourt.com "-" "Mozilla/5.0 (compatible; AhrefsBot/7.0; +http://ahrefs.com/robot/)" "-"
148.66.157.0 - - [10/Feb/2026:05:53:23 +0000] "GET /wp-login.php HTTP/1.1" 200 4740 kenilworthcourt.com "-" "Mozilla/5.0 (Windows NT 10.0; Win64; x64) AppleWebKit/537.36 (KHTML, like Gecko) Chrome/130.0.0.0 Safari/537.36" "-"
3.83.76.0 - - [10/Feb/2026:05:53:24 +0000] "GET /0xb7d9df21 HTTP/1.1" 200 28816 kenilworthcourt.com "-" "TerraCotta https://github.com/CeramicTeam/CeramicTerracotta" "-"
3.83.76.0 - - [10/Feb/2026:05:53:33 +0000] "GET /avia-masters HTTP/1.1" 200 31231 kenilworthcourt.com "-" "TerraCotta https://github.com/CeramicTeam/CeramicTerracotta" "-"
51.195.244.0 - - [10/Feb/2026:05:53:34 +0000] "GET /tag/rtbet-recensioni HTTP/1.1" 200 142824 kenilworthcourt.com "-" "Mozilla/5.0 (compatible; AhrefsBot/7.0; +http://ahrefs.com/robot/)" "-"
3.83.76.0 - - [10/Feb/2026:05:53:38 +0000] "GET /demo-di-sweet-bonanza-sweet-bonanza-1000-il-tuo-biglietto-gratuito-per-il-piacere HTTP/1.1" 200 35018 kenilworthcourt.com "-" "TerraCotta https://github.com/CeramicTeam/CeramicTerracotta" "-"
51.195.244.0 - - [10/Feb/2026:05:53:54 +0000] "GET /category/uncategorized/page/20 HTTP/1.1" 200 232493 kenilworthcourt.com "-" "Mozilla/5.0 (compatible; AhrefsBot/7.0; +http://ahrefs.com/robot/)" "-"
142.93.68.0 - - [10/Feb/2026:05:54:05 +0000] "GET /wp-login.php HTTP/1.1" 200 4740 kenilworthcourt.com "-" "Mozilla/5.0 (Windows NT 10.0; Win64; x64) AppleWebKit/537.36 (KHTML, like Gecko) Chrome/130.0.0.0 Safari/537.36" "-"
51.195.215.0 - - [10/Feb/2026:05:54:08 +0000] "GET /storm-the-skies-with-lightning-quick-wins HTTP/1.1" 200 32062 kenilworthcourt.com "-" "Mozilla/5.0 (compatible; AhrefsBot/7.0; +http://ahrefs.com/robot/)" "-"
142.93.68.0 - - [10/Feb/2026:05:54:17 +0000] "POST /wp-login.php HTTP/1.1" 200 5110 kenilworthcourt.com "https://kenilworthcourt.com/wp-login.php" "Mozilla/5.0 (Windows NT 10.0; Win64; x64) AppleWebKit/537.36 (KHTML, like Gecko) Chrome/130.0.0.0 Safari/537.36" "-"
37.120.198.0 - - [10/Feb/2026:05:54:21 +0000] "GET /wp-admin/ HTTP/1.1" 302 - kenilworthcourt.com "-" "Mozilla/5.0 (Linux; Android 10; K) AppleWebKit/537.36 (KHTML, like Gecko) Chrome/144.0.7499.110 Mobile Safari/537.36" "-"
51.195.244.0 - - [10/Feb/2026:05:54:22 +0000] "GET /best-real-money-gambling-enterprises-that-have-5-deposit-casino-schlagermillions-caribbean-stud-2025/feed HTTP/1.1" 200 1046 kenilworthcourt.com "-" "Mozilla/5.0 (compatible; AhrefsBot/7.0; +http://ahrefs.com/robot/)" "-"
37.120.198.0 - - [10/Feb/2026:05:54:22 +0000] "GET /wp-login.php?redirect_to=https%3A%2F%2Fkenilworthcourt.com%2Fwp-admin%2F&reauth=1 HTTP/1.1" 200 4740 kenilworthcourt.com "https://kenilworthcourt.com/wp-admin/" "Mozilla/5.0 (Linux; Android 10; K) AppleWebKit/537.36 (KHTML, like Gecko) Chrome/144.0.7499.110 Mobile Safari/537.36" "-"
209.235.136.0 - - [10/Feb/2026:05:54:22 +0000] "GET /wp-login.php HTTP/1.1" 200 4740 kenilworthcourt.com "-" "Mozilla/5.0 (Windows NT 10.0; Win64; x64) AppleWebKit/537.36 (KHTML, like Gecko) Chrome/130.0.0.0 Safari/537.36" "-"
37.120.198.0 - - [10/Feb/2026:05:54:22 +0000] "POST /wp-login.php HTTP/1.1" 200 5162 kenilworthcourt.com "https://kenilworthcourt.com/wp-admin/" "Mozilla/5.0 (Linux; Android 10; K) AppleWebKit/537.36 (KHTML, like Gecko) Chrome/144.0.7499.110 Mobile Safari/537.36" "-"
3.83.76.0 - - [10/Feb/2026:05:54:24 +0000] "GET /category/energycasino-promo-code-735 HTTP/1.1" 200 63182 kenilworthcourt.com "-" "TerraCotta https://github.com/CeramicTeam/CeramicTerracotta" "-"
3.83.76.0 - - [10/Feb/2026:05:54:32 +0000] "GET /slotmagie-casino HTTP/1.1" 200 31550 kenilworthcourt.com "-" "TerraCotta https://github.com/CeramicTeam/CeramicTerracotta" "-"
209.235.136.0 - - [10/Feb/2026:05:54:34 +0000] "POST /wp-login.php HTTP/1.1" 200 5110 kenilworthcourt.com "https://kenilworthcourt.com/wp-login.php" "Mozilla/5.0 (Windows NT 10.0; Win64; x64) AppleWebKit/537.36 (KHTML, like Gecko) Chrome/130.0.0.0 Safari/537.36" "-"
198.244.168.0 - - [10/Feb/2026:05:54:40 +0000] "GET /johnny-kash-2 HTTP/1.1" 200 33937 kenilworthcourt.com "-" "Mozilla/5.0 (compatible; AhrefsBot/7.0; +http://ahrefs.com/robot/)" "-"
142.93.120.0 - - [10/Feb/2026:05:54:41 +0000] "GET /wp-login.php HTTP/1.1" 200 4740 kenilworthcourt.com "-" "Mozilla/5.0 (Windows NT 10.0; Win64; x64) AppleWebKit/537.36 (KHTML, like Gecko) Chrome/130.0.0.0 Safari/537.36" "-"
179.61.156.0 - - [10/Feb/2026:05:54:44 +0000] "GET /adu-builders-in-sacramento-2 HTTP/1.1" 200 188952 kenilworthcourt.com "https://kenilworthcourt.com/" "Mozilla/5.0 (Windows NT 10.0; Win64; x64) AppleWebKit/537.36 (KHTML, like Gecko) Chrome/114.0.0.0 Safari/537.36 OPR/89.0.4447.51" "-"
3.83.76.0 - - [10/Feb/2026:05:54:49 +0000] "GET /motivewave-crack-for-pc-no-virus-clean-verified HTTP/1.1" 200 159573 kenilworthcourt.com "-" "TerraCotta https://github.com/CeramicTeam/CeramicTerracotta" "-"
142.93.120.0 - - [10/Feb/2026:05:54:54 +0000] "POST /wp-login.php HTTP/1.1" 503 339 kenilworthcourt.com "https://kenilworthcourt.com/wp-login.php" "Mozilla/5.0 (Windows NT 10.0; Win64; x64) AppleWebKit/537.36 (KHTML, like Gecko) Chrome/130.0.0.0 Safari/537.36" "-"
179.108.84.0 - - [10/Feb/2026:05:54:55 +0000] "GET /wp-login.php HTTP/1.1" 200 4740 kenilworthcourt.com "-" "Mozilla/5.0 (Windows NT 10.0; Win64; x64) AppleWebKit/537.36 (KHTML, like Gecko) Chrome/130.0.0.0 Safari/537.36" "-"
179.61.156.0 - - [10/Feb/2026:05:54:55 +0000] "POST /wp-comments-post.php HTTP/1.1" 200 1831 kenilworthcourt.com "https://kenilworthcourt.com/adu-builders-in-sacramento-2" "Mozilla/5.0 (Windows NT 10.0; Win64; x64) AppleWebKit/537.36 (KHTML, like Gecko) Chrome/114.0.0.0 Safari/537.36 OPR/89.0.4447.51" "-"
198.244.240.0 - - [10/Feb/2026:05:54:58 +0000] "GET /expensive-diamonds-is-actually-permanently-video-slot-gamble-100-percent-free-demonstration-within-the-united-kingdom HTTP/1.1" 200 36619 kenilworthcourt.com "-" "Mozilla/5.0 (compatible; AhrefsBot/7.0; +http://ahrefs.com/robot/)" "-"
179.61.156.0 - - [10/Feb/2026:05:55:06 +0000] "GET /adu-builders-in-sacramento-2 HTTP/1.1" 200 188952 kenilworthcourt.com "-" "Mozilla/5.0 (Windows NT 10.0; Win64; x64) AppleWebKit/537.36 (KHTML, like Gecko) Chrome/114.0.0.0 Safari/537.36 OPR/89.0.4447.51" "-"
179.108.84.0 - - [10/Feb/2026:05:55:07 +0000] "POST /wp-login.php HTTP/1.1" 200 5110 kenilworthcourt.com "https://kenilworthcourt.com/wp-login.php" "Mozilla/5.0 (Windows NT 10.0; Win64; x64) AppleWebKit/537.36 (KHTML, like Gecko) Chrome/130.0.0.0 Safari/537.36" "-"
3.83.76.0 - - [10/Feb/2026:05:55:07 +0000] "GET /gli-effetti-positivi-del-tren-e-200-cosa-devi-sapere HTTP/1.1" 200 29236 kenilworthcourt.com "-" "TerraCotta https://github.com/CeramicTeam/CeramicTerracotta" "-"
51.89.129.0 - - [10/Feb/2026:05:55:12 +0000] "GET /tag/playcroco-app HTTP/1.1" 200 73135 kenilworthcourt.com "-" "Mozilla/5.0 (compatible; AhrefsBot/7.0; +http://ahrefs.com/robot/)" "-"
3.83.76.0 - - [10/Feb/2026:05:55:22 +0000] "GET /tag/gratogana-juegos-en-vivo HTTP/1.1" 200 45645 kenilworthcourt.com "-" "TerraCotta https://github.com/CeramicTeam/CeramicTerracotta" "-"
3.83.76.0 - - [10/Feb/2026:05:55:31 +0000] "GET /fire-portals-slot HTTP/1.1" 200 34693 kenilworthcourt.com "-" "TerraCotta https://github.com/CeramicTeam/CeramicTerracotta" "-"
51.195.183.0 - - [10/Feb/2026:05:55:33 +0000] "GET /finest-us-a-real-income-on-the-web-baccarat-gambling-retro-reels-casino-enterprises-in-the-2025/feed HTTP/1.1" 200 1030 kenilworthcourt.com "-" "Mozilla/5.0 (compatible; AhrefsBot/7.0; +http://ahrefs.com/robot/)" "-"
50.6.248.0 - - [10/Feb/2026:05:55:38 +0000] "GET /wp-login.php HTTP/1.1" 200 4740 kenilworthcourt.com "-" "Mozilla/5.0 (Windows NT 10.0; Win64; x64) AppleWebKit/537.36 (KHTML, like Gecko) Chrome/130.0.0.0 Safari/537.36" "-"
50.6.248.0 - - [10/Feb/2026:05:55:50 +0000] "POST /wp-login.php HTTP/1.1" 200 5110 kenilworthcourt.com "https://kenilworthcourt.com/wp-login.php" "Mozilla/5.0 (Windows NT 10.0; Win64; x64) AppleWebKit/537.36 (KHTML, like Gecko) Chrome/130.0.0.0 Safari/537.36" "-"
198.244.168.0 - - [10/Feb/2026:05:55:55 +0000] "GET /category/188-bet-991 HTTP/1.1" 200 62629 kenilworthcourt.com "-" "Mozilla/5.0 (compatible; AhrefsBot/7.0; +http://ahrefs.com/robot/)" "-"
173.231.203.0 - - [10/Feb/2026:05:56:00 +0000] "GET /wp-login.php HTTP/1.1" 200 4740 kenilworthcourt.com "-" "Mozilla/5.0 (Windows NT 10.0; Win64; x64) AppleWebKit/537.36 (KHTML, like Gecko) Chrome/130.0.0.0 Safari/537.36" "-"
173.231.203.0 - - [10/Feb/2026:05:56:12 +0000] "POST /wp-login.php HTTP/1.1" 200 5110 kenilworthcourt.com "https://kenilworthcourt.com/wp-login.php" "Mozilla/5.0 (Windows NT 10.0; Win64; x64) AppleWebKit/537.36 (KHTML, like Gecko) Chrome/130.0.0.0 Safari/537.36" "-"
43.173.172.0 - - [10/Feb/2026:05:56:14 +0000] "GET /tag/party-casino-online/feed HTTP/1.1" 200 18206 kenilworthcourt.com "-" "Mozilla/5.0 (Windows NT 10.0; Win64; x64) AppleWebKit/537.36 (KHTML, like Gecko) Chrome/103.0.0.0 Safari/537.36" "-"
43.173.175.0 - - [10/Feb/2026:05:56:15 +0000] "GET /?p=17083 HTTP/1.1" 301 - kenilworthcourt.com "-" "Mozilla/5.0 (Windows NT 10.0; Win64; x64) AppleWebKit/537.36 (KHTML, like Gecko) Chrome/124.0.0.0 Safari/537.36" "-"
43.173.175.0 - - [10/Feb/2026:05:56:15 +0000] "GET /20bet-bonus-code-550 HTTP/1.1" 200 44122 kenilworthcourt.com "https://kenilworthcourt.com/?p=17083" "Mozilla/5.0 (Windows NT 10.0; Win64; x64) AppleWebKit/537.36 (KHTML, like Gecko) Chrome/124.0.0.0 Safari/537.36" "-"
198.244.226.0 - - [10/Feb/2026:05:56:18 +0000] "GET /777-slot-game-719 HTTP/1.1" 200 42399 kenilworthcourt.com "-" "Mozilla/5.0 (compatible; AhrefsBot/7.0; +http://ahrefs.com/robot/)" "-"
3.83.76.0 - - [10/Feb/2026:05:56:22 +0000] "GET /joaca-fish-road-gratuit-in-romania HTTP/1.1" 200 37801 kenilworthcourt.com "-" "TerraCotta https://github.com/CeramicTeam/CeramicTerracotta" "-"
198.244.240.0 - - [10/Feb/2026:05:56:38 +0000] "GET /high-beste-online-rulett-nettsted-society-danselat-gratis-online-norske-spilleautomater-for-nett/feed HTTP/1.1" 200 1034 kenilworthcourt.com "-" "Mozilla/5.0 (compatible; AhrefsBot/7.0; +http://ahrefs.com/robot/)" "-"
3.83.76.0 - - [10/Feb/2026:05:56:39 +0000] "GET /happy-hugo-casino-5 HTTP/1.1" 200 31583 kenilworthcourt.com "-" "TerraCotta https://github.com/CeramicTeam/CeramicTerracotta" "-"
54.38.147.0 - - [10/Feb/2026:05:56:59 +0000] "GET /dragon-empire-on-line-slot-gamble-online-for-free HTTP/1.1" 200 37253 kenilworthcourt.com "-" "Mozilla/5.0 (compatible; AhrefsBot/7.0; +http://ahrefs.com/robot/)" "-"
44.205.74.0 - - [10/Feb/2026:05:56:59 +0000] "GET /wp-json/oembed/1.0/embed?format=xml&url=https://kenilworthcourt.com/juega-con-responsabilidad-en-el-tropica-casino HTTP/1.1" 200 2475 kenilworthcourt.com "-" "Mozilla/5.0 AppleWebKit/537.36 (KHTML, like Gecko; compatible; Amazonbot/0.1; +https://developer.amazon.com/support/amazonbot) Chrome/119.0.6045.214 Safari/537.36" "-"
3.83.76.0 - - [10/Feb/2026:05:57:01 +0000] "GET /tag/bizzocasino HTTP/1.1" 200 126524 kenilworthcourt.com "-" "TerraCotta https://github.com/CeramicTeam/CeramicTerracotta" "-"
141.94.156.0 - - [10/Feb/2026:05:57:03 +0000] "GET /wp-login.php HTTP/1.1" 200 4740 kenilworthcourt.com "-" "Mozilla/5.0 (Windows NT 10.0; Win64; x64) AppleWebKit/537.36 (KHTML, like Gecko) Chrome/130.0.0.0 Safari/537.36" "-"
52.203.152.0 - - [10/Feb/2026:05:57:04 +0000] "GET /wp-json/wp/v2/posts/24513 HTTP/1.1" 200 81336 kenilworthcourt.com "-" "Mozilla/5.0 AppleWebKit/537.36 (KHTML, like Gecko; compatible; Amazonbot/0.1; +https://developer.amazon.com/support/amazonbot) Chrome/119.0.6045.214 Safari/537.36" "-"
52.45.92.0 - - [10/Feb/2026:05:57:06 +0000] "GET /understanding-wagering-possibility-moneylines-advances-totals/feed HTTP/1.1" 200 937 kenilworthcourt.com "-" "Mozilla/5.0 AppleWebKit/537.36 (KHTML, like Gecko; compatible; Amazonbot/0.1; +https://developer.amazon.com/support/amazonbot) Chrome/119.0.6045.214 Safari/537.36" "-"
157.66.56.0 - - [10/Feb/2026:05:57:07 +0000] "GET /wp-login.php HTTP/1.1" 200 4740 kenilworthcourt.com "-" "iPhone; CPU iPhone OS 13_2_3 like Mac OS X) AppleWebKit/605.1.15 (KHTML, like Gecko) Version/13.0.3 Mobile/15E148 Safari/604.1)" "-"
52.70.123.0 - - [10/Feb/2026:05:57:11 +0000] "GET /bizzo-casino-bonus-36/feed HTTP/1.1" 200 824 kenilworthcourt.com "-" "Mozilla/5.0 AppleWebKit/537.36 (KHTML, like Gecko; compatible; Amazonbot/0.1; +https://developer.amazon.com/support/amazonbot) Chrome/119.0.6045.214 Safari/537.36" "-"
3.83.76.0 - - [10/Feb/2026:05:57:14 +0000] "GET /feiringsmaneden-biglucky-casino-hyller-norske-spillere-med-et-spesielt-arrangement HTTP/1.1" 200 37594 kenilworthcourt.com "-" "TerraCotta https://github.com/CeramicTeam/CeramicTerracotta" "-"
3.217.82.0 - - [10/Feb/2026:05:57:16 +0000] "GET /prozkoumejte-stoly-s-zivou-ruletou-a-blackjacku-v-kasinu-winbay/feed HTTP/1.1" 200 935 kenilworthcourt.com "-" "Mozilla/5.0 AppleWebKit/537.36 (KHTML, like Gecko; compatible; Amazonbot/0.1; +https://developer.amazon.com/support/amazonbot) Chrome/119.0.6045.214 Safari/537.36" "-"
51.195.183.0 - - [10/Feb/2026:05:57:21 +0000] "GET /play-five-hundred-free-slot-online-game-on-the-web-zero-signal-up-or-online-slot-games-king-kong-cash-down-load HTTP/1.1" 200 37595 kenilworthcourt.com "-" "Mozilla/5.0 (compatible; AhrefsBot/7.0; +http://ahrefs.com/robot/)" "-"
3.83.76.0 - - [10/Feb/2026:05:57:22 +0000] "GET /kainoyrgia-slots-kykloforoyn-kathe-evdomada-sto-god-of-casino-gia-tin-ellada HTTP/1.1" 200 53739 kenilworthcourt.com "-" "TerraCotta https://github.com/CeramicTeam/CeramicTerracotta" "-"
3.83.76.0 - - [10/Feb/2026:05:57:25 +0000] "GET /mega-fire-blaze-roulette-giros-gratis-compras-de-bonos-y-autentica-emocion HTTP/1.1" 200 35426 kenilworthcourt.com "-" "TerraCotta https://github.com/CeramicTeam/CeramicTerracotta" "-"
2a03:2880:f800:: - - [10/Feb/2026:05:57:25 +0000] "GET /la-fortuna-di-airbet365-si-gioca-ogni-giorno HTTP/1.1" 404 24756 kenilworthcourt.com "-" "meta-externalagent/1.1 (+https://developers.facebook.com/docs/sharing/webmasters/crawler)" "-"
23.92.16.0 - - [10/Feb/2026:05:57:26 +0000] "GET /feed HTTP/1.1" 304 - kenilworthcourt.com "-" "MuckRackFeedParser/1.0 +https://muckrack.com" "-"
54.38.147.0 - - [10/Feb/2026:05:57:42 +0000] "GET /guter-deutsch-zusammenfassung-unter-einsatz-online-casino-retro-reels-von-deutsche-nahrungsmittel/feed HTTP/1.1" 200 1039 kenilworthcourt.com "-" "Mozilla/5.0 (compatible; AhrefsBot/7.0; +http://ahrefs.com/robot/)" "-"
3.83.76.0 - - [10/Feb/2026:05:57:45 +0000] "GET /ultraiso-freeactivated-100-worked-full-filehippo HTTP/1.1" 200 117096 kenilworthcourt.com "-" "TerraCotta https://github.com/CeramicTeam/CeramicTerracotta" "-"
3.83.76.0 - - [10/Feb/2026:05:57:48 +0000] "GET /category/spin-samurai-bonus-124 HTTP/1.1" 200 63338 kenilworthcourt.com "-" "TerraCotta https://github.com/CeramicTeam/CeramicTerracotta" "-"
198.71.60.0 - - [10/Feb/2026:05:57:49 +0000] "GET /wp-login.php HTTP/1.1" 200 4740 kenilworthcourt.com "-" "Mozilla/5.0 (Windows NT 10.0; Win64; x64) AppleWebKit/537.36 (KHTML, like Gecko) Chrome/130.0.0.0 Safari/537.36" "-"
98.82.38.0 - - [10/Feb/2026:05:57:54 +0000] "GET /frozen-reels-ice-fishing-slot-machine-game HTTP/1.1" 200 34956 kenilworthcourt.com "-" "Mozilla/5.0 AppleWebKit/537.36 (KHTML, like Gecko; compatible; Amazonbot/0.1; +https://developer.amazon.com/support/amazonbot) Chrome/119.0.6045.214 Safari/537.36" "-"
54.84.161.0 - - [10/Feb/2026:05:57:57 +0000] "GET /plinko-game-demo-rotate-freely-and-learn-the-game HTTP/1.1" 200 33793 kenilworthcourt.com "-" "Mozilla/5.0 AppleWebKit/537.36 (KHTML, like Gecko; compatible; Amazonbot/0.1; +https://developer.amazon.com/support/amazonbot) Chrome/119.0.6045.214 Safari/537.36" "-"
50.16.216.0 - - [10/Feb/2026:05:57:58 +0000] "GET /%E2%AD%90-gamble-dantes-paradise-position-on-line-for-real-wai-kiki-slot-currency-otherwise-totally-free-subscribe-today HTTP/1.1" 200 36765 kenilworthcourt.com "-" "Mozilla/5.0 AppleWebKit/537.36 (KHTML, like Gecko; compatible; Amazonbot/0.1; +https://developer.amazon.com/support/amazonbot) Chrome/119.0.6045.214 Safari/537.36" "-"
198.244.226.0 - - [10/Feb/2026:05:57:59 +0000] "GET /three-the-newest-igt-game-online-casino-with-real-money-payout-from-the-jj-gambling/feed HTTP/1.1" 200 1000 kenilworthcourt.com "-" "Mozilla/5.0 (compatible; AhrefsBot/7.0; +http://ahrefs.com/robot/)" "-"
3.83.76.0 - - [10/Feb/2026:05:58:06 +0000] "GET /f-secure-internet-security-crack-product-key-no-virus-windows-11-multilingual HTTP/1.1" 200 75303 kenilworthcourt.com "-" "TerraCotta https://github.com/CeramicTeam/CeramicTerracotta" "-"
35.170.205.0 - - [10/Feb/2026:05:58:06 +0000] "GET /optimizing-bodybuilding-using-anabolic-steroids-safely-and-effectively HTTP/1.1" 200 29851 kenilworthcourt.com "-" "Mozilla/5.0 AppleWebKit/537.36 (KHTML, like Gecko; compatible; Amazonbot/0.1; +https://developer.amazon.com/support/amazonbot) Chrome/119.0.6045.214 Safari/537.36" "-"
54.167.32.0 - - [10/Feb/2026:05:58:08 +0000] "GET /the-fresh-unbelievable-trip-slot-demonstration-and-remark-quickspin HTTP/1.1" 200 35892 kenilworthcourt.com "-" "Mozilla/5.0 AppleWebKit/537.36 (KHTML, like Gecko; compatible; Amazonbot/0.1; +https://developer.amazon.com/support/amazonbot) Chrome/119.0.6045.214 Safari/537.36" "-"
98.83.226.0 - - [10/Feb/2026:05:58:11 +0000] "GET /jackpot-lounge-casino HTTP/1.1" 200 34427 kenilworthcourt.com "-" "Mozilla/5.0 AppleWebKit/537.36 (KHTML, like Gecko; compatible; Amazonbot/0.1; +https://developer.amazon.com/support/amazonbot) Chrome/119.0.6045.214 Safari/537.36" "-"
3.83.76.0 - - [10/Feb/2026:05:58:13 +0000] "GET /avia-masters-demo HTTP/1.1" 200 31224 kenilworthcourt.com "-" "TerraCotta https://github.com/CeramicTeam/CeramicTerracotta" "-"
198.71.60.0 - - [10/Feb/2026:05:58:13 +0000] "POST /wp-login.php HTTP/1.1" 200 5110 kenilworthcourt.com "https://kenilworthcourt.com/wp-login.php" "Mozilla/5.0 (Windows NT 10.0; Win64; x64) AppleWebKit/537.36 (KHTML, like Gecko) Chrome/130.0.0.0 Safari/537.36" "-"
35.174.253.0 - - [10/Feb/2026:05:58:15 +0000] "GET /enchanted-mermaid-slot-wager-100-percent-free-around-the-world-slot-earn-for-real/feed HTTP/1.1" 200 995 kenilworthcourt.com "-" "Mozilla/5.0 AppleWebKit/537.36 (KHTML, like Gecko; compatible; Amazonbot/0.1; +https://developer.amazon.com/support/amazonbot) Chrome/119.0.6045.214 Safari/537.36" "-"
198.244.226.0 - - [10/Feb/2026:05:58:16 +0000] "GET /enjoy-free-online-roulette-games-no-obtain-casino-wazamba-zero-subscribe/feed HTTP/1.1" 200 969 kenilworthcourt.com "-" "Mozilla/5.0 (compatible; AhrefsBot/7.0; +http://ahrefs.com/robot/)" "-"
3.83.76.0 - - [10/Feb/2026:05:58:22 +0000] "GET /safe-payment-methods-for-ice-fishing-players HTTP/1.1" 200 33668 kenilworthcourt.com "-" "TerraCotta https://github.com/CeramicTeam/CeramicTerracotta" "-"
18.215.112.0 - - [10/Feb/2026:05:58:22 +0000] "GET /best-online-casinos-2025-7-000-real-money-sites-45 HTTP/1.1" 200 307980 kenilworthcourt.com "-" "Mozilla/5.0 AppleWebKit/537.36 (KHTML, like Gecko; compatible; Amazonbot/0.1; +https://developer.amazon.com/support/amazonbot) Chrome/119.0.6045.214 Safari/537.36" "-"
63.176.224.0 - - [10/Feb/2026:05:58:22 +0000] "GET /wp-login.php HTTP/1.1" 200 4740 kenilworthcourt.com "-" "Mozilla/5.0 (Windows NT 10.0; Win64; x64) AppleWebKit/537.36 (KHTML, like Gecko) Chrome/130.0.0.0 Safari/537.36" "-"
52.71.216.0 - - [10/Feb/2026:05:58:26 +0000] "GET /piperspin-casino/feed HTTP/1.1" 200 793 kenilworthcourt.com "-" "Mozilla/5.0 AppleWebKit/537.36 (KHTML, like Gecko; compatible; Amazonbot/0.1; +https://developer.amazon.com/support/amazonbot) Chrome/119.0.6045.214 Safari/537.36" "-"
3.83.76.0 - - [10/Feb/2026:05:58:30 +0000] "GET /tag/zetcasino HTTP/1.1" 200 135531 kenilworthcourt.com "-" "TerraCotta https://github.com/CeramicTeam/CeramicTerracotta" "-"
3.229.164.0 - - [10/Feb/2026:05:58:31 +0000] "GET /10-provision-roulette-online-casino-echtes-geld-auf-anmeldung-spielsaal-in-handycasinos-24/feed HTTP/1.1" 200 1015 kenilworthcourt.com "-" "Mozilla/5.0 AppleWebKit/537.36 (KHTML, like Gecko; compatible; Amazonbot/0.1; +https://developer.amazon.com/support/amazonbot) Chrome/119.0.6045.214 Safari/537.36" "-"
44.193.102.0 - - [10/Feb/2026:05:58:32 +0000] "GET /wp-json/wp/v2/posts/20142 HTTP/1.1" 200 6815 kenilworthcourt.com "-" "Mozilla/5.0 AppleWebKit/537.36 (KHTML, like Gecko; compatible; Amazonbot/0.1; +https://developer.amazon.com/support/amazonbot) Chrome/119.0.6045.214 Safari/537.36" "-"
3.83.76.0 - - [10/Feb/2026:05:58:33 +0000] "GET /rakoo-online-glucksspiel-angebot-in-deutschland HTTP/1.1" 200 32622 kenilworthcourt.com "-" "TerraCotta https://github.com/CeramicTeam/CeramicTerracotta" "-"
63.176.224.0 - - [10/Feb/2026:05:58:34 +0000] "POST /wp-login.php HTTP/1.1" 200 5110 kenilworthcourt.com "https://kenilworthcourt.com/wp-login.php" "Mozilla/5.0 (Windows NT 10.0; Win64; x64) AppleWebKit/537.36 (KHTML, like Gecko) Chrome/130.0.0.0 Safari/537.36" "-"
51.195.215.0 - - [10/Feb/2026:05:58:35 +0000] "GET /category/uncategorized/page/64 HTTP/1.1" 200 384049 kenilworthcourt.com "-" "Mozilla/5.0 (compatible; AhrefsBot/7.0; +http://ahrefs.com/robot/)" "-"
54.84.102.0 - - [10/Feb/2026:05:58:37 +0000] "GET /wp-json/oembed/1.0/embed?url=https://kenilworthcourt.com/enchanted-mermaid-slot-wager-100-percent-free-around-the-world-slot-earn-for-real HTTP/1.1" 200 2528 kenilworthcourt.com "-" "Mozilla/5.0 AppleWebKit/537.36 (KHTML, like Gecko; compatible; Amazonbot/0.1; +https://developer.amazon.com/support/amazonbot) Chrome/119.0.6045.214 Safari/537.36" "-"
52.205.222.0 - - [10/Feb/2026:05:58:39 +0000] "GET /diamond-dare-online-video-100-free-spins-no-deposit-casino-real-deal-bet-slot-play-100-percent-free-having-saucify HTTP/1.1" 200 36184 kenilworthcourt.com "-" "Mozilla/5.0 AppleWebKit/537.36 (KHTML, like Gecko; compatible; Amazonbot/0.1; +https://developer.amazon.com/support/amazonbot) Chrome/119.0.6045.214 Safari/537.36" "-"
3.216.86.0 - - [10/Feb/2026:05:58:43 +0000] "GET /wp-json/oembed/1.0/embed?url=https://kenilworthcourt.com/mobile-casinos-online-2025-casinos-je-taschentelefon-and-tablet HTTP/1.1" 200 2420 kenilworthcourt.com "-" "Mozilla/5.0 AppleWebKit/537.36 (KHTML, like Gecko; compatible; Amazonbot/0.1; +https://developer.amazon.com/support/amazonbot) Chrome/119.0.6045.214 Safari/537.36" "-"
3.83.76.0 - - [10/Feb/2026:05:58:43 +0000] "GET /category/bizzo-casino-bonus-346 HTTP/1.1" 200 58746 kenilworthcourt.com "-" "TerraCotta https://github.com/CeramicTeam/CeramicTerracotta" "-"
50.19.79.0 - - [10/Feb/2026:05:58:48 +0000] "GET /wp-json/oembed/1.0/embed?format=xml&url=https://kenilworthcourt.com/gamble-dragon-hook-slot-machine-game-at-no-cost-no-install-needed HTTP/1.1" 200 2570 kenilworthcourt.com "-" "Mozilla/5.0 AppleWebKit/537.36 (KHTML, like Gecko; compatible; Amazonbot/0.1; +https://developer.amazon.com/support/amazonbot) Chrome/119.0.6045.214 Safari/537.36" "-"
23.21.175.0 - - [10/Feb/2026:05:58:53 +0000] "GET /wp-json/wp/v2/tags/537 HTTP/1.1" 200 663 kenilworthcourt.com "-" "Mozilla/5.0 AppleWebKit/537.36 (KHTML, like Gecko; compatible; Amazonbot/0.1; +https://developer.amazon.com/support/amazonbot) Chrome/119.0.6045.214 Safari/537.36" "-"
51.195.183.0 - - [10/Feb/2026:05:58:53 +0000] "GET /better-on-lucky-miners-video-slot-the-web-pokies-inside-the-the-new-zealand-2025-real-money-pokie-sites HTTP/1.1" 200 37005 kenilworthcourt.com "-" "Mozilla/5.0 (compatible; AhrefsBot/7.0; +http://ahrefs.com/robot/)" "-"
52.205.222.0 - - [10/Feb/2026:05:58:55 +0000] "GET /wp-json/wp/v2/tags/1512 HTTP/1.1" 200 630 kenilworthcourt.com "-" "Mozilla/5.0 AppleWebKit/537.36 (KHTML, like Gecko; compatible; Amazonbot/0.1; +https://developer.amazon.com/support/amazonbot) Chrome/119.0.6045.214 Safari/537.36" "-"
192.64.112.0 - - [10/Feb/2026:05:58:56 +0000] "GET /wp-login.php HTTP/1.1" 200 4740 kenilworthcourt.com "-" "Mozilla/5.0 (Windows NT 10.0; Win64; x64) AppleWebKit/537.36 (KHTML, like Gecko) Chrome/130.0.0.0 Safari/537.36" "-"
3.218.35.0 - - [10/Feb/2026:05:59:01 +0000] "GET /wp-json/wp/v2/posts/21185 HTTP/1.1" 200 10811 kenilworthcourt.com "-" "Mozilla/5.0 AppleWebKit/537.36 (KHTML, like Gecko; compatible; Amazonbot/0.1; +https://developer.amazon.com/support/amazonbot) Chrome/119.0.6045.214 Safari/537.36" "-"
3.83.76.0 - - [10/Feb/2026:05:59:02 +0000] "GET /tag/tadhana-slot-pro HTTP/1.1" 200 212553 kenilworthcourt.com "-" "TerraCotta https://github.com/CeramicTeam/CeramicTerracotta" "-"
54.91.122.0 - - [10/Feb/2026:05:59:04 +0000] "GET /wp-json/oembed/1.0/embed?url=https://kenilworthcourt.com/fast-payout-online-casinos-reviewed-for-secure-banking-options HTTP/1.1" 200 2412 kenilworthcourt.com "-" "Mozilla/5.0 AppleWebKit/537.36 (KHTML, like Gecko; compatible; Amazonbot/0.1; +https://developer.amazon.com/support/amazonbot) Chrome/119.0.6045.214 Safari/537.36" "-"
54.162.69.0 - - [10/Feb/2026:05:59:08 +0000] "GET /uspin-%D1%81asino/feed HTTP/1.1" 200 792 kenilworthcourt.com "-" "Mozilla/5.0 AppleWebKit/537.36 (KHTML, like Gecko; compatible; Amazonbot/0.1; +https://developer.amazon.com/support/amazonbot) Chrome/119.0.6045.214 Safari/537.36" "-"
51.195.215.0 - - [10/Feb/2026:05:59:10 +0000] "GET /spielsaal-5-eur-einzahlung-5-einlosen-25-pramie-erhalten HTTP/1.1" 200 39442 kenilworthcourt.com "-" "Mozilla/5.0 (compatible; AhrefsBot/7.0; +http://ahrefs.com/robot/)" "-"
3.83.76.0 - - [10/Feb/2026:05:59:17 +0000] "GET /erfolg-auf-der-huhnerstrase-durch-gluck-und-strategie HTTP/1.1" 200 34256 kenilworthcourt.com "-" "TerraCotta https://github.com/CeramicTeam/CeramicTerracotta" "-"
2a03:2880:f800:: - - [10/Feb/2026:05:59:18 +0000] "GET /unleash-riches-with-massive-gold-slot-fortune-awaits-you HTTP/1.1" 200 34666 kenilworthcourt.com "-" "meta-externalagent/1.1 (+https://developers.facebook.com/docs/sharing/webmasters/crawler)" "-"
192.64.112.0 - - [10/Feb/2026:05:59:20 +0000] "POST /wp-login.php HTTP/1.1" 200 5110 kenilworthcourt.com "https://kenilworthcourt.com/wp-login.php" "Mozilla/5.0 (Windows NT 10.0; Win64; x64) AppleWebKit/537.36 (KHTML, like Gecko) Chrome/130.0.0.0 Safari/537.36" "-"
198.244.240.0 - - [10/Feb/2026:05:59:26 +0000] "GET /bloodstream-suckers-real-cash-gift-shop-paypal-gambling-enterprise-slots HTTP/1.1" 200 38427 kenilworthcourt.com "-" "Mozilla/5.0 (compatible; AhrefsBot/7.0; +http://ahrefs.com/robot/)" "-"
3.83.76.0 - - [10/Feb/2026:05:59:36 +0000] "GET /sweet-bonanza-sweet-bonanza-1000-coba-slot-yang-sering-diperbincangkan HTTP/1.1" 200 35219 kenilworthcourt.com "-" "TerraCotta https://github.com/CeramicTeam/CeramicTerracotta" "-"
198.244.168.0 - - [10/Feb/2026:05:59:43 +0000] "GET /tag/hellspin-casino-login-australia HTTP/1.1" 200 170940 kenilworthcourt.com "-" "Mozilla/5.0 (compatible; AhrefsBot/7.0; +http://ahrefs.com/robot/)" "-"
3.83.76.0 - - [10/Feb/2026:05:59:43 +0000] "GET /tag/nv-casino-login HTTP/1.1" 200 79836 kenilworthcourt.com "-" "TerraCotta https://github.com/CeramicTeam/CeramicTerracotta" "-"
198.244.226.0 - - [10/Feb/2026:05:59:58 +0000] "GET /rodadas-gratis-sem-entreposto-melhores-cassinos-sobre-2025 HTTP/1.1" 200 40042 kenilworthcourt.com "-" "Mozilla/5.0 (compatible; AhrefsBot/7.0; +http://ahrefs.com/robot/)" "-"
198.244.242.0 - - [10/Feb/2026:06:00:13 +0000] "GET /kraken-fights-dragon-flame-and-you-can-tiger-information-put-the-brand-new-tone-because-of-it-weeks-launches-by-the-games-worldwide-studios HTTP/1.1" 200 36661 kenilworthcourt.com "-" "Mozilla/5.0 (compatible; AhrefsBot/7.0; +http://ahrefs.com/robot/)" "-"
37.140.223.0 - - [10/Feb/2026:06:00:16 +0000] "POST /wp-login.php HTTP/1.1" 200 5110 kenilworthcourt.com "-" "Mozilla/5.0" "-"
37.140.223.0 - - [10/Feb/2026:06:00:16 +0000] "POST /wp-login.php HTTP/1.1" 200 5162 kenilworthcourt.com "-" "Mozilla/5.0" "-"
3.83.76.0 - - [10/Feb/2026:06:00:24 +0000] "GET /demonstracao-gratuita-de-fortune-rabbit-experiencia-de-jogo-com-moeda-real-emocao-de-verdade HTTP/1.1" 200 35187 kenilworthcourt.com "-" "TerraCotta https://github.com/CeramicTeam/CeramicTerracotta" "-"
51.195.244.0 - - [10/Feb/2026:06:00:29 +0000] "GET /igobet HTTP/1.1" 200 31441 kenilworthcourt.com "-" "Mozilla/5.0 (compatible; AhrefsBot/7.0; +http://ahrefs.com/robot/)" "-"
3.83.76.0 - - [10/Feb/2026:06:00:39 +0000] "GET /wildz-casino-slotmaschine-mit-riesigen-gewinnen HTTP/1.1" 200 31374 kenilworthcourt.com "-" "TerraCotta https://github.com/CeramicTeam/CeramicTerracotta" "-"
198.244.240.0 - - [10/Feb/2026:06:00:43 +0000] "GET /srea-protiv-vjetine-razotkrivanje-mitova-u-casino-2 HTTP/1.1" 200 704909 kenilworthcourt.com "-" "Mozilla/5.0 (compatible; AhrefsBot/7.0; +http://ahrefs.com/robot/)" "-"
2a03:2880:f800:: - - [10/Feb/2026:06:00:44 +0000] "GET /anglischer-glucksspiel-thriller-im-unterwasser-paradies-das-riesige-finale-des-fischens-bei-fishin-frenzy-slot HTTP/1.1" 200 32713 kenilworthcourt.com "-" "meta-externalagent/1.1 (+https://developers.facebook.com/docs/sharing/webmasters/crawler)" "-"
3.83.76.0 - - [10/Feb/2026:06:00:54 +0000] "GET /betninja HTTP/1.1" 200 34140 kenilworthcourt.com "-" "TerraCotta https://github.com/CeramicTeam/CeramicTerracotta" "-"
198.244.168.0 - - [10/Feb/2026:06:00:58 +0000] "GET /tag/fb777-pro/feed HTTP/1.1" 200 135529 kenilworthcourt.com "-" "Mozilla/5.0 (compatible; AhrefsBot/7.0; +http://ahrefs.com/robot/)" "-"
3.83.76.0 - - [10/Feb/2026:06:01:12 +0000] "GET /sporting-bet-casino-sto-opoio-oi-paiktes-metatrepoyn-ta-oneira-se-tzakpot HTTP/1.1" 200 39889 kenilworthcourt.com "-" "TerraCotta https://github.com/CeramicTeam/CeramicTerracotta" "-"
198.244.240.0 - - [10/Feb/2026:06:01:13 +0000] "GET /oversigt-og-nglefunktioner-hos-bwin-casino-for-danske-spillere HTTP/1.1" 200 39679 kenilworthcourt.com "-" "Mozilla/5.0 (compatible; AhrefsBot/7.0; +http://ahrefs.com/robot/)" "-"
3.83.76.0 - - [10/Feb/2026:06:01:17 +0000] "GET /rolling-with-fortune-at-johnny-kash-casino HTTP/1.1" 200 33657 kenilworthcourt.com "-" "TerraCotta https://github.com/CeramicTeam/CeramicTerracotta" "-"
103.48.194.0 - - [10/Feb/2026:06:01:19 +0000] "GET /wp-login.php HTTP/1.1" 200 4740 kenilworthcourt.com "-" "Mozilla/5.0 (Windows NT 10.0; Win64; x64) AppleWebKit/537.36 (KHTML, like Gecko) Chrome/130.0.0.0 Safari/537.36" "-"
3.83.76.0 - - [10/Feb/2026:06:01:26 +0000] "GET /lucky-hippo-casino-review-and-online-gaming-experience-analysis HTTP/1.1" 200 34907 kenilworthcourt.com "-" "TerraCotta https://github.com/CeramicTeam/CeramicTerracotta" "-"
51.195.215.0 - - [10/Feb/2026:06:01:26 +0000] "GET /category/bet-188-link-313 HTTP/1.1" 200 59615 kenilworthcourt.com "-" "Mozilla/5.0 (compatible; AhrefsBot/7.0; +http://ahrefs.com/robot/)" "-"
3.83.76.0 - - [10/Feb/2026:06:01:35 +0000] "GET /tag/0x625febcd HTTP/1.1" 200 26281 kenilworthcourt.com "-" "TerraCotta https://github.com/CeramicTeam/CeramicTerracotta" "-"
2a03:2880:f800:: - - [10/Feb/2026:06:01:40 +0000] "GET /ms-office-x86-stable-direct-download HTTP/1.1" 200 108220 kenilworthcourt.com "-" "meta-externalagent/1.1 (+https://developers.facebook.com/docs/sharing/webmasters/crawler)" "-"
198.244.242.0 - - [10/Feb/2026:06:01:43 +0000] "GET /gewinn-legends-abzocke-ferner-beschmu-triumph-legends-serios-and-testbericht HTTP/1.1" 200 40569 kenilworthcourt.com "-" "Mozilla/5.0 (compatible; AhrefsBot/7.0; +http://ahrefs.com/robot/)" "-"
103.48.194.0 - - [10/Feb/2026:06:01:43 +0000] "POST /wp-login.php HTTP/1.1" 200 5110 kenilworthcourt.com "https://kenilworthcourt.com/wp-login.php" "Mozilla/5.0 (Windows NT 10.0; Win64; x64) AppleWebKit/537.36 (KHTML, like Gecko) Chrome/130.0.0.0 Safari/537.36" "-"
209.235.136.0 - - [10/Feb/2026:06:01:46 +0000] "GET /wp-login.php HTTP/1.1" 200 4740 kenilworthcourt.com "-" "Mozilla/5.0 (Windows NT 10.0; Win64; x64) AppleWebKit/537.36 (KHTML, like Gecko) Chrome/130.0.0.0 Safari/537.36" "-"
3.83.76.0 - - [10/Feb/2026:06:01:55 +0000] "GET /0xc6493d54 HTTP/1.1" 200 28838 kenilworthcourt.com "-" "TerraCotta https://github.com/CeramicTeam/CeramicTerracotta" "-"
