3.83.76.0 - - [10/Feb/2026:01:43:54 +0000] "GET /extreme-movie-manager-portable-serial-key-full-x86x64-full HTTP/1.1" 200 147389 kenilworthcourt.com "-" "TerraCotta https://github.com/CeramicTeam/CeramicTerracotta" "-"
103.74.116.0 - - [10/Feb/2026:01:43:58 +0000] "POST /wp-login.php HTTP/1.1" 200 5110 kenilworthcourt.com "https://kenilworthcourt.com/wp-login.php" "Mozilla/5.0 (Windows NT 10.0; Win64; x64) AppleWebKit/537.36 (KHTML, like Gecko) Chrome/130.0.0.0 Safari/537.36" "-"
51.222.158.0 - - [10/Feb/2026:01:43:59 +0000] "GET /wp-login.php HTTP/1.1" 200 4740 kenilworthcourt.com "-" "Mozilla/5.0 (Windows NT 10.0; Win64; x64) AppleWebKit/537.36 (KHTML, like Gecko) Chrome/130.0.0.0 Safari/537.36" "-"
51.195.215.0 - - [10/Feb/2026:01:44:01 +0000] "GET /funciona-de-balde-enlace-fructifero-en-spartacus-gladiator-of-rome-en-forma-demo HTTP/1.1" 200 43466 kenilworthcourt.com "-" "Mozilla/5.0 (compatible; AhrefsBot/7.0; +http://ahrefs.com/robot/)" "-"
3.83.76.0 - - [10/Feb/2026:01:44:04 +0000] "GET /convertxtodvd-crack-activator-lifetime-patch HTTP/1.1" 200 153338 kenilworthcourt.com "-" "TerraCotta https://github.com/CeramicTeam/CeramicTerracotta" "-"
51.195.183.0 - - [10/Feb/2026:01:44:10 +0000] "GET /magic-stars-lights-dino-reels-81-online-slot-online-slot-9-gratis-krimi-of-egypt-150-kostenlose-spins-bewertungen-wiedergeben HTTP/1.1" 200 37690 kenilworthcourt.com "-" "Mozilla/5.0 (compatible; AhrefsBot/7.0; +http://ahrefs.com/robot/)" "-"
51.222.158.0 - - [10/Feb/2026:01:44:11 +0000] "POST /wp-login.php HTTP/1.1" 200 5110 kenilworthcourt.com "https://kenilworthcourt.com/wp-login.php" "Mozilla/5.0 (Windows NT 10.0; Win64; x64) AppleWebKit/537.36 (KHTML, like Gecko) Chrome/130.0.0.0 Safari/537.36" "-"
3.83.76.0 - - [10/Feb/2026:01:44:18 +0000] "GET /category/888casino-apk-126 HTTP/1.1" 200 76611 kenilworthcourt.com "-" "TerraCotta https://github.com/CeramicTeam/CeramicTerracotta" "-"
51.195.215.0 - - [10/Feb/2026:01:44:18 +0000] "GET /alles-spitze-slot-4 HTTP/1.1" 200 34597 kenilworthcourt.com "-" "Mozilla/5.0 (compatible; AhrefsBot/7.0; +http://ahrefs.com/robot/)" "-"
3.83.76.0 - - [10/Feb/2026:01:44:20 +0000] "GET /tag/20-bet-casino HTTP/1.1" 200 172224 kenilworthcourt.com "-" "TerraCotta https://github.com/CeramicTeam/CeramicTerracotta" "-"
5.161.107.0 - - [10/Feb/2026:01:44:25 +0000] "GET /wp-login.php HTTP/1.1" 200 4740 kenilworthcourt.com "-" "Mozilla/5.0 (Windows NT 10.0; Win64; x64) AppleWebKit/537.36 (KHTML, like Gecko) Chrome/130.0.0.0 Safari/537.36" "-"
51.195.215.0 - - [10/Feb/2026:01:44:26 +0000] "GET /category/8xbet-1598921127-166/feed HTTP/1.1" 200 37882 kenilworthcourt.com "-" "Mozilla/5.0 (compatible; AhrefsBot/7.0; +http://ahrefs.com/robot/)" "-"
3.83.76.0 - - [10/Feb/2026:01:44:28 +0000] "GET /category/link-8xbet-224 HTTP/1.1" 200 65813 kenilworthcourt.com "-" "TerraCotta https://github.com/CeramicTeam/CeramicTerracotta" "-"
3.83.76.0 - - [10/Feb/2026:01:44:32 +0000] "GET /red-cherry-casino-game-variety-and-rewards-program HTTP/1.1" 200 33052 kenilworthcourt.com "-" "TerraCotta https://github.com/CeramicTeam/CeramicTerracotta" "-"
85.208.98.0 - - [10/Feb/2026:01:44:35 +0000] "GET /print-foto-amazon-k.html HTTP/1.1" 429 267 kenilworthcourt.com "-" "Mozilla/5.0 (compatible; SemrushBot-BA; +http://www.semrush.com/bot.html)" "-"
198.244.240.0 - - [10/Feb/2026:01:44:37 +0000] "GET /uber-einzahlung-und-freispiele-fortschrittlich-fur-2025/feed HTTP/1.1" 200 912 kenilworthcourt.com "-" "Mozilla/5.0 (compatible; AhrefsBot/7.0; +http://ahrefs.com/robot/)" "-"
5.161.107.0 - - [10/Feb/2026:01:44:37 +0000] "POST /wp-login.php HTTP/1.1" 200 5110 kenilworthcourt.com "https://kenilworthcourt.com/wp-login.php" "Mozilla/5.0 (Windows NT 10.0; Win64; x64) AppleWebKit/537.36 (KHTML, like Gecko) Chrome/130.0.0.0 Safari/537.36" "-"
2a03:2880:f800:: - - [10/Feb/2026:01:44:40 +0000] "GET /droga-kury-do-zwyciestwa-oto-jego-kontynuacja-na-kasyno-automatow-kurwe-do-drogi-nr-2 HTTP/1.1" 200 33749 kenilworthcourt.com "-" "meta-externalagent/1.1 (+https://developers.facebook.com/docs/sharing/webmasters/crawler)" "-"
177.131.140.0 - - [10/Feb/2026:01:44:40 +0000] "GET /wp-login.php HTTP/1.1" 200 4740 kenilworthcourt.com "-" "Mozilla/5.0 (Windows NT 10.0; Win64; x64) AppleWebKit/537.36 (KHTML, like Gecko) Chrome/130.0.0.0 Safari/537.36" "-"
85.208.98.0 - - [10/Feb/2026:01:44:41 +0000] "GET /robots.txt HTTP/1.1" 429 267 kenilworthcourt.com "-" "Mozilla/5.0 (compatible; SemrushBot-BA; +http://www.semrush.com/bot.html)" "-"
198.244.168.0 - - [10/Feb/2026:01:44:46 +0000] "GET /188bet-vui-757 HTTP/1.1" 200 39052 kenilworthcourt.com "-" "Mozilla/5.0 (compatible; AhrefsBot/7.0; +http://ahrefs.com/robot/)" "-"
85.208.98.0 - - [10/Feb/2026:01:44:49 +0000] "GET /grifal-investing-k.html HTTP/1.1" 429 267 kenilworthcourt.com "-" "Mozilla/5.0 (compatible; SemrushBot-BA; +http://www.semrush.com/bot.html)" "-"
177.131.140.0 - - [10/Feb/2026:01:44:52 +0000] "POST /wp-login.php HTTP/1.1" 200 5110 kenilworthcourt.com "https://kenilworthcourt.com/wp-login.php" "Mozilla/5.0 (Windows NT 10.0; Win64; x64) AppleWebKit/537.36 (KHTML, like Gecko) Chrome/130.0.0.0 Safari/537.36" "-"
51.195.244.0 - - [10/Feb/2026:01:44:54 +0000] "GET /gratifica-senza-fondo-pronto-2025/feed HTTP/1.1" 200 844 kenilworthcourt.com "-" "Mozilla/5.0 (compatible; AhrefsBot/7.0; +http://ahrefs.com/robot/)" "-"
3.83.76.0 - - [10/Feb/2026:01:45:09 +0000] "GET /huff-n-more-puff-slot-breathless-jackpots-awaits HTTP/1.1" 200 36944 kenilworthcourt.com "-" "TerraCotta https://github.com/CeramicTeam/CeramicTerracotta" "-"
3.83.76.0 - - [10/Feb/2026:01:45:11 +0000] "GET /la-riviere-doree-de-lolympe-casino HTTP/1.1" 200 32346 kenilworthcourt.com "-" "TerraCotta https://github.com/CeramicTeam/CeramicTerracotta" "-"
198.244.183.0 - - [10/Feb/2026:01:45:12 +0000] "GET /wp-sitemap.xml HTTP/1.1" 200 1898 kenilworthcourt.com "-" "Mozilla/5.0 (compatible; AhrefsBot/7.0; +http://ahrefs.com/robot/)" "-"
85.208.98.0 - - [10/Feb/2026:01:45:20 +0000] "GET /robots.txt HTTP/1.1" 429 267 kenilworthcourt.com "-" "Mozilla/5.0 (compatible; SemrushBot-BA; +http://www.semrush.com/bot.html)" "-"
3.83.76.0 - - [10/Feb/2026:01:45:28 +0000] "GET /tag/phlwin-mines-bomb HTTP/1.1" 200 151148 kenilworthcourt.com "-" "TerraCotta https://github.com/CeramicTeam/CeramicTerracotta" "-"
198.244.240.0 - - [10/Feb/2026:01:45:40 +0000] "GET /pozytywne-efekty-ibutamorena HTTP/1.1" 200 29877 kenilworthcourt.com "-" "Mozilla/5.0 (compatible; AhrefsBot/7.0; +http://ahrefs.com/robot/)" "-"
85.208.98.0 - - [10/Feb/2026:01:45:45 +0000] "GET /osram-66142-amazon-k.html HTTP/1.1" 429 267 kenilworthcourt.com "-" "Mozilla/5.0 (compatible; SemrushBot-BA; +http://www.semrush.com/bot.html)" "-"
3.83.76.0 - - [10/Feb/2026:01:45:50 +0000] "GET /plinko-game-down-the-lucky-chute HTTP/1.1" 200 34423 kenilworthcourt.com "-" "TerraCotta https://github.com/CeramicTeam/CeramicTerracotta" "-"
188.40.26.0 - - [10/Feb/2026:01:45:57 +0000] "GET /wp-login.php HTTP/1.1" 200 4740 kenilworthcourt.com "-" "Mozilla/5.0 (Windows NT 10.0; Win64; x64) AppleWebKit/537.36 (KHTML, like Gecko) Chrome/130.0.0.0 Safari/537.36" "-"
3.83.76.0 - - [10/Feb/2026:01:46:09 +0000] "GET /come-valutare-il-ritorno-sull-investimento-nel-bonus-buy-delle-slot HTTP/1.1" 200 35771 kenilworthcourt.com "-" "TerraCotta https://github.com/CeramicTeam/CeramicTerracotta" "-"
188.40.26.0 - - [10/Feb/2026:01:46:09 +0000] "POST /wp-login.php HTTP/1.1" 200 5110 kenilworthcourt.com "https://kenilworthcourt.com/wp-login.php" "Mozilla/5.0 (Windows NT 10.0; Win64; x64) AppleWebKit/537.36 (KHTML, like Gecko) Chrome/130.0.0.0 Safari/537.36" "-"
216.251.35.0 - - [10/Feb/2026:01:46:11 +0000] "GET /wp-login.php HTTP/1.1" 200 4740 kenilworthcourt.com "-" "Mozilla/5.0 (Windows NT 10.0; Win64; x64) AppleWebKit/537.36 (KHTML, like Gecko) Chrome/130.0.0.0 Safari/537.36" "-"
51.195.215.0 - - [10/Feb/2026:01:46:14 +0000] "GET /elevate-your-game-find-top-casino-bonuses-exclusive-rewards-with/feed HTTP/1.1" 200 955 kenilworthcourt.com "-" "Mozilla/5.0 (compatible; AhrefsBot/7.0; +http://ahrefs.com/robot/)" "-"
2a03:2880:f800:: - - [10/Feb/2026:01:46:16 +0000] "GET /10-facebook-casino-games-for-gamblers-2025-26 HTTP/1.1" 200 270332 kenilworthcourt.com "-" "meta-externalagent/1.1 (+https://developers.facebook.com/docs/sharing/webmasters/crawler)" "-"
85.208.98.0 - - [10/Feb/2026:01:46:19 +0000] "GET /balanced-scorecard-nike-k.html HTTP/1.1" 429 267 kenilworthcourt.com "-" "Mozilla/5.0 (compatible; SemrushBot-BA; +http://www.semrush.com/bot.html)" "-"
216.251.35.0 - - [10/Feb/2026:01:46:23 +0000] "POST /wp-login.php HTTP/1.1" 200 5110 kenilworthcourt.com "https://kenilworthcourt.com/wp-login.php" "Mozilla/5.0 (Windows NT 10.0; Win64; x64) AppleWebKit/537.36 (KHTML, like Gecko) Chrome/130.0.0.0 Safari/537.36" "-"
3.83.76.0 - - [10/Feb/2026:01:46:25 +0000] "GET /winning-ways-with-crown-pokies HTTP/1.1" 200 33085 kenilworthcourt.com "-" "TerraCotta https://github.com/CeramicTeam/CeramicTerracotta" "-"
85.208.98.0 - - [10/Feb/2026:01:46:27 +0000] "GET /nike-storytelling-k.html HTTP/1.1" 429 267 kenilworthcourt.com "-" "Mozilla/5.0 (compatible; SemrushBot-BA; +http://www.semrush.com/bot.html)" "-"
3.83.76.0 - - [10/Feb/2026:01:46:29 +0000] "GET /tag/slottica-aplikacja-android HTTP/1.1" 200 62380 kenilworthcourt.com "-" "TerraCotta https://github.com/CeramicTeam/CeramicTerracotta" "-"
49.7.227.0 - - [10/Feb/2026:01:46:38 +0000] "GET / HTTP/1.1" 301 276 kenilworthcourt.com "-" "Mozilla/5.0 (iPhone; CPU iPhone OS 13_2_3 like Mac OS X) AppleWebKit/605.1.15 (KHTML, like Gecko) Version/13.0.3 Mobile/15E148 Safari/604.1" "-"
51.195.244.0 - - [10/Feb/2026:01:46:39 +0000] "GET /the-new-casino-lucky-nugget-100-free-spins-sword-and-the-grail-excalibur-position-demonstration/feed HTTP/1.1" 200 1031 kenilworthcourt.com "-" "Mozilla/5.0 (compatible; AhrefsBot/7.0; +http://ahrefs.com/robot/)" "-"
49.7.227.0 - - [10/Feb/2026:01:46:46 +0000] "GET / HTTP/1.1" 200 32153 kenilworthcourt.com "http://kenilworthcourt.com" "Mozilla/5.0 (iPhone; CPU iPhone OS 13_2_3 like Mac OS X) AppleWebKit/605.1.15 (KHTML, like Gecko) Version/13.0.3 Mobile/15E148 Safari/604.1" "-"
85.208.98.0 - - [10/Feb/2026:01:46:47 +0000] "GET /robots.txt HTTP/1.1" 429 267 kenilworthcourt.com "-" "Mozilla/5.0 (compatible; SemrushBot-BA; +http://www.semrush.com/bot.html)" "-"
3.83.76.0 - - [10/Feb/2026:01:46:48 +0000] "GET /relish-special-offers-and-limitless-no-cost-spins-in-4-bonuses-bonanza-plinko-spin HTTP/1.1" 200 32924 kenilworthcourt.com "-" "TerraCotta https://github.com/CeramicTeam/CeramicTerracotta" "-"
3.83.76.0 - - [10/Feb/2026:01:46:49 +0000] "GET /tag/fb-777-casino HTTP/1.1" 200 166060 kenilworthcourt.com "-" "TerraCotta https://github.com/CeramicTeam/CeramicTerracotta" "-"
131.72.236.0 - - [10/Feb/2026:01:46:56 +0000] "GET /wp-login.php HTTP/1.1" 200 4740 kenilworthcourt.com "-" "Mozilla/5.0 (Windows NT 10.0; Win64; x64) AppleWebKit/537.36 (KHTML, like Gecko) Chrome/130.0.0.0 Safari/537.36" "-"
85.208.98.0 - - [10/Feb/2026:01:47:01 +0000] "GET /adidas-neo-brand-strategy-k.html HTTP/1.1" 429 267 kenilworthcourt.com "-" "Mozilla/5.0 (compatible; SemrushBot-BA; +http://www.semrush.com/bot.html)" "-"
3.83.76.0 - - [10/Feb/2026:01:47:01 +0000] "GET /tag/20bet-brasil HTTP/1.1" 200 37778 kenilworthcourt.com "-" "TerraCotta https://github.com/CeramicTeam/CeramicTerracotta" "-"
198.244.226.0 - - [10/Feb/2026:01:47:08 +0000] "GET /ladbrokes-casino-ubersicht-sicheres-vortragen-boni-unter-anderem-hilfe HTTP/1.1" 200 40467 kenilworthcourt.com "-" "Mozilla/5.0 (compatible; AhrefsBot/7.0; +http://ahrefs.com/robot/)" "-"
2a03:2880:f800:: - - [10/Feb/2026:01:47:08 +0000] "GET /betpro-registration-jackpot-rush HTTP/1.1" 200 37054 kenilworthcourt.com "-" "meta-externalagent/1.1 (+https://developers.facebook.com/docs/sharing/webmasters/crawler)" "-"
131.72.236.0 - - [10/Feb/2026:01:47:09 +0000] "POST /wp-login.php HTTP/1.1" 200 5110 kenilworthcourt.com "https://kenilworthcourt.com/wp-login.php" "Mozilla/5.0 (Windows NT 10.0; Win64; x64) AppleWebKit/537.36 (KHTML, like Gecko) Chrome/130.0.0.0 Safari/537.36" "-"
113.163.58.0 - - [10/Feb/2026:01:47:10 +0000] "GET /hellspin-casino-no-deposit-bonus-778 HTTP/1.1" 200 44683 kenilworthcourt.com "-" "Mozilla/5.0 (Windows NT 6.1; Win64; x64) AppleWebKit/537.36 (KHTML, like Gecko) Chrome/72.0.3626.109 Safari/537.36" "-"
3.83.76.0 - - [10/Feb/2026:01:47:10 +0000] "GET /candyspinzin-kasinopelit-fintekemis-pelikirjat HTTP/1.1" 200 34650 kenilworthcourt.com "-" "TerraCotta https://github.com/CeramicTeam/CeramicTerracotta" "-"
14.248.211.0 - - [10/Feb/2026:01:47:11 +0000] "GET /kasyno-slottica-539 HTTP/1.1" 200 45316 kenilworthcourt.com "-" "Mozilla/5.0 (Windows NT 10.0; Win64; x64) AppleWebKit/537.36 (KHTML, like Gecko) Chrome/90.0.4430.85 Safari/537.36" "-"
85.208.98.0 - - [10/Feb/2026:01:47:16 +0000] "GET /adidas-neo-line-k.html HTTP/1.1" 429 267 kenilworthcourt.com "-" "Mozilla/5.0 (compatible; SemrushBot-BA; +http://www.semrush.com/bot.html)" "-"
162.240.233.0 - - [10/Feb/2026:01:47:25 +0000] "GET /wp-login.php HTTP/1.1" 200 4740 kenilworthcourt.com "-" "Mozilla/5.0 (Windows NT 10.0; Win64; x64) AppleWebKit/537.36 (KHTML, like Gecko) Chrome/130.0.0.0 Safari/537.36" "-"
3.83.76.0 - - [10/Feb/2026:01:47:30 +0000] "GET /entdeckungen-der-agyptischen-mythologie-vom-alten-wissen-zu-rich-wilde HTTP/1.1" 200 43188 kenilworthcourt.com "-" "TerraCotta https://github.com/CeramicTeam/CeramicTerracotta" "-"
3.83.76.0 - - [10/Feb/2026:01:47:33 +0000] "GET /category/link-188bet-moi-nhat-462 HTTP/1.1" 200 63287 kenilworthcourt.com "-" "TerraCotta https://github.com/CeramicTeam/CeramicTerracotta" "-"
2a03:2880:f800:: - - [10/Feb/2026:01:47:33 +0000] "GET /office-2021-crack-offline-installer-mediafire-super-fast-eztv-to%f0%9d%9a%9brent?rent HTTP/1.1" 200 102585 kenilworthcourt.com "-" "meta-externalagent/1.1 (+https://developers.facebook.com/docs/sharing/webmasters/crawler)" "-"
2a03:2880:f800:: - - [10/Feb/2026:01:47:33 +0000] "GET /spill-casino-heroes-ingen-innskudd-rulett-online-fri-topp-rulettspill-igang-moro-skyld HTTP/1.1" 200 33908 kenilworthcourt.com "-" "meta-externalagent/1.1 (+https://developers.facebook.com/docs/sharing/webmasters/crawler)" "-"
162.240.233.0 - - [10/Feb/2026:01:47:37 +0000] "POST /wp-login.php HTTP/1.1" 200 5110 kenilworthcourt.com "https://kenilworthcourt.com/wp-login.php" "Mozilla/5.0 (Windows NT 10.0; Win64; x64) AppleWebKit/537.36 (KHTML, like Gecko) Chrome/130.0.0.0 Safari/537.36" "-"
51.89.129.0 - - [10/Feb/2026:01:47:42 +0000] "GET /casino-un-tantinet-un%EF%BF%BDouf-des-francais-emploi-agr%EF%BF%BD%EF%BF%BDs-anj HTTP/1.1" 200 34905 kenilworthcourt.com "-" "Mozilla/5.0 (compatible; AhrefsBot/7.0; +http://ahrefs.com/robot/)" "-"
3.83.76.0 - - [10/Feb/2026:01:47:52 +0000] "GET /rizk-casino-online-gaming-experience-with-live-cas HTTP/1.1" 200 36738 kenilworthcourt.com "-" "TerraCotta https://github.com/CeramicTeam/CeramicTerracotta" "-"
3.83.76.0 - - [10/Feb/2026:01:48:01 +0000] "GET /tag/winspark-50-giri-gratis HTTP/1.1" 200 56719 kenilworthcourt.com "-" "TerraCotta https://github.com/CeramicTeam/CeramicTerracotta" "-"
157.180.91.0 - - [10/Feb/2026:01:48:09 +0000] "GET /wp-login.php HTTP/1.1" 200 4740 kenilworthcourt.com "-" "Mozilla/5.0 (Windows NT 10.0; Win64; x64) AppleWebKit/537.36 (KHTML, like Gecko) Chrome/130.0.0.0 Safari/537.36" "-"
198.244.242.0 - - [10/Feb/2026:01:48:09 +0000] "GET /aztec-fire-hold-and-win-slot HTTP/1.1" 200 34541 kenilworthcourt.com "-" "Mozilla/5.0 (compatible; AhrefsBot/7.0; +http://ahrefs.com/robot/)" "-"
157.180.91.0 - - [10/Feb/2026:01:48:21 +0000] "POST /wp-login.php HTTP/1.1" 200 5110 kenilworthcourt.com "https://kenilworthcourt.com/wp-login.php" "Mozilla/5.0 (Windows NT 10.0; Win64; x64) AppleWebKit/537.36 (KHTML, like Gecko) Chrome/130.0.0.0 Safari/537.36" "-"
178.253.43.0 - - [10/Feb/2026:01:48:22 +0000] "GET /wp-login.php HTTP/1.1" 200 4740 kenilworthcourt.com "-" "Mozilla/5.0 (Windows NT 10.0; Win64; x64) AppleWebKit/537.36 (KHTML, like Gecko) Chrome/130.0.0.0 Safari/537.36" "-"
85.208.98.0 - - [10/Feb/2026:01:48:23 +0000] "GET /web-adidas-neo-k.html HTTP/1.1" 429 267 kenilworthcourt.com "-" "Mozilla/5.0 (compatible; SemrushBot-BA; +http://www.semrush.com/bot.html)" "-"
47.128.17.0 - - [10/Feb/2026:01:48:24 +0000] "GET /robots.txt HTTP/1.1" 200 120 kenilworthcourt.com "-" "Mozilla/5.0 (Linux; Android 5.0) AppleWebKit/537.36 (KHTML, like Gecko) Mobile Safari/537.36 (compatible; Bytespider; spider-feedback@bytedance.com)" "-"
3.83.76.0 - - [10/Feb/2026:01:48:25 +0000] "GET /category/energycasino-pl-213 HTTP/1.1" 200 66254 kenilworthcourt.com "-" "TerraCotta https://github.com/CeramicTeam/CeramicTerracotta" "-"
3.83.76.0 - - [10/Feb/2026:01:48:27 +0000] "GET /category/macpaw-bargain-1-2 HTTP/1.1" 200 178134 kenilworthcourt.com "-" "TerraCotta https://github.com/CeramicTeam/CeramicTerracotta" "-"
178.253.43.0 - - [10/Feb/2026:01:48:34 +0000] "POST /wp-login.php HTTP/1.1" 200 5110 kenilworthcourt.com "https://kenilworthcourt.com/wp-login.php" "Mozilla/5.0 (Windows NT 10.0; Win64; x64) AppleWebKit/537.36 (KHTML, like Gecko) Chrome/130.0.0.0 Safari/537.36" "-"
3.83.76.0 - - [10/Feb/2026:01:48:35 +0000] "GET /sol-casino-3 HTTP/1.1" 200 31544 kenilworthcourt.com "-" "TerraCotta https://github.com/CeramicTeam/CeramicTerracotta" "-"
198.244.183.0 - - [10/Feb/2026:01:48:36 +0000] "GET /erreichbar-spielbank-uber-handyrechnung-saldieren-neu-zahlungsart HTTP/1.1" 200 39421 kenilworthcourt.com "-" "Mozilla/5.0 (compatible; AhrefsBot/7.0; +http://ahrefs.com/robot/)" "-"
3.83.76.0 - - [10/Feb/2026:01:48:43 +0000] "GET /waarom-trada-snelle-verificatie-gebruikt HTTP/1.1" 200 30907 kenilworthcourt.com "-" "TerraCotta https://github.com/CeramicTeam/CeramicTerracotta" "-"
3.83.76.0 - - [10/Feb/2026:01:48:45 +0000] "GET /tag/0xe98d373b HTTP/1.1" 200 26272 kenilworthcourt.com "-" "TerraCotta https://github.com/CeramicTeam/CeramicTerracotta" "-"
3.83.76.0 - - [10/Feb/2026:01:48:54 +0000] "GET /spielbank-osnabruck HTTP/1.1" 200 32885 kenilworthcourt.com "-" "TerraCotta https://github.com/CeramicTeam/CeramicTerracotta" "-"
198.244.183.0 - - [10/Feb/2026:01:48:58 +0000] "GET /tag/fb777-register-login HTTP/1.1" 200 162800 kenilworthcourt.com "-" "Mozilla/5.0 (compatible; AhrefsBot/7.0; +http://ahrefs.com/robot/)" "-"
188.40.26.0 - - [10/Feb/2026:01:48:58 +0000] "GET /wp-login.php HTTP/1.1" 200 4740 kenilworthcourt.com "-" "Mozilla/5.0 (Windows NT 10.0; Win64; x64) AppleWebKit/537.36 (KHTML, like Gecko) Chrome/130.0.0.0 Safari/537.36" "-"
3.83.76.0 - - [10/Feb/2026:01:49:20 +0000] "GET /category/phlwin-register-233 HTTP/1.1" 200 75519 kenilworthcourt.com "-" "TerraCotta https://github.com/CeramicTeam/CeramicTerracotta" "-"
188.40.26.0 - - [10/Feb/2026:01:49:22 +0000] "POST /wp-login.php HTTP/1.1" 200 5110 kenilworthcourt.com "https://kenilworthcourt.com/wp-login.php" "Mozilla/5.0 (Windows NT 10.0; Win64; x64) AppleWebKit/537.36 (KHTML, like Gecko) Chrome/130.0.0.0 Safari/537.36" "-"
198.244.183.0 - - [10/Feb/2026:01:49:23 +0000] "GET /sasino-pa-niedlich-mr-bet-beste-casino-i-gehen-norge HTTP/1.1" 200 36061 kenilworthcourt.com "-" "Mozilla/5.0 (compatible; AhrefsBot/7.0; +http://ahrefs.com/robot/)" "-"
3.83.76.0 - - [10/Feb/2026:01:49:24 +0000] "GET /tag/galactic-wins-no-deposit-bonus HTTP/1.1" 200 56597 kenilworthcourt.com "-" "TerraCotta https://github.com/CeramicTeam/CeramicTerracotta" "-"
3.83.76.0 - - [10/Feb/2026:01:49:26 +0000] "GET /autoplay-media-studio-portable-license-key-all-versions-full-gdrive HTTP/1.1" 200 147823 kenilworthcourt.com "-" "TerraCotta https://github.com/CeramicTeam/CeramicTerracotta" "-"
198.244.183.0 - - [10/Feb/2026:01:49:45 +0000] "GET /totally-free-dragon-slots-gambling-games-slot-machines-family HTTP/1.1" 200 36863 kenilworthcourt.com "-" "Mozilla/5.0 (compatible; AhrefsBot/7.0; +http://ahrefs.com/robot/)" "-"
107.189.29.0 - - [10/Feb/2026:01:49:46 +0000] "GET /wp-login.php HTTP/1.1" 200 4740 www.kenilworthcourt.com "-" "Mozilla/5.0 (Macintosh; Intel Mac OS X 10_9_4 AppleWebKit/537.36 (KHTML, like Gecko) Chrome/36.0.1985.125 Safari/537.36" "-"
85.208.98.0 - - [10/Feb/2026:01:49:55 +0000] "GET /nike-growth-rate-k.html HTTP/1.1" 429 267 kenilworthcourt.com "-" "Mozilla/5.0 (compatible; SemrushBot-BA; +http://www.semrush.com/bot.html)" "-"
107.189.29.0 - - [10/Feb/2026:01:49:58 +0000] "POST /wp-login.php HTTP/1.1" 200 5576 www.kenilworthcourt.com "-" "Mozilla/5.0 (Macintosh; Intel Mac OS X 10_9_4 AppleWebKit/537.36 (KHTML, like Gecko) Chrome/36.0.1985.125 Safari/537.36" "-"
3.83.76.0 - - [10/Feb/2026:01:50:06 +0000] "GET /le-migliori-strategie-per-la-definizione-senza-perdita-muscolare HTTP/1.1" 200 29804 kenilworthcourt.com "-" "TerraCotta https://github.com/CeramicTeam/CeramicTerracotta" "-"
51.89.129.0 - - [10/Feb/2026:01:50:06 +0000] "GET /wheres-the-gold-aristocrat-gaming-recenzja-graj-internetowego-za-darmo-rtp-book-of-dead-slot-free-spins-sto4/feed HTTP/1.1" 200 1079 kenilworthcourt.com "-" "Mozilla/5.0 (compatible; AhrefsBot/7.0; +http://ahrefs.com/robot/)" "-"
3.83.76.0 - - [10/Feb/2026:01:50:14 +0000] "GET /kakim-sposobom-lichnoe-dovolstvo-svjazano-s-pochteniem-k-sebe HTTP/1.1" 200 43395 kenilworthcourt.com "-" "TerraCotta https://github.com/CeramicTeam/CeramicTerracotta" "-"
149.102.141.0 - - [10/Feb/2026:01:50:22 +0000] "GET /wp-login.php HTTP/1.1" 200 103 kenilworthcourt.com "-" "Mozilla/5.0 (Windows NT 10.0; Win64; x64) AppleWebKit/537.36 (KHTML, like Gecko) Chrome/130.0.0.0 Safari/537.36" "-"
3.83.76.0 - - [10/Feb/2026:01:50:28 +0000] "GET /analisi-dei-migliori-casino-con-prelievo-rapido-e-le-loro-commissioni HTTP/1.1" 200 37818 kenilworthcourt.com "-" "TerraCotta https://github.com/CeramicTeam/CeramicTerracotta" "-"
54.38.147.0 - - [10/Feb/2026:01:50:28 +0000] "GET /top-12-casinos-de-jugar-en-internet-acerca-de-mexico-sizzling-hot-1-deposito-2025 HTTP/1.1" 200 41760 kenilworthcourt.com "-" "Mozilla/5.0 (compatible; AhrefsBot/7.0; +http://ahrefs.com/robot/)" "-"
2a03:2880:f800:: - - [10/Feb/2026:01:50:29 +0000] "GET /chickentour-auf-der-huhnerroute HTTP/1.1" 200 33329 kenilworthcourt.com "-" "meta-externalagent/1.1 (+https://developers.facebook.com/docs/sharing/webmasters/crawler)" "-"
85.208.98.0 - - [10/Feb/2026:01:50:30 +0000] "GET /nike-free-cash-flow-k.html HTTP/1.1" 429 267 kenilworthcourt.com "-" "Mozilla/5.0 (compatible; SemrushBot-BA; +http://www.semrush.com/bot.html)" "-"
162.55.14.0 - - [10/Feb/2026:01:50:42 +0000] "GET /wp-login.php HTTP/1.1" 200 4740 kenilworthcourt.com "-" "Mozilla/5.0 (Windows NT 10.0; Win64; x64) AppleWebKit/537.36 (KHTML, like Gecko) Chrome/130.0.0.0 Safari/537.36" "-"
40.77.167.0 - - [10/Feb/2026:01:50:44 +0000] "GET /NEW%20PAIR%205%20Inch%20Chrome%20Straight%20Stack%20Pipe%205%22%20OD%20x%2036%22%20%20Inch%20Truck%20Exhaust%20Pipe%20-%20WF1YWFxFXERBWFJd HTTP/1.1" 301 - www.kenilworthcourt.com "-" "Mozilla/5.0 AppleWebKit/537.36 (KHTML, like Gecko; compatible; bingbot/2.0; +http://www.bing.com/bingbot.htm) Chrome/116.0.1938.76 Safari/537.36" "-"
51.195.183.0 - - [10/Feb/2026:01:50:45 +0000] "GET /tag/slottica-bonus HTTP/1.1" 200 168285 kenilworthcourt.com "-" "Mozilla/5.0 (compatible; AhrefsBot/7.0; +http://ahrefs.com/robot/)" "-"
162.55.14.0 - - [10/Feb/2026:01:50:54 +0000] "POST /wp-login.php HTTP/1.1" 200 5110 kenilworthcourt.com "https://kenilworthcourt.com/wp-login.php" "Mozilla/5.0 (Windows NT 10.0; Win64; x64) AppleWebKit/537.36 (KHTML, like Gecko) Chrome/130.0.0.0 Safari/537.36" "-"
180.149.197.0 - - [10/Feb/2026:01:50:54 +0000] "GET /wp-login.php HTTP/1.1" 200 4740 kenilworthcourt.com "-" "Mozilla/5.0 (Windows NT 10.0; Win64; x64) AppleWebKit/537.36 (KHTML, like Gecko) Chrome/130.0.0.0 Safari/537.36" "-"
3.83.76.0 - - [10/Feb/2026:01:50:55 +0000] "GET /plinko-game-3 HTTP/1.1" 200 30848 kenilworthcourt.com "-" "TerraCotta https://github.com/CeramicTeam/CeramicTerracotta" "-"
54.38.147.0 - - [10/Feb/2026:01:51:05 +0000] "GET /20bet-promo-code-908 HTTP/1.1" 200 37616 kenilworthcourt.com "-" "Mozilla/5.0 (compatible; AhrefsBot/7.0; +http://ahrefs.com/robot/)" "-"
113.176.133.0 - - [10/Feb/2026:01:51:06 +0000] "GET /tadhana-slot-777-download-37 HTTP/1.1" 200 39994 kenilworthcourt.com "-" "Mozilla/5.0 (Macintosh; Intel Mac OS X 10_10_4) AppleWebKit/537.36 (KHTML, like Gecko) Chrome/65.0.3325.779 Safari/537.36" "-"
180.149.197.0 - - [10/Feb/2026:01:51:06 +0000] "POST /wp-login.php HTTP/1.1" 200 5110 kenilworthcourt.com "https://kenilworthcourt.com/wp-login.php" "Mozilla/5.0 (Windows NT 10.0; Win64; x64) AppleWebKit/537.36 (KHTML, like Gecko) Chrome/130.0.0.0 Safari/537.36" "-"
85.208.98.0 - - [10/Feb/2026:01:51:10 +0000] "GET /nike-motto-k.html HTTP/1.1" 429 267 kenilworthcourt.com "-" "Mozilla/5.0 (compatible; SemrushBot-BA; +http://www.semrush.com/bot.html)" "-"
103.74.116.0 - - [10/Feb/2026:01:51:15 +0000] "GET /wp-login.php HTTP/1.1" 200 4740 kenilworthcourt.com "-" "Mozilla/5.0 (Windows NT 10.0; Win64; x64) AppleWebKit/537.36 (KHTML, like Gecko) Chrome/130.0.0.0 Safari/537.36" "-"
123.23.197.0 - - [10/Feb/2026:01:51:15 +0000] "GET /pochemu-lichnosti-prisoedinjajutsja-k-schastlivym-mgnovenijam HTTP/1.1" 200 36188 kenilworthcourt.com "-" "Mozilla/5.0 (Windows NT 10.0; Win64; x64) AppleWebKit/537.36 (KHTML, like Gecko) Chrome/101.0.0.0 Safari/537.36" "-"
3.83.76.0 - - [10/Feb/2026:01:51:16 +0000] "GET /category/20bet-%e8%a6%8b%e3%82%8b%e3%81%a0%e3%81%91-848 HTTP/1.1" 200 74698 kenilworthcourt.com "-" "TerraCotta https://github.com/CeramicTeam/CeramicTerracotta" "-"
198.244.183.0 - - [10/Feb/2026:01:51:22 +0000] "GET /report-on-the-newest-strike-playtech-game-free-rabbit-in-the-hat-mobile-demonstration HTTP/1.1" 200 37430 kenilworthcourt.com "-" "Mozilla/5.0 (compatible; AhrefsBot/7.0; +http://ahrefs.com/robot/)" "-"
103.74.116.0 - - [10/Feb/2026:01:51:27 +0000] "POST /wp-login.php HTTP/1.1" 200 5110 kenilworthcourt.com "https://kenilworthcourt.com/wp-login.php" "Mozilla/5.0 (Windows NT 10.0; Win64; x64) AppleWebKit/537.36 (KHTML, like Gecko) Chrome/130.0.0.0 Safari/537.36" "-"
3.83.76.0 - - [10/Feb/2026:01:51:28 +0000] "GET /category/jili-slot-777-login-register-philippines-921 HTTP/1.1" 200 62105 kenilworthcourt.com "-" "TerraCotta https://github.com/CeramicTeam/CeramicTerracotta" "-"
198.244.226.0 - - [10/Feb/2026:01:51:41 +0000] "GET /20-bet-casino-846 HTTP/1.1" 200 39919 kenilworthcourt.com "-" "Mozilla/5.0 (compatible; AhrefsBot/7.0; +http://ahrefs.com/robot/)" "-"
162.0.220.0 - - [10/Feb/2026:01:51:44 +0000] "GET /wp-login.php HTTP/1.1" 200 4740 kenilworthcourt.com "-" "Mozilla/5.0 (Windows NT 10.0; Win64; x64) AppleWebKit/537.36 (KHTML, like Gecko) Chrome/130.0.0.0 Safari/537.36" "-"
3.83.76.0 - - [10/Feb/2026:01:51:45 +0000] "GET /tag/hell-spin HTTP/1.1" 200 152527 kenilworthcourt.com "-" "TerraCotta https://github.com/CeramicTeam/CeramicTerracotta" "-"
162.0.220.0 - - [10/Feb/2026:01:51:56 +0000] "POST /wp-login.php HTTP/1.1" 200 5110 kenilworthcourt.com "https://kenilworthcourt.com/wp-login.php" "Mozilla/5.0 (Windows NT 10.0; Win64; x64) AppleWebKit/537.36 (KHTML, like Gecko) Chrome/130.0.0.0 Safari/537.36" "-"
51.195.183.0 - - [10/Feb/2026:01:51:59 +0000] "GET /angeschlossen-spielbank-deutschland-traktandum-anbieter-je-2025-inoffizieller-mitarbeiter-erprobung HTTP/1.1" 200 39818 kenilworthcourt.com "-" "Mozilla/5.0 (compatible; AhrefsBot/7.0; +http://ahrefs.com/robot/)" "-"
3.83.76.0 - - [10/Feb/2026:01:52:02 +0000] "GET /golden-reels-casino HTTP/1.1" 200 35388 kenilworthcourt.com "-" "TerraCotta https://github.com/CeramicTeam/CeramicTerracotta" "-"
3.83.76.0 - - [10/Feb/2026:01:52:18 +0000] "GET /rockstar HTTP/1.1" 200 31902 kenilworthcourt.com "-" "TerraCotta https://github.com/CeramicTeam/CeramicTerracotta" "-"
198.244.240.0 - - [10/Feb/2026:01:52:19 +0000] "GET /beetle-mania-slot-novomatic-ll-bericht-starburst-mobile-casino-gratis-vortragen HTTP/1.1" 200 38714 kenilworthcourt.com "-" "Mozilla/5.0 (compatible; AhrefsBot/7.0; +http://ahrefs.com/robot/)" "-"
3.83.76.0 - - [10/Feb/2026:01:52:20 +0000] "GET /tag/0x6c03690d HTTP/1.1" 200 26272 kenilworthcourt.com "-" "TerraCotta https://github.com/CeramicTeam/CeramicTerracotta" "-"
46.4.193.0 - - [10/Feb/2026:01:52:27 +0000] "GET /wp-login.php HTTP/1.1" 200 4740 kenilworthcourt.com "-" "Mozilla/5.0 (Windows NT 10.0; Win64; x64) AppleWebKit/537.36 (KHTML, like Gecko) Chrome/130.0.0.0 Safari/537.36" "-"
3.83.76.0 - - [10/Feb/2026:01:52:31 +0000] "GET /tag/galactic-wins-no-deposit HTTP/1.1" 200 54844 kenilworthcourt.com "-" "TerraCotta https://github.com/CeramicTeam/CeramicTerracotta" "-"
3.83.76.0 - - [10/Feb/2026:01:52:32 +0000] "GET /tag/uptown-pokies-casino-login HTTP/1.1" 200 123343 kenilworthcourt.com "-" "TerraCotta https://github.com/CeramicTeam/CeramicTerracotta" "-"
46.4.193.0 - - [10/Feb/2026:01:52:39 +0000] "POST /wp-login.php HTTP/1.1" 200 5110 kenilworthcourt.com "https://kenilworthcourt.com/wp-login.php" "Mozilla/5.0 (Windows NT 10.0; Win64; x64) AppleWebKit/537.36 (KHTML, like Gecko) Chrome/130.0.0.0 Safari/537.36" "-"
51.195.183.0 - - [10/Feb/2026:01:52:40 +0000] "GET /einzeln-stars-slot-kundgebung-gebuhrenfrei-vortragen HTTP/1.1" 200 37606 kenilworthcourt.com "-" "Mozilla/5.0 (compatible; AhrefsBot/7.0; +http://ahrefs.com/robot/)" "-"
2a03:2880:f800:: - - [10/Feb/2026:01:52:45 +0000] "GET /la-combinaison-des-symboles-de-fortune-a-shiny-wilds HTTP/1.1" 200 31564 kenilworthcourt.com "-" "meta-externalagent/1.1 (+https://developers.facebook.com/docs/sharing/webmasters/crawler)" "-"
3.83.76.0 - - [10/Feb/2026:01:52:46 +0000] "GET /rockwin-casino HTTP/1.1" 200 33602 kenilworthcourt.com "-" "TerraCotta https://github.com/CeramicTeam/CeramicTerracotta" "-"
66.116.196.0 - - [10/Feb/2026:01:52:53 +0000] "GET /wp-login.php HTTP/1.1" 200 4740 kenilworthcourt.com "-" "Mozilla/5.0 (Windows NT 10.0; Win64; x64) AppleWebKit/537.36 (KHTML, like Gecko) Chrome/130.0.0.0 Safari/537.36" "-"
51.38.116.0 - - [10/Feb/2026:01:53:01 +0000] "POST /xmlrpc.php HTTP/1.1" 200 403 kenilworthcourt.com "-" "Mozilla/5.0 (Windows NT 10.0; Win64; x64; rv:141.0) Gecko/20100101 Firefox/141.0" "-"
51.195.244.0 - - [10/Feb/2026:01:53:01 +0000] "GET /tag/vai-de-bet-bonus-de-20 HTTP/1.1" 200 133703 kenilworthcourt.com "-" "Mozilla/5.0 (compatible; AhrefsBot/7.0; +http://ahrefs.com/robot/)" "-"
66.116.196.0 - - [10/Feb/2026:01:53:17 +0000] "POST /wp-login.php HTTP/1.1" 200 5110 kenilworthcourt.com "https://kenilworthcourt.com/wp-login.php" "Mozilla/5.0 (Windows NT 10.0; Win64; x64) AppleWebKit/537.36 (KHTML, like Gecko) Chrome/130.0.0.0 Safari/537.36" "-"
3.83.76.0 - - [10/Feb/2026:01:53:23 +0000] "GET /category/spin-bizzo-casino-653 HTTP/1.1" 200 56008 kenilworthcourt.com "-" "TerraCotta https://github.com/CeramicTeam/CeramicTerracotta" "-"
3.83.76.0 - - [10/Feb/2026:01:53:24 +0000] "GET /office-2019-unlocked-exe-setup-mediafire-super-fast-to%f0%9d%9a%9brent-dow%f0%9d%9a%97l%f0%9d%9a%98ad HTTP/1.1" 200 107461 kenilworthcourt.com "-" "TerraCotta https://github.com/CeramicTeam/CeramicTerracotta" "-"
198.244.168.0 - - [10/Feb/2026:01:53:25 +0000] "GET /tag/link-8xbet HTTP/1.1" 200 91727 kenilworthcourt.com "-" "Mozilla/5.0 (compatible; AhrefsBot/7.0; +http://ahrefs.com/robot/)" "-"
162.55.14.0 - - [10/Feb/2026:01:53:37 +0000] "GET /wp-login.php HTTP/1.1" 200 4740 kenilworthcourt.com "-" "Mozilla/5.0 (Windows NT 10.0; Win64; x64) AppleWebKit/537.36 (KHTML, like Gecko) Chrome/130.0.0.0 Safari/537.36" "-"
162.55.14.0 - - [10/Feb/2026:01:53:49 +0000] "POST /wp-login.php HTTP/1.1" 200 5110 kenilworthcourt.com "https://kenilworthcourt.com/wp-login.php" "Mozilla/5.0 (Windows NT 10.0; Win64; x64) AppleWebKit/537.36 (KHTML, like Gecko) Chrome/130.0.0.0 Safari/537.36" "-"
185.221.37.0 - - [10/Feb/2026:01:53:50 +0000] "GET /wp-login.php HTTP/1.1" 200 4740 kenilworthcourt.com "-" "Mozilla/5.0 (Windows NT 10.0; Win64; x64) AppleWebKit/537.36 (KHTML, like Gecko) Chrome/130.0.0.0 Safari/537.36" "-"
51.195.215.0 - - [10/Feb/2026:01:53:53 +0000] "GET /video-poker-give-analyzer-look-at-change-big-bad-wolf-casino-your-means HTTP/1.1" 200 37860 kenilworthcourt.com "-" "Mozilla/5.0 (compatible; AhrefsBot/7.0; +http://ahrefs.com/robot/)" "-"
3.83.76.0 - - [10/Feb/2026:01:53:57 +0000] "GET /office-2016-enterprise-e5-c2r-setup-german-qxr-magnet-link HTTP/1.1" 200 108582 kenilworthcourt.com "-" "TerraCotta https://github.com/CeramicTeam/CeramicTerracotta" "-"
3.83.76.0 - - [10/Feb/2026:01:53:58 +0000] "GET /zdroje-drogi-kury-szosty-level HTTP/1.1" 200 31831 kenilworthcourt.com "-" "TerraCotta https://github.com/CeramicTeam/CeramicTerracotta" "-"
3.83.76.0 - - [10/Feb/2026:01:54:01 +0000] "GET /category/20bet-app-304 HTTP/1.1" 200 67542 kenilworthcourt.com "-" "TerraCotta https://github.com/CeramicTeam/CeramicTerracotta" "-"
185.221.37.0 - - [10/Feb/2026:01:54:02 +0000] "POST /wp-login.php HTTP/1.1" 200 5110 kenilworthcourt.com "https://kenilworthcourt.com/wp-login.php" "Mozilla/5.0 (Windows NT 10.0; Win64; x64) AppleWebKit/537.36 (KHTML, like Gecko) Chrome/130.0.0.0 Safari/537.36" "-"
209.38.204.0 - - [10/Feb/2026:01:54:02 +0000] "GET /wp-login.php HTTP/1.1" 200 4740 kenilworthcourt.com "-" "Mozilla/5.0 (Windows NT 10.0; Win64; x64) AppleWebKit/537.36 (KHTML, like Gecko) Chrome/130.0.0.0 Safari/537.36" "-"
209.38.204.0 - - [10/Feb/2026:01:54:14 +0000] "POST /wp-login.php HTTP/1.1" 200 5110 kenilworthcourt.com "https://kenilworthcourt.com/wp-login.php" "Mozilla/5.0 (Windows NT 10.0; Win64; x64) AppleWebKit/537.36 (KHTML, like Gecko) Chrome/130.0.0.0 Safari/537.36" "-"
198.244.168.0 - - [10/Feb/2026:01:54:16 +0000] "GET /piecdziesiat-bezplatnych-dolphins-pearl-deluxe-slot-spinow-w-ciagu-rejestracje-odbierz-50-free-spins-wyjawszy-depozytu/feed HTTP/1.1" 200 1107 kenilworthcourt.com "-" "Mozilla/5.0 (compatible; AhrefsBot/7.0; +http://ahrefs.com/robot/)" "-"
3.83.76.0 - - [10/Feb/2026:01:54:28 +0000] "GET /betnroll-casino HTTP/1.1" 200 30301 kenilworthcourt.com "-" "TerraCotta https://github.com/CeramicTeam/CeramicTerracotta" "-"
82.223.245.0 - - [10/Feb/2026:01:54:33 +0000] "GET /wp-login.php HTTP/1.1" 200 4740 kenilworthcourt.com "-" "Mozilla/5.0 (Windows NT 10.0; Win64; x64) AppleWebKit/537.36 (KHTML, like Gecko) Chrome/130.0.0.0 Safari/537.36" "-"
3.83.76.0 - - [10/Feb/2026:01:54:38 +0000] "GET /betmatch-kaszino-jatsz-biztonsagosan-nyerj-gyorsan-elvezheted-a-tovabbi-elmenyeket-magyarorszagon HTTP/1.1" 200 40126 kenilworthcourt.com "-" "TerraCotta https://github.com/CeramicTeam/CeramicTerracotta" "-"
54.38.147.0 - - [10/Feb/2026:01:54:42 +0000] "GET /us-erreichbar-casinos-that-accept-push-gaming-spieleliste-paypal-august-2025 HTTP/1.1" 200 36547 kenilworthcourt.com "-" "Mozilla/5.0 (compatible; AhrefsBot/7.0; +http://ahrefs.com/robot/)" "-"
2a03:2880:f800:: - - [10/Feb/2026:01:54:51 +0000] "GET /3-coin-volcano-slot HTTP/1.1" 200 34619 kenilworthcourt.com "-" "meta-externalagent/1.1 (+https://developers.facebook.com/docs/sharing/webmasters/crawler)" "-"
85.208.98.0 - - [10/Feb/2026:01:54:53 +0000] "GET /robots.txt HTTP/1.1" 429 267 kenilworthcourt.com "-" "Mozilla/5.0 (compatible; SemrushBot-BA; +http://www.semrush.com/bot.html)" "-"
3.83.76.0 - - [10/Feb/2026:01:54:55 +0000] "GET /gold-express-hold-and-win-slot HTTP/1.1" 200 32754 kenilworthcourt.com "-" "TerraCotta https://github.com/CeramicTeam/CeramicTerracotta" "-"
3.83.76.0 - - [10/Feb/2026:01:54:58 +0000] "GET /tag/20bet-bewertung HTTP/1.1" 200 129822 kenilworthcourt.com "-" "TerraCotta https://github.com/CeramicTeam/CeramicTerracotta" "-"
3.83.76.0 - - [10/Feb/2026:01:55:02 +0000] "GET /play-me-1win-game HTTP/1.1" 200 32834 kenilworthcourt.com "-" "TerraCotta https://github.com/CeramicTeam/CeramicTerracotta" "-"
198.244.226.0 - - [10/Feb/2026:01:55:07 +0000] "GET /category/gratogana-movil-460 HTTP/1.1" 200 58411 kenilworthcourt.com "-" "Mozilla/5.0 (compatible; AhrefsBot/7.0; +http://ahrefs.com/robot/)" "-"
3.83.76.0 - - [10/Feb/2026:01:55:09 +0000] "GET /tag/rtbet-recensioni HTTP/1.1" 200 142824 kenilworthcourt.com "-" "TerraCotta https://github.com/CeramicTeam/CeramicTerracotta" "-"
50.28.11.0 - - [10/Feb/2026:01:55:12 +0000] "GET /wp-login.php HTTP/1.1" 200 4740 kenilworthcourt.com "-" "Mozilla/5.0 (Windows NT 10.0; Win64; x64) AppleWebKit/537.36 (KHTML, like Gecko) Chrome/130.0.0.0 Safari/537.36" "-"
3.83.76.0 - - [10/Feb/2026:01:55:26 +0000] "GET /calcolo-preciso-dell-angolo-ottimale-per-il-posizionamento-termografico-dei-pannelli-solari-in-contesti-urbani-italiani-dalla-mappatura-ombre-stagionali-alla-regolazione-dinamica HTTP/1.1" 200 38564 kenilworthcourt.com "-" "TerraCotta https://github.com/CeramicTeam/CeramicTerracotta" "-"
54.38.147.0 - - [10/Feb/2026:01:55:29 +0000] "GET /swimsuit-party-slot-by-the-microgaming-opinion-and-you-can-gamble-totally-free-demo-within-the-online-casino-gold-roulette-august-2025 HTTP/1.1" 200 38897 kenilworthcourt.com "-" "Mozilla/5.0 (compatible; AhrefsBot/7.0; +http://ahrefs.com/robot/)" "-"
2a03:2880:f800:: - - [10/Feb/2026:01:55:30 +0000] "GET /%e0%a6%ac%e0%a7%8d%e0%a6%b2%e0%a7%8d%e0%a6%af%e0%a6%be%e0%a6%95%e0%a6%9c%e0%a7%8d%e0%a6%af%e0%a6%be%e0%a6%95%e0%a7%87%e0%a6%b0-%e0%a6%b9%e0%a6%bf%e0%a6%b8%e0%a6%be%e0%a6%ac-%e0%a6%95%e0%a6%bf%e0%a6%ad HTTP/1.1" 404 24756 kenilworthcourt.com "-" "meta-externalagent/1.1 (+https://developers.facebook.com/docs/sharing/webmasters/crawler)" "-"
50.28.11.0 - - [10/Feb/2026:01:55:36 +0000] "POST /wp-login.php HTTP/1.1" 200 5110 kenilworthcourt.com "https://kenilworthcourt.com/wp-login.php" "Mozilla/5.0 (Windows NT 10.0; Win64; x64) AppleWebKit/537.36 (KHTML, like Gecko) Chrome/130.0.0.0 Safari/537.36" "-"
3.83.76.0 - - [10/Feb/2026:01:55:38 +0000] "GET /category/slottica-app-583 HTTP/1.1" 200 64782 kenilworthcourt.com "-" "TerraCotta https://github.com/CeramicTeam/CeramicTerracotta" "-"
3.83.76.0 - - [10/Feb/2026:01:55:39 +0000] "GET /rabbit-road-bonus-features-free-spins-and-multipliers-explained HTTP/1.1" 200 34391 kenilworthcourt.com "-" "TerraCotta https://github.com/CeramicTeam/CeramicTerracotta" "-"
198.244.168.0 - - [10/Feb/2026:01:55:46 +0000] "GET /tag/queen-777 HTTP/1.1" 200 144064 kenilworthcourt.com "-" "Mozilla/5.0 (compatible; AhrefsBot/7.0; +http://ahrefs.com/robot/)" "-"
3.83.76.0 - - [10/Feb/2026:01:55:46 +0000] "GET /tag/betsafe-site HTTP/1.1" 200 53819 kenilworthcourt.com "-" "TerraCotta https://github.com/CeramicTeam/CeramicTerracotta" "-"
177.131.140.0 - - [10/Feb/2026:01:55:48 +0000] "GET /wp-login.php HTTP/1.1" 200 4740 kenilworthcourt.com "-" "Mozilla/5.0 (Windows NT 10.0; Win64; x64) AppleWebKit/537.36 (KHTML, like Gecko) Chrome/130.0.0.0 Safari/537.36" "-"
3.83.76.0 - - [10/Feb/2026:01:55:55 +0000] "GET /tag/slottica-opinie HTTP/1.1" 200 125865 kenilworthcourt.com "-" "TerraCotta https://github.com/CeramicTeam/CeramicTerracotta" "-"
3.83.76.0 - - [10/Feb/2026:01:56:00 +0000] "GET /vip-vorteile-in-inlndischen-virtuellen-spielbanken HTTP/1.1" 200 35225 kenilworthcourt.com "-" "TerraCotta https://github.com/CeramicTeam/CeramicTerracotta" "-"
177.131.140.0 - - [10/Feb/2026:01:56:00 +0000] "POST /wp-login.php HTTP/1.1" 200 5110 kenilworthcourt.com "https://kenilworthcourt.com/wp-login.php" "Mozilla/5.0 (Windows NT 10.0; Win64; x64) AppleWebKit/537.36 (KHTML, like Gecko) Chrome/130.0.0.0 Safari/537.36" "-"
3.83.76.0 - - [10/Feb/2026:01:56:07 +0000] "GET /eskort-prague-najdi-divku-hned-zde HTTP/1.1" 200 50842 kenilworthcourt.com "-" "TerraCotta https://github.com/CeramicTeam/CeramicTerracotta" "-"
51.195.183.0 - - [10/Feb/2026:01:56:08 +0000] "GET /erreichbar-spielsaal-bonus-angebote-spielbank-com-land-der-dichter-und-denker HTTP/1.1" 200 34258 kenilworthcourt.com "-" "Mozilla/5.0 (compatible; AhrefsBot/7.0; +http://ahrefs.com/robot/)" "-"
3.83.76.0 - - [10/Feb/2026:01:56:13 +0000] "GET /big-piggy-bank-slot HTTP/1.1" 200 35337 kenilworthcourt.com "-" "TerraCotta https://github.com/CeramicTeam/CeramicTerracotta" "-"
2a03:2880:f800:: - - [10/Feb/2026:01:56:18 +0000] "GET /free-caribbean-tropicool-1-deposit-stud-poker-enjoy-caribbean-stud-web-based-poker-on-line HTTP/1.1" 200 35809 kenilworthcourt.com "-" "meta-externalagent/1.1 (+https://developers.facebook.com/docs/sharing/webmasters/crawler)" "-"
198.244.242.0 - - [10/Feb/2026:01:56:22 +0000] "GET /best-100-percent-free-revolves-no-deposit-no-wagering-extra-quick-hit-platinum-no-deposit-free-spins-2025 HTTP/1.1" 200 37550 kenilworthcourt.com "-" "Mozilla/5.0 (compatible; AhrefsBot/7.0; +http://ahrefs.com/robot/)" "-"
2a03:2880:f800:: - - [10/Feb/2026:01:56:33 +0000] "GET /adobe-creative-cloud-2024-freeactivated-clean-x86-x64-full-mega HTTP/1.1" 200 115801 kenilworthcourt.com "-" "meta-externalagent/1.1 (+https://developers.facebook.com/docs/sharing/webmasters/crawler)" "-"
198.244.226.0 - - [10/Feb/2026:01:56:38 +0000] "GET /indian-thinking-second-options-slot-machine-video-clips-because-of-egyptian-heroes-slot-play-the-aristocrat-leisure-marketplaces-pty-ltd-2003 HTTP/1.1" 200 37160 kenilworthcourt.com "-" "Mozilla/5.0 (compatible; AhrefsBot/7.0; +http://ahrefs.com/robot/)" "-"
45.79.180.0 - - [10/Feb/2026:01:56:48 +0000] "GET /feed HTTP/1.1" 304 - kenilworthcourt.com "-" "MuckRackFeedParser/1.0 +https://muckrack.com" "-"
3.83.76.0 - - [10/Feb/2026:01:56:50 +0000] "GET /tauchen-sie-ein-in-die-spannung-im-kingmaker-casino-in-oesterreich HTTP/1.1" 200 37828 kenilworthcourt.com "-" "TerraCotta https://github.com/CeramicTeam/CeramicTerracotta" "-"
141.98.80.0 - - [10/Feb/2026:01:56:56 +0000] "POST /xmlrpc.php HTTP/1.1" 301 276 kenilworthcourt.com "-" "Mozilla/5.0 (Windows NT 10.0; Win64; x64; rv:140.0) Gecko/20100101 Firefox/140.0" "-"
198.244.240.0 - - [10/Feb/2026:01:56:56 +0000] "GET /category/188bet-vui-253 HTTP/1.1" 200 71192 kenilworthcourt.com "-" "Mozilla/5.0 (compatible; AhrefsBot/7.0; +http://ahrefs.com/robot/)" "-"
141.98.80.0 - - [10/Feb/2026:01:56:56 +0000] "GET / HTTP/1.1" 200 32153 kenilworthcourt.com "http://kenilworthcourt.com/xmlrpc.php" "Mozilla/5.0 (Windows NT 10.0; Win64; x64; rv:140.0) Gecko/20100101 Firefox/140.0" "-"
51.89.129.0 - - [10/Feb/2026:01:57:14 +0000] "GET /bmw-slot-casino-464 HTTP/1.1" 200 49040 kenilworthcourt.com "-" "Mozilla/5.0 (compatible; AhrefsBot/7.0; +http://ahrefs.com/robot/)" "-"
3.83.76.0 - - [10/Feb/2026:01:57:14 +0000] "GET /tag/20bet-casino-login HTTP/1.1" 200 188179 kenilworthcourt.com "-" "TerraCotta https://github.com/CeramicTeam/CeramicTerracotta" "-"
85.208.98.0 - - [10/Feb/2026:01:57:16 +0000] "GET /strategie-roulette-online-amazon-k.html HTTP/1.1" 429 267 kenilworthcourt.com "-" "Mozilla/5.0 (compatible; SemrushBot-BA; +http://www.semrush.com/bot.html)" "-"
57.130.20.0 - - [10/Feb/2026:01:57:19 +0000] "GET /wp-login.php HTTP/1.1" 200 4740 kenilworthcourt.com "-" "Mozilla/5.0 (Windows NT 10.0; Win64; x64) AppleWebKit/537.36 (KHTML, like Gecko) Chrome/130.0.0.0 Safari/537.36" "-"
3.83.76.0 - - [10/Feb/2026:01:57:19 +0000] "GET /echtgeld-freude-auf-dem-huhnerweg-2-das-casino-slot-spiel-ist-losgetreten-mit-der-fortsetzung-von-chickens-adventure-der-beliebte-online-spielautomat-chicken-road-2 HTTP/1.1" 200 35122 kenilworthcourt.com "-" "TerraCotta https://github.com/CeramicTeam/CeramicTerracotta" "-"
85.208.98.0 - - [10/Feb/2026:01:57:26 +0000] "GET /roulette-vincere-amazon-k.html HTTP/1.1" 429 267 kenilworthcourt.com "-" "Mozilla/5.0 (compatible; SemrushBot-BA; +http://www.semrush.com/bot.html)" "-"
3.83.76.0 - - [10/Feb/2026:01:57:27 +0000] "GET /category/bizzo-casino-promo-code-257 HTTP/1.1" 200 58835 kenilworthcourt.com "-" "TerraCotta https://github.com/CeramicTeam/CeramicTerracotta" "-"
51.195.215.0 - - [10/Feb/2026:01:57:30 +0000] "GET /finest-no-deposit-fruit-blaze-slot-game-local-casino-bonuses-inside-the-philippines-2025 HTTP/1.1" 200 35600 kenilworthcourt.com "-" "Mozilla/5.0 (compatible; AhrefsBot/7.0; +http://ahrefs.com/robot/)" "-"
57.130.20.0 - - [10/Feb/2026:01:57:43 +0000] "POST /wp-login.php HTTP/1.1" 200 5110 kenilworthcourt.com "https://kenilworthcourt.com/wp-login.php" "Mozilla/5.0 (Windows NT 10.0; Win64; x64) AppleWebKit/537.36 (KHTML, like Gecko) Chrome/130.0.0.0 Safari/537.36" "-"
3.83.76.0 - - [10/Feb/2026:01:57:45 +0000] "GET /po-kakoj-prichine-ljudi-zavyshajut-vazhnost-proizvolnyh-sobytij HTTP/1.1" 200 48571 kenilworthcourt.com "-" "TerraCotta https://github.com/CeramicTeam/CeramicTerracotta" "-"
198.244.226.0 - - [10/Feb/2026:01:57:51 +0000] "GET /lucky-aurum-diggers-spielautomat-days-beschmu-unter-anderem-keineswegs-die-erprobung-and-erfahrungen-2025 HTTP/1.1" 200 40372 kenilworthcourt.com "-" "Mozilla/5.0 (compatible; AhrefsBot/7.0; +http://ahrefs.com/robot/)" "-"
65.7.17.0 - - [10/Feb/2026:01:57:52 +0000] "GET /wp-login.php HTTP/1.1" 200 4740 kenilworthcourt.com "-" "Mozilla/5.0 (Windows NT 10.0; Win64; x64) AppleWebKit/537.36 (KHTML, like Gecko) Chrome/130.0.0.0 Safari/537.36" "-"
3.83.76.0 - - [10/Feb/2026:01:57:53 +0000] "GET /ms-ms-office-premium-64bits-setup-only-archive-super-lite-super-fast-xrg-direct-download HTTP/1.1" 200 96514 kenilworthcourt.com "-" "TerraCotta https://github.com/CeramicTeam/CeramicTerracotta" "-"
3.83.76.0 - - [10/Feb/2026:01:58:02 +0000] "GET /category/spin-casino-ontario-530 HTTP/1.1" 200 64839 kenilworthcourt.com "-" "TerraCotta https://github.com/CeramicTeam/CeramicTerracotta" "-"
65.7.17.0 - - [10/Feb/2026:01:58:04 +0000] "POST /wp-login.php HTTP/1.1" 200 5110 kenilworthcourt.com "https://kenilworthcourt.com/wp-login.php" "Mozilla/5.0 (Windows NT 10.0; Win64; x64) AppleWebKit/537.36 (KHTML, like Gecko) Chrome/130.0.0.0 Safari/537.36" "-"
3.83.76.0 - - [10/Feb/2026:01:58:09 +0000] "GET /category/8xbet-vina-963 HTTP/1.1" 200 70918 kenilworthcourt.com "-" "TerraCotta https://github.com/CeramicTeam/CeramicTerracotta" "-"
54.38.147.0 - - [10/Feb/2026:01:58:11 +0000] "GET /hellspin-logowanie-573 HTTP/1.1" 200 37486 kenilworthcourt.com "-" "Mozilla/5.0 (compatible; AhrefsBot/7.0; +http://ahrefs.com/robot/)" "-"
157.230.226.0 - - [10/Feb/2026:01:58:14 +0000] "GET /wp-login.php HTTP/1.1" 200 4740 kenilworthcourt.com "-" "Mozilla/5.0 (Windows NT 10.0; Win64; x64) AppleWebKit/537.36 (KHTML, like Gecko) Chrome/130.0.0.0 Safari/537.36" "-"
3.83.76.0 - - [10/Feb/2026:01:58:19 +0000] "GET /category/20bet-italia-500 HTTP/1.1" 200 75379 kenilworthcourt.com "-" "TerraCotta https://github.com/CeramicTeam/CeramicTerracotta" "-"
157.230.226.0 - - [10/Feb/2026:01:58:26 +0000] "POST /wp-login.php HTTP/1.1" 200 5572 kenilworthcourt.com "https://kenilworthcourt.com/wp-login.php" "Mozilla/5.0 (Windows NT 10.0; Win64; x64) AppleWebKit/537.36 (KHTML, like Gecko) Chrome/130.0.0.0 Safari/537.36" "-"
51.195.183.0 - - [10/Feb/2026:01:58:28 +0000] "GET /log-off-their-review-regarding-the-dotbig-forex-broker HTTP/1.1" 200 36310 kenilworthcourt.com "-" "Mozilla/5.0 (compatible; AhrefsBot/7.0; +http://ahrefs.com/robot/)" "-"
80.30.226.0 - - [10/Feb/2026:01:58:29 +0000] "POST /xmlrpc.php HTTP/1.1" 200 180 kenilworthcourt.com "-" "XML-RPC for PHP 4.11.1" "-"
80.30.226.0 - - [10/Feb/2026:01:58:30 +0000] "POST /xmlrpc.php HTTP/1.1" 200 6070 kenilworthcourt.com "-" "XML-RPC for PHP 4.11.1" "-"
188.26.213.0 - - [10/Feb/2026:01:58:31 +0000] "GET /masteron-p-die-geheimwaffe-fur-sportler HTTP/1.1" 200 29537 kenilworthcourt.com "-" "GuzzleHttp/7" "-"
51.195.244.0 - - [10/Feb/2026:01:58:43 +0000] "GET /wheres-the-new-reel-rush-slot-free-spins-gold-pokie-servers-gamble-aristocrat-position-games-on-line HTTP/1.1" 200 37193 kenilworthcourt.com "-" "Mozilla/5.0 (compatible; AhrefsBot/7.0; +http://ahrefs.com/robot/)" "-"
3.83.76.0 - - [10/Feb/2026:01:58:51 +0000] "GET /category/free-fortune-gems-611 HTTP/1.1" 200 78437 kenilworthcourt.com "-" "TerraCotta https://github.com/CeramicTeam/CeramicTerracotta" "-"
2a03:2880:f800:: - - [10/Feb/2026:01:59:00 +0000] "GET /globe-matchs-ranch-adventures-high-definition-slot-jackpot-hit-once-dracula-slot-games-more HTTP/1.1" 200 35764 kenilworthcourt.com "-" "meta-externalagent/1.1 (+https://developers.facebook.com/docs/sharing/webmasters/crawler)" "-"
51.89.129.0 - - [10/Feb/2026:01:59:01 +0000] "GET /kazyno-betonred-e-nadezhdno-testvano-y-yzklyuchytelno-pryyatno-v-blharyya HTTP/1.1" 200 41440 kenilworthcourt.com "-" "Mozilla/5.0 (compatible; AhrefsBot/7.0; +http://ahrefs.com/robot/)" "-"
3.83.76.0 - - [10/Feb/2026:01:59:04 +0000] "GET /gre-optymbet-zagraj-raz-na-wiele-w-krainie-kasyna-jestesmy-wszyscy-rowni HTTP/1.1" 200 33201 kenilworthcourt.com "-" "TerraCotta https://github.com/CeramicTeam/CeramicTerracotta" "-"
3.83.76.0 - - [10/Feb/2026:01:59:11 +0000] "GET /office-2019-massgrave-polish-tiny-yts-to%f0%9d%9a%9brent-dow%f0%9d%9a%97l%f0%9d%9a%98ad HTTP/1.1" 200 100296 kenilworthcourt.com "-" "TerraCotta https://github.com/CeramicTeam/CeramicTerracotta" "-"
2a03:2880:f800:: - - [10/Feb/2026:01:59:17 +0000] "GET /el-casino-unibet-el-hogar-de-las-tragamonedas-y-jackpots-de-elevado-rtp-en-espana HTTP/1.1" 404 24756 kenilworthcourt.com "-" "meta-externalagent/1.1 (+https://developers.facebook.com/docs/sharing/webmasters/crawler)" "-"
3.83.76.0 - - [10/Feb/2026:01:59:22 +0000] "GET /snatch HTTP/1.1" 200 35916 kenilworthcourt.com "-" "TerraCotta https://github.com/CeramicTeam/CeramicTerracotta" "-"
198.244.183.0 - - [10/Feb/2026:01:59:23 +0000] "GET /frammento-176-191-peptide-un-alleato-per-gli-sportivi HTTP/1.1" 200 30013 kenilworthcourt.com "-" "Mozilla/5.0 (compatible; AhrefsBot/7.0; +http://ahrefs.com/robot/)" "-"
3.83.76.0 - - [10/Feb/2026:01:59:24 +0000] "GET /tag/zodiac-casino-official-website HTTP/1.1" 200 35691 kenilworthcourt.com "-" "TerraCotta https://github.com/CeramicTeam/CeramicTerracotta" "-"
37.140.223.0 - - [10/Feb/2026:01:59:40 +0000] "POST /wp-login.php HTTP/1.1" 200 5110 kenilworthcourt.com "-" "Mozilla/5.0" "-"
37.140.223.0 - - [10/Feb/2026:01:59:40 +0000] "POST /wp-login.php HTTP/1.1" 200 5162 kenilworthcourt.com "-" "Mozilla/5.0" "-"
54.38.147.0 - - [10/Feb/2026:01:59:42 +0000] "GET /fifty-100-percent-free-revolves-no-deposit-spinshake-mobile-casino-app-bonus-within-the-south-africa-play-now HTTP/1.1" 200 35857 kenilworthcourt.com "-" "Mozilla/5.0 (compatible; AhrefsBot/7.0; +http://ahrefs.com/robot/)" "-"
