51.195.215.0 - - [10/Feb/2026:02:00:03 +0000] "GET /kitty-glitter-book-of-ra-80-mr-bet-50-keine-denlay-free-spins-freie-spins-slot-review-wo-eltern-es-geben-im-griff-haben HTTP/1.1" 200 39741 kenilworthcourt.com "-" "Mozilla/5.0 (compatible; AhrefsBot/7.0; +http://ahrefs.com/robot/)" "-"
3.83.76.0 - - [10/Feb/2026:02:00:04 +0000] "GET /voita-heti-ja-nauti-bonushauskuudesta-pirots-kolikkopelissae HTTP/1.1" 200 34252 kenilworthcourt.com "-" "TerraCotta https://github.com/CeramicTeam/CeramicTerracotta" "-"
3.83.76.0 - - [10/Feb/2026:02:00:07 +0000] "GET /category/hellspin-logowanie-584 HTTP/1.1" 200 63719 kenilworthcourt.com "-" "TerraCotta https://github.com/CeramicTeam/CeramicTerracotta" "-"
162.55.14.0 - - [10/Feb/2026:02:00:18 +0000] "GET /wp-login.php HTTP/1.1" 200 4740 kenilworthcourt.com "-" "Mozilla/5.0 (Windows NT 10.0; Win64; x64) AppleWebKit/537.36 (KHTML, like Gecko) Chrome/130.0.0.0 Safari/537.36" "-"
51.195.244.0 - - [10/Feb/2026:02:00:19 +0000] "GET /verbunden-siberian-storm-slot-slots-diese-besten-eurocoin-interactive-spielautomatenspiele-slots-angeschlossen-verhalten HTTP/1.1" 200 38016 kenilworthcourt.com "-" "Mozilla/5.0 (compatible; AhrefsBot/7.0; +http://ahrefs.com/robot/)" "-"
3.83.76.0 - - [10/Feb/2026:02:00:27 +0000] "GET /category/8k8-casino-slot-55 HTTP/1.1" 200 68628 kenilworthcourt.com "-" "TerraCotta https://github.com/CeramicTeam/CeramicTerracotta" "-"
162.55.14.0 - - [10/Feb/2026:02:00:30 +0000] "POST /wp-login.php HTTP/1.1" 200 5572 kenilworthcourt.com "https://kenilworthcourt.com/wp-login.php" "Mozilla/5.0 (Windows NT 10.0; Win64; x64) AppleWebKit/537.36 (KHTML, like Gecko) Chrome/130.0.0.0 Safari/537.36" "-"
116.118.2.0 - - [10/Feb/2026:02:00:32 +0000] "GET /wp-login.php HTTP/1.1" 200 4740 kenilworthcourt.com "-" "Mozilla/5.0 (Windows NT 10.0; Win64; x64) AppleWebKit/537.36 (KHTML, like Gecko) Chrome/130.0.0.0 Safari/537.36" "-"
54.38.147.0 - - [10/Feb/2026:02:00:39 +0000] "GET /diamond-pets-position-netent-comment-play-100-percent-free-demo HTTP/1.1" 200 37450 kenilworthcourt.com "-" "Mozilla/5.0 (compatible; AhrefsBot/7.0; +http://ahrefs.com/robot/)" "-"
3.83.76.0 - - [10/Feb/2026:02:00:40 +0000] "GET /category/bizzo-casino-pl-900 HTTP/1.1" 200 64128 kenilworthcourt.com "-" "TerraCotta https://github.com/CeramicTeam/CeramicTerracotta" "-"
116.118.2.0 - - [10/Feb/2026:02:00:44 +0000] "POST /wp-login.php HTTP/1.1" 200 5110 kenilworthcourt.com "https://kenilworthcourt.com/wp-login.php" "Mozilla/5.0 (Windows NT 10.0; Win64; x64) AppleWebKit/537.36 (KHTML, like Gecko) Chrome/130.0.0.0 Safari/537.36" "-"
3.83.76.0 - - [10/Feb/2026:02:00:48 +0000] "GET /red-stag-casino HTTP/1.1" 200 34069 kenilworthcourt.com "-" "TerraCotta https://github.com/CeramicTeam/CeramicTerracotta" "-"
3.83.76.0 - - [10/Feb/2026:02:00:50 +0000] "GET /category/what-are-ai-crypto-wallet-160 HTTP/1.1" 200 52259 kenilworthcourt.com "-" "TerraCotta https://github.com/CeramicTeam/CeramicTerracotta" "-"
198.244.168.0 - - [10/Feb/2026:02:01:04 +0000] "GET /better-a-real-football-legends-casino-income-gambling-enterprise-websites-2025 HTTP/1.1" 200 35247 kenilworthcourt.com "-" "Mozilla/5.0 (compatible; AhrefsBot/7.0; +http://ahrefs.com/robot/)" "-"
3.83.76.0 - - [10/Feb/2026:02:01:07 +0000] "GET /category/ggbet-casino-179 HTTP/1.1" 200 73459 kenilworthcourt.com "-" "TerraCotta https://github.com/CeramicTeam/CeramicTerracotta" "-"
3.83.76.0 - - [10/Feb/2026:02:01:09 +0000] "GET /0xb5ae75af HTTP/1.1" 200 28926 kenilworthcourt.com "-" "TerraCotta https://github.com/CeramicTeam/CeramicTerracotta" "-"
3.83.76.0 - - [10/Feb/2026:02:01:18 +0000] "GET /ich-habe-die-offline-kommunikationsverarbeitung-von-legiano-casino-fuer-deutschland-getestet HTTP/1.1" 200 36105 kenilworthcourt.com "-" "TerraCotta https://github.com/CeramicTeam/CeramicTerracotta" "-"
198.244.168.0 - - [10/Feb/2026:02:01:30 +0000] "GET /8k8-slot-488 HTTP/1.1" 200 40967 kenilworthcourt.com "-" "Mozilla/5.0 (compatible; AhrefsBot/7.0; +http://ahrefs.com/robot/)" "-"
47.82.11.0 - - [10/Feb/2026:02:01:33 +0000] "GET /?p=517120251 HTTP/1.1" 429 267 kenilworthcourt.com "http://kenilworthcourt.com/" "Mozilla/5.0 (Windows NT 10.0; Win64; x64) AppleWebKit/537.36 (KHTML, like Gecko) Chrome/135.0.0.0 Safari/537.36" "-"
198.244.242.0 - - [10/Feb/2026:02:01:47 +0000] "GET /fair-go-casino HTTP/1.1" 200 32366 kenilworthcourt.com "-" "Mozilla/5.0 (compatible; AhrefsBot/7.0; +http://ahrefs.com/robot/)" "-"
85.208.98.0 - - [10/Feb/2026:02:01:55 +0000] "GET /robots.txt HTTP/1.1" 429 267 kenilworthcourt.com "-" "Mozilla/5.0 (compatible; SemrushBot-BA; +http://www.semrush.com/bot.html)" "-"
2a03:2880:f800:: - - [10/Feb/2026:02:01:57 +0000] "GET /better-casino-poker-apps-pixies-in-the-forest-pokie-casino-for-real-money-best-poker-competitions-2025 HTTP/1.1" 200 38816 kenilworthcourt.com "-" "meta-externalagent/1.1 (+https://developers.facebook.com/docs/sharing/webmasters/crawler)" "-"
3.83.76.0 - - [10/Feb/2026:02:02:04 +0000] "GET /melbet-zerkalo-obzor-bukmekera-moldova HTTP/1.1" 200 34712 kenilworthcourt.com "-" "TerraCotta https://github.com/CeramicTeam/CeramicTerracotta" "-"
3.83.76.0 - - [10/Feb/2026:02:02:05 +0000] "GET /tag/fb777-app HTTP/1.1" 200 169668 kenilworthcourt.com "-" "TerraCotta https://github.com/CeramicTeam/CeramicTerracotta" "-"
198.244.240.0 - - [10/Feb/2026:02:02:05 +0000] "GET /fortune-money-ports-a-real-income-video-slot-and-free-play-demonstration HTTP/1.1" 200 37464 kenilworthcourt.com "-" "Mozilla/5.0 (compatible; AhrefsBot/7.0; +http://ahrefs.com/robot/)" "-"
3.83.76.0 - - [10/Feb/2026:02:02:20 +0000] "GET /category/nvcasino-442 HTTP/1.1" 200 67916 kenilworthcourt.com "-" "TerraCotta https://github.com/CeramicTeam/CeramicTerracotta" "-"
198.244.168.0 - - [10/Feb/2026:02:02:28 +0000] "GET /thief-spielautomat-gebuhrenfrei-casino-mr-green-100-kostenlose-spins-und-blos-registration HTTP/1.1" 200 40447 kenilworthcourt.com "-" "Mozilla/5.0 (compatible; AhrefsBot/7.0; +http://ahrefs.com/robot/)" "-"
198.244.226.0 - - [10/Feb/2026:02:02:43 +0000] "GET /larger-five-everything-you-need-to-understand-lions-elephants-casino-instadebit-leopards-buffalos-and-you-can-rhinos HTTP/1.1" 200 39090 kenilworthcourt.com "-" "Mozilla/5.0 (compatible; AhrefsBot/7.0; +http://ahrefs.com/robot/)" "-"
2a03:2880:f800:: - - [10/Feb/2026:02:02:54 +0000] "GET /polestars-online-casino-erfahrungen-und-bewertungen-deutscher-spieler HTTP/1.1" 200 34249 kenilworthcourt.com "-" "meta-externalagent/1.1 (+https://developers.facebook.com/docs/sharing/webmasters/crawler)" "-"
198.244.226.0 - - [10/Feb/2026:02:03:00 +0000] "GET /captain-venture-50-freie-spins-auf-sovereign-of-the-seven-seas-verbunden-spielsaal-gratis-auffuhren HTTP/1.1" 200 40949 kenilworthcourt.com "-" "Mozilla/5.0 (compatible; AhrefsBot/7.0; +http://ahrefs.com/robot/)" "-"
85.208.98.0 - - [10/Feb/2026:02:03:09 +0000] "GET /robots.txt HTTP/1.1" 429 267 kenilworthcourt.com "-" "Mozilla/5.0 (compatible; SemrushBot-BA; +http://www.semrush.com/bot.html)" "-"
3.83.76.0 - - [10/Feb/2026:02:03:12 +0000] "GET /category/hellspin-casino-592 HTTP/1.1" 200 67691 kenilworthcourt.com "-" "TerraCotta https://github.com/CeramicTeam/CeramicTerracotta" "-"
51.195.183.0 - - [10/Feb/2026:02:03:16 +0000] "GET /tag/12play-my/feed HTTP/1.1" 200 32268 kenilworthcourt.com "-" "Mozilla/5.0 (compatible; AhrefsBot/7.0; +http://ahrefs.com/robot/)" "-"
3.83.76.0 - - [10/Feb/2026:02:03:32 +0000] "GET /tag/rtbet-promo-code HTTP/1.1" 200 133521 kenilworthcourt.com "-" "TerraCotta https://github.com/CeramicTeam/CeramicTerracotta" "-"
51.195.244.0 - - [10/Feb/2026:02:03:37 +0000] "GET /booming-seven-harbors-enjoy-instant-withdrawal-casinos-100-percent-free-demonstration-games HTTP/1.1" 200 37855 kenilworthcourt.com "-" "Mozilla/5.0 (compatible; AhrefsBot/7.0; +http://ahrefs.com/robot/)" "-"
3.83.76.0 - - [10/Feb/2026:02:03:40 +0000] "GET /imazing-portable-exe-stable-stable-zip HTTP/1.1" 200 82728 kenilworthcourt.com "-" "TerraCotta https://github.com/CeramicTeam/CeramicTerracotta" "-"
116.118.2.0 - - [10/Feb/2026:02:03:42 +0000] "GET /wp-login.php HTTP/1.1" 200 4740 kenilworthcourt.com "-" "Mozilla/5.0 (Windows NT 10.0; Win64; x64) AppleWebKit/537.36 (KHTML, like Gecko) Chrome/130.0.0.0 Safari/537.36" "-"
116.118.2.0 - - [10/Feb/2026:02:03:54 +0000] "POST /wp-login.php HTTP/1.1" 200 5110 kenilworthcourt.com "https://kenilworthcourt.com/wp-login.php" "Mozilla/5.0 (Windows NT 10.0; Win64; x64) AppleWebKit/537.36 (KHTML, like Gecko) Chrome/130.0.0.0 Safari/537.36" "-"
51.195.215.0 - - [10/Feb/2026:02:03:57 +0000] "GET /fb777-login-953/feed HTTP/1.1" 200 866 kenilworthcourt.com "-" "Mozilla/5.0 (compatible; AhrefsBot/7.0; +http://ahrefs.com/robot/)" "-"
51.195.215.0 - - [10/Feb/2026:02:04:16 +0000] "GET /category/25 HTTP/1.1" 200 66200 kenilworthcourt.com "-" "Mozilla/5.0 (compatible; AhrefsBot/7.0; +http://ahrefs.com/robot/)" "-"
2a03:2880:f800:: - - [10/Feb/2026:02:04:19 +0000] "GET /best-real-money-ports-on-the-web-better-slot-online-game-playing-wild-respin-casino-2025 HTTP/1.1" 200 37050 kenilworthcourt.com "-" "meta-externalagent/1.1 (+https://developers.facebook.com/docs/sharing/webmasters/crawler)" "-"
101.0.79.0 - - [10/Feb/2026:02:04:19 +0000] "GET /wp-login.php HTTP/1.1" 200 4740 kenilworthcourt.com "-" "Mozilla/5.0 (Windows NT 10.0; Win64; x64) AppleWebKit/537.36 (KHTML, like Gecko) Chrome/130.0.0.0 Safari/537.36" "-"
85.208.98.0 - - [10/Feb/2026:02:04:23 +0000] "GET /corso-design-gioielli-k.html HTTP/1.1" 429 267 kenilworthcourt.com "-" "Mozilla/5.0 (compatible; SemrushBot-BA; +http://www.semrush.com/bot.html)" "-"
198.244.226.0 - - [10/Feb/2026:02:04:29 +0000] "GET /magic-of-the-ring-slot-demonstration-gratis-zum-besten-spielen-sie-mehen-slot-online-geben HTTP/1.1" 200 34508 kenilworthcourt.com "-" "Mozilla/5.0 (compatible; AhrefsBot/7.0; +http://ahrefs.com/robot/)" "-"
101.0.79.0 - - [10/Feb/2026:02:04:44 +0000] "POST /wp-login.php HTTP/1.1" 200 5110 kenilworthcourt.com "https://kenilworthcourt.com/wp-login.php" "Mozilla/5.0 (Windows NT 10.0; Win64; x64) AppleWebKit/537.36 (KHTML, like Gecko) Chrome/130.0.0.0 Safari/537.36" "-"
198.244.242.0 - - [10/Feb/2026:02:04:46 +0000] "GET /leonbet-casino-adds-new-games-weekly-in-uk-canada-and-australia-for-players HTTP/1.1" 200 35066 kenilworthcourt.com "-" "Mozilla/5.0 (compatible; AhrefsBot/7.0; +http://ahrefs.com/robot/)" "-"
85.208.98.0 - - [10/Feb/2026:02:04:48 +0000] "GET /sapone-scrub-fai-da-te-amazon-k.html HTTP/1.1" 429 267 kenilworthcourt.com "-" "Mozilla/5.0 (compatible; SemrushBot-BA; +http://www.semrush.com/bot.html)" "-"
45.61.187.0 - - [10/Feb/2026:02:04:51 +0000] "GET /wp-login.php HTTP/1.1" 200 4740 kenilworthcourt.com "-" "Mozilla/5.0 (iPhone; CPU iPhone OS 7_1_2 like Mac OS X) AppleWebKit/537.51.2 (KHTML, like Gecko) Version/7.0 Mobile/11D257 Safari/9537.53" "-"
3.83.76.0 - - [10/Feb/2026:02:05:01 +0000] "GET /chicken-road-12 HTTP/1.1" 200 33406 kenilworthcourt.com "-" "TerraCotta https://github.com/CeramicTeam/CeramicTerracotta" "-"
198.244.226.0 - - [10/Feb/2026:02:05:01 +0000] "GET /ein-weg-fur-hahne-ein-slotautomat-mit-gluck-und-gewinnchancen-auf-dem-beliebten-spielfeld-von-chicken-road HTTP/1.1" 200 32870 kenilworthcourt.com "-" "Mozilla/5.0 (compatible; AhrefsBot/7.0; +http://ahrefs.com/robot/)" "-"
3.83.76.0 - - [10/Feb/2026:02:05:02 +0000] "GET /category/20bet-casino-48 HTTP/1.1" 200 61248 kenilworthcourt.com "-" "TerraCotta https://github.com/CeramicTeam/CeramicTerracotta" "-"
45.61.187.0 - - [10/Feb/2026:02:05:03 +0000] "POST /wp-login.php HTTP/1.1" 200 5162 kenilworthcourt.com "-" "Mozilla/5.0 (iPhone; CPU iPhone OS 7_1_2 like Mac OS X) AppleWebKit/537.51.2 (KHTML, like Gecko) Version/7.0 Mobile/11D257 Safari/9537.53" "-"
85.208.98.0 - - [10/Feb/2026:02:05:07 +0000] "GET /radice-di-bardana-amazon-k.html HTTP/1.1" 429 267 kenilworthcourt.com "-" "Mozilla/5.0 (compatible; SemrushBot-BA; +http://www.semrush.com/bot.html)" "-"
3.83.76.0 - - [10/Feb/2026:02:05:12 +0000] "GET /options-de-paiement-et-temps-de-traitement-au-casino-spinogambino-pour-la-france HTTP/1.1" 200 39932 kenilworthcourt.com "-" "TerraCotta https://github.com/CeramicTeam/CeramicTerracotta" "-"
82.223.245.0 - - [10/Feb/2026:02:05:14 +0000] "GET /wp-login.php HTTP/1.1" 200 4740 kenilworthcourt.com "-" "Mozilla/5.0 (Windows NT 10.0; Win64; x64) AppleWebKit/537.36 (KHTML, like Gecko) Chrome/130.0.0.0 Safari/537.36" "-"
3.83.76.0 - - [10/Feb/2026:02:05:16 +0000] "GET /category/winspark-50-giri-gratis-260 HTTP/1.1" 200 62784 kenilworthcourt.com "-" "TerraCotta https://github.com/CeramicTeam/CeramicTerracotta" "-"
2a03:2880:f800:: - - [10/Feb/2026:02:05:17 +0000] "GET /bwin-casino-die-slotmaschine-mit-risiko-und-gewinnchance HTTP/1.1" 200 33083 kenilworthcourt.com "-" "meta-externalagent/1.1 (+https://developers.facebook.com/docs/sharing/webmasters/crawler)" "-"
51.195.244.0 - - [10/Feb/2026:02:05:18 +0000] "GET /category/uncategorized/page/62 HTTP/1.1" 200 639264 kenilworthcourt.com "-" "Mozilla/5.0 (compatible; AhrefsBot/7.0; +http://ahrefs.com/robot/)" "-"
85.208.98.0 - - [10/Feb/2026:02:05:19 +0000] "GET /sapone-scrub-fai-da-te-amazon-k.html HTTP/1.1" 429 267 kenilworthcourt.com "-" "Mozilla/5.0 (compatible; SemrushBot-BA; +http://www.semrush.com/bot.html)" "-"
3.83.76.0 - - [10/Feb/2026:02:05:26 +0000] "GET /tag/yukon-gold-casino-canada HTTP/1.1" 200 69322 kenilworthcourt.com "-" "TerraCotta https://github.com/CeramicTeam/CeramicTerracotta" "-"
82.223.245.0 - - [10/Feb/2026:02:05:26 +0000] "POST /wp-login.php HTTP/1.1" 200 5110 kenilworthcourt.com "https://kenilworthcourt.com/wp-login.php" "Mozilla/5.0 (Windows NT 10.0; Win64; x64) AppleWebKit/537.36 (KHTML, like Gecko) Chrome/130.0.0.0 Safari/537.36" "-"
177.131.140.0 - - [10/Feb/2026:02:05:29 +0000] "GET /wp-login.php HTTP/1.1" 200 4740 kenilworthcourt.com "-" "Mozilla/5.0 (Windows NT 10.0; Win64; x64) AppleWebKit/537.36 (KHTML, like Gecko) Chrome/130.0.0.0 Safari/537.36" "-"
24.125.50.0 - - [10/Feb/2026:02:05:34 +0000] "GET /wp-login.php HTTP/1.1" 200 4740 kenilworthcourt.com "-" "curl/7.88.1" "-"
198.244.242.0 - - [10/Feb/2026:02:05:34 +0000] "GET /category/brunch-cafe-ru HTTP/1.1" 200 36720 kenilworthcourt.com "-" "Mozilla/5.0 (compatible; AhrefsBot/7.0; +http://ahrefs.com/robot/)" "-"
3.83.76.0 - - [10/Feb/2026:02:05:38 +0000] "GET /coreldraw-2025-activated-lifetime-windows-10-premium HTTP/1.1" 200 114742 kenilworthcourt.com "-" "TerraCotta https://github.com/CeramicTeam/CeramicTerracotta" "-"
85.208.98.0 - - [10/Feb/2026:02:05:40 +0000] "GET /edera-per-cellulite-amazon-k.html HTTP/1.1" 429 267 kenilworthcourt.com "-" "Mozilla/5.0 (compatible; SemrushBot-BA; +http://www.semrush.com/bot.html)" "-"
177.131.140.0 - - [10/Feb/2026:02:05:41 +0000] "POST /wp-login.php HTTP/1.1" 200 5110 kenilworthcourt.com "https://kenilworthcourt.com/wp-login.php" "Mozilla/5.0 (Windows NT 10.0; Win64; x64) AppleWebKit/537.36 (KHTML, like Gecko) Chrome/130.0.0.0 Safari/537.36" "-"
3.83.76.0 - - [10/Feb/2026:02:05:45 +0000] "GET /category/188bet-app-841 HTTP/1.1" 200 61045 kenilworthcourt.com "-" "TerraCotta https://github.com/CeramicTeam/CeramicTerracotta" "-"
51.89.129.0 - - [10/Feb/2026:02:05:49 +0000] "GET /top-ten-gambling-establishment-gambling-web-sites-for-real-profit-the-pokiemate-us-2025 HTTP/1.1" 200 39055 kenilworthcourt.com "-" "Mozilla/5.0 (compatible; AhrefsBot/7.0; +http://ahrefs.com/robot/)" "-"
3.83.76.0 - - [10/Feb/2026:02:05:51 +0000] "GET /wanted-dead-or-a-wild-big-wins-in-wanted-dead-or-a-wild-slot HTTP/1.1" 200 29492 kenilworthcourt.com "-" "TerraCotta https://github.com/CeramicTeam/CeramicTerracotta" "-"
3.83.76.0 - - [10/Feb/2026:02:05:53 +0000] "GET /tag/bet-20-casino HTTP/1.1" 200 43408 kenilworthcourt.com "-" "TerraCotta https://github.com/CeramicTeam/CeramicTerracotta" "-"
198.244.242.0 - - [10/Feb/2026:02:06:07 +0000] "GET /crime-world-cleaner-unblocked-chrome-casino-cool-cat-login-online-flash-games HTTP/1.1" 200 35296 kenilworthcourt.com "-" "Mozilla/5.0 (compatible; AhrefsBot/7.0; +http://ahrefs.com/robot/)" "-"
3.83.76.0 - - [10/Feb/2026:02:06:09 +0000] "GET /tag/8xbet-com HTTP/1.1" 200 100536 kenilworthcourt.com "-" "TerraCotta https://github.com/CeramicTeam/CeramicTerracotta" "-"
72.167.134.0 - - [10/Feb/2026:02:06:13 +0000] "GET /wp-login.php HTTP/1.1" 200 4740 kenilworthcourt.com "-" "Mozilla/5.0 (Windows NT 10.0; Win64; x64) AppleWebKit/537.36 (KHTML, like Gecko) Chrome/130.0.0.0 Safari/537.36" "-"
3.83.76.0 - - [10/Feb/2026:02:06:21 +0000] "GET /tag/winspark-casino HTTP/1.1" 200 41895 kenilworthcourt.com "-" "TerraCotta https://github.com/CeramicTeam/CeramicTerracotta" "-"
198.244.242.0 - - [10/Feb/2026:02:06:23 +0000] "GET /writeup-on-dragon-slayers-genesis-5-mymmys-gold-free-spins-reel-position HTTP/1.1" 200 36912 kenilworthcourt.com "-" "Mozilla/5.0 (compatible; AhrefsBot/7.0; +http://ahrefs.com/robot/)" "-"
72.167.134.0 - - [10/Feb/2026:02:06:25 +0000] "POST /wp-login.php HTTP/1.1" 200 5110 kenilworthcourt.com "https://kenilworthcourt.com/wp-login.php" "Mozilla/5.0 (Windows NT 10.0; Win64; x64) AppleWebKit/537.36 (KHTML, like Gecko) Chrome/130.0.0.0 Safari/537.36" "-"
3.83.76.0 - - [10/Feb/2026:02:06:29 +0000] "GET /category/slottica-opinie-724 HTTP/1.1" 200 73026 kenilworthcourt.com "-" "TerraCotta https://github.com/CeramicTeam/CeramicTerracotta" "-"
3.83.76.0 - - [10/Feb/2026:02:06:31 +0000] "GET /vasy-casino-4 HTTP/1.1" 200 31909 kenilworthcourt.com "-" "TerraCotta https://github.com/CeramicTeam/CeramicTerracotta" "-"
3.83.76.0 - - [10/Feb/2026:02:06:32 +0000] "GET /category/hellspin-login-41 HTTP/1.1" 200 58814 kenilworthcourt.com "-" "TerraCotta https://github.com/CeramicTeam/CeramicTerracotta" "-"
3.83.76.0 - - [10/Feb/2026:02:06:38 +0000] "GET /all-we-found-testing-wingaga-casino-in-australia HTTP/1.1" 200 37034 kenilworthcourt.com "-" "TerraCotta https://github.com/CeramicTeam/CeramicTerracotta" "-"
51.89.129.0 - - [10/Feb/2026:02:06:39 +0000] "GET /mega-fire-blaze-roulette-giros-gratis-compras-de-bonos-y-autentica-emocion HTTP/1.1" 200 35426 kenilworthcourt.com "-" "Mozilla/5.0 (compatible; AhrefsBot/7.0; +http://ahrefs.com/robot/)" "-"
209.235.136.0 - - [10/Feb/2026:02:06:43 +0000] "GET /wp-login.php HTTP/1.1" 200 4740 kenilworthcourt.com "-" "Mozilla/5.0 (Windows NT 10.0; Win64; x64) AppleWebKit/537.36 (KHTML, like Gecko) Chrome/130.0.0.0 Safari/537.36" "-"
209.235.136.0 - - [10/Feb/2026:02:06:55 +0000] "POST /wp-login.php HTTP/1.1" 200 5110 kenilworthcourt.com "https://kenilworthcourt.com/wp-login.php" "Mozilla/5.0 (Windows NT 10.0; Win64; x64) AppleWebKit/537.36 (KHTML, like Gecko) Chrome/130.0.0.0 Safari/537.36" "-"
51.195.244.0 - - [10/Feb/2026:02:06:59 +0000] "GET /bet20-567/feed HTTP/1.1" 200 854 kenilworthcourt.com "-" "Mozilla/5.0 (compatible; AhrefsBot/7.0; +http://ahrefs.com/robot/)" "-"
3.83.76.0 - - [10/Feb/2026:02:07:04 +0000] "GET /tag/20bet-logowanie HTTP/1.1" 200 159462 kenilworthcourt.com "-" "TerraCotta https://github.com/CeramicTeam/CeramicTerracotta" "-"
3.83.76.0 - - [10/Feb/2026:02:07:16 +0000] "GET /casino-melbet-india-full-review HTTP/1.1" 200 32243 kenilworthcourt.com "-" "TerraCotta https://github.com/CeramicTeam/CeramicTerracotta" "-"
198.244.242.0 - - [10/Feb/2026:02:07:18 +0000] "GET /speel-zelfverzekerd-en-geniet-zorgeloos-bij-leovegas-casino-voor-nederland HTTP/1.1" 200 39444 kenilworthcourt.com "-" "Mozilla/5.0 (compatible; AhrefsBot/7.0; +http://ahrefs.com/robot/)" "-"
191.97.84.0 - - [10/Feb/2026:02:07:22 +0000] "POST /xmlrpc.php HTTP/1.1" 301 280 www.kenilworthcourt.com "-" "curl/7.88.1" "-"
3.83.76.0 - - [10/Feb/2026:02:07:23 +0000] "GET /h1-vantaggi-e-svantaggi-delle-versioni-mobile-e-desktop-di-slot-novomatic-h1 HTTP/1.1" 200 42168 kenilworthcourt.com "-" "TerraCotta https://github.com/CeramicTeam/CeramicTerracotta" "-"
40.77.167.0 - - [10/Feb/2026:02:07:30 +0000] "GET /Wood%20Fire%20Oven%20for%20Kazan%20Qazon%20Pilaf%20Plov%20-%2016%22%20Diameter%2011%20to%2018L%20POT.%20-%20WlddUVVCXUBMWFpe HTTP/1.1" 301 - www.kenilworthcourt.com "-" "Mozilla/5.0 AppleWebKit/537.36 (KHTML, like Gecko; compatible; bingbot/2.0; +http://www.bing.com/bingbot.htm) Chrome/116.0.1938.76 Safari/537.36" "-"
51.195.183.0 - - [10/Feb/2026:02:07:35 +0000] "GET /tag/0x998424f3 HTTP/1.1" 200 26271 kenilworthcourt.com "-" "Mozilla/5.0 (compatible; AhrefsBot/7.0; +http://ahrefs.com/robot/)" "-"
50.6.174.0 - - [10/Feb/2026:02:07:44 +0000] "GET /wp-login.php HTTP/1.1" 200 4740 kenilworthcourt.com "-" "Mozilla/5.0 (Windows NT 10.0; Win64; x64) AppleWebKit/537.36 (KHTML, like Gecko) Chrome/130.0.0.0 Safari/537.36" "-"
198.244.240.0 - - [10/Feb/2026:02:07:52 +0000] "GET /tag/zet-casino-games/feed HTTP/1.1" 200 125588 kenilworthcourt.com "-" "Mozilla/5.0 (compatible; AhrefsBot/7.0; +http://ahrefs.com/robot/)" "-"
50.6.174.0 - - [10/Feb/2026:02:07:56 +0000] "POST /wp-login.php HTTP/1.1" 200 5110 kenilworthcourt.com "https://kenilworthcourt.com/wp-login.php" "Mozilla/5.0 (Windows NT 10.0; Win64; x64) AppleWebKit/537.36 (KHTML, like Gecko) Chrome/130.0.0.0 Safari/537.36" "-"
66.116.196.0 - - [10/Feb/2026:02:08:00 +0000] "GET /wp-login.php HTTP/1.1" 200 4740 kenilworthcourt.com "-" "Mozilla/5.0 (Windows NT 10.0; Win64; x64) AppleWebKit/537.36 (KHTML, like Gecko) Chrome/130.0.0.0 Safari/537.36" "-"
198.244.240.0 - - [10/Feb/2026:02:08:08 +0000] "GET /hellspin-kasyno-231 HTTP/1.1" 200 37138 kenilworthcourt.com "-" "Mozilla/5.0 (compatible; AhrefsBot/7.0; +http://ahrefs.com/robot/)" "-"
3.83.76.0 - - [10/Feb/2026:02:08:11 +0000] "GET /m365-x86-all-in-one-ultra-lite-edition-m0nkrus-dow%f0%9d%9a%97l%f0%9d%9a%98ad-to%f0%9d%9a%9brent HTTP/1.1" 200 109429 kenilworthcourt.com "-" "TerraCotta https://github.com/CeramicTeam/CeramicTerracotta" "-"
66.116.196.0 - - [10/Feb/2026:02:08:12 +0000] "POST /wp-login.php HTTP/1.1" 200 5110 kenilworthcourt.com "https://kenilworthcourt.com/wp-login.php" "Mozilla/5.0 (Windows NT 10.0; Win64; x64) AppleWebKit/537.36 (KHTML, like Gecko) Chrome/130.0.0.0 Safari/537.36" "-"
72.167.134.0 - - [10/Feb/2026:02:08:13 +0000] "GET /wp-login.php HTTP/1.1" 200 4740 kenilworthcourt.com "-" "Mozilla/5.0 (Windows NT 10.0; Win64; x64) AppleWebKit/537.36 (KHTML, like Gecko) Chrome/130.0.0.0 Safari/537.36" "-"
72.167.134.0 - - [10/Feb/2026:02:08:26 +0000] "POST /wp-login.php HTTP/1.1" 200 5110 kenilworthcourt.com "https://kenilworthcourt.com/wp-login.php" "Mozilla/5.0 (Windows NT 10.0; Win64; x64) AppleWebKit/537.36 (KHTML, like Gecko) Chrome/130.0.0.0 Safari/537.36" "-"
51.195.183.0 - - [10/Feb/2026:02:08:28 +0000] "GET /erreichbar-casinos-uber-handy-begleichen-zahlung-mit-natel/feed HTTP/1.1" 200 921 kenilworthcourt.com "-" "Mozilla/5.0 (compatible; AhrefsBot/7.0; +http://ahrefs.com/robot/)" "-"
139.59.248.0 - - [10/Feb/2026:02:08:30 +0000] "GET /wp-login.php HTTP/1.1" 301 280 www.kenilworthcourt.com "-" "Mozilla/5.0 (X11; Linux x86_64) AppleWebKit/537.36 (KHTML, like Gecko) Chrome/108.0.0.0 Safari/537.36" "-"
139.59.248.0 - - [10/Feb/2026:02:08:30 +0000] "GET / HTTP/1.1" 301 - www.kenilworthcourt.com "-" "Mozilla/5.0 (X11; Linux x86_64) AppleWebKit/537.36 (KHTML, like Gecko) Chrome/108.0.0.0 Safari/537.36" "-"
139.59.248.0 - - [10/Feb/2026:02:08:32 +0000] "GET / HTTP/1.1" 200 32153 kenilworthcourt.com "-" "Mozilla/5.0 (X11; Linux x86_64) AppleWebKit/537.36 (KHTML, like Gecko) Chrome/108.0.0.0 Safari/537.36" "-"
43.173.173.0 - - [10/Feb/2026:02:08:38 +0000] "GET /tag/fb777-win HTTP/1.1" 200 161717 kenilworthcourt.com "-" "Mozilla/5.0 (Windows NT 10.0; Win64; x64) AppleWebKit/537.36 (KHTML, like Gecko) Chrome/105.0.0.0 Safari/537.3" "-"
3.83.76.0 - - [10/Feb/2026:02:08:38 +0000] "GET /tag/188bet-hiphop HTTP/1.1" 200 169401 kenilworthcourt.com "-" "TerraCotta https://github.com/CeramicTeam/CeramicTerracotta" "-"
209.235.136.0 - - [10/Feb/2026:02:08:39 +0000] "GET /wp-login.php HTTP/1.1" 200 4740 kenilworthcourt.com "-" "Mozilla/5.0 (Windows NT 10.0; Win64; x64) AppleWebKit/537.36 (KHTML, like Gecko) Chrome/130.0.0.0 Safari/537.36" "-"
198.244.242.0 - - [10/Feb/2026:02:08:44 +0000] "GET /finest-totally-free-genies-gems-slot-machine-spins-gambling-enterprises-inside-the-aug-2025-no-deposit-incentives-much-more/feed HTTP/1.1" 200 1122 kenilworthcourt.com "-" "Mozilla/5.0 (compatible; AhrefsBot/7.0; +http://ahrefs.com/robot/)" "-"
3.83.76.0 - - [10/Feb/2026:02:08:46 +0000] "GET /category/20bet-casino-login-575 HTTP/1.1" 200 75130 kenilworthcourt.com "-" "TerraCotta https://github.com/CeramicTeam/CeramicTerracotta" "-"
209.235.136.0 - - [10/Feb/2026:02:08:51 +0000] "POST /wp-login.php HTTP/1.1" 200 5110 kenilworthcourt.com "https://kenilworthcourt.com/wp-login.php" "Mozilla/5.0 (Windows NT 10.0; Win64; x64) AppleWebKit/537.36 (KHTML, like Gecko) Chrome/130.0.0.0 Safari/537.36" "-"
198.244.242.0 - - [10/Feb/2026:02:09:02 +0000] "GET /tag/0xe1120dde/feed HTTP/1.1" 200 2039 kenilworthcourt.com "-" "Mozilla/5.0 (compatible; AhrefsBot/7.0; +http://ahrefs.com/robot/)" "-"
198.244.240.0 - - [10/Feb/2026:02:09:21 +0000] "GET /gigabyte-netent-tragamonedas-en-linea-geforce-rtx-5080-gaming-oc-boquilla-bonanza-sff-estudio-completo/feed HTTP/1.1" 200 1053 kenilworthcourt.com "-" "Mozilla/5.0 (compatible; AhrefsBot/7.0; +http://ahrefs.com/robot/)" "-"
3.83.76.0 - - [10/Feb/2026:02:09:29 +0000] "GET /paixte-mpassmpet-casino-opoiadipote-stigmi-opoydipote-stin-ellada HTTP/1.1" 200 39601 kenilworthcourt.com "-" "TerraCotta https://github.com/CeramicTeam/CeramicTerracotta" "-"
103.28.36.0 - - [10/Feb/2026:02:09:33 +0000] "GET /wp-login.php HTTP/1.1" 200 4740 kenilworthcourt.com "-" "Mozilla/5.0 (Windows NT 10.0; Win64; x64) AppleWebKit/537.36 (KHTML, like Gecko) Chrome/130.0.0.0 Safari/537.36" "-"
46.1.156.0 - - [10/Feb/2026:02:09:34 +0000] "GET /wp-content/plugins/fancybox-for-wordpress/readme.txt HTTP/1.1" 404 236 kenilworthcourt.com "-" "Mozilla/5.0 (Windows NT 10.0; Win64; x64) AppleWebKit/537.36 (KHTML, like Gecko) Chrome/144.0.0.0 Safari/537.36 libwww-perl/6.79" "-"
198.244.242.0 - - [10/Feb/2026:02:09:37 +0000] "GET /better-web-based-poker-casino-fire-joker-pokie-incentives-2025/feed HTTP/1.1" 200 931 kenilworthcourt.com "-" "Mozilla/5.0 (compatible; AhrefsBot/7.0; +http://ahrefs.com/robot/)" "-"
103.28.36.0 - - [10/Feb/2026:02:09:46 +0000] "POST /wp-login.php HTTP/1.1" 200 5110 kenilworthcourt.com "https://kenilworthcourt.com/wp-login.php" "Mozilla/5.0 (Windows NT 10.0; Win64; x64) AppleWebKit/537.36 (KHTML, like Gecko) Chrome/130.0.0.0 Safari/537.36" "-"
3.83.76.0 - - [10/Feb/2026:02:09:46 +0000] "GET /infinity-casino-disfruta-de-acceso-al-casino-247-desde-casa-en-espana HTTP/1.1" 200 34697 kenilworthcourt.com "-" "TerraCotta https://github.com/CeramicTeam/CeramicTerracotta" "-"
173.212.202.0 - - [10/Feb/2026:02:09:47 +0000] "GET /wp-login.php HTTP/1.1" 200 4740 kenilworthcourt.com "-" "Mozilla/5.0 (Windows NT 10.0; Win64; x64) AppleWebKit/537.36 (KHTML, like Gecko) Chrome/130.0.0.0 Safari/537.36" "-"
3.83.76.0 - - [10/Feb/2026:02:09:48 +0000] "GET /tag/kasyno-888starz HTTP/1.1" 200 106287 kenilworthcourt.com "-" "TerraCotta https://github.com/CeramicTeam/CeramicTerracotta" "-"
3.83.76.0 - - [10/Feb/2026:02:09:49 +0000] "GET /plinko-juego-online-dinero-real-gana-premios-en-efectivo HTTP/1.1" 200 30944 kenilworthcourt.com "-" "TerraCotta https://github.com/CeramicTeam/CeramicTerracotta" "-"
198.244.168.0 - - [10/Feb/2026:02:09:53 +0000] "GET /bobby-7s-ports-ancient-script-5-deposit-play-free-trial-game/feed HTTP/1.1" 200 926 kenilworthcourt.com "-" "Mozilla/5.0 (compatible; AhrefsBot/7.0; +http://ahrefs.com/robot/)" "-"
3.83.76.0 - - [10/Feb/2026:02:09:59 +0000] "GET /tag/betriot-recensioni HTTP/1.1" 200 194801 kenilworthcourt.com "-" "TerraCotta https://github.com/CeramicTeam/CeramicTerracotta" "-"
47.82.11.0 - - [10/Feb/2026:02:10:08 +0000] "GET /?p=2311400987 HTTP/1.1" 429 267 kenilworthcourt.com "http://kenilworthcourt.com/" "Mozilla/5.0 (X11; CrOS x86_64 14541.0.0) AppleWebKit/537.36 (KHTML, like Gecko) Chrome/132.0.0.0 Safari/537.36" "-"
51.195.183.0 - - [10/Feb/2026:02:10:09 +0000] "GET /threefold-the-gold-slot/feed HTTP/1.1" 200 814 kenilworthcourt.com "-" "Mozilla/5.0 (compatible; AhrefsBot/7.0; +http://ahrefs.com/robot/)" "-"
3.83.76.0 - - [10/Feb/2026:02:10:10 +0000] "GET /casino-bruno-apuestas-online-y-juegos-de-casino-casino-online HTTP/1.1" 200 30726 kenilworthcourt.com "-" "TerraCotta https://github.com/CeramicTeam/CeramicTerracotta" "-"
173.212.202.0 - - [10/Feb/2026:02:10:11 +0000] "POST /wp-login.php HTTP/1.1" 200 5110 kenilworthcourt.com "https://kenilworthcourt.com/wp-login.php" "Mozilla/5.0 (Windows NT 10.0; Win64; x64) AppleWebKit/537.36 (KHTML, like Gecko) Chrome/130.0.0.0 Safari/537.36" "-"
3.83.76.0 - - [10/Feb/2026:02:10:14 +0000] "GET /wettregeln-und-erfolgstipps-im-caspero-casino-um-ihren-gewinn-in-osterreich-zu-maximieren HTTP/1.1" 200 41103 kenilworthcourt.com "-" "TerraCotta https://github.com/CeramicTeam/CeramicTerracotta" "-"
3.83.76.0 - - [10/Feb/2026:02:10:21 +0000] "GET /drostanolon-wie-sie-es-richtig-einnehmen HTTP/1.1" 200 29415 kenilworthcourt.com "-" "TerraCotta https://github.com/CeramicTeam/CeramicTerracotta" "-"
47.82.11.0 - - [10/Feb/2026:02:10:21 +0000] "GET /?p=2091980855 HTTP/1.1" 429 267 kenilworthcourt.com "http://kenilworthcourt.com/" "Mozilla/5.0 (Macintosh; Intel Mac OS X 10_15_7) AppleWebKit/605.1.15 (KHTML, like Gecko) Version/16.1 Safari/605.1.15" "-"
216.73.216.0 - - [10/Feb/2026:02:10:21 +0000] "GET /?p=4991 HTTP/1.1" 301 - kenilworthcourt.com "-" "Mozilla/5.0 AppleWebKit/537.36 (KHTML, like Gecko; compatible; ClaudeBot/1.0; +claudebot@anthropic.com)" "-"
216.73.216.0 - - [10/Feb/2026:02:10:22 +0000] "GET /spielsaal-provision-abzuglich-lucky-drink-symbole-einzahlung-2025-neue-fur-nusse-codes HTTP/1.1" 200 36435 kenilworthcourt.com "https://kenilworthcourt.com/?p=4991" "Mozilla/5.0 AppleWebKit/537.36 (KHTML, like Gecko; compatible; ClaudeBot/1.0; +claudebot@anthropic.com)" "-"
160.153.180.0 - - [10/Feb/2026:02:10:28 +0000] "GET /wp-login.php HTTP/1.1" 200 4740 kenilworthcourt.com "-" "Mozilla/5.0 (Windows NT 10.0; Win64; x64) AppleWebKit/537.36 (KHTML, like Gecko) Chrome/130.0.0.0 Safari/537.36" "-"
54.38.147.0 - - [10/Feb/2026:02:10:29 +0000] "GET /spin-to-win-big-with-sugar-craze-bonanza-slot-sweet-treats-and-jackpots/feed HTTP/1.1" 200 959 kenilworthcourt.com "-" "Mozilla/5.0 (compatible; AhrefsBot/7.0; +http://ahrefs.com/robot/)" "-"
3.83.76.0 - - [10/Feb/2026:02:10:32 +0000] "GET /tag/partycasino-es HTTP/1.1" 200 72307 kenilworthcourt.com "-" "TerraCotta https://github.com/CeramicTeam/CeramicTerracotta" "-"
3.83.76.0 - - [10/Feb/2026:02:10:39 +0000] "GET /tag/vai-de-bet-bonus-de-20 HTTP/1.1" 200 133703 kenilworthcourt.com "-" "TerraCotta https://github.com/CeramicTeam/CeramicTerracotta" "-"
160.153.180.0 - - [10/Feb/2026:02:10:40 +0000] "POST /wp-login.php HTTP/1.1" 200 5110 kenilworthcourt.com "https://kenilworthcourt.com/wp-login.php" "Mozilla/5.0 (Windows NT 10.0; Win64; x64) AppleWebKit/537.36 (KHTML, like Gecko) Chrome/130.0.0.0 Safari/537.36" "-"
209.235.136.0 - - [10/Feb/2026:02:10:42 +0000] "GET /wp-login.php HTTP/1.1" 200 4740 kenilworthcourt.com "-" "Mozilla/5.0 (Windows NT 10.0; Win64; x64) AppleWebKit/537.36 (KHTML, like Gecko) Chrome/130.0.0.0 Safari/537.36" "-"
51.195.244.0 - - [10/Feb/2026:02:10:48 +0000] "GET /fairy-tale-lucky-ladys-charm-free-spins-forest-quik-position-free-gamble-and-rtp HTTP/1.1" 200 35485 kenilworthcourt.com "-" "Mozilla/5.0 (compatible; AhrefsBot/7.0; +http://ahrefs.com/robot/)" "-"
209.235.136.0 - - [10/Feb/2026:02:10:54 +0000] "POST /wp-login.php HTTP/1.1" 200 5110 kenilworthcourt.com "https://kenilworthcourt.com/wp-login.php" "Mozilla/5.0 (Windows NT 10.0; Win64; x64) AppleWebKit/537.36 (KHTML, like Gecko) Chrome/130.0.0.0 Safari/537.36" "-"
116.118.2.0 - - [10/Feb/2026:02:10:56 +0000] "GET /wp-login.php HTTP/1.1" 200 4740 kenilworthcourt.com "-" "Mozilla/5.0 (Windows NT 10.0; Win64; x64) AppleWebKit/537.36 (KHTML, like Gecko) Chrome/130.0.0.0 Safari/537.36" "-"
3.83.76.0 - - [10/Feb/2026:02:10:56 +0000] "GET /mo-mummy-mighty-pyramid HTTP/1.1" 200 35250 kenilworthcourt.com "-" "TerraCotta https://github.com/CeramicTeam/CeramicTerracotta" "-"
85.208.98.0 - - [10/Feb/2026:02:11:01 +0000] "GET /robots.txt HTTP/1.1" 429 267 kenilworthcourt.com "-" "Mozilla/5.0 (compatible; SemrushBot-BA; +http://www.semrush.com/bot.html)" "-"
198.244.240.0 - - [10/Feb/2026:02:11:02 +0000] "GET /deadworld-condition-enjoy-5-dragons-pokies-game-big-win-online-slots HTTP/1.1" 200 35224 kenilworthcourt.com "-" "Mozilla/5.0 (compatible; AhrefsBot/7.0; +http://ahrefs.com/robot/)" "-"
116.118.2.0 - - [10/Feb/2026:02:11:08 +0000] "POST /wp-login.php HTTP/1.1" 200 5110 kenilworthcourt.com "https://kenilworthcourt.com/wp-login.php" "Mozilla/5.0 (Windows NT 10.0; Win64; x64) AppleWebKit/537.36 (KHTML, like Gecko) Chrome/130.0.0.0 Safari/537.36" "-"
2a03:2880:f800:: - - [10/Feb/2026:02:11:13 +0000] "GET /coin-up-lightning-slot HTTP/1.1" 200 33077 kenilworthcourt.com "-" "meta-externalagent/1.1 (+https://developers.facebook.com/docs/sharing/webmasters/crawler)" "-"
2a03:2880:f800:: - - [10/Feb/2026:02:11:14 +0000] "GET /gamble-dj-insane-slot-150-no-deposit-free-spins-2025-online HTTP/1.1" 200 37304 kenilworthcourt.com "-" "meta-externalagent/1.1 (+https://developers.facebook.com/docs/sharing/webmasters/crawler)" "-"
51.195.215.0 - - [10/Feb/2026:02:11:19 +0000] "GET /tag/bet-safe-bet HTTP/1.1" 200 89030 kenilworthcourt.com "-" "Mozilla/5.0 (compatible; AhrefsBot/7.0; +http://ahrefs.com/robot/)" "-"
3.83.76.0 - - [10/Feb/2026:02:11:27 +0000] "GET /izza-chego-naslazhdenie-ot-sposoba-silnee-chem-ot-itoga HTTP/1.1" 200 45148 kenilworthcourt.com "-" "TerraCotta https://github.com/CeramicTeam/CeramicTerracotta" "-"
47.82.11.0 - - [10/Feb/2026:02:11:27 +0000] "GET /?p=6501087301 HTTP/1.1" 429 267 kenilworthcourt.com "http://kenilworthcourt.com/" "Mozilla/5.0 (Windows NT 10.0; Win64; x64) AppleWebKit/537.36 (KHTML, like Gecko) Chrome/135.0.0.0 Safari/537.36" "-"
216.73.216.0 - - [10/Feb/2026:02:11:32 +0000] "GET /spielsaal-provision-abzuglich-lucky-drink-symbole-einzahlung-2025-neue-fur-nusse-codes/feed HTTP/1.1" 200 1006 kenilworthcourt.com "-" "Mozilla/5.0 AppleWebKit/537.36 (KHTML, like Gecko; compatible; ClaudeBot/1.0; +claudebot@anthropic.com)" "-"
3.83.76.0 - - [10/Feb/2026:02:11:37 +0000] "GET /chicken-road-2-2 HTTP/1.1" 200 31598 kenilworthcourt.com "-" "TerraCotta https://github.com/CeramicTeam/CeramicTerracotta" "-"
54.38.147.0 - - [10/Feb/2026:02:11:38 +0000] "GET /%E1%90%88-big-bang-slot-casino-safari-heat-fur-nusse-zum-besten-geben-ohne-registrierung-%E1%90%88 HTTP/1.1" 200 40039 kenilworthcourt.com "-" "Mozilla/5.0 (compatible; AhrefsBot/7.0; +http://ahrefs.com/robot/)" "-"
198.244.168.0 - - [10/Feb/2026:02:11:59 +0000] "GET /the-abundance-spell-slot-payout-brand-new-return-away-from-dracula-position-enjoy-penny-slots-on-the-web HTTP/1.1" 200 37519 kenilworthcourt.com "-" "Mozilla/5.0 (compatible; AhrefsBot/7.0; +http://ahrefs.com/robot/)" "-"
85.208.98.0 - - [10/Feb/2026:02:12:01 +0000] "GET /robots.txt HTTP/1.1" 429 267 kenilworthcourt.com "-" "Mozilla/5.0 (compatible; SemrushBot-BA; +http://www.semrush.com/bot.html)" "-"
85.208.98.0 - - [10/Feb/2026:02:12:12 +0000] "GET /investing-bio-on-k.html HTTP/1.1" 429 267 kenilworthcourt.com "-" "Mozilla/5.0 (compatible; SemrushBot-BA; +http://www.semrush.com/bot.html)" "-"
85.208.98.0 - - [10/Feb/2026:02:12:17 +0000] "GET /robots.txt HTTP/1.1" 429 267 kenilworthcourt.com "-" "Mozilla/5.0 (compatible; SemrushBot-BA; +http://www.semrush.com/bot.html)" "-"
198.244.168.0 - - [10/Feb/2026:02:12:20 +0000] "GET /foxin-gains-game-of-thrones-slot-online-position-opinion-tips-and-totally-free-enjoy HTTP/1.1" 200 35285 kenilworthcourt.com "-" "Mozilla/5.0 (compatible; AhrefsBot/7.0; +http://ahrefs.com/robot/)" "-"
3.83.76.0 - - [10/Feb/2026:02:12:24 +0000] "GET /category/slottica-download-127 HTTP/1.1" 200 67378 kenilworthcourt.com "-" "TerraCotta https://github.com/CeramicTeam/CeramicTerracotta" "-"
50.6.174.0 - - [10/Feb/2026:02:12:27 +0000] "GET /wp-login.php HTTP/1.1" 200 4740 kenilworthcourt.com "-" "Mozilla/5.0 (Windows NT 10.0; Win64; x64) AppleWebKit/537.36 (KHTML, like Gecko) Chrome/130.0.0.0 Safari/537.36" "-"
50.6.174.0 - - [10/Feb/2026:02:12:39 +0000] "POST /wp-login.php HTTP/1.1" 200 5110 kenilworthcourt.com "https://kenilworthcourt.com/wp-login.php" "Mozilla/5.0 (Windows NT 10.0; Win64; x64) AppleWebKit/537.36 (KHTML, like Gecko) Chrome/130.0.0.0 Safari/537.36" "-"
51.89.129.0 - - [10/Feb/2026:02:12:39 +0000] "GET /book-of-ra-kundgebung-craft-testen-eltern-sticpay-casino-fur-nusse-unter-anderem-risikofrei/feed HTTP/1.1" 200 1021 kenilworthcourt.com "-" "Mozilla/5.0 (compatible; AhrefsBot/7.0; +http://ahrefs.com/robot/)" "-"
162.0.220.0 - - [10/Feb/2026:02:12:42 +0000] "GET /wp-login.php HTTP/1.1" 200 4740 kenilworthcourt.com "-" "Mozilla/5.0 (Windows NT 10.0; Win64; x64) AppleWebKit/537.36 (KHTML, like Gecko) Chrome/130.0.0.0 Safari/537.36" "-"
113.181.249.0 - - [10/Feb/2026:02:12:48 +0000] "GET /20-bet-casino-718-2 HTTP/1.1" 200 44305 kenilworthcourt.com "-" "Mozilla/5.0 (Windows NT 10.0; Win64; x64) AppleWebKit/537.36 (KHTML, like Gecko) Chrome/90.0.4430.212 Safari/537.36" "-"
162.0.220.0 - - [10/Feb/2026:02:12:54 +0000] "POST /wp-login.php HTTP/1.1" 200 5110 kenilworthcourt.com "https://kenilworthcourt.com/wp-login.php" "Mozilla/5.0 (Windows NT 10.0; Win64; x64) AppleWebKit/537.36 (KHTML, like Gecko) Chrome/130.0.0.0 Safari/537.36" "-"
3.83.76.0 - - [10/Feb/2026:02:12:55 +0000] "GET /kurisutaru-torein HTTP/1.1" 200 31831 kenilworthcourt.com "-" "TerraCotta https://github.com/CeramicTeam/CeramicTerracotta" "-"
198.244.226.0 - - [10/Feb/2026:02:12:57 +0000] "GET /kosz-do-odwiedzenia-grania-urzadzenia-oraz-maszyny-olx-na-rzecz-kategorii HTTP/1.1" 200 37880 kenilworthcourt.com "-" "Mozilla/5.0 (compatible; AhrefsBot/7.0; +http://ahrefs.com/robot/)" "-"
3.83.76.0 - - [10/Feb/2026:02:13:01 +0000] "GET /category/hellspin-casino-review-146 HTTP/1.1" 200 63367 kenilworthcourt.com "-" "TerraCotta https://github.com/CeramicTeam/CeramicTerracotta" "-"
85.208.98.0 - - [10/Feb/2026:02:13:04 +0000] "GET /accessori-bagno-mantova-k.html HTTP/1.1" 429 267 kenilworthcourt.com "-" "Mozilla/5.0 (compatible; SemrushBot-BA; +http://www.semrush.com/bot.html)" "-"
52.221.89.0 - - [10/Feb/2026:02:13:06 +0000] "GET /wp-login.php HTTP/1.1" 200 4740 kenilworthcourt.com "-" "Mozilla/5.0 (Windows NT 10.0; Win64; x64) AppleWebKit/537.36 (KHTML, like Gecko) Chrome/130.0.0.0 Safari/537.36" "-"
3.83.76.0 - - [10/Feb/2026:02:13:12 +0000] "GET /category/tala888-game-50 HTTP/1.1" 200 79466 kenilworthcourt.com "-" "TerraCotta https://github.com/CeramicTeam/CeramicTerracotta" "-"
51.195.215.0 - - [10/Feb/2026:02:13:17 +0000] "GET /sushi-casino-2/feed HTTP/1.1" 200 785 kenilworthcourt.com "-" "Mozilla/5.0 (compatible; AhrefsBot/7.0; +http://ahrefs.com/robot/)" "-"
52.221.89.0 - - [10/Feb/2026:02:13:18 +0000] "POST /wp-login.php HTTP/1.1" 200 5110 kenilworthcourt.com "https://kenilworthcourt.com/wp-login.php" "Mozilla/5.0 (Windows NT 10.0; Win64; x64) AppleWebKit/537.36 (KHTML, like Gecko) Chrome/130.0.0.0 Safari/537.36" "-"
3.83.76.0 - - [10/Feb/2026:02:13:20 +0000] "GET /richiedi-offerte-a-tempo-limitato-solo-su-bassbet-casino HTTP/1.1" 200 37258 kenilworthcourt.com "-" "TerraCotta https://github.com/CeramicTeam/CeramicTerracotta" "-"
3.83.76.0 - - [10/Feb/2026:02:13:30 +0000] "GET /tag/yukon-gold-casino-rewards HTTP/1.1" 200 34755 kenilworthcourt.com "-" "TerraCotta https://github.com/CeramicTeam/CeramicTerracotta" "-"
198.244.168.0 - - [10/Feb/2026:02:13:34 +0000] "GET /vasy-casino-6/feed HTTP/1.1" 200 782 kenilworthcourt.com "-" "Mozilla/5.0 (compatible; AhrefsBot/7.0; +http://ahrefs.com/robot/)" "-"
3.83.76.0 - - [10/Feb/2026:02:13:38 +0000] "GET /category/energycasino-kod-promocyjny-168 HTTP/1.1" 200 68406 kenilworthcourt.com "-" "TerraCotta https://github.com/CeramicTeam/CeramicTerracotta" "-"
52.140.96.0 - - [10/Feb/2026:02:13:47 +0000] "GET /wp-login.php HTTP/1.1" 200 4740 kenilworthcourt.com "-" "Mozilla/5.0 (Windows NT 10.0; Win64; x64) AppleWebKit/537.36 (KHTML, like Gecko) Chrome/130.0.0.0 Safari/537.36" "-"
198.244.240.0 - - [10/Feb/2026:02:13:50 +0000] "GET /nadprogram-z-brakiem-depozytu-nasz-kraj-2025-nadprogram-zbytnio-rejestracje-wyjawszy-depozytu HTTP/1.1" 200 37808 kenilworthcourt.com "-" "Mozilla/5.0 (compatible; AhrefsBot/7.0; +http://ahrefs.com/robot/)" "-"
52.140.96.0 - - [10/Feb/2026:02:13:59 +0000] "POST /wp-login.php HTTP/1.1" 200 5110 kenilworthcourt.com "https://kenilworthcourt.com/wp-login.php" "Mozilla/5.0 (Windows NT 10.0; Win64; x64) AppleWebKit/537.36 (KHTML, like Gecko) Chrome/130.0.0.0 Safari/537.36" "-"
167.172.79.0 - - [10/Feb/2026:02:14:01 +0000] "GET /wp-login.php HTTP/1.1" 200 4740 kenilworthcourt.com "-" "Mozilla/5.0 (Windows NT 10.0; Win64; x64) AppleWebKit/537.36 (KHTML, like Gecko) Chrome/130.0.0.0 Safari/537.36" "-"
216.73.216.0 - - [10/Feb/2026:02:14:05 +0000] "GET /baccarat-on-the-internet-the-lucky-ladys-charm-casino-real-deal-currency-10-finest-gambling-enterprises-playing-2025 HTTP/1.1" 200 38430 kenilworthcourt.com "-" "Mozilla/5.0 AppleWebKit/537.36 (KHTML, like Gecko; compatible; ClaudeBot/1.0; +claudebot@anthropic.com)" "-"
54.38.147.0 - - [10/Feb/2026:02:14:06 +0000] "GET /kakadu-casino-2/feed HTTP/1.1" 200 788 kenilworthcourt.com "-" "Mozilla/5.0 (compatible; AhrefsBot/7.0; +http://ahrefs.com/robot/)" "-"
167.172.79.0 - - [10/Feb/2026:02:14:13 +0000] "POST /wp-login.php HTTP/1.1" 200 5110 kenilworthcourt.com "https://kenilworthcourt.com/wp-login.php" "Mozilla/5.0 (Windows NT 10.0; Win64; x64) AppleWebKit/537.36 (KHTML, like Gecko) Chrome/130.0.0.0 Safari/537.36" "-"
3.83.76.0 - - [10/Feb/2026:02:14:22 +0000] "GET /ganzjaehriger-spass-win-airlines-casino-veroeffentlicht-strategie-fuer-belgien HTTP/1.1" 200 40568 kenilworthcourt.com "-" "TerraCotta https://github.com/CeramicTeam/CeramicTerracotta" "-"
3.83.76.0 - - [10/Feb/2026:02:14:26 +0000] "GET /gry-jackpot-w-plinko-game-postepowe-sloty-z-ogromnymi-nagrodami HTTP/1.1" 200 35395 kenilworthcourt.com "-" "TerraCotta https://github.com/CeramicTeam/CeramicTerracotta" "-"
51.89.129.0 - - [10/Feb/2026:02:14:27 +0000] "GET /superiores-bonos-sobre-giros-sin-cargo-falto-deposito-sobre-mexico/feed HTTP/1.1" 200 945 kenilworthcourt.com "-" "Mozilla/5.0 (compatible; AhrefsBot/7.0; +http://ahrefs.com/robot/)" "-"
3.83.76.0 - - [10/Feb/2026:02:14:44 +0000] "GET /fahren-auf-der-huhnerstrase HTTP/1.1" 200 31476 kenilworthcourt.com "-" "TerraCotta https://github.com/CeramicTeam/CeramicTerracotta" "-"
3.83.76.0 - - [10/Feb/2026:02:14:45 +0000] "GET /tag/uptown-pokies-casino HTTP/1.1" 200 73828 kenilworthcourt.com "-" "TerraCotta https://github.com/CeramicTeam/CeramicTerracotta" "-"
51.195.215.0 - - [10/Feb/2026:02:14:47 +0000] "GET /a-lot-more-minds-aristocrat-slot-comment-and-trial-sep-all-slots-casino-live-2025/feed HTTP/1.1" 200 988 kenilworthcourt.com "-" "Mozilla/5.0 (compatible; AhrefsBot/7.0; +http://ahrefs.com/robot/)" "-"
3.83.76.0 - - [10/Feb/2026:02:14:47 +0000] "GET /category/888starz-bonusy-946 HTTP/1.1" 200 60580 kenilworthcourt.com "-" "TerraCotta https://github.com/CeramicTeam/CeramicTerracotta" "-"
3.83.76.0 - - [10/Feb/2026:02:15:06 +0000] "GET /category/20bet-%ce%b1%cf%80%ce%b1%cf%84%ce%b7-930 HTTP/1.1" 200 70192 kenilworthcourt.com "-" "TerraCotta https://github.com/CeramicTeam/CeramicTerracotta" "-"
51.195.215.0 - - [10/Feb/2026:02:15:08 +0000] "GET /nv-casino-login-23 HTTP/1.1" 200 42798 kenilworthcourt.com "-" "Mozilla/5.0 (compatible; AhrefsBot/7.0; +http://ahrefs.com/robot/)" "-"
3.83.76.0 - - [10/Feb/2026:02:15:08 +0000] "GET /tag/hell-spin-casino-review HTTP/1.1" 200 87556 kenilworthcourt.com "-" "TerraCotta https://github.com/CeramicTeam/CeramicTerracotta" "-"
3.83.76.0 - - [10/Feb/2026:02:15:09 +0000] "GET /tag/12-play-malaysia HTTP/1.1" 200 37523 kenilworthcourt.com "-" "TerraCotta https://github.com/CeramicTeam/CeramicTerracotta" "-"
198.244.168.0 - - [10/Feb/2026:02:15:27 +0000] "GET /20-bet-bonus-code-909 HTTP/1.1" 200 40690 kenilworthcourt.com "-" "Mozilla/5.0 (compatible; AhrefsBot/7.0; +http://ahrefs.com/robot/)" "-"
3.83.76.0 - - [10/Feb/2026:02:15:29 +0000] "GET /available-options-and-attributes-at-spinogambino-casino-internet-casino-for-players-in-ireland HTTP/1.1" 200 33533 kenilworthcourt.com "-" "TerraCotta https://github.com/CeramicTeam/CeramicTerracotta" "-"
3.83.76.0 - - [10/Feb/2026:02:15:37 +0000] "GET /ein-weg-zum-reichtum-auf-den-hinteren-strecke-2 HTTP/1.1" 200 33046 kenilworthcourt.com "-" "TerraCotta https://github.com/CeramicTeam/CeramicTerracotta" "-"
51.195.215.0 - - [10/Feb/2026:02:15:39 +0000] "GET /tag/888starz-casino HTTP/1.1" 200 95936 kenilworthcourt.com "-" "Mozilla/5.0 (compatible; AhrefsBot/7.0; +http://ahrefs.com/robot/)" "-"
85.208.98.0 - - [10/Feb/2026:02:15:42 +0000] "GET /valigetta-utensili-beta-amazon-k.html HTTP/1.1" 429 267 kenilworthcourt.com "-" "Mozilla/5.0 (compatible; SemrushBot-BA; +http://www.semrush.com/bot.html)" "-"
3.83.76.0 - - [10/Feb/2026:02:15:44 +0000] "GET /roulette-masters-drop-the-boss-game HTTP/1.1" 200 29071 kenilworthcourt.com "-" "TerraCotta https://github.com/CeramicTeam/CeramicTerracotta" "-"
3.83.76.0 - - [10/Feb/2026:02:15:45 +0000] "GET /tag/energy-casino HTTP/1.1" 200 139977 kenilworthcourt.com "-" "TerraCotta https://github.com/CeramicTeam/CeramicTerracotta" "-"
85.208.98.0 - - [10/Feb/2026:02:15:48 +0000] "GET /scarpe-da-meccanico-k.html HTTP/1.1" 429 267 kenilworthcourt.com "-" "Mozilla/5.0 (compatible; SemrushBot-BA; +http://www.semrush.com/bot.html)" "-"
3.83.76.0 - - [10/Feb/2026:02:15:48 +0000] "GET /kakim-obrazom-fokus-napravljaet-zainteresovannost HTTP/1.1" 200 50961 kenilworthcourt.com "-" "TerraCotta https://github.com/CeramicTeam/CeramicTerracotta" "-"
198.244.242.0 - - [10/Feb/2026:02:15:56 +0000] "GET /bonus-marilyn-monroe-slot-fara-depunere-2024/feed HTTP/1.1" 200 879 kenilworthcourt.com "-" "Mozilla/5.0 (compatible; AhrefsBot/7.0; +http://ahrefs.com/robot/)" "-"
3.83.76.0 - - [10/Feb/2026:02:15:57 +0000] "GET /office-2016-arm-french-atmos-direct-download HTTP/1.1" 200 102935 kenilworthcourt.com "-" "TerraCotta https://github.com/CeramicTeam/CeramicTerracotta" "-"
85.208.98.0 - - [10/Feb/2026:02:15:58 +0000] "GET /beta-cassettiere-amazon-k.html HTTP/1.1" 429 267 kenilworthcourt.com "-" "Mozilla/5.0 (compatible; SemrushBot-BA; +http://www.semrush.com/bot.html)" "-"
103.121.89.0 - - [10/Feb/2026:02:16:01 +0000] "GET /wp-login.php HTTP/1.1" 200 4740 kenilworthcourt.com "-" "Mozilla/5.0 (Windows NT 10.0; Win64; x64) AppleWebKit/537.36 (KHTML, like Gecko) Chrome/130.0.0.0 Safari/537.36" "-"
3.83.76.0 - - [10/Feb/2026:02:16:12 +0000] "GET /category/hell-spin-promo-code-793 HTTP/1.1" 200 64128 kenilworthcourt.com "-" "TerraCotta https://github.com/CeramicTeam/CeramicTerracotta" "-"
51.195.215.0 - - [10/Feb/2026:02:16:13 +0000] "GET /7-cele-apasator-bune-jocuri-mobile-viitoare-sa-jucat-spre-2023 HTTP/1.1" 200 37257 kenilworthcourt.com "-" "Mozilla/5.0 (compatible; AhrefsBot/7.0; +http://ahrefs.com/robot/)" "-"
103.121.89.0 - - [10/Feb/2026:02:16:13 +0000] "POST /wp-login.php HTTP/1.1" 200 5110 kenilworthcourt.com "https://kenilworthcourt.com/wp-login.php" "Mozilla/5.0 (Windows NT 10.0; Win64; x64) AppleWebKit/537.36 (KHTML, like Gecko) Chrome/130.0.0.0 Safari/537.36" "-"
217.154.105.0 - - [10/Feb/2026:02:16:14 +0000] "GET /wp-login.php HTTP/1.1" 200 4740 kenilworthcourt.com "-" "Mozilla/5.0 (Windows NT 10.0; Win64; x64) AppleWebKit/537.36 (KHTML, like Gecko) Chrome/130.0.0.0 Safari/537.36" "-"
3.83.76.0 - - [10/Feb/2026:02:16:20 +0000] "GET /ultimate-fire-link-river-walk-slot HTTP/1.1" 200 34157 kenilworthcourt.com "-" "TerraCotta https://github.com/CeramicTeam/CeramicTerracotta" "-"
2a03:2880:f800:: - - [10/Feb/2026:02:16:20 +0000] "GET /kung-fu-showdown-ensues-with-new-frenzy HTTP/1.1" 200 31438 kenilworthcourt.com "-" "meta-externalagent/1.1 (+https://developers.facebook.com/docs/sharing/webmasters/crawler)" "-"
85.208.98.0 - - [10/Feb/2026:02:16:22 +0000] "GET /calzature-di-sicurezza-k.html HTTP/1.1" 429 267 kenilworthcourt.com "-" "Mozilla/5.0 (compatible; SemrushBot-BA; +http://www.semrush.com/bot.html)" "-"
217.154.105.0 - - [10/Feb/2026:02:16:26 +0000] "POST /wp-login.php HTTP/1.1" 200 5110 kenilworthcourt.com "https://kenilworthcourt.com/wp-login.php" "Mozilla/5.0 (Windows NT 10.0; Win64; x64) AppleWebKit/537.36 (KHTML, like Gecko) Chrome/130.0.0.0 Safari/537.36" "-"
3.83.76.0 - - [10/Feb/2026:02:16:29 +0000] "GET /category/20bet-%e7%99%bb%e9%8c%b2%e6%96%b9%e6%b3%95-142 HTTP/1.1" 200 72389 kenilworthcourt.com "-" "TerraCotta https://github.com/CeramicTeam/CeramicTerracotta" "-"
54.38.147.0 - - [10/Feb/2026:02:16:30 +0000] "GET /drivermax-business-crack-exe-final-clean-tested/feed HTTP/1.1" 200 895 kenilworthcourt.com "-" "Mozilla/5.0 (compatible; AhrefsBot/7.0; +http://ahrefs.com/robot/)" "-"
85.208.98.0 - - [10/Feb/2026:02:16:34 +0000] "GET /scarpe-da-lavoro-beta-k.html HTTP/1.1" 429 267 kenilworthcourt.com "-" "Mozilla/5.0 (compatible; SemrushBot-BA; +http://www.semrush.com/bot.html)" "-"
3.83.76.0 - - [10/Feb/2026:02:16:41 +0000] "GET /drip-casino-bonus-premium-casino-erfahrung-in-osterreich HTTP/1.1" 200 33225 kenilworthcourt.com "-" "TerraCotta https://github.com/CeramicTeam/CeramicTerracotta" "-"
3.83.76.0 - - [10/Feb/2026:02:16:44 +0000] "GET /category/hellspin-casino-431 HTTP/1.1" 200 65763 kenilworthcourt.com "-" "TerraCotta https://github.com/CeramicTeam/CeramicTerracotta" "-"
51.89.129.0 - - [10/Feb/2026:02:16:47 +0000] "GET /gamble-bork-the-new-berzerker-deceive-choosing-an-online-casino-letter-reduce-edition-for-free-demo-and-you-will-position-remark HTTP/1.1" 200 37636 kenilworthcourt.com "-" "Mozilla/5.0 (compatible; AhrefsBot/7.0; +http://ahrefs.com/robot/)" "-"
4.204.8.0 - - [10/Feb/2026:02:16:59 +0000] "GET /wp-login.php HTTP/1.1" 200 4740 kenilworthcourt.com "-" "Mozilla/5.0 (Windows NT 10.0; Win64; x64) AppleWebKit/537.36 (KHTML, like Gecko) Chrome/130.0.0.0 Safari/537.36" "-"
