129.121.74.0 - - [10/Feb/2026:07:46:50 +0000] "GET /wp-login.php HTTP/1.1" 200 4740 kenilworthcourt.com "-" "Mozilla/5.0 (Windows NT 10.0; Win64; x64) AppleWebKit/537.36 (KHTML, like Gecko) Chrome/130.0.0.0 Safari/537.36" "-"
54.38.147.0 - - [10/Feb/2026:07:47:04 +0000] "GET /10-beste-angeschlossen-casinos-in-brd-im-kollationieren-2025 HTTP/1.1" 200 38974 kenilworthcourt.com "-" "Mozilla/5.0 (compatible; AhrefsBot/7.0; +http://ahrefs.com/robot/)" "-"
198.244.168.0 - - [10/Feb/2026:07:47:18 +0000] "GET /reward-conditions-every-player-should-understand-at-winlion-gaming-house HTTP/1.1" 200 35345 kenilworthcourt.com "-" "Mozilla/5.0 (compatible; AhrefsBot/7.0; +http://ahrefs.com/robot/)" "-"
198.244.183.0 - - [10/Feb/2026:07:47:35 +0000] "GET /best-x-poker HTTP/1.1" 200 34123 kenilworthcourt.com "-" "Mozilla/5.0 (compatible; AhrefsBot/7.0; +http://ahrefs.com/robot/)" "-"
54.38.147.0 - - [10/Feb/2026:07:47:51 +0000] "GET /relish-special-offers-and-limitless-no-cost-spins-in-4-bonuses-bonanza-plinko-spin HTTP/1.1" 200 32924 kenilworthcourt.com "-" "Mozilla/5.0 (compatible; AhrefsBot/7.0; +http://ahrefs.com/robot/)" "-"
51.195.215.0 - - [10/Feb/2026:07:48:03 +0000] "GET /tag/zodiac-casino-log-in HTTP/1.1" 200 80168 kenilworthcourt.com "-" "Mozilla/5.0 (compatible; AhrefsBot/7.0; +http://ahrefs.com/robot/)" "-"
85.208.98.0 - - [10/Feb/2026:07:48:08 +0000] "GET /zalando-smith-k.html HTTP/1.1" 429 267 kenilworthcourt.com "-" "Mozilla/5.0 (compatible; SemrushBot-BA; +http://www.semrush.com/bot.html)" "-"
51.195.215.0 - - [10/Feb/2026:07:48:17 +0000] "GET /mijn-expeditie-door-vegas-hero-casino-game-library-nederland-explorer-report HTTP/1.1" 200 38026 kenilworthcourt.com "-" "Mozilla/5.0 (compatible; AhrefsBot/7.0; +http://ahrefs.com/robot/)" "-"
85.208.98.0 - - [10/Feb/2026:07:48:23 +0000] "GET /robots.txt HTTP/1.1" 429 267 kenilworthcourt.com "-" "Mozilla/5.0 (compatible; SemrushBot-BA; +http://www.semrush.com/bot.html)" "-"
51.89.129.0 - - [10/Feb/2026:07:48:29 +0000] "GET /bet20-300 HTTP/1.1" 200 42194 kenilworthcourt.com "-" "Mozilla/5.0 (compatible; AhrefsBot/7.0; +http://ahrefs.com/robot/)" "-"
51.195.215.0 - - [10/Feb/2026:07:48:44 +0000] "GET /queen777-casino-login-806 HTTP/1.1" 200 46860 kenilworthcourt.com "-" "Mozilla/5.0 (compatible; AhrefsBot/7.0; +http://ahrefs.com/robot/)" "-"
54.38.147.0 - - [10/Feb/2026:07:49:00 +0000] "GET /ten-best-advancement-casinos-on-the-blood-suckers-slot-free-spins-internet-2025 HTTP/1.1" 200 35465 kenilworthcourt.com "-" "Mozilla/5.0 (compatible; AhrefsBot/7.0; +http://ahrefs.com/robot/)" "-"
85.208.98.0 - - [10/Feb/2026:07:49:12 +0000] "GET /iphone-flex-amazon-k.html HTTP/1.1" 429 267 kenilworthcourt.com "-" "Mozilla/5.0 (compatible; SemrushBot-BA; +http://www.semrush.com/bot.html)" "-"
51.89.129.0 - - [10/Feb/2026:07:49:15 +0000] "GET /category/plus-777-slot-481 HTTP/1.1" 200 77519 kenilworthcourt.com "-" "Mozilla/5.0 (compatible; AhrefsBot/7.0; +http://ahrefs.com/robot/)" "-"
198.244.242.0 - - [10/Feb/2026:07:49:28 +0000] "GET /plinko-game-5 HTTP/1.1" 200 31136 kenilworthcourt.com "-" "Mozilla/5.0 (compatible; AhrefsBot/7.0; +http://ahrefs.com/robot/)" "-"
66.23.227.0 - - [10/Feb/2026:07:49:39 +0000] "GET /wp-login.php HTTP/1.1" 200 4740 kenilworthcourt.com "-" "Mozilla/5.0 (Windows NT 10.0; Win64; x64) AppleWebKit/537.36 (KHTML, like Gecko) Chrome/130.0.0.0 Safari/537.36" "-"
46.110.208.0 - - [10/Feb/2026:07:49:41 +0000] "POST /xmlrpc.php HTTP/1.1" 200 180 kenilworthcourt.com "-" "XML-RPC for PHP 4.11.1" "-"
198.244.168.0 - - [10/Feb/2026:07:49:41 +0000] "GET /hell-spin-opinie-720/feed HTTP/1.1" 200 833 kenilworthcourt.com "-" "Mozilla/5.0 (compatible; AhrefsBot/7.0; +http://ahrefs.com/robot/)" "-"
46.110.208.0 - - [10/Feb/2026:07:49:42 +0000] "POST /xmlrpc.php HTTP/1.1" 200 5531 kenilworthcourt.com "-" "XML-RPC for PHP 4.11.1" "-"
43.173.181.0 - - [10/Feb/2026:07:49:44 +0000] "GET /winspark-it-223/feed HTTP/1.1" 200 861 kenilworthcourt.com "-" "Mozilla/5.0 (Windows NT 10.0; Win64; x64) AppleWebKit/537.36 (KHTML, like Gecko) Chrome/106.0.5249.119 Safari/537.36" "-"
77.83.25.0 - - [10/Feb/2026:07:49:44 +0000] "GET /steroides-et-grossesse-menaces-pour-la-sante HTTP/1.1" 200 29110 kenilworthcourt.com "-" "GuzzleHttp/7" "-"
66.23.227.0 - - [10/Feb/2026:07:49:51 +0000] "POST /wp-login.php HTTP/1.1" 200 5110 kenilworthcourt.com "https://kenilworthcourt.com/wp-login.php" "Mozilla/5.0 (Windows NT 10.0; Win64; x64) AppleWebKit/537.36 (KHTML, like Gecko) Chrome/130.0.0.0 Safari/537.36" "-"
40.77.167.0 - - [10/Feb/2026:07:49:51 +0000] "GET /CR%20KX%20YZ%20RM%20AFTERMARKET%20MIKA%20FAT%20BARS%20HANDLEBARS%20STRAIGHT%20-%20WFRaXltGWURNWVNZ HTTP/1.1" 301 - www.kenilworthcourt.com "-" "Mozilla/5.0 AppleWebKit/537.36 (KHTML, like Gecko; compatible; bingbot/2.0; +http://www.bing.com/bingbot.htm) Chrome/116.0.1938.76 Safari/537.36" "-"
51.195.183.0 - - [10/Feb/2026:07:49:57 +0000] "GET /lucky-cola-login-159 HTTP/1.1" 200 45410 kenilworthcourt.com "-" "Mozilla/5.0 (compatible; AhrefsBot/7.0; +http://ahrefs.com/robot/)" "-"
2a03:2880:f800:: - - [10/Feb/2026:07:50:00 +0000] "GET /reel-fortune-at-hellspin-casino HTTP/1.1" 200 39397 kenilworthcourt.com "-" "meta-externalagent/1.1 (+https://developers.facebook.com/docs/sharing/webmasters/crawler)" "-"
51.195.215.0 - - [10/Feb/2026:07:50:09 +0000] "GET /slottica-opinie-506 HTTP/1.1" 200 42146 kenilworthcourt.com "-" "Mozilla/5.0 (compatible; AhrefsBot/7.0; +http://ahrefs.com/robot/)" "-"
198.244.242.0 - - [10/Feb/2026:07:50:25 +0000] "GET /plinko-game-chance-and-reward-dynamics HTTP/1.1" 200 35524 kenilworthcourt.com "-" "Mozilla/5.0 (compatible; AhrefsBot/7.0; +http://ahrefs.com/robot/)" "-"
66.249.68.0 - - [10/Feb/2026:07:50:31 +0000] "GET /wp-content/uploads/2018/12/Resident-Vehicle-Parking-Map.bmp HTTP/1.1" 200 502966 kenilworthcourt.com "-" "Googlebot-Image/1.0" "-"
85.208.98.0 - - [10/Feb/2026:07:50:33 +0000] "GET /robots.txt HTTP/1.1" 429 267 kenilworthcourt.com "-" "Mozilla/5.0 (compatible; SemrushBot-BA; +http://www.semrush.com/bot.html)" "-"
162.241.2.0 - - [10/Feb/2026:07:50:35 +0000] "GET /wp-login.php HTTP/1.1" 200 4740 kenilworthcourt.com "-" "Mozilla/5.0 (Windows NT 10.0; Win64; x64) AppleWebKit/537.36 (KHTML, like Gecko) Chrome/130.0.0.0 Safari/537.36" "-"
103.108.82.0 - - [10/Feb/2026:07:50:37 +0000] "GET /category/888-casino-free-spins-61 HTTP/1.1" 200 74723 kenilworthcourt.com "-" "Mozilla/5.0 (Windows NT 6.1; WOW64) AppleWebKit/537.36 (KHTML, like Gecko) Chrome/106.0.0.0 Safari/537.36" "-"
51.89.129.0 - - [10/Feb/2026:07:50:40 +0000] "GET /category/20bet-app-959 HTTP/1.1" 200 76883 kenilworthcourt.com "-" "Mozilla/5.0 (compatible; AhrefsBot/7.0; +http://ahrefs.com/robot/)" "-"
162.241.2.0 - - [10/Feb/2026:07:50:47 +0000] "POST /wp-login.php HTTP/1.1" 200 5110 kenilworthcourt.com "https://kenilworthcourt.com/wp-login.php" "Mozilla/5.0 (Windows NT 10.0; Win64; x64) AppleWebKit/537.36 (KHTML, like Gecko) Chrome/130.0.0.0 Safari/537.36" "-"
51.195.244.0 - - [10/Feb/2026:07:50:58 +0000] "GET /hellspin-casino-review-38/feed HTTP/1.1" 200 843 kenilworthcourt.com "-" "Mozilla/5.0 (compatible; AhrefsBot/7.0; +http://ahrefs.com/robot/)" "-"
51.195.183.0 - - [10/Feb/2026:07:51:12 +0000] "GET /energycasino-promo-code-537 HTTP/1.1" 200 40146 kenilworthcourt.com "-" "Mozilla/5.0 (compatible; AhrefsBot/7.0; +http://ahrefs.com/robot/)" "-"
51.195.215.0 - - [10/Feb/2026:07:51:26 +0000] "GET /verbunden-kasino-1-euro-einzahlung-top-mummy-money-casino-casinos-via-1-2025 HTTP/1.1" 200 38923 kenilworthcourt.com "-" "Mozilla/5.0 (compatible; AhrefsBot/7.0; +http://ahrefs.com/robot/)" "-"
162.241.242.0 - - [10/Feb/2026:07:51:41 +0000] "GET /wp-login.php HTTP/1.1" 200 4740 kenilworthcourt.com "-" "Mozilla/5.0 (Windows NT 10.0; Win64; x64) AppleWebKit/537.36 (KHTML, like Gecko) Chrome/130.0.0.0 Safari/537.36" "-"
198.244.226.0 - - [10/Feb/2026:07:51:44 +0000] "GET /bloodstream-bank-slot-1x2-32red-apps-gaming-comment-play-100-percent-free-demo HTTP/1.1" 200 35568 kenilworthcourt.com "-" "Mozilla/5.0 (compatible; AhrefsBot/7.0; +http://ahrefs.com/robot/)" "-"
85.208.98.0 - - [10/Feb/2026:07:51:47 +0000] "GET /cappellini-chiavari-k.html HTTP/1.1" 429 267 kenilworthcourt.com "-" "Mozilla/5.0 (compatible; SemrushBot-BA; +http://www.semrush.com/bot.html)" "-"
198.244.226.0 - - [10/Feb/2026:07:51:59 +0000] "GET /unlock-ancient-riches-with-eye-of-horus-rise-of-egypt-slot HTTP/1.1" 200 34466 kenilworthcourt.com "-" "Mozilla/5.0 (compatible; AhrefsBot/7.0; +http://ahrefs.com/robot/)" "-"
193.36.225.0 - - [10/Feb/2026:07:52:13 +0000] "POST /wp-login.php HTTP/1.1" 200 5110 kenilworthcourt.com "-" "Mozilla/5.0" "-"
193.36.225.0 - - [10/Feb/2026:07:52:13 +0000] "POST /wp-login.php HTTP/1.1" 200 5162 kenilworthcourt.com "-" "Mozilla/5.0" "-"
51.195.183.0 - - [10/Feb/2026:07:52:17 +0000] "GET /20-bet-app-218 HTTP/1.1" 200 41709 kenilworthcourt.com "-" "Mozilla/5.0 (compatible; AhrefsBot/7.0; +http://ahrefs.com/robot/)" "-"
198.244.183.0 - - [10/Feb/2026:07:52:38 +0000] "GET /0x50a8c521/feed HTTP/1.1" 200 775 kenilworthcourt.com "-" "Mozilla/5.0 (compatible; AhrefsBot/7.0; +http://ahrefs.com/robot/)" "-"
43.173.173.0 - - [10/Feb/2026:07:52:43 +0000] "GET /?p=17025 HTTP/1.1" 301 - kenilworthcourt.com "-" "Mozilla/5.0 (Windows NT 10.0; Win64; x64) AppleWebKit/537.36 (KHTML, like Gecko) Chrome/105.0.0.0 Safari/537.3" "-"
43.173.173.0 - - [10/Feb/2026:07:52:44 +0000] "GET /jeetwin-online-app-try-spin-now HTTP/1.1" 200 38805 kenilworthcourt.com "https://kenilworthcourt.com/?p=17025" "Mozilla/5.0 (Windows NT 10.0; Win64; x64) AppleWebKit/537.36 (KHTML, like Gecko) Chrome/105.0.0.0 Safari/537.3" "-"
198.244.183.0 - - [10/Feb/2026:07:52:51 +0000] "GET /category/casino-hellspin-588 HTTP/1.1" 200 76996 kenilworthcourt.com "-" "Mozilla/5.0 (compatible; AhrefsBot/7.0; +http://ahrefs.com/robot/)" "-"
160.30.188.0 - - [10/Feb/2026:07:52:56 +0000] "GET /wp-login.php HTTP/1.1" 200 4740 kenilworthcourt.com "-" "Mozilla/5.0 (Windows NT 10.0; Win64; x64) AppleWebKit/537.36 (KHTML, like Gecko) Chrome/130.0.0.0 Safari/537.36" "-"
54.38.147.0 - - [10/Feb/2026:07:53:03 +0000] "GET /rtbet-casino-login-840 HTTP/1.1" 200 41644 kenilworthcourt.com "-" "Mozilla/5.0 (compatible; AhrefsBot/7.0; +http://ahrefs.com/robot/)" "-"
198.244.242.0 - - [10/Feb/2026:07:53:14 +0000] "GET /0xc8a1323a/feed HTTP/1.1" 200 775 kenilworthcourt.com "-" "Mozilla/5.0 (compatible; AhrefsBot/7.0; +http://ahrefs.com/robot/)" "-"
14.236.32.0 - - [10/Feb/2026:07:53:22 +0000] "GET /hell-spin-casino-no-deposit-bonus-646 HTTP/1.1" 200 43206 kenilworthcourt.com "-" "Mozilla/5.0 (Macintosh; Intel Mac OS X 10_14_5) AppleWebKit/537.36 (KHTML, like Gecko) Chrome/74.0.3729.169 Safari/537.36" "-"
113.175.234.0 - - [10/Feb/2026:07:53:24 +0000] "GET /188bet-dang-nhap-120 HTTP/1.1" 200 43496 kenilworthcourt.com "-" "Mozilla/5.0 (Windows NT 6.1; Win64; x64) AppleWebKit/537.36 (KHTML, like Gecko) Chrome/83.0.4103.116 Safari/537.36" "-"
51.195.215.0 - - [10/Feb/2026:07:53:28 +0000] "GET /more-100-free-spins-no-deposit-required-money-online-slot-launch-nextgen-gaming HTTP/1.1" 200 35110 kenilworthcourt.com "-" "Mozilla/5.0 (compatible; AhrefsBot/7.0; +http://ahrefs.com/robot/)" "-"
209.235.136.0 - - [10/Feb/2026:07:53:33 +0000] "GET /wp-login.php HTTP/1.1" 200 4740 kenilworthcourt.com "-" "Mozilla/5.0 (Windows NT 10.0; Win64; x64) AppleWebKit/537.36 (KHTML, like Gecko) Chrome/130.0.0.0 Safari/537.36" "-"
198.244.183.0 - - [10/Feb/2026:07:53:44 +0000] "GET /where-does-it-come-from/feed HTTP/1.1" 200 815 kenilworthcourt.com "-" "Mozilla/5.0 (compatible; AhrefsBot/7.0; +http://ahrefs.com/robot/)" "-"
209.235.136.0 - - [10/Feb/2026:07:53:45 +0000] "POST /wp-login.php HTTP/1.1" 200 5110 kenilworthcourt.com "https://kenilworthcourt.com/wp-login.php" "Mozilla/5.0 (Windows NT 10.0; Win64; x64) AppleWebKit/537.36 (KHTML, like Gecko) Chrome/130.0.0.0 Safari/537.36" "-"
51.195.215.0 - - [10/Feb/2026:07:53:58 +0000] "GET /why-do-we-use-it/feed HTTP/1.1" 200 794 kenilworthcourt.com "-" "Mozilla/5.0 (compatible; AhrefsBot/7.0; +http://ahrefs.com/robot/)" "-"
51.195.215.0 - - [10/Feb/2026:07:54:11 +0000] "GET /188bet-app-27/feed HTTP/1.1" 200 815 kenilworthcourt.com "-" "Mozilla/5.0 (compatible; AhrefsBot/7.0; +http://ahrefs.com/robot/)" "-"
198.244.240.0 - - [10/Feb/2026:07:54:28 +0000] "GET /rtbet-casino-login-119 HTTP/1.1" 200 39242 kenilworthcourt.com "-" "Mozilla/5.0 (compatible; AhrefsBot/7.0; +http://ahrefs.com/robot/)" "-"
198.244.242.0 - - [10/Feb/2026:07:54:43 +0000] "GET /ten-greatest-online-slots-the-real-deal-money-casinos-playing-inside-the-2025/feed HTTP/1.1" 200 976 kenilworthcourt.com "-" "Mozilla/5.0 (compatible; AhrefsBot/7.0; +http://ahrefs.com/robot/)" "-"
47.161.210.0 - - [10/Feb/2026:07:54:54 +0000] "GET /wp-login.php HTTP/1.1" 200 4740 kenilworthcourt.com "-" "Mozilla/5.0 (Windows NT 10.0; Win64; x64) AppleWebKit/537.36 (KHTML, like Gecko) Chrome/130.0.0.0 Safari/537.36" "-"
51.195.244.0 - - [10/Feb/2026:07:54:59 +0000] "GET /apreciacao-da-maquina-sahara-slot-era-do-gelo-riches-cash-collect-la-suite-espacio-infantilidade-belleza/feed HTTP/1.1" 200 1060 kenilworthcourt.com "-" "Mozilla/5.0 (compatible; AhrefsBot/7.0; +http://ahrefs.com/robot/)" "-"
47.161.210.0 - - [10/Feb/2026:07:55:06 +0000] "POST /wp-login.php HTTP/1.1" 200 5110 kenilworthcourt.com "https://kenilworthcourt.com/wp-login.php" "Mozilla/5.0 (Windows NT 10.0; Win64; x64) AppleWebKit/537.36 (KHTML, like Gecko) Chrome/130.0.0.0 Safari/537.36" "-"
54.38.147.0 - - [10/Feb/2026:07:55:20 +0000] "GET /casino-cruise-casinos-at-sea-gaming-entertainment-2 HTTP/1.1" 200 502785 kenilworthcourt.com "-" "Mozilla/5.0 (compatible; AhrefsBot/7.0; +http://ahrefs.com/robot/)" "-"
123.18.96.0 - - [10/Feb/2026:07:55:37 +0000] "GET /category/hellspin-casino-no-deposit-bonus-15 HTTP/1.1" 200 67468 kenilworthcourt.com "-" "Mozilla/5.0 (Windows NT 6.1; Win64; x64) AppleWebKit/537.36 (KHTML, like Gecko) Chrome/80.0.3987.132 Safari/537.36" "-"
51.195.183.0 - - [10/Feb/2026:07:55:38 +0000] "GET /greatest-video-poker-games-play-victory-real-cash-in-deposit-bonus-300-the-2025/feed HTTP/1.1" 200 990 kenilworthcourt.com "-" "Mozilla/5.0 (compatible; AhrefsBot/7.0; +http://ahrefs.com/robot/)" "-"
51.195.244.0 - - [10/Feb/2026:07:55:54 +0000] "GET /fb777-casino-254 HTTP/1.1" 200 41531 kenilworthcourt.com "-" "Mozilla/5.0 (compatible; AhrefsBot/7.0; +http://ahrefs.com/robot/)" "-"
38.60.230.0 - - [10/Feb/2026:07:56:04 +0000] "GET /adu-builders-in-sacramento-2 HTTP/1.1" 200 188952 kenilworthcourt.com "-" "Mozilla/5.0 (Windows NT 10.0; WOW64) AppleWebKit/537.36 (KHTML, like Gecko) Chrome/114.0.0.0 Safari/537.36" "-"
198.244.226.0 - - [10/Feb/2026:07:56:10 +0000] "GET /hell-spin-casino-no-deposit-bonus-50/feed HTTP/1.1" 200 907 kenilworthcourt.com "-" "Mozilla/5.0 (compatible; AhrefsBot/7.0; +http://ahrefs.com/robot/)" "-"
198.244.242.0 - - [10/Feb/2026:07:56:27 +0000] "GET /hell-spin-1-deposit-490/feed HTTP/1.1" 200 847 kenilworthcourt.com "-" "Mozilla/5.0 (compatible; AhrefsBot/7.0; +http://ahrefs.com/robot/)" "-"
54.38.147.0 - - [10/Feb/2026:07:56:42 +0000] "GET /east-delights-slot-%E1%97%8E-totally-free-enjoy-inside-demonstration-mode-online-casino-real-money-pokies-video-game-review-because-of-the-playson/feed HTTP/1.1" 200 1184 kenilworthcourt.com "-" "Mozilla/5.0 (compatible; AhrefsBot/7.0; +http://ahrefs.com/robot/)" "-"
41.72.131.0 - - [10/Feb/2026:07:56:48 +0000] "GET /wp-login.php HTTP/1.1" 200 4740 kenilworthcourt.com "-" "Mozilla/5.0 (Windows NT 10.0; Win64; x64) AppleWebKit/537.36 (KHTML, like Gecko) Chrome/130.0.0.0 Safari/537.36" "-"
198.244.183.0 - - [10/Feb/2026:07:56:59 +0000] "GET /tag/spin-samurai-bonus HTTP/1.1" 200 107669 kenilworthcourt.com "-" "Mozilla/5.0 (compatible; AhrefsBot/7.0; +http://ahrefs.com/robot/)" "-"
85.208.98.0 - - [10/Feb/2026:07:57:12 +0000] "GET /robots.txt HTTP/1.1" 429 267 kenilworthcourt.com "-" "Mozilla/5.0 (compatible; SemrushBot-BA; +http://www.semrush.com/bot.html)" "-"
51.89.129.0 - - [10/Feb/2026:07:57:14 +0000] "GET /zugelassen-ghost-slider-within-erreichbar-casinos-vortragen-2025/feed HTTP/1.1" 200 937 kenilworthcourt.com "-" "Mozilla/5.0 (compatible; AhrefsBot/7.0; +http://ahrefs.com/robot/)" "-"
101.0.79.0 - - [10/Feb/2026:07:57:21 +0000] "GET /wp-login.php HTTP/1.1" 200 4740 kenilworthcourt.com "-" "Mozilla/5.0 (Windows NT 10.0; Win64; x64) AppleWebKit/537.36 (KHTML, like Gecko) Chrome/130.0.0.0 Safari/537.36" "-"
198.244.242.0 - - [10/Feb/2026:07:57:30 +0000] "GET /titanbet-extra-bet-25-get-twenty-five-totally-free-incentive-give/feed HTTP/1.1" 200 941 kenilworthcourt.com "-" "Mozilla/5.0 (compatible; AhrefsBot/7.0; +http://ahrefs.com/robot/)" "-"
101.0.79.0 - - [10/Feb/2026:07:57:33 +0000] "POST /wp-login.php HTTP/1.1" 200 5110 kenilworthcourt.com "https://kenilworthcourt.com/wp-login.php" "Mozilla/5.0 (Windows NT 10.0; Win64; x64) AppleWebKit/537.36 (KHTML, like Gecko) Chrome/130.0.0.0 Safari/537.36" "-"
44.212.145.0 - - [10/Feb/2026:07:57:35 +0000] "GET /legzo-casino/feed HTTP/1.1" 200 781 kenilworthcourt.com "-" "Mozilla/5.0 AppleWebKit/537.36 (KHTML, like Gecko; compatible; Amazonbot/0.1; +https://developer.amazon.com/support/amazonbot) Chrome/119.0.6045.214 Safari/537.36" "-"
54.144.185.0 - - [10/Feb/2026:07:57:40 +0000] "GET /wp-json/wp/v2/posts/11643 HTTP/1.1" 200 8619 kenilworthcourt.com "-" "Mozilla/5.0 AppleWebKit/537.36 (KHTML, like Gecko; compatible; Amazonbot/0.1; +https://developer.amazon.com/support/amazonbot) Chrome/119.0.6045.214 Safari/537.36" "-"
85.208.98.0 - - [10/Feb/2026:07:57:41 +0000] "GET /pearl-and-diamond-studs-k.html HTTP/1.1" 429 267 kenilworthcourt.com "-" "Mozilla/5.0 (compatible; SemrushBot-BA; +http://www.semrush.com/bot.html)" "-"
54.38.147.0 - - [10/Feb/2026:07:57:43 +0000] "GET /internet-gemblingplatforma-s-vozmozhnostju-pari-na-sport-i-odnorukimi-banditami HTTP/1.1" 200 59516 kenilworthcourt.com "-" "Mozilla/5.0 (compatible; AhrefsBot/7.0; +http://ahrefs.com/robot/)" "-"
52.2.83.0 - - [10/Feb/2026:07:57:43 +0000] "GET /wp-json/oembed/1.0/embed?format=xml&url=https://kenilworthcourt.com/betonred-casino-sportsbook-ouvrir-un-monde-de-poss HTTP/1.1" 200 2558 kenilworthcourt.com "-" "Mozilla/5.0 AppleWebKit/537.36 (KHTML, like Gecko; compatible; Amazonbot/0.1; +https://developer.amazon.com/support/amazonbot) Chrome/119.0.6045.214 Safari/537.36" "-"
43.163.22.0 - - [10/Feb/2026:07:57:46 +0000] "GET /?p=17779 HTTP/1.1" 301 - kenilworthcourt.com "-" "Mozilla/5.0 (Windows NT 10.0; Win64; x64) AppleWebKit/537.36 (KHTML, like Gecko) Chrome/133.0.0.0 Safari/537.36" "-"
43.163.22.0 - - [10/Feb/2026:07:57:46 +0000] "GET /gratogana-juegos-en-vivo-447 HTTP/1.1" 200 40216 kenilworthcourt.com "https://kenilworthcourt.com/?p=17779" "Mozilla/5.0 (Windows NT 10.0; Win64; x64) AppleWebKit/537.36 (KHTML, like Gecko) Chrome/133.0.0.0 Safari/537.36" "-"
44.196.118.0 - - [10/Feb/2026:07:57:47 +0000] "GET /wp-json/oembed/1.0/embed?url=https://kenilworthcourt.com/zumospin HTTP/1.1" 200 2142 kenilworthcourt.com "-" "Mozilla/5.0 AppleWebKit/537.36 (KHTML, like Gecko; compatible; Amazonbot/0.1; +https://developer.amazon.com/support/amazonbot) Chrome/119.0.6045.214 Safari/537.36" "-"
52.44.229.0 - - [10/Feb/2026:07:57:52 +0000] "GET /wp-json/oembed/1.0/embed?format=xml&url=https://kenilworthcourt.com/office-2025-64-bit-unlocked-mediafire-qxr-dow%25f0%259d%259a%2597l%25f0%259d%259a%2598ad-to%25f0%259d%259a%259brent HTTP/1.1" 200 2679 kenilworthcourt.com "-" "Mozilla/5.0 AppleWebKit/537.36 (KHTML, like Gecko; compatible; Amazonbot/0.1; +https://developer.amazon.com/support/amazonbot) Chrome/119.0.6045.214 Safari/537.36" "-"
52.70.209.0 - - [10/Feb/2026:07:57:55 +0000] "GET /wp-json/wp/v2/posts/24487 HTTP/1.1" 200 8002 kenilworthcourt.com "-" "Mozilla/5.0 AppleWebKit/537.36 (KHTML, like Gecko; compatible; Amazonbot/0.1; +https://developer.amazon.com/support/amazonbot) Chrome/119.0.6045.214 Safari/537.36" "-"
52.45.92.0 - - [10/Feb/2026:07:58:02 +0000] "GET /greatest-blackjack-web-based-casinos-playing-win-real-money-inside-2025/feed HTTP/1.1" 200 965 kenilworthcourt.com "-" "Mozilla/5.0 AppleWebKit/537.36 (KHTML, like Gecko; compatible; Amazonbot/0.1; +https://developer.amazon.com/support/amazonbot) Chrome/119.0.6045.214 Safari/537.36" "-"
51.89.129.0 - - [10/Feb/2026:07:58:02 +0000] "GET /lovely-kasino-jackpot-stadtzentrum-slots-mermaid-fur-nusse-and-via-echtgeld-dolphin-pearl-deluxe-2-slot-free-spins-zum-besten-geben/feed HTTP/1.1" 200 1141 kenilworthcourt.com "-" "Mozilla/5.0 (compatible; AhrefsBot/7.0; +http://ahrefs.com/robot/)" "-"
98.82.66.0 - - [10/Feb/2026:07:58:04 +0000] "GET /przegladanie-ze-zrozumieniem-arkusze-esl/feed HTTP/1.1" 200 866 kenilworthcourt.com "-" "Mozilla/5.0 AppleWebKit/537.36 (KHTML, like Gecko; compatible; Amazonbot/0.1; +https://developer.amazon.com/support/amazonbot) Chrome/119.0.6045.214 Safari/537.36" "-"
85.208.98.0 - - [10/Feb/2026:07:58:08 +0000] "GET /white-gold-bead-bracelet-k.html HTTP/1.1" 429 267 kenilworthcourt.com "-" "Mozilla/5.0 (compatible; SemrushBot-BA; +http://www.semrush.com/bot.html)" "-"
37.140.223.0 - - [10/Feb/2026:07:58:08 +0000] "POST /wp-login.php HTTP/1.1" 200 5110 kenilworthcourt.com "-" "Mozilla/5.0" "-"
37.140.223.0 - - [10/Feb/2026:07:58:08 +0000] "POST /wp-login.php HTTP/1.1" 200 5162 kenilworthcourt.com "-" "Mozilla/5.0" "-"
98.82.59.0 - - [10/Feb/2026:07:58:09 +0000] "GET /category/bizzo-casino-bonus-933 HTTP/1.1" 200 61464 kenilworthcourt.com "-" "Mozilla/5.0 AppleWebKit/537.36 (KHTML, like Gecko; compatible; Amazonbot/0.1; +https://developer.amazon.com/support/amazonbot) Chrome/119.0.6045.214 Safari/537.36" "-"
44.215.61.0 - - [10/Feb/2026:07:58:11 +0000] "GET /wp-json/wp/v2/posts/1997 HTTP/1.1" 200 13110 kenilworthcourt.com "-" "Mozilla/5.0 AppleWebKit/537.36 (KHTML, like Gecko; compatible; Amazonbot/0.1; +https://developer.amazon.com/support/amazonbot) Chrome/119.0.6045.214 Safari/537.36" "-"
178.253.43.0 - - [10/Feb/2026:07:58:14 +0000] "GET /wp-login.php HTTP/1.1" 200 4740 kenilworthcourt.com "-" "Mozilla/5.0 (Windows NT 10.0; Win64; x64) AppleWebKit/537.36 (KHTML, like Gecko) Chrome/130.0.0.0 Safari/537.36" "-"
85.208.98.0 - - [10/Feb/2026:07:58:15 +0000] "GET /ponte-vecchio-gioielli-k.html HTTP/1.1" 429 267 kenilworthcourt.com "-" "Mozilla/5.0 (compatible; SemrushBot-BA; +http://www.semrush.com/bot.html)" "-"
3.232.39.0 - - [10/Feb/2026:07:58:15 +0000] "GET /wp-json/oembed/1.0/embed?url=https://kenilworthcourt.com/better-internet-poker-deposit-5-get-25-casino-real-cash-websites-in-the-2025-gamble-real-time-poker HTTP/1.1" 200 2597 kenilworthcourt.com "-" "Mozilla/5.0 AppleWebKit/537.36 (KHTML, like Gecko; compatible; Amazonbot/0.1; +https://developer.amazon.com/support/amazonbot) Chrome/119.0.6045.214 Safari/537.36" "-"
85.208.98.0 - - [10/Feb/2026:07:58:20 +0000] "GET /pearl-and-diamond-studs-k.html HTTP/1.1" 429 267 kenilworthcourt.com "-" "Mozilla/5.0 (compatible; SemrushBot-BA; +http://www.semrush.com/bot.html)" "-"
54.38.147.0 - - [10/Feb/2026:07:58:20 +0000] "GET /superiores-bonos-sobre-casino-acerca-de-espana-agosto-por-que-no-consultar-aqui-2025/feed HTTP/1.1" 200 1003 kenilworthcourt.com "-" "Mozilla/5.0 (compatible; AhrefsBot/7.0; +http://ahrefs.com/robot/)" "-"
98.82.63.0 - - [10/Feb/2026:07:58:22 +0000] "GET /wp-json/wp/v2/posts/20967 HTTP/1.1" 200 10382 kenilworthcourt.com "-" "Mozilla/5.0 AppleWebKit/537.36 (KHTML, like Gecko; compatible; Amazonbot/0.1; +https://developer.amazon.com/support/amazonbot) Chrome/119.0.6045.214 Safari/537.36" "-"
107.20.255.0 - - [10/Feb/2026:07:58:24 +0000] "GET /wp-json/oembed/1.0/embed?format=xml&url=https://kenilworthcourt.com/crazy-monkey-slot-go-bananas-for-big-wins HTTP/1.1" 200 2453 kenilworthcourt.com "-" "Mozilla/5.0 AppleWebKit/537.36 (KHTML, like Gecko; compatible; Amazonbot/0.1; +https://developer.amazon.com/support/amazonbot) Chrome/119.0.6045.214 Safari/537.36" "-"
178.253.43.0 - - [10/Feb/2026:07:58:26 +0000] "POST /wp-login.php HTTP/1.1" 200 5110 kenilworthcourt.com "https://kenilworthcourt.com/wp-login.php" "Mozilla/5.0 (Windows NT 10.0; Win64; x64) AppleWebKit/537.36 (KHTML, like Gecko) Chrome/130.0.0.0 Safari/537.36" "-"
44.215.61.0 - - [10/Feb/2026:07:58:28 +0000] "GET /wp-json/oembed/1.0/embed?format=xml&url=https://kenilworthcourt.com/best-cool-wolf-slot-game-position-websites-in-the-slot-elementium-twist-16-online-the-uk-2025-top-10-casinos-to-possess-online-slots-games HTTP/1.1" 200 2938 kenilworthcourt.com "-" "Mozilla/5.0 AppleWebKit/537.36 (KHTML, like Gecko; compatible; Amazonbot/0.1; +https://developer.amazon.com/support/amazonbot) Chrome/119.0.6045.214 Safari/537.36" "-"
52.71.216.0 - - [10/Feb/2026:07:58:31 +0000] "GET /wp-json/oembed/1.0/embed?url=https://kenilworthcourt.com/0x607279f8 HTTP/1.1" 200 2152 kenilworthcourt.com "-" "Mozilla/5.0 AppleWebKit/537.36 (KHTML, like Gecko; compatible; Amazonbot/0.1; +https://developer.amazon.com/support/amazonbot) Chrome/119.0.6045.214 Safari/537.36" "-"
51.195.183.0 - - [10/Feb/2026:07:58:33 +0000] "GET /juegos-de-ideas-sin-cargo-con-baraja-espanola/feed HTTP/1.1" 200 881 kenilworthcourt.com "-" "Mozilla/5.0 (compatible; AhrefsBot/7.0; +http://ahrefs.com/robot/)" "-"
43.173.177.0 - - [10/Feb/2026:07:58:37 +0000] "GET /yukon-gold-casino-login-266/feed HTTP/1.1" 200 854 kenilworthcourt.com "-" "Mozilla/5.0 (Windows NT 10.0; Win64; x64) AppleWebKit/537.36 (KHTML, like Gecko) Chrome/131.0.0.0 Safari/537.36" "-"
101.0.79.0 - - [10/Feb/2026:07:58:46 +0000] "GET /wp-login.php HTTP/1.1" 200 4740 kenilworthcourt.com "-" "Mozilla/5.0 (Windows NT 10.0; Win64; x64) AppleWebKit/537.36 (KHTML, like Gecko) Chrome/130.0.0.0 Safari/537.36" "-"
85.208.98.0 - - [10/Feb/2026:07:58:47 +0000] "GET /robots.txt HTTP/1.1" 429 267 kenilworthcourt.com "-" "Mozilla/5.0 (compatible; SemrushBot-BA; +http://www.semrush.com/bot.html)" "-"
51.89.129.0 - - [10/Feb/2026:07:58:48 +0000] "GET /better-on-the-internet-pokies-nz-2025-gamble-real-fruit-mania-deluxe-slot-games-cash-harbors HTTP/1.1" 200 37198 kenilworthcourt.com "-" "Mozilla/5.0 (compatible; AhrefsBot/7.0; +http://ahrefs.com/robot/)" "-"
51.195.183.0 - - [10/Feb/2026:07:59:03 +0000] "GET /verbunden-spielsaal-unter-einsatz-von-handyrechnung-retournieren-neuartig-zahlungsart/feed HTTP/1.1" 200 1000 kenilworthcourt.com "-" "Mozilla/5.0 (compatible; AhrefsBot/7.0; +http://ahrefs.com/robot/)" "-"
128.1.126.0 - - [10/Feb/2026:07:59:19 +0000] "POST /wp-login.php HTTP/1.1" 200 5067 www.kenilworthcourt.com "-" "Mozilla/5.0 (Windows NT 10.0; Win64; x64) AppleWebKit/537.36" "-"
54.38.147.0 - - [10/Feb/2026:07:59:21 +0000] "GET /phlwin-register-86/feed HTTP/1.1" 200 814 kenilworthcourt.com "-" "Mozilla/5.0 (compatible; AhrefsBot/7.0; +http://ahrefs.com/robot/)" "-"
31.220.151.0 - - [10/Feb/2026:07:59:31 +0000] "GET /wp-login.php HTTP/1.1" 200 4740 kenilworthcourt.com "-" "Mozilla/5.0 (Windows NT 10.0; Win64; x64) AppleWebKit/537.36 (KHTML, like Gecko) Chrome/130.0.0.0 Safari/537.36" "-"
51.195.215.0 - - [10/Feb/2026:07:59:35 +0000] "GET /betriot-app-439 HTTP/1.1" 200 43185 kenilworthcourt.com "-" "Mozilla/5.0 (compatible; AhrefsBot/7.0; +http://ahrefs.com/robot/)" "-"
85.208.98.0 - - [10/Feb/2026:07:59:35 +0000] "GET /borsa-avene-solari-k.html HTTP/1.1" 429 267 kenilworthcourt.com "-" "Mozilla/5.0 (compatible; SemrushBot-BA; +http://www.semrush.com/bot.html)" "-"
198.244.240.0 - - [10/Feb/2026:07:59:48 +0000] "GET /dwarfs-moved-wild-computers-a-sous-joue-maintenant-quickspin-computers-cats-slot-jackpot-a-sous-gratuites-sur-internet HTTP/1.1" 200 35921 kenilworthcourt.com "-" "Mozilla/5.0 (compatible; AhrefsBot/7.0; +http://ahrefs.com/robot/)" "-"
31.220.151.0 - - [10/Feb/2026:07:59:55 +0000] "POST /wp-login.php HTTP/1.1" 200 5110 kenilworthcourt.com "https://kenilworthcourt.com/wp-login.php" "Mozilla/5.0 (Windows NT 10.0; Win64; x64) AppleWebKit/537.36 (KHTML, like Gecko) Chrome/130.0.0.0 Safari/537.36" "-"
85.208.98.0 - - [10/Feb/2026:08:00:00 +0000] "GET /calze-medi-swing-18mmhg-k.html HTTP/1.1" 429 267 kenilworthcourt.com "-" "Mozilla/5.0 (compatible; SemrushBot-BA; +http://www.semrush.com/bot.html)" "-"
198.244.183.0 - - [10/Feb/2026:08:00:00 +0000] "GET /tag/0x38053956/feed HTTP/1.1" 200 2039 kenilworthcourt.com "-" "Mozilla/5.0 (compatible; AhrefsBot/7.0; +http://ahrefs.com/robot/)" "-"
85.208.98.0 - - [10/Feb/2026:08:00:05 +0000] "GET /robots.txt HTTP/1.1" 429 267 kenilworthcourt.com "-" "Mozilla/5.0 (compatible; SemrushBot-BA; +http://www.semrush.com/bot.html)" "-"
34.194.165.0 - - [10/Feb/2026:08:00:07 +0000] "GET /wp-json/wp/v2/posts/%22https:/www.reviewed-casinos.com/resources/assets/bfgames-betvictor.jpg/%22 HTTP/1.1" 404 114 kenilworthcourt.com "-" "Mozilla/5.0 AppleWebKit/537.36 (KHTML, like Gecko; compatible; Amazonbot/0.1; +https://developer.amazon.com/support/amazonbot) Chrome/119.0.6045.214 Safari/537.36" "-"
100.25.120.0 - - [10/Feb/2026:08:00:11 +0000] "GET /wp-json/wp/v2/posts/%22https:/www.playcasino.com/img/spacelilly-live.jpg/%22 HTTP/1.1" 404 114 kenilworthcourt.com "-" "Mozilla/5.0 AppleWebKit/537.36 (KHTML, like Gecko; compatible; Amazonbot/0.1; +https://developer.amazon.com/support/amazonbot) Chrome/119.0.6045.214 Safari/537.36" "-"
51.89.129.0 - - [10/Feb/2026:08:00:15 +0000] "GET /tag/0x797e0224/feed HTTP/1.1" 200 2039 kenilworthcourt.com "-" "Mozilla/5.0 (compatible; AhrefsBot/7.0; +http://ahrefs.com/robot/)" "-"
198.244.240.0 - - [10/Feb/2026:08:00:26 +0000] "GET /fruits-servers-online-gamble-100-percent-free-aussie-fruits-harbors HTTP/1.1" 200 35746 kenilworthcourt.com "-" "Mozilla/5.0 (compatible; AhrefsBot/7.0; +http://ahrefs.com/robot/)" "-"
198.244.242.0 - - [10/Feb/2026:08:00:40 +0000] "GET /betriot-recensioni-960 HTTP/1.1" 200 43994 kenilworthcourt.com "-" "Mozilla/5.0 (compatible; AhrefsBot/7.0; +http://ahrefs.com/robot/)" "-"
198.244.226.0 - - [10/Feb/2026:08:00:55 +0000] "GET /joaca-geab-sizzling-hot-deluxe-hyperlink-critic-si-400-jocuri-slot/feed HTTP/1.1" 200 946 kenilworthcourt.com "-" "Mozilla/5.0 (compatible; AhrefsBot/7.0; +http://ahrefs.com/robot/)" "-"
85.208.98.0 - - [10/Feb/2026:08:01:05 +0000] "GET /alluce-valgo-uomo-k.html HTTP/1.1" 429 267 kenilworthcourt.com "-" "Mozilla/5.0 (compatible; SemrushBot-BA; +http://www.semrush.com/bot.html)" "-"
14.175.34.0 - - [10/Feb/2026:08:01:06 +0000] "GET /category/20bet-%CE%B1%CF%80%CE%B1%CF%84%CE%B7-632 HTTP/1.1" 200 68043 kenilworthcourt.com "-" "Mozilla/5.0 (Windows NT 10.0; Win64; x64) AppleWebKit/537.36 (KHTML, like Gecko) Chrome/86.0.4240.75 Safari/537.36" "-"
198.244.240.0 - - [10/Feb/2026:08:01:11 +0000] "GET /jocuri-nextgen-gaming-2025-reel-rush-joc-de-cazinou-sloturi-nextgen-demo/feed HTTP/1.1" 200 961 kenilworthcourt.com "-" "Mozilla/5.0 (compatible; AhrefsBot/7.0; +http://ahrefs.com/robot/)" "-"
185.24.109.0 - - [10/Feb/2026:08:01:26 +0000] "POST /xmlrpc.php HTTP/1.1" 503 339 kenilworthcourt.com "-" "Mozilla/5.0 (X11; Linux x86_64) AppleWebKit/537.36 (KHTML, like Gecko) Chrome/114.0.0.0 Safari/537.36 OPR/89.0.4447.51" "-"
51.195.215.0 - - [10/Feb/2026:08:01:26 +0000] "GET /better-step-1-put-casinos-casino-room-login-nz-deposit-step-1-get-20/feed HTTP/1.1" 200 952 kenilworthcourt.com "-" "Mozilla/5.0 (compatible; AhrefsBot/7.0; +http://ahrefs.com/robot/)" "-"
198.244.226.0 - - [10/Feb/2026:08:01:47 +0000] "GET /tag/bet-riot/page/2 HTTP/1.1" 200 149431 kenilworthcourt.com "-" "Mozilla/5.0 (compatible; AhrefsBot/7.0; +http://ahrefs.com/robot/)" "-"
198.244.240.0 - - [10/Feb/2026:08:02:01 +0000] "GET /deuces-insane-video-poker-free-online-electronic-poker-online-game-zero-casino-tips-for-beginners-down-load/feed HTTP/1.1" 200 1066 kenilworthcourt.com "-" "Mozilla/5.0 (compatible; AhrefsBot/7.0; +http://ahrefs.com/robot/)" "-"
85.208.98.0 - - [10/Feb/2026:08:02:05 +0000] "GET /pelle-mista-rimedi-k.html HTTP/1.1" 429 267 kenilworthcourt.com "-" "Mozilla/5.0 (compatible; SemrushBot-BA; +http://www.semrush.com/bot.html)" "-"
51.89.129.0 - - [10/Feb/2026:08:02:11 +0000] "GET /greatest-casino-games-on-line-you-to-pay-real-money-real-money-mobile-casino-list-with-a-high-payouts/feed HTTP/1.1" 200 1048 kenilworthcourt.com "-" "Mozilla/5.0 (compatible; AhrefsBot/7.0; +http://ahrefs.com/robot/)" "-"
85.208.98.0 - - [10/Feb/2026:08:02:23 +0000] "GET /alluce-valgo-uomo-k.html HTTP/1.1" 429 267 kenilworthcourt.com "-" "Mozilla/5.0 (compatible; SemrushBot-BA; +http://www.semrush.com/bot.html)" "-"
198.244.183.0 - - [10/Feb/2026:08:02:27 +0000] "GET /category/betriot-casino-italy-398 HTTP/1.1" 200 74743 kenilworthcourt.com "-" "Mozilla/5.0 (compatible; AhrefsBot/7.0; +http://ahrefs.com/robot/)" "-"
198.244.240.0 - - [10/Feb/2026:08:02:42 +0000] "GET /ten-greatest-casino-raging-bull-no-deposit-bonus-australian-on-the-web-black-jack-internet-sites-2025/feed HTTP/1.1" 200 1048 kenilworthcourt.com "-" "Mozilla/5.0 (compatible; AhrefsBot/7.0; +http://ahrefs.com/robot/)" "-"
85.208.98.0 - - [10/Feb/2026:08:02:45 +0000] "GET /borse-a-occhio-di-pernice-k.html HTTP/1.1" 429 267 kenilworthcourt.com "-" "Mozilla/5.0 (compatible; SemrushBot-BA; +http://www.semrush.com/bot.html)" "-"
54.38.147.0 - - [10/Feb/2026:08:02:57 +0000] "GET /part-of-chance-within-the-astrology-jade-treasure-offers-future-chance/feed HTTP/1.1" 200 963 kenilworthcourt.com "-" "Mozilla/5.0 (compatible; AhrefsBot/7.0; +http://ahrefs.com/robot/)" "-"
85.208.98.0 - - [10/Feb/2026:08:03:11 +0000] "GET /calze-medi-sheer-soft-k.html HTTP/1.1" 429 267 kenilworthcourt.com "-" "Mozilla/5.0 (compatible; SemrushBot-BA; +http://www.semrush.com/bot.html)" "-"
198.244.240.0 - - [10/Feb/2026:08:03:16 +0000] "GET /88-cats-slots-games-newest-luck-free-slot HTTP/1.1" 200 35036 kenilworthcourt.com "-" "Mozilla/5.0 (compatible; AhrefsBot/7.0; +http://ahrefs.com/robot/)" "-"
198.244.168.0 - - [10/Feb/2026:08:03:32 +0000] "GET /take-5-casino-slot-koi-princess-gebuhrenfrei-zum-besten-30-freie-spins-iron-man-2-gehaben-abzuglich-slot-sauber-joker-eintragung/feed HTTP/1.1" 200 1132 kenilworthcourt.com "-" "Mozilla/5.0 (compatible; AhrefsBot/7.0; +http://ahrefs.com/robot/)" "-"
85.208.98.0 - - [10/Feb/2026:08:03:35 +0000] "GET /rimedi-per-la-pelle-grassa-k.html HTTP/1.1" 429 267 kenilworthcourt.com "-" "Mozilla/5.0 (compatible; SemrushBot-BA; +http://www.semrush.com/bot.html)" "-"
209.235.136.0 - - [10/Feb/2026:08:03:43 +0000] "GET /wp-login.php HTTP/1.1" 200 4740 kenilworthcourt.com "-" "Mozilla/5.0 (Windows NT 10.0; Win64; x64) AppleWebKit/537.36 (KHTML, like Gecko) Chrome/130.0.0.0 Safari/537.36" "-"
85.208.98.0 - - [10/Feb/2026:08:03:44 +0000] "GET /defence-xage-amazon-k.html HTTP/1.1" 429 267 kenilworthcourt.com "-" "Mozilla/5.0 (compatible; SemrushBot-BA; +http://www.semrush.com/bot.html)" "-"
198.244.183.0 - - [10/Feb/2026:08:03:47 +0000] "GET /category/energycasino-kod-promocyjny-211/feed HTTP/1.1" 200 36074 kenilworthcourt.com "-" "Mozilla/5.0 (compatible; AhrefsBot/7.0; +http://ahrefs.com/robot/)" "-"
209.235.136.0 - - [10/Feb/2026:08:03:55 +0000] "POST /wp-login.php HTTP/1.1" 200 5110 kenilworthcourt.com "https://kenilworthcourt.com/wp-login.php" "Mozilla/5.0 (Windows NT 10.0; Win64; x64) AppleWebKit/537.36 (KHTML, like Gecko) Chrome/130.0.0.0 Safari/537.36" "-"
51.89.129.0 - - [10/Feb/2026:08:04:06 +0000] "GET /levelup-casino-australia-568 HTTP/1.1" 200 43757 kenilworthcourt.com "-" "Mozilla/5.0 (compatible; AhrefsBot/7.0; +http://ahrefs.com/robot/)" "-"
198.244.240.0 - - [10/Feb/2026:08:04:20 +0000] "GET /bovada-gambling-establishment-expert-comment-a-casino-leo-vegas-login-real-income-online-casino-2025/feed HTTP/1.1" 200 1045 kenilworthcourt.com "-" "Mozilla/5.0 (compatible; AhrefsBot/7.0; +http://ahrefs.com/robot/)" "-"
85.208.98.0 - - [10/Feb/2026:08:04:29 +0000] "GET /ciabatte-uomo-dott-scholl-k.html HTTP/1.1" 429 267 kenilworthcourt.com "-" "Mozilla/5.0 (compatible; SemrushBot-BA; +http://www.semrush.com/bot.html)" "-"
198.244.226.0 - - [10/Feb/2026:08:04:31 +0000] "GET /nine-flowers-machine-a-sous-casino-france-bonus-100-jusqua-1000/feed HTTP/1.1" 200 937 kenilworthcourt.com "-" "Mozilla/5.0 (compatible; AhrefsBot/7.0; +http://ahrefs.com/robot/)" "-"
198.244.168.0 - - [10/Feb/2026:08:04:47 +0000] "GET /on-the-web-gaming-wild-wild-spin-slot-machine-a-lot-more-rating-sas-finest-bonuses-come-alive HTTP/1.1" 200 37088 kenilworthcourt.com "-" "Mozilla/5.0 (compatible; AhrefsBot/7.0; +http://ahrefs.com/robot/)" "-"
85.208.98.0 - - [10/Feb/2026:08:04:52 +0000] "GET /occhiali-chicco-k.html HTTP/1.1" 429 267 kenilworthcourt.com "-" "Mozilla/5.0 (compatible; SemrushBot-BA; +http://www.semrush.com/bot.html)" "-"
43.173.175.0 - - [10/Feb/2026:08:04:52 +0000] "GET /?p=14536 HTTP/1.1" 301 - kenilworthcourt.com "-" "Mozilla/5.0 (Windows NT 10.0; Win64; x64) AppleWebKit/537.36 (KHTML, like Gecko) Chrome/111.0.0.0 Safari/537.36" "-"
43.173.175.0 - - [10/Feb/2026:08:04:53 +0000] "GET /20-bet-212 HTTP/1.1" 200 43507 kenilworthcourt.com "https://kenilworthcourt.com/?p=14536" "Mozilla/5.0 (Windows NT 10.0; Win64; x64) AppleWebKit/537.36 (KHTML, like Gecko) Chrome/111.0.0.0 Safari/537.36" "-"
2a03:2880:f800:: - - [10/Feb/2026:08:04:57 +0000] "GET /droga-kurczaka-gry-stolowe-na-kasyno HTTP/1.1" 200 32122 kenilworthcourt.com "-" "meta-externalagent/1.1 (+https://developers.facebook.com/docs/sharing/webmasters/crawler)" "-"
198.244.183.0 - - [10/Feb/2026:08:04:58 +0000] "GET /20-bet-casino-46 HTTP/1.1" 200 40244 kenilworthcourt.com "-" "Mozilla/5.0 (compatible; AhrefsBot/7.0; +http://ahrefs.com/robot/)" "-"
51.195.215.0 - - [10/Feb/2026:08:05:14 +0000] "GET /casinos-300-shields-bonificacion-de-ranura-online-mexico-funciona-pharaons-gold-iii-slot-en-linea-mejores-casinos-en-linea-2024-halfbeard HTTP/1.1" 200 44519 kenilworthcourt.com "-" "Mozilla/5.0 (compatible; AhrefsBot/7.0; +http://ahrefs.com/robot/)" "-"
51.89.129.0 - - [10/Feb/2026:08:05:29 +0000] "GET /entdecke-diese-spannung-pompeii-slot-keine-slot-hugo-einzahlung-in-lost-island-das-spannende-slot-bei-eyecon HTTP/1.1" 200 36468 kenilworthcourt.com "-" "Mozilla/5.0 (compatible; AhrefsBot/7.0; +http://ahrefs.com/robot/)" "-"
85.208.98.0 - - [10/Feb/2026:08:05:34 +0000] "GET /siero-antirughe-bionike-k.html HTTP/1.1" 429 267 kenilworthcourt.com "-" "Mozilla/5.0 (compatible; SemrushBot-BA; +http://www.semrush.com/bot.html)" "-"
2a03:2880:f800:: - - [10/Feb/2026:08:05:36 +0000] "GET /archicad-portable-activator-patch-latest-genuine HTTP/1.1" 200 105448 kenilworthcourt.com "-" "meta-externalagent/1.1 (+https://developers.facebook.com/docs/sharing/webmasters/crawler)" "-"
54.38.147.0 - - [10/Feb/2026:08:05:42 +0000] "GET /tag/jili-777-lucky-slot HTTP/1.1" 200 161267 kenilworthcourt.com "-" "Mozilla/5.0 (compatible; AhrefsBot/7.0; +http://ahrefs.com/robot/)" "-"
85.208.98.0 - - [10/Feb/2026:08:05:53 +0000] "GET /dott-scholl-pantofole-k.html HTTP/1.1" 429 267 kenilworthcourt.com "-" "Mozilla/5.0 (compatible; SemrushBot-BA; +http://www.semrush.com/bot.html)" "-"
198.244.240.0 - - [10/Feb/2026:08:05:59 +0000] "GET /im-kasino-uber-natel-einlosen-bewertung-topliste-plenty-of-fortune-casino-2025/feed HTTP/1.1" 200 982 kenilworthcourt.com "-" "Mozilla/5.0 (compatible; AhrefsBot/7.0; +http://ahrefs.com/robot/)" "-"
198.71.60.0 - - [10/Feb/2026:08:06:05 +0000] "GET /wp-login.php HTTP/1.1" 200 4740 kenilworthcourt.com "-" "Mozilla/5.0 (Windows NT 10.0; Win64; x64) AppleWebKit/537.36 (KHTML, like Gecko) Chrome/130.0.0.0 Safari/537.36" "-"
85.208.98.0 - - [10/Feb/2026:08:06:09 +0000] "GET /dr-martens-vegane-k.html HTTP/1.1" 429 267 kenilworthcourt.com "-" "Mozilla/5.0 (compatible; SemrushBot-BA; +http://www.semrush.com/bot.html)" "-"
51.195.183.0 - - [10/Feb/2026:08:06:15 +0000] "GET /5-limited-set-betting-1-put-increase-pirates-organization-you-2025-opinion/feed HTTP/1.1" 200 969 kenilworthcourt.com "-" "Mozilla/5.0 (compatible; AhrefsBot/7.0; +http://ahrefs.com/robot/)" "-"
198.71.60.0 - - [10/Feb/2026:08:06:17 +0000] "POST /wp-login.php HTTP/1.1" 200 5110 kenilworthcourt.com "https://kenilworthcourt.com/wp-login.php" "Mozilla/5.0 (Windows NT 10.0; Win64; x64) AppleWebKit/537.36 (KHTML, like Gecko) Chrome/130.0.0.0 Safari/537.36" "-"
43.173.178.0 - - [10/Feb/2026:08:06:21 +0000] "GET /tag/luxury-casino-canada-login HTTP/1.1" 200 36426 kenilworthcourt.com "-" "Mozilla/5.0 (Windows NT 10.0; Win64; x64) AppleWebKit/537.36 (KHTML, like Gecko) Chrome/105.0.0.0 Safari/537.3" "-"
198.244.168.0 - - [10/Feb/2026:08:06:28 +0000] "GET /warum-werden-automatenspiele-uber-5-walzen-so-respektiert-tekhpodderzhka-kritischer-hyperlink-rikor HTTP/1.1" 200 36313 kenilworthcourt.com "-" "Mozilla/5.0 (compatible; AhrefsBot/7.0; +http://ahrefs.com/robot/)" "-"
85.208.98.0 - - [10/Feb/2026:08:06:38 +0000] "GET /dr-martens-non-leather-k.html HTTP/1.1" 429 267 kenilworthcourt.com "-" "Mozilla/5.0 (compatible; SemrushBot-BA; +http://www.semrush.com/bot.html)" "-"
51.195.244.0 - - [10/Feb/2026:08:06:41 +0000] "GET /offlin-roulette-bankbiljet-zijn/feed HTTP/1.1" 200 838 kenilworthcourt.com "-" "Mozilla/5.0 (compatible; AhrefsBot/7.0; +http://ahrefs.com/robot/)" "-"
54.38.147.0 - - [10/Feb/2026:08:06:59 +0000] "GET /20bet-promo-code-908/feed HTTP/1.1" 200 851 kenilworthcourt.com "-" "Mozilla/5.0 (compatible; AhrefsBot/7.0; +http://ahrefs.com/robot/)" "-"
209.235.136.0 - - [10/Feb/2026:08:07:02 +0000] "GET /wp-login.php HTTP/1.1" 200 4740 kenilworthcourt.com "-" "Mozilla/5.0 (Windows NT 10.0; Win64; x64) AppleWebKit/537.36 (KHTML, like Gecko) Chrome/130.0.0.0 Safari/537.36" "-"
198.244.168.0 - - [10/Feb/2026:08:07:13 +0000] "GET /aktualne-bonusy-bez-depozytu-zbytnio-rejestracje-2025-nowatorskie-kasyna-z-brakiem-depozytu-pod-poczatek/feed HTTP/1.1" 200 1060 kenilworthcourt.com "-" "Mozilla/5.0 (compatible; AhrefsBot/7.0; +http://ahrefs.com/robot/)" "-"
17.22.237.0 - - [10/Feb/2026:08:07:13 +0000] "GET /?e=men-s-cascadia-p-3ZYQ0eHk HTTP/1.1" 200 32181 kenilworthcourt.com "-" "Mozilla/5.0 (Macintosh; Intel Mac OS X 10_15_7) AppleWebKit/605.1.15 (KHTML, like Gecko) Version/17.4 Safari/605.1.15 (Applebot/0.1; +http://www.apple.com/go/applebot)" "-"
199.195.249.0 - - [10/Feb/2026:08:07:22 +0000] "GET /wp-login.php HTTP/1.1" 200 4740 kenilworthcourt.com "-" "Mozilla/5.0 (X11; Ubuntu; Linux x86_64; rv:30.0) Gecko/20100101 Firefox/30.0" "-"
54.38.147.0 - - [10/Feb/2026:08:07:25 +0000] "GET /kasyno-nv-145/feed HTTP/1.1" 200 806 kenilworthcourt.com "-" "Mozilla/5.0 (compatible; AhrefsBot/7.0; +http://ahrefs.com/robot/)" "-"
209.235.136.0 - - [10/Feb/2026:08:07:26 +0000] "POST /wp-login.php HTTP/1.1" 200 5110 kenilworthcourt.com "https://kenilworthcourt.com/wp-login.php" "Mozilla/5.0 (Windows NT 10.0; Win64; x64) AppleWebKit/537.36 (KHTML, like Gecko) Chrome/130.0.0.0 Safari/537.36" "-"
14.174.104.0 - - [10/Feb/2026:08:07:29 +0000] "GET /category/phlwin-online-casino-hash-541 HTTP/1.1" 200 71989 kenilworthcourt.com "-" "Mozilla/5.0 (Windows NT 6.3; Win64; x64) AppleWebKit/537.36 (KHTML, like Gecko) Chrome/74.0.3729.169 Safari/537.36" "-"
199.195.249.0 - - [10/Feb/2026:08:07:34 +0000] "POST /wp-login.php HTTP/1.1" 200 5158 kenilworthcourt.com "-" "Mozilla/5.0 (X11; Ubuntu; Linux x86_64; rv:30.0) Gecko/20100101 Firefox/30.0" "-"
198.244.168.0 - - [10/Feb/2026:08:07:43 +0000] "GET /hellspin-casino-cz-767/feed HTTP/1.1" 200 844 kenilworthcourt.com "-" "Mozilla/5.0 (compatible; AhrefsBot/7.0; +http://ahrefs.com/robot/)" "-"
49.247.31.0 - - [10/Feb/2026:08:07:59 +0000] "GET /wp-login.php HTTP/1.1" 200 4740 kenilworthcourt.com "-" "Mozilla/5.0 (Windows NT 10.0; Win64; x64) AppleWebKit/537.36 (KHTML, like Gecko) Chrome/130.0.0.0 Safari/537.36" "-"
216.73.216.0 - - [10/Feb/2026:08:08:01 +0000] "GET /robots.txt HTTP/1.1" 200 120 kenilworthcourt.com "-" "Mozilla/5.0 AppleWebKit/537.36 (KHTML, like Gecko; compatible; ClaudeBot/1.0; +claudebot@anthropic.com)" "-"
51.89.129.0 - - [10/Feb/2026:08:08:01 +0000] "GET /better-real-european-roulette-online-free-money-web-based-casinos-2025-gamble-compare-winnings-huge/feed HTTP/1.1" 200 1050 kenilworthcourt.com "-" "Mozilla/5.0 (compatible; AhrefsBot/7.0; +http://ahrefs.com/robot/)" "-"
216.73.216.0 - - [10/Feb/2026:08:08:01 +0000] "GET /enjoy-on-the-internet-roulette-the-real-deal-currency-from-the-finest-you-web-sites/feed HTTP/1.1" 200 994 kenilworthcourt.com "-" "Mozilla/5.0 AppleWebKit/537.36 (KHTML, like Gecko; compatible; ClaudeBot/1.0; +claudebot@anthropic.com)" "-"
49.247.31.0 - - [10/Feb/2026:08:08:11 +0000] "POST /wp-login.php HTTP/1.1" 200 5110 kenilworthcourt.com "https://kenilworthcourt.com/wp-login.php" "Mozilla/5.0 (Windows NT 10.0; Win64; x64) AppleWebKit/537.36 (KHTML, like Gecko) Chrome/130.0.0.0 Safari/537.36" "-"
54.38.147.0 - - [10/Feb/2026:08:08:13 +0000] "GET /the-newest-evolution-from-ports-from-antique-50-no-deposit-spins-wild-turkey-reels-so-you-can-electronic-question HTTP/1.1" 200 36788 kenilworthcourt.com "-" "Mozilla/5.0 (compatible; AhrefsBot/7.0; +http://ahrefs.com/robot/)" "-"
54.38.147.0 - - [10/Feb/2026:08:08:25 +0000] "GET /slot-8k8-681 HTTP/1.1" 200 41548 kenilworthcourt.com "-" "Mozilla/5.0 (compatible; AhrefsBot/7.0; +http://ahrefs.com/robot/)" "-"
54.38.147.0 - - [10/Feb/2026:08:08:38 +0000] "GET /enclomiphene-citrate-wirkungsweise-und-nutzen/feed HTTP/1.1" 200 881 kenilworthcourt.com "-" "Mozilla/5.0 (compatible; AhrefsBot/7.0; +http://ahrefs.com/robot/)" "-"
199.195.249.0 - - [10/Feb/2026:08:08:46 +0000] "GET /wp-login.php HTTP/1.1" 200 4740 kenilworthcourt.com "-" "Mozilla/5.0 (Macintosh; Intel Mac OS X 10_8_5) AppleWebKit/537.36 (KHTML, like Gecko) Chrome/36.0.1985.125 Safari/537.36" "-"
198.244.240.0 - - [10/Feb/2026:08:08:52 +0000] "GET /tag/188bet-dang-ky/feed HTTP/1.1" 200 133688 kenilworthcourt.com "-" "Mozilla/5.0 (compatible; AhrefsBot/7.0; +http://ahrefs.com/robot/)" "-"
199.195.249.0 - - [10/Feb/2026:08:08:58 +0000] "POST /wp-login.php HTTP/1.1" 200 5162 kenilworthcourt.com "-" "Mozilla/5.0 (Macintosh; Intel Mac OS X 10_8_5) AppleWebKit/537.36 (KHTML, like Gecko) Chrome/36.0.1985.125 Safari/537.36" "-"
198.244.240.0 - - [10/Feb/2026:08:09:04 +0000] "GET /top-10-a-christmas-carol-casino-online-roulette-web-sites-for-real-dollars-on-line-black-jack-professional-collection-low-restriction-agent-inside-the-2025 HTTP/1.1" 200 38207 kenilworthcourt.com "-" "Mozilla/5.0 (compatible; AhrefsBot/7.0; +http://ahrefs.com/robot/)" "-"
198.244.168.0 - - [10/Feb/2026:08:09:15 +0000] "GET /30-freispiele-exklusive-jacks-ride-slot-einzahlung-beste-free-spins HTTP/1.1" 200 37648 kenilworthcourt.com "-" "Mozilla/5.0 (compatible; AhrefsBot/7.0; +http://ahrefs.com/robot/)" "-"
198.244.226.0 - - [10/Feb/2026:08:09:25 +0000] "GET /bonusy-z-brakiem-depozytu-bezplatne-spiny-oraz-kasa-po-kasynach/feed HTTP/1.1" 200 935 kenilworthcourt.com "-" "Mozilla/5.0 (compatible; AhrefsBot/7.0; +http://ahrefs.com/robot/)" "-"
216.73.216.0 - - [10/Feb/2026:08:09:33 +0000] "GET /?p=4985 HTTP/1.1" 301 - kenilworthcourt.com "-" "Mozilla/5.0 AppleWebKit/537.36 (KHTML, like Gecko; compatible; ClaudeBot/1.0; +claudebot@anthropic.com)" "-"
216.73.216.0 - - [10/Feb/2026:08:09:33 +0000] "GET /enjoy-on-the-internet-roulette-the-real-deal-currency-from-the-finest-you-web-sites HTTP/1.1" 200 34571 kenilworthcourt.com "https://kenilworthcourt.com/?p=4985" "Mozilla/5.0 AppleWebKit/537.36 (KHTML, like Gecko; compatible; ClaudeBot/1.0; +claudebot@anthropic.com)" "-"
51.195.244.0 - - [10/Feb/2026:08:09:39 +0000] "GET /60-medusa-2-maquina-tragamonedas-samba-brazil-ningun-tanque-giros-vano-sin-tanque-mejores-bonos-2025/feed HTTP/1.1" 200 1049 kenilworthcourt.com "-" "Mozilla/5.0 (compatible; AhrefsBot/7.0; +http://ahrefs.com/robot/)" "-"
216.73.216.0 - - [10/Feb/2026:08:09:46 +0000] "GET /mejores-como-jugar-tragamonedas-en-linea-mermaids-pearl-ningun-tanque-casinos-online-de-playson HTTP/1.1" 200 41154 kenilworthcourt.com "-" "Mozilla/5.0 AppleWebKit/537.36 (KHTML, like Gecko; compatible; ClaudeBot/1.0; +claudebot@anthropic.com)" "-"
51.195.244.0 - - [10/Feb/2026:08:09:52 +0000] "GET /best-online-bingo-websites-2025-enjoy-a-real-income-important-hyperlink-bingo-games/feed HTTP/1.1" 200 994 kenilworthcourt.com "-" "Mozilla/5.0 (compatible; AhrefsBot/7.0; +http://ahrefs.com/robot/)" "-"
198.244.226.0 - - [10/Feb/2026:08:10:05 +0000] "GET /re-nach-angewandten-ferner-dem-blick HTTP/1.1" 200 34177 kenilworthcourt.com "-" "Mozilla/5.0 (compatible; AhrefsBot/7.0; +http://ahrefs.com/robot/)" "-"
51.89.129.0 - - [10/Feb/2026:08:10:17 +0000] "GET /better-bingo-internet-sites-british-see-better-united-kingdom-200-casino-bonus-bitcoin-bingo-websites-august-2025 HTTP/1.1" 200 38574 kenilworthcourt.com "-" "Mozilla/5.0 (compatible; AhrefsBot/7.0; +http://ahrefs.com/robot/)" "-"
45.79.180.0 - - [10/Feb/2026:08:10:22 +0000] "GET /feed HTTP/1.1" 200 278360 kenilworthcourt.com "-" "MuckRackFeedParser/1.0 +https://muckrack.com" "-"
198.244.242.0 - - [10/Feb/2026:08:10:29 +0000] "GET /casino-liste-casinos-europaisch-im-grosen-gesamtschau HTTP/1.1" 200 39694 kenilworthcourt.com "-" "Mozilla/5.0 (compatible; AhrefsBot/7.0; +http://ahrefs.com/robot/)" "-"
51.195.183.0 - - [10/Feb/2026:08:10:42 +0000] "GET /zachem-individy-tsenjat-chuvstva-dazhe-negativnye/feed HTTP/1.1" 200 927 kenilworthcourt.com "-" "Mozilla/5.0 (compatible; AhrefsBot/7.0; +http://ahrefs.com/robot/)" "-"
51.195.215.0 - - [10/Feb/2026:08:10:56 +0000] "GET /festival-king-baby-bloomers-casino-position-enjoy-on-the-web-inside-trial-form-at-the-rollxo-casino/feed HTTP/1.1" 200 1042 kenilworthcourt.com "-" "Mozilla/5.0 (compatible; AhrefsBot/7.0; +http://ahrefs.com/robot/)" "-"
51.195.244.0 - - [10/Feb/2026:08:11:13 +0000] "GET /bingo-game-one-spend-real-money-9winz-app-download-and-the-ways-to-ensure-you-get-your-dollars/feed HTTP/1.1" 200 1027 kenilworthcourt.com "-" "Mozilla/5.0 (compatible; AhrefsBot/7.0; +http://ahrefs.com/robot/)" "-"
51.89.129.0 - - [10/Feb/2026:08:11:27 +0000] "GET /chief-cooks-casino-pokie-aloha-cluster-pays-real-money-casino-comment-2025-a-hundred-fs-for-5-deposit/feed HTTP/1.1" 200 1049 kenilworthcourt.com "-" "Mozilla/5.0 (compatible; AhrefsBot/7.0; +http://ahrefs.com/robot/)" "-"
