85.208.98.0 - - [10/Feb/2026:05:09:58 +0000] "GET /manicotti-tetmosifoni-k.html HTTP/1.1" 429 267 kenilworthcourt.com "-" "Mozilla/5.0 (compatible; SemrushBot-BA; +http://www.semrush.com/bot.html)" "-"
198.244.240.0 - - [10/Feb/2026:05:10:04 +0000] "GET /flowers-christmas-time-model-casino-slot-games-play-magic-love-80-free-spins-totally-free-trial-inside-the-uk HTTP/1.1" 200 35875 kenilworthcourt.com "-" "Mozilla/5.0 (compatible; AhrefsBot/7.0; +http://ahrefs.com/robot/)" "-"
85.208.98.0 - - [10/Feb/2026:05:10:08 +0000] "GET /elementi-termosifoni-in-alluminio-prezzi-amazon-k.html HTTP/1.1" 429 267 kenilworthcourt.com "-" "Mozilla/5.0 (compatible; SemrushBot-BA; +http://www.semrush.com/bot.html)" "-"
3.83.76.0 - - [10/Feb/2026:05:10:10 +0000] "GET /tag/bet-safe-bet HTTP/1.1" 200 89030 kenilworthcourt.com "-" "TerraCotta https://github.com/CeramicTeam/CeramicTerracotta" "-"
3.83.76.0 - - [10/Feb/2026:05:10:14 +0000] "GET /fishin-frenzy-even-bigger-fish-2-slot HTTP/1.1" 200 33738 kenilworthcourt.com "-" "TerraCotta https://github.com/CeramicTeam/CeramicTerracotta" "-"
192.64.112.0 - - [10/Feb/2026:05:10:16 +0000] "GET /wp-login.php HTTP/1.1" 200 4740 kenilworthcourt.com "-" "Mozilla/5.0 (Windows NT 10.0; Win64; x64) AppleWebKit/537.36 (KHTML, like Gecko) Chrome/130.0.0.0 Safari/537.36" "-"
14.249.139.0 - - [10/Feb/2026:05:10:17 +0000] "GET /188bet-vao-bong-159 HTTP/1.1" 200 37600 kenilworthcourt.com "-" "Mozilla/5.0 (Macintosh; Intel Mac OS X 10_15_0) AppleWebKit/537.36 (KHTML, like Gecko) Chrome/89.0.4389.114 Safari/537.36" "-"
51.195.183.0 - - [10/Feb/2026:05:10:20 +0000] "GET /category/uncategorized/page/465 HTTP/1.1" 200 53638 kenilworthcourt.com "-" "Mozilla/5.0 (compatible; AhrefsBot/7.0; +http://ahrefs.com/robot/)" "-"
130.185.85.0 - - [10/Feb/2026:05:10:23 +0000] "POST /owa/auth.owa HTTP/1.1" 404 24756 kenilworthcourt.com "https://kenilworthcourt.com/owa/auth/logon.aspx?replaceCurrent=1&url=https%3a%2f%2fkenilworthcourt.com%2fowa%2f" "Mozilla/5.0 (Windows NT 10.0; Win64; x64) AppleWebKit/537.36 (KHTML, like Gecko) Chrome/96.0.4664.110 Safari/537.36" "-"
85.208.98.0 - - [10/Feb/2026:05:10:26 +0000] "GET /salomon-headquarters-k.html HTTP/1.1" 429 267 kenilworthcourt.com "-" "Mozilla/5.0 (compatible; SemrushBot-BA; +http://www.semrush.com/bot.html)" "-"
3.83.76.0 - - [10/Feb/2026:05:10:34 +0000] "GET /tag/casino-mcw-login HTTP/1.1" 200 73951 kenilworthcourt.com "-" "TerraCotta https://github.com/CeramicTeam/CeramicTerracotta" "-"
51.195.244.0 - - [10/Feb/2026:05:10:35 +0000] "GET /internet-gemblingplatforma-s-vozmozhnostju-pari-na-sport-i-odnorukimi-banditami/feed HTTP/1.1" 200 1051 kenilworthcourt.com "-" "Mozilla/5.0 (compatible; AhrefsBot/7.0; +http://ahrefs.com/robot/)" "-"
5.161.107.0 - - [10/Feb/2026:05:10:47 +0000] "GET /wp-login.php HTTP/1.1" 200 4740 kenilworthcourt.com "-" "Mozilla/5.0 (Windows NT 10.0; Win64; x64) AppleWebKit/537.36 (KHTML, like Gecko) Chrome/130.0.0.0 Safari/537.36" "-"
51.195.244.0 - - [10/Feb/2026:05:10:50 +0000] "GET /10-greatest-online-gambling-web-sites-and-you-can-gambling-4-seasons-5-deposit-enterprises-in-the-canada-2025/feed HTTP/1.1" 200 1073 kenilworthcourt.com "-" "Mozilla/5.0 (compatible; AhrefsBot/7.0; +http://ahrefs.com/robot/)" "-"
3.83.76.0 - - [10/Feb/2026:05:10:55 +0000] "GET /category/car-service-606 HTTP/1.1" 200 55265 kenilworthcourt.com "-" "TerraCotta https://github.com/CeramicTeam/CeramicTerracotta" "-"
5.161.107.0 - - [10/Feb/2026:05:11:00 +0000] "POST /wp-login.php HTTP/1.1" 200 5110 kenilworthcourt.com "https://kenilworthcourt.com/wp-login.php" "Mozilla/5.0 (Windows NT 10.0; Win64; x64) AppleWebKit/537.36 (KHTML, like Gecko) Chrome/130.0.0.0 Safari/537.36" "-"
54.83.240.0 - - [10/Feb/2026:05:11:00 +0000] "GET /wp-json/oembed/1.0/embed?url=https://kenilworthcourt.com/spinaway-casino HTTP/1.1" 200 2177 kenilworthcourt.com "-" "Mozilla/5.0 AppleWebKit/537.36 (KHTML, like Gecko; compatible; Amazonbot/0.1; +https://developer.amazon.com/support/amazonbot) Chrome/119.0.6045.214 Safari/537.36" "-"
148.113.194.0 - - [10/Feb/2026:05:11:01 +0000] "GET /wp-login.php HTTP/1.1" 200 4740 kenilworthcourt.com "-" "Mozilla/5.0 (Windows NT 10.0; Win64; x64) AppleWebKit/537.36 (KHTML, like Gecko) Chrome/130.0.0.0 Safari/537.36" "-"
54.156.55.0 - - [10/Feb/2026:05:11:03 +0000] "GET /wp-json/wp/v2/posts/22581 HTTP/1.1" 200 4095 kenilworthcourt.com "-" "Mozilla/5.0 AppleWebKit/537.36 (KHTML, like Gecko; compatible; Amazonbot/0.1; +https://developer.amazon.com/support/amazonbot) Chrome/119.0.6045.214 Safari/537.36" "-"
51.89.129.0 - - [10/Feb/2026:05:11:05 +0000] "GET /shangrila-bonus-joik-ultra-sevens-online-anmeldelse-opptil-1200-det-kan-ikke-nektes-novyy-ritm/feed HTTP/1.1" 200 1043 kenilworthcourt.com "-" "Mozilla/5.0 (compatible; AhrefsBot/7.0; +http://ahrefs.com/robot/)" "-"
3.83.76.0 - - [10/Feb/2026:05:11:05 +0000] "GET /maneki-casino-ihr-gluck-liegt-in-ihren-handen HTTP/1.1" 200 31153 kenilworthcourt.com "-" "TerraCotta https://github.com/CeramicTeam/CeramicTerracotta" "-"
34.206.249.0 - - [10/Feb/2026:05:11:06 +0000] "GET /wp-json/oembed/1.0/embed?format=xml&url=https://kenilworthcourt.com/ms-microsoft-365-pro-plus-x64-silent-activation-setup-file-english-ultra-lite-edition-eztv-dow%25f0%259d%259a%2597l%25f0%259d%259a%2598ad-to%25f0%259d%259a%259brent HTTP/1.1" 200 2924 kenilworthcourt.com "-" "Mozilla/5.0 AppleWebKit/537.36 (KHTML, like Gecko; compatible; Amazonbot/0.1; +https://developer.amazon.com/support/amazonbot) Chrome/119.0.6045.214 Safari/537.36" "-"
2a03:2880:f800:: - - [10/Feb/2026:05:11:11 +0000] "GET /casinova-online-casino-ja-live-dealer-pelit-oikeal HTTP/1.1" 200 35666 kenilworthcourt.com "-" "meta-externalagent/1.1 (+https://developers.facebook.com/docs/sharing/webmasters/crawler)" "-"
44.195.50.0 - - [10/Feb/2026:05:11:12 +0000] "GET /wp-json/oembed/1.0/embed?format=xml&url=https://kenilworthcourt.com/office-365-small-business-arm-slim-to%25f0%259d%259a%259brent-dow%25f0%259d%259a%2597l%25f0%259d%259a%2598ad HTTP/1.1" 200 2638 kenilworthcourt.com "-" "Mozilla/5.0 AppleWebKit/537.36 (KHTML, like Gecko; compatible; Amazonbot/0.1; +https://developer.amazon.com/support/amazonbot) Chrome/119.0.6045.214 Safari/537.36" "-"
148.113.194.0 - - [10/Feb/2026:05:11:13 +0000] "POST /wp-login.php HTTP/1.1" 200 5110 kenilworthcourt.com "https://kenilworthcourt.com/wp-login.php" "Mozilla/5.0 (Windows NT 10.0; Win64; x64) AppleWebKit/537.36 (KHTML, like Gecko) Chrome/130.0.0.0 Safari/537.36" "-"
103.56.161.0 - - [10/Feb/2026:05:11:15 +0000] "GET /wp-login.php HTTP/1.1" 200 4740 kenilworthcourt.com "-" "Mozilla/5.0 (Windows NT 10.0; Win64; x64) AppleWebKit/537.36 (KHTML, like Gecko) Chrome/130.0.0.0 Safari/537.36" "-"
59.103.34.0 - - [10/Feb/2026:05:11:15 +0000] "GET /?p=9931087498 HTTP/1.1" 301 289 kenilworthcourt.com "http://kenilworthcourt.com/" "Mozilla/5.0 (Macintosh; Intel Mac OS X 10_15_7) AppleWebKit/537.36 (KHTML, like Gecko) Chrome/134.0.0.0 Safari/537.36" "-"
100.28.57.0 - - [10/Feb/2026:05:11:17 +0000] "GET /mystake-dino/feed HTTP/1.1" 200 781 kenilworthcourt.com "-" "Mozilla/5.0 AppleWebKit/537.36 (KHTML, like Gecko; compatible; Amazonbot/0.1; +https://developer.amazon.com/support/amazonbot) Chrome/119.0.6045.214 Safari/537.36" "-"
191.85.34.0 - - [10/Feb/2026:05:11:20 +0000] "GET /?p=9931087498 HTTP/1.1" 404 24756 kenilworthcourt.com "http://kenilworthcourt.com/" "Mozilla/5.0 (Macintosh; Intel Mac OS X 10_15_7) AppleWebKit/537.36 (KHTML, like Gecko) Chrome/134.0.0.0 Safari/537.36" "-"
98.82.66.0 - - [10/Feb/2026:05:11:21 +0000] "GET /winspark-casino-login-199/feed HTTP/1.1" 200 841 kenilworthcourt.com "-" "Mozilla/5.0 AppleWebKit/537.36 (KHTML, like Gecko; compatible; Amazonbot/0.1; +https://developer.amazon.com/support/amazonbot) Chrome/119.0.6045.214 Safari/537.36" "-"
51.195.244.0 - - [10/Feb/2026:05:11:24 +0000] "GET /en-sejo-sem-gpis-acessivel-mega-wheel-dragon-tiger-150-revisoes-gratuitas-sem-casa-armazem-dezembro/feed HTTP/1.1" 200 1045 kenilworthcourt.com "-" "Mozilla/5.0 (compatible; AhrefsBot/7.0; +http://ahrefs.com/robot/)" "-"
3.83.76.0 - - [10/Feb/2026:05:11:25 +0000] "GET /category/20bet-app-739 HTTP/1.1" 200 66849 kenilworthcourt.com "-" "TerraCotta https://github.com/CeramicTeam/CeramicTerracotta" "-"
3.89.170.0 - - [10/Feb/2026:05:11:25 +0000] "GET /der-aufstieg-mobiler-spiele-in-der-casino-branche-366 HTTP/1.1" 200 31552 kenilworthcourt.com "-" "Mozilla/5.0 AppleWebKit/537.36 (KHTML, like Gecko; compatible; Amazonbot/0.1; +https://developer.amazon.com/support/amazonbot) Chrome/119.0.6045.214 Safari/537.36" "-"
107.20.181.0 - - [10/Feb/2026:05:11:27 +0000] "GET /redefinerer-online-underholdning-i-danmark-med-leovegas-casino/feed HTTP/1.1" 200 931 kenilworthcourt.com "-" "Mozilla/5.0 AppleWebKit/537.36 (KHTML, like Gecko; compatible; Amazonbot/0.1; +https://developer.amazon.com/support/amazonbot) Chrome/119.0.6045.214 Safari/537.36" "-"
103.56.161.0 - - [10/Feb/2026:05:11:27 +0000] "POST /wp-login.php HTTP/1.1" 200 5110 kenilworthcourt.com "https://kenilworthcourt.com/wp-login.php" "Mozilla/5.0 (Windows NT 10.0; Win64; x64) AppleWebKit/537.36 (KHTML, like Gecko) Chrome/130.0.0.0 Safari/537.36" "-"
100.25.120.0 - - [10/Feb/2026:05:11:32 +0000] "GET /wp-json/wp/v2/posts/12088 HTTP/1.1" 200 10705 kenilworthcourt.com "-" "Mozilla/5.0 AppleWebKit/537.36 (KHTML, like Gecko; compatible; Amazonbot/0.1; +https://developer.amazon.com/support/amazonbot) Chrome/119.0.6045.214 Safari/537.36" "-"
3.83.76.0 - - [10/Feb/2026:05:11:33 +0000] "GET /simsino-casino HTTP/1.1" 200 34499 kenilworthcourt.com "-" "TerraCotta https://github.com/CeramicTeam/CeramicTerracotta" "-"
23.21.148.0 - - [10/Feb/2026:05:11:35 +0000] "GET /wp-json/wp/v2/posts/20562 HTTP/1.1" 200 23446 kenilworthcourt.com "-" "Mozilla/5.0 AppleWebKit/537.36 (KHTML, like Gecko; compatible; Amazonbot/0.1; +https://developer.amazon.com/support/amazonbot) Chrome/119.0.6045.214 Safari/537.36" "-"
3.220.148.0 - - [10/Feb/2026:05:11:42 +0000] "GET /wp-json/wp/v2/posts/13892 HTTP/1.1" 200 7876 kenilworthcourt.com "-" "Mozilla/5.0 AppleWebKit/537.36 (KHTML, like Gecko; compatible; Amazonbot/0.1; +https://developer.amazon.com/support/amazonbot) Chrome/119.0.6045.214 Safari/537.36" "-"
51.89.129.0 - - [10/Feb/2026:05:11:42 +0000] "GET /tag/888starz-bonus HTTP/1.1" 200 91707 kenilworthcourt.com "-" "Mozilla/5.0 (compatible; AhrefsBot/7.0; +http://ahrefs.com/robot/)" "-"
3.211.105.0 - - [10/Feb/2026:05:11:43 +0000] "GET /betriot-recensioni-287 HTTP/1.1" 200 44983 kenilworthcourt.com "-" "Mozilla/5.0 AppleWebKit/537.36 (KHTML, like Gecko; compatible; Amazonbot/0.1; +https://developer.amazon.com/support/amazonbot) Chrome/119.0.6045.214 Safari/537.36" "-"
44.216.172.0 - - [10/Feb/2026:05:11:46 +0000] "GET /wp-json/oembed/1.0/embed?url=https://kenilworthcourt.com/gamble-dragon-hook-slot-machine-game-at-no-cost-no-install-needed HTTP/1.1" 200 2427 kenilworthcourt.com "-" "Mozilla/5.0 AppleWebKit/537.36 (KHTML, like Gecko; compatible; Amazonbot/0.1; +https://developer.amazon.com/support/amazonbot) Chrome/119.0.6045.214 Safari/537.36" "-"
3.83.76.0 - - [10/Feb/2026:05:11:50 +0000] "GET /vegas-nova-online-casino-gaming-experience-review HTTP/1.1" 200 35352 kenilworthcourt.com "-" "TerraCotta https://github.com/CeramicTeam/CeramicTerracotta" "-"
54.85.126.0 - - [10/Feb/2026:05:11:50 +0000] "GET /wp-json/oembed/1.0/embed?format=xml&url=https://kenilworthcourt.com/spinmama-casino-twoje-ostateczne-miejsce-gry-online HTTP/1.1" 200 2503 kenilworthcourt.com "-" "Mozilla/5.0 AppleWebKit/537.36 (KHTML, like Gecko; compatible; Amazonbot/0.1; +https://developer.amazon.com/support/amazonbot) Chrome/119.0.6045.214 Safari/537.36" "-"
57.128.2.0 - - [10/Feb/2026:05:11:51 +0000] "GET /wp-login.php HTTP/1.1" 200 4740 kenilworthcourt.com "-" "Mozilla/5.0 (Windows NT 10.0; Win64; x64) AppleWebKit/537.36 (KHTML, like Gecko) Chrome/130.0.0.0 Safari/537.36" "-"
172.245.102.0 - - [10/Feb/2026:05:11:56 +0000] "POST /wp-login.php HTTP/1.1" 200 5110 kenilworthcourt.com "-" "Mozilla/5.0" "-"
37.140.223.0 - - [10/Feb/2026:05:11:56 +0000] "POST /wp-login.php HTTP/1.1" 200 5162 kenilworthcourt.com "-" "Mozilla/5.0" "-"
198.244.240.0 - - [10/Feb/2026:05:11:58 +0000] "GET /category/8xbet-vina-213/feed HTTP/1.1" 200 49618 kenilworthcourt.com "-" "Mozilla/5.0 (compatible; AhrefsBot/7.0; +http://ahrefs.com/robot/)" "-"
54.198.33.0 - - [10/Feb/2026:05:11:58 +0000] "GET /tag/how-much-does-gas-cost/feed HTTP/1.1" 200 14799 kenilworthcourt.com "-" "Mozilla/5.0 AppleWebKit/537.36 (KHTML, like Gecko; compatible; Amazonbot/0.1; +https://developer.amazon.com/support/amazonbot) Chrome/119.0.6045.214 Safari/537.36" "-"
3.232.102.0 - - [10/Feb/2026:05:12:00 +0000] "GET /wp-json/oembed/1.0/embed?format=xml&url=https://kenilworthcourt.com/vegas-vulkan-300 HTTP/1.1" 200 2379 kenilworthcourt.com "-" "Mozilla/5.0 AppleWebKit/537.36 (KHTML, like Gecko; compatible; Amazonbot/0.1; +https://developer.amazon.com/support/amazonbot) Chrome/119.0.6045.214 Safari/537.36" "-"
34.206.249.0 - - [10/Feb/2026:05:12:03 +0000] "GET /wp-json/wp/v2/posts/11697 HTTP/1.1" 200 11459 kenilworthcourt.com "-" "Mozilla/5.0 AppleWebKit/537.36 (KHTML, like Gecko; compatible; Amazonbot/0.1; +https://developer.amazon.com/support/amazonbot) Chrome/119.0.6045.214 Safari/537.36" "-"
57.128.2.0 - - [10/Feb/2026:05:12:03 +0000] "POST /wp-login.php HTTP/1.1" 200 5110 kenilworthcourt.com "https://kenilworthcourt.com/wp-login.php" "Mozilla/5.0 (Windows NT 10.0; Win64; x64) AppleWebKit/537.36 (KHTML, like Gecko) Chrome/130.0.0.0 Safari/537.36" "-"
23.20.178.0 - - [10/Feb/2026:05:12:07 +0000] "GET /wp-json/oembed/1.0/embed?url=https://kenilworthcourt.com/spin-bizzo-casino-123 HTTP/1.1" 200 2351 kenilworthcourt.com "-" "Mozilla/5.0 AppleWebKit/537.36 (KHTML, like Gecko; compatible; Amazonbot/0.1; +https://developer.amazon.com/support/amazonbot) Chrome/119.0.6045.214 Safari/537.36" "-"
52.200.93.0 - - [10/Feb/2026:05:12:10 +0000] "GET /wp-json/oembed/1.0/embed?format=xml&url=https://kenilworthcourt.com/winspark-50-giri-gratis-79 HTTP/1.1" 200 2444 kenilworthcourt.com "-" "Mozilla/5.0 AppleWebKit/537.36 (KHTML, like Gecko; compatible; Amazonbot/0.1; +https://developer.amazon.com/support/amazonbot) Chrome/119.0.6045.214 Safari/537.36" "-"
85.208.98.0 - - [10/Feb/2026:05:12:11 +0000] "GET /e-marinella-cravatte-k.html HTTP/1.1" 429 267 kenilworthcourt.com "-" "Mozilla/5.0 (compatible; SemrushBot-BA; +http://www.semrush.com/bot.html)" "-"
85.208.98.0 - - [10/Feb/2026:05:12:11 +0000] "GET /michael-m-anello-k.html HTTP/1.1" 429 267 kenilworthcourt.com "-" "Mozilla/5.0 (compatible; SemrushBot-BA; +http://www.semrush.com/bot.html)" "-"
51.195.244.0 - - [10/Feb/2026:05:12:11 +0000] "GET /free-fortune-gems-763 HTTP/1.1" 200 47219 kenilworthcourt.com "-" "Mozilla/5.0 (compatible; AhrefsBot/7.0; +http://ahrefs.com/robot/)" "-"
44.212.145.0 - - [10/Feb/2026:05:12:14 +0000] "GET /wp-json/oembed/1.0/embed?format=xml&url=https://kenilworthcourt.com/betriot-bonus-540 HTTP/1.1" 200 2438 kenilworthcourt.com "-" "Mozilla/5.0 AppleWebKit/537.36 (KHTML, like Gecko; compatible; Amazonbot/0.1; +https://developer.amazon.com/support/amazonbot) Chrome/119.0.6045.214 Safari/537.36" "-"
3.83.76.0 - - [10/Feb/2026:05:12:19 +0000] "GET /category/casino-hellspin-662 HTTP/1.1" 200 76429 kenilworthcourt.com "-" "TerraCotta https://github.com/CeramicTeam/CeramicTerracotta" "-"
72.167.134.0 - - [10/Feb/2026:05:12:24 +0000] "GET /wp-login.php HTTP/1.1" 200 4740 kenilworthcourt.com "-" "Mozilla/5.0 (Windows NT 10.0; Win64; x64) AppleWebKit/537.36 (KHTML, like Gecko) Chrome/130.0.0.0 Safari/537.36" "-"
198.244.168.0 - - [10/Feb/2026:05:12:27 +0000] "GET /wyns-casino/feed HTTP/1.1" 200 778 kenilworthcourt.com "-" "Mozilla/5.0 (compatible; AhrefsBot/7.0; +http://ahrefs.com/robot/)" "-"
51.195.183.0 - - [10/Feb/2026:05:12:42 +0000] "GET /gold-fish-slot-machine-jogue-os-melhores-jogos-puerilidade-cacao-abicar-mr-bet-anuviado-casino/feed HTTP/1.1" 200 1030 kenilworthcourt.com "-" "Mozilla/5.0 (compatible; AhrefsBot/7.0; +http://ahrefs.com/robot/)" "-"
17.22.253.0 - - [10/Feb/2026:05:12:47 +0000] "GET /wp-content/themes/twentythirteen/fonts/source-sans-pro-plus-bitter.css?ver=20230328 HTTP/1.1" 200 1448 kenilworthcourt.com "https://kenilworthcourt.com/?e=felpa-vans-rossa-e-bianca-p-k4w97qiR" "Mozilla/5.0 (Macintosh; Intel Mac OS X 10_15_7) AppleWebKit/605.1.15 (KHTML, like Gecko) Version/17.4 Safari/605.1.15 (Applebot/0.1; +http://www.apple.com/go/applebot)" "-"
17.22.245.0 - - [10/Feb/2026:05:12:49 +0000] "GET /wp-content/themes/eins/style.css?ver=6.9.1 HTTP/1.1" 200 5426 kenilworthcourt.com "https://kenilworthcourt.com/?e=felpa-vans-rossa-e-bianca-p-k4w97qiR" "Mozilla/5.0 (Macintosh; Intel Mac OS X 10_15_7) AppleWebKit/605.1.15 (KHTML, like Gecko) Version/17.4 Safari/605.1.15 (Applebot/0.1; +http://www.apple.com/go/applebot)" "-"
3.83.76.0 - - [10/Feb/2026:05:12:49 +0000] "GET /online-casino-buitenland HTTP/1.1" 200 33632 kenilworthcourt.com "-" "TerraCotta https://github.com/CeramicTeam/CeramicTerracotta" "-"
17.22.253.0 - - [10/Feb/2026:05:12:50 +0000] "GET /wp-content/themes/twentythirteen/genericons/genericons.css?ver=20251101 HTTP/1.1" 200 19647 kenilworthcourt.com "https://kenilworthcourt.com/?e=felpa-vans-rossa-e-bianca-p-k4w97qiR" "Mozilla/5.0 (Macintosh; Intel Mac OS X 10_15_7) AppleWebKit/605.1.15 (KHTML, like Gecko) Version/17.4 Safari/605.1.15 (Applebot/0.1; +http://www.apple.com/go/applebot)" "-"
17.22.253.0 - - [10/Feb/2026:05:12:51 +0000] "GET /wp-content/themes/twentythirteen/style.css?ver=6.9.1 HTTP/1.1" 200 15170 kenilworthcourt.com "https://kenilworthcourt.com/?e=felpa-vans-rossa-e-bianca-p-k4w97qiR" "Mozilla/5.0 (Macintosh; Intel Mac OS X 10_15_7) AppleWebKit/605.1.15 (KHTML, like Gecko) Version/17.4 Safari/605.1.15 (Applebot/0.1; +http://www.apple.com/go/applebot)" "-"
17.22.253.0 - - [10/Feb/2026:05:12:52 +0000] "GET /wp-content/themes/eins/style.css?ver=20251202 HTTP/1.1" 200 5426 kenilworthcourt.com "https://kenilworthcourt.com/?e=felpa-vans-rossa-e-bianca-p-k4w97qiR" "Mozilla/5.0 (Macintosh; Intel Mac OS X 10_15_7) AppleWebKit/605.1.15 (KHTML, like Gecko) Version/17.4 Safari/605.1.15 (Applebot/0.1; +http://www.apple.com/go/applebot)" "-"
17.22.253.0 - - [10/Feb/2026:05:12:53 +0000] "GET /wp-content/themes/twentythirteen/css/blocks.css?ver=20240520 HTTP/1.1" 200 3686 kenilworthcourt.com "https://kenilworthcourt.com/?e=felpa-vans-rossa-e-bianca-p-k4w97qiR" "Mozilla/5.0 (Macintosh; Intel Mac OS X 10_15_7) AppleWebKit/605.1.15 (KHTML, like Gecko) Version/17.4 Safari/605.1.15 (Applebot/0.1; +http://www.apple.com/go/applebot)" "-"
17.22.245.0 - - [10/Feb/2026:05:12:54 +0000] "GET /wp-includes/js/jquery/jquery.min.js?ver=3.7.1 HTTP/1.1" 200 35532 kenilworthcourt.com "https://kenilworthcourt.com/?e=felpa-vans-rossa-e-bianca-p-k4w97qiR" "Mozilla/5.0 (Macintosh; Intel Mac OS X 10_15_7) AppleWebKit/605.1.15 (KHTML, like Gecko) Version/17.4 Safari/605.1.15 (Applebot/0.1; +http://www.apple.com/go/applebot)" "-"
17.22.245.0 - - [10/Feb/2026:05:12:55 +0000] "GET /wp-includes/js/jquery/jquery-migrate.min.js?ver=3.4.1 HTTP/1.1" 200 5348 kenilworthcourt.com "https://kenilworthcourt.com/?e=felpa-vans-rossa-e-bianca-p-k4w97qiR" "Mozilla/5.0 (Macintosh; Intel Mac OS X 10_15_7) AppleWebKit/605.1.15 (KHTML, like Gecko) Version/17.4 Safari/605.1.15 (Applebot/0.1; +http://www.apple.com/go/applebot)" "-"
131.72.236.0 - - [10/Feb/2026:05:12:56 +0000] "GET /wp-login.php HTTP/1.1" 200 4740 kenilworthcourt.com "-" "Mozilla/5.0 (Windows NT 10.0; Win64; x64) AppleWebKit/537.36 (KHTML, like Gecko) Chrome/130.0.0.0 Safari/537.36" "-"
17.22.237.0 - - [10/Feb/2026:05:12:57 +0000] "GET /wp-content/themes/twentythirteen/js/functions.js?ver=20250727 HTTP/1.1" 200 1723 kenilworthcourt.com "https://kenilworthcourt.com/?e=felpa-vans-rossa-e-bianca-p-k4w97qiR" "Mozilla/5.0 (Macintosh; Intel Mac OS X 10_15_7) AppleWebKit/605.1.15 (KHTML, like Gecko) Version/17.4 Safari/605.1.15 (Applebot/0.1; +http://www.apple.com/go/applebot)" "-"
51.195.215.0 - - [10/Feb/2026:05:12:57 +0000] "GET /ultimatedefrag-portable-final-no-virus-ultimate/feed HTTP/1.1" 200 888 kenilworthcourt.com "-" "Mozilla/5.0 (compatible; AhrefsBot/7.0; +http://ahrefs.com/robot/)" "-"
17.22.237.0 - - [10/Feb/2026:05:12:58 +0000] "GET /wp-includes/js/comment-reply.min.js?ver=6.9.1 HTTP/1.1" 200 1422 kenilworthcourt.com "https://kenilworthcourt.com/?e=felpa-vans-rossa-e-bianca-p-k4w97qiR" "Mozilla/5.0 (Macintosh; Intel Mac OS X 10_15_7) AppleWebKit/605.1.15 (KHTML, like Gecko) Version/17.4 Safari/605.1.15 (Applebot/0.1; +http://www.apple.com/go/applebot)" "-"
17.22.245.0 - - [10/Feb/2026:05:12:58 +0000] "GET /wp-includes/js/wp-emoji-release.min.js?ver=6.9.1 HTTP/1.1" 200 6295 kenilworthcourt.com "https://kenilworthcourt.com/?e=felpa-vans-rossa-e-bianca-p-k4w97qiR" "Mozilla/5.0 (Macintosh; Intel Mac OS X 10_15_7) AppleWebKit/605.1.15 (KHTML, like Gecko) Version/17.4 Safari/605.1.15 (Applebot/0.1; +http://www.apple.com/go/applebot)" "-"
131.72.236.0 - - [10/Feb/2026:05:13:09 +0000] "POST /wp-login.php HTTP/1.1" 200 5110 kenilworthcourt.com "https://kenilworthcourt.com/wp-login.php" "Mozilla/5.0 (Windows NT 10.0; Win64; x64) AppleWebKit/537.36 (KHTML, like Gecko) Chrome/130.0.0.0 Safari/537.36" "-"
198.244.183.0 - - [10/Feb/2026:05:13:11 +0000] "GET /experience-the-thrills-of-divaspin-casino-and-spor/feed HTTP/1.1" 200 907 kenilworthcourt.com "-" "Mozilla/5.0 (compatible; AhrefsBot/7.0; +http://ahrefs.com/robot/)" "-"
3.83.76.0 - - [10/Feb/2026:05:13:13 +0000] "GET /category/hellspin-casino-login-australia-987 HTTP/1.1" 200 64904 kenilworthcourt.com "-" "TerraCotta https://github.com/CeramicTeam/CeramicTerracotta" "-"
101.0.79.0 - - [10/Feb/2026:05:13:15 +0000] "GET /wp-login.php HTTP/1.1" 200 4740 kenilworthcourt.com "-" "Mozilla/5.0 (Windows NT 10.0; Win64; x64) AppleWebKit/537.36 (KHTML, like Gecko) Chrome/130.0.0.0 Safari/537.36" "-"
198.244.242.0 - - [10/Feb/2026:05:13:25 +0000] "GET /golden-panda-casino-unleash-your-inner-gambler-wit/feed HTTP/1.1" 200 909 kenilworthcourt.com "-" "Mozilla/5.0 (compatible; AhrefsBot/7.0; +http://ahrefs.com/robot/)" "-"
101.0.79.0 - - [10/Feb/2026:05:13:27 +0000] "POST /wp-login.php HTTP/1.1" 200 5110 kenilworthcourt.com "https://kenilworthcourt.com/wp-login.php" "Mozilla/5.0 (Windows NT 10.0; Win64; x64) AppleWebKit/537.36 (KHTML, like Gecko) Chrome/130.0.0.0 Safari/537.36" "-"
3.83.76.0 - - [10/Feb/2026:05:13:37 +0000] "GET /tag/usdt-trx HTTP/1.1" 200 36519 kenilworthcourt.com "-" "TerraCotta https://github.com/CeramicTeam/CeramicTerracotta" "-"
51.89.129.0 - - [10/Feb/2026:05:13:41 +0000] "GET /explorando-el-mundo-de-chicken-road-una-aventura-a/feed HTTP/1.1" 200 929 kenilworthcourt.com "-" "Mozilla/5.0 (compatible; AhrefsBot/7.0; +http://ahrefs.com/robot/)" "-"
103.187.146.0 - - [10/Feb/2026:05:13:42 +0000] "GET /wp-login.php HTTP/1.1" 200 4740 kenilworthcourt.com "-" "Mozilla/5.0 (Windows NT 10.0; Win64; x64) AppleWebKit/537.36 (KHTML, like Gecko) Chrome/130.0.0.0 Safari/537.36" "-"
3.83.76.0 - - [10/Feb/2026:05:13:44 +0000] "GET /category/bet-20-435 HTTP/1.1" 200 68916 kenilworthcourt.com "-" "TerraCotta https://github.com/CeramicTeam/CeramicTerracotta" "-"
3.83.76.0 - - [10/Feb/2026:05:13:47 +0000] "GET /tag/phlwin-free-200 HTTP/1.1" 200 139629 kenilworthcourt.com "-" "TerraCotta https://github.com/CeramicTeam/CeramicTerracotta" "-"
103.187.146.0 - - [10/Feb/2026:05:13:54 +0000] "POST /wp-login.php HTTP/1.1" 200 5110 kenilworthcourt.com "https://kenilworthcourt.com/wp-login.php" "Mozilla/5.0 (Windows NT 10.0; Win64; x64) AppleWebKit/537.36 (KHTML, like Gecko) Chrome/130.0.0.0 Safari/537.36" "-"
54.38.147.0 - - [10/Feb/2026:05:13:56 +0000] "GET /immerja-se-no-mundo-do-bassbet-desbloqueie-possibi/feed HTTP/1.1" 200 921 kenilworthcourt.com "-" "Mozilla/5.0 (compatible; AhrefsBot/7.0; +http://ahrefs.com/robot/)" "-"
3.83.76.0 - - [10/Feb/2026:05:14:10 +0000] "GET /category/hellspin-bonus-code-australia-472 HTTP/1.1" 200 59129 kenilworthcourt.com "-" "TerraCotta https://github.com/CeramicTeam/CeramicTerracotta" "-"
51.195.215.0 - - [10/Feb/2026:05:14:13 +0000] "GET /zumospin/feed HTTP/1.1" 200 769 kenilworthcourt.com "-" "Mozilla/5.0 (compatible; AhrefsBot/7.0; +http://ahrefs.com/robot/)" "-"
84.37.180.0 - - [10/Feb/2026:05:14:20 +0000] "GET /wp-json/wp/v2/pages/12 HTTP/1.1" 200 3107 kenilworthcourt.com "-" "Mozilla/5.0 (Macintosh; Intel Mac OS X 10_15_7) AppleWebKit/537.36 (KHTML, like Gecko) Chrome/139.0.0.0 Safari/537.36" "-"
84.37.180.0 - - [10/Feb/2026:05:14:21 +0000] "GET /favicon.ico HTTP/1.1" 302 - kenilworthcourt.com "https://kenilworthcourt.com/wp-json/wp/v2/pages/12" "Mozilla/5.0 (Macintosh; Intel Mac OS X 10_15_7) AppleWebKit/537.36 (KHTML, like Gecko) Chrome/139.0.0.0 Safari/537.36" "-"
198.244.240.0 - - [10/Feb/2026:05:14:27 +0000] "GET /office-2025-bypassed-activation-direct-link-v16-89-no-online-sign-in-debloated-eztv-direct-download/feed HTTP/1.1" 200 1044 kenilworthcourt.com "-" "Mozilla/5.0 (compatible; AhrefsBot/7.0; +http://ahrefs.com/robot/)" "-"
3.83.76.0 - - [10/Feb/2026:05:14:34 +0000] "GET /category/20-bet-casino-553 HTTP/1.1" 200 75797 kenilworthcourt.com "-" "TerraCotta https://github.com/CeramicTeam/CeramicTerracotta" "-"
3.83.76.0 - - [10/Feb/2026:05:14:37 +0000] "GET /opiniones-reales-sobre-kudos-casino-bonos-y-sus-bonos-2025 HTTP/1.1" 200 34939 kenilworthcourt.com "-" "TerraCotta https://github.com/CeramicTeam/CeramicTerracotta" "-"
3.83.76.0 - - [10/Feb/2026:05:14:40 +0000] "GET /category/tadhana-slot-777-login-download-586 HTTP/1.1" 200 79781 kenilworthcourt.com "-" "TerraCotta https://github.com/CeramicTeam/CeramicTerracotta" "-"
198.244.240.0 - - [10/Feb/2026:05:14:44 +0000] "GET /app/feed HTTP/1.1" 200 754 kenilworthcourt.com "-" "Mozilla/5.0 (compatible; AhrefsBot/7.0; +http://ahrefs.com/robot/)" "-"
3.83.76.0 - - [10/Feb/2026:05:14:44 +0000] "GET /category/my-stake-casino HTTP/1.1" 200 36663 kenilworthcourt.com "-" "TerraCotta https://github.com/CeramicTeam/CeramicTerracotta" "-"
3.83.76.0 - - [10/Feb/2026:05:14:48 +0000] "GET /category/slottica-casino-pl-764 HTTP/1.1" 200 60311 kenilworthcourt.com "-" "TerraCotta https://github.com/CeramicTeam/CeramicTerracotta" "-"
3.83.76.0 - - [10/Feb/2026:05:14:52 +0000] "GET /escort-brno-objev-vice HTTP/1.1" 200 41372 kenilworthcourt.com "-" "TerraCotta https://github.com/CeramicTeam/CeramicTerracotta" "-"
23.92.16.0 - - [10/Feb/2026:05:14:53 +0000] "GET /feed HTTP/1.1" 304 - kenilworthcourt.com "-" "MuckRackFeedParser/1.0 +https://muckrack.com" "-"
51.195.244.0 - - [10/Feb/2026:05:15:02 +0000] "GET /5-lions-megaways-2-slot/feed HTTP/1.1" 200 814 kenilworthcourt.com "-" "Mozilla/5.0 (compatible; AhrefsBot/7.0; +http://ahrefs.com/robot/)" "-"
3.83.76.0 - - [10/Feb/2026:05:15:16 +0000] "GET /the-hub-of-continuous-incentives-for-united-kingdom-germany-and-tuerkiye-is-vegas-nova HTTP/1.1" 200 35668 kenilworthcourt.com "-" "TerraCotta https://github.com/CeramicTeam/CeramicTerracotta" "-"
51.89.129.0 - - [10/Feb/2026:05:15:20 +0000] "GET /idraet-gratis-spilleautomater-slot-beetle-frenzy-pa-eksklusiv-downloadning/feed HTTP/1.1" 200 968 kenilworthcourt.com "-" "Mozilla/5.0 (compatible; AhrefsBot/7.0; +http://ahrefs.com/robot/)" "-"
3.83.76.0 - - [10/Feb/2026:05:15:22 +0000] "GET /tag/0x02ad6dfa HTTP/1.1" 200 26282 kenilworthcourt.com "-" "TerraCotta https://github.com/CeramicTeam/CeramicTerracotta" "-"
198.244.168.0 - - [10/Feb/2026:05:15:36 +0000] "GET /big-bass-bonanza-1000-slot-2/feed HTTP/1.1" 200 827 kenilworthcourt.com "-" "Mozilla/5.0 (compatible; AhrefsBot/7.0; +http://ahrefs.com/robot/)" "-"
131.72.236.0 - - [10/Feb/2026:05:15:41 +0000] "GET /wp-login.php HTTP/1.1" 200 4740 kenilworthcourt.com "-" "Mozilla/5.0 (Windows NT 10.0; Win64; x64) AppleWebKit/537.36 (KHTML, like Gecko) Chrome/130.0.0.0 Safari/537.36" "-"
51.195.215.0 - - [10/Feb/2026:05:15:49 +0000] "GET /embark-on-a-journey-with-book-of-dead-slot-ancient-riches-await/feed HTTP/1.1" 200 935 kenilworthcourt.com "-" "Mozilla/5.0 (compatible; AhrefsBot/7.0; +http://ahrefs.com/robot/)" "-"
3.83.76.0 - - [10/Feb/2026:05:15:50 +0000] "GET /category/777-slot-318 HTTP/1.1" 200 65280 kenilworthcourt.com "-" "TerraCotta https://github.com/CeramicTeam/CeramicTerracotta" "-"
131.72.236.0 - - [10/Feb/2026:05:15:54 +0000] "POST /wp-login.php HTTP/1.1" 200 5110 kenilworthcourt.com "https://kenilworthcourt.com/wp-login.php" "Mozilla/5.0 (Windows NT 10.0; Win64; x64) AppleWebKit/537.36 (KHTML, like Gecko) Chrome/130.0.0.0 Safari/537.36" "-"
198.244.242.0 - - [10/Feb/2026:05:15:59 +0000] "GET /eye-of-horus-power-4-slot/feed HTTP/1.1" 200 820 kenilworthcourt.com "-" "Mozilla/5.0 (compatible; AhrefsBot/7.0; +http://ahrefs.com/robot/)" "-"
4.204.8.0 - - [10/Feb/2026:05:16:05 +0000] "GET /wp-login.php HTTP/1.1" 200 4740 kenilworthcourt.com "-" "Mozilla/5.0 (Windows NT 10.0; Win64; x64) AppleWebKit/537.36 (KHTML, like Gecko) Chrome/130.0.0.0 Safari/537.36" "-"
51.89.129.0 - - [10/Feb/2026:05:16:08 +0000] "GET /tadhana-slot-777-login-242/feed HTTP/1.1" 200 883 kenilworthcourt.com "-" "Mozilla/5.0 (compatible; AhrefsBot/7.0; +http://ahrefs.com/robot/)" "-"
3.83.76.0 - - [10/Feb/2026:05:16:09 +0000] "GET /tag/20-pm-bet HTTP/1.1" 200 52680 kenilworthcourt.com "-" "TerraCotta https://github.com/CeramicTeam/CeramicTerracotta" "-"
4.204.8.0 - - [10/Feb/2026:05:16:17 +0000] "POST /wp-login.php HTTP/1.1" 200 5110 kenilworthcourt.com "https://kenilworthcourt.com/wp-login.php" "Mozilla/5.0 (Windows NT 10.0; Win64; x64) AppleWebKit/537.36 (KHTML, like Gecko) Chrome/130.0.0.0 Safari/537.36" "-"
198.244.242.0 - - [10/Feb/2026:05:16:18 +0000] "GET /tag/ggbet-free-slots/feed HTTP/1.1" 200 27207 kenilworthcourt.com "-" "Mozilla/5.0 (compatible; AhrefsBot/7.0; +http://ahrefs.com/robot/)" "-"
3.83.76.0 - - [10/Feb/2026:05:16:23 +0000] "GET /category/22-hellspin-e-wallet-859 HTTP/1.1" 200 61364 kenilworthcourt.com "-" "TerraCotta https://github.com/CeramicTeam/CeramicTerracotta" "-"
3.83.76.0 - - [10/Feb/2026:05:16:24 +0000] "GET /tag/party-casino HTTP/1.1" 200 38807 kenilworthcourt.com "-" "TerraCotta https://github.com/CeramicTeam/CeramicTerracotta" "-"
54.38.147.0 - - [10/Feb/2026:05:16:27 +0000] "GET /newsleecher-ready-to-go-crack-product-key-clean-x86x64-latest-bypass/feed HTTP/1.1" 200 957 kenilworthcourt.com "-" "Mozilla/5.0 (compatible; AhrefsBot/7.0; +http://ahrefs.com/robot/)" "-"
43.173.181.0 - - [10/Feb/2026:05:16:31 +0000] "GET /fb777-win-379 HTTP/1.1" 200 40986 kenilworthcourt.com "-" "Mozilla/5.0 (Windows NT 10.0; Win64; x64) AppleWebKit/537.36 (KHTML, like Gecko) Chrome/108.0.0.0 Safari/537.36" "-"
51.195.183.0 - - [10/Feb/2026:05:16:38 +0000] "GET /royal-express-slot/feed HTTP/1.1" 200 799 kenilworthcourt.com "-" "Mozilla/5.0 (compatible; AhrefsBot/7.0; +http://ahrefs.com/robot/)" "-"
2a03:2880:f800:: - - [10/Feb/2026:05:16:40 +0000] "GET /chicken-pirate-slot HTTP/1.1" 200 33274 kenilworthcourt.com "-" "meta-externalagent/1.1 (+https://developers.facebook.com/docs/sharing/webmasters/crawler)" "-"
198.244.242.0 - - [10/Feb/2026:05:16:49 +0000] "GET /great-blue-slot-bericht-2025-free-play-50-the-power-of-ankh-slot-freie-herr-bet-casino-50-bonus-spins-spins-nach-cairo-einfall HTTP/1.1" 200 36358 kenilworthcourt.com "-" "Mozilla/5.0 (compatible; AhrefsBot/7.0; +http://ahrefs.com/robot/)" "-"
3.83.76.0 - - [10/Feb/2026:05:16:58 +0000] "GET /tag/phlwin-register HTTP/1.1" 200 200158 kenilworthcourt.com "-" "TerraCotta https://github.com/CeramicTeam/CeramicTerracotta" "-"
198.244.226.0 - - [10/Feb/2026:05:17:02 +0000] "GET /sketchup-2021-portable-only-full-full-2025/feed HTTP/1.1" 200 873 kenilworthcourt.com "-" "Mozilla/5.0 (compatible; AhrefsBot/7.0; +http://ahrefs.com/robot/)" "-"
217.240.97.0 - - [10/Feb/2026:05:17:02 +0000] "POST /xmlrpc.php HTTP/1.1" 200 180 kenilworthcourt.com "-" "WordPress/XMLRPC Client" "-"
2a03:2880:f800:: - - [10/Feb/2026:05:17:02 +0000] "GET /unibeti-kasiino-sinu-ainulaadne-pakkumine-eestis HTTP/1.1" 404 24756 kenilworthcourt.com "-" "meta-externalagent/1.1 (+https://developers.facebook.com/docs/sharing/webmasters/crawler)" "-"
217.240.97.0 - - [10/Feb/2026:05:17:02 +0000] "GET /?p=25202 HTTP/1.1" 301 - kenilworthcourt.com "-" "Mozilla/5.0 (Windows NT 10.0; Win64; x64) AppleWebKit/537.36 (KHTML, like Gecko) Chrome/120.0.0.0 Safari/537.36" "-"
82.223.116.0 - - [10/Feb/2026:05:17:09 +0000] "GET /wp-login.php HTTP/1.1" 200 4740 kenilworthcourt.com "-" "Mozilla/5.0 (Windows NT 10.0; Win64; x64) AppleWebKit/537.36 (KHTML, like Gecko) Chrome/130.0.0.0 Safari/537.36" "-"
51.195.183.0 - - [10/Feb/2026:05:17:12 +0000] "GET /sun-of-egypt-4-slot-2/feed HTTP/1.1" 200 806 kenilworthcourt.com "-" "Mozilla/5.0 (compatible; AhrefsBot/7.0; +http://ahrefs.com/robot/)" "-"
3.83.76.0 - - [10/Feb/2026:05:17:17 +0000] "GET /eye-of-horus-the-golden-tablet-slot HTTP/1.1" 200 35993 kenilworthcourt.com "-" "TerraCotta https://github.com/CeramicTeam/CeramicTerracotta" "-"
198.244.242.0 - - [10/Feb/2026:05:17:21 +0000] "GET /ufc-gold-blitz-extreme-slot/feed HTTP/1.1" 200 826 kenilworthcourt.com "-" "Mozilla/5.0 (compatible; AhrefsBot/7.0; +http://ahrefs.com/robot/)" "-"
82.223.116.0 - - [10/Feb/2026:05:17:21 +0000] "POST /wp-login.php HTTP/1.1" 200 5110 kenilworthcourt.com "https://kenilworthcourt.com/wp-login.php" "Mozilla/5.0 (Windows NT 10.0; Win64; x64) AppleWebKit/537.36 (KHTML, like Gecko) Chrome/130.0.0.0 Safari/537.36" "-"
113.182.153.0 - - [10/Feb/2026:05:17:22 +0000] "GET /category/20bet-kod-promocyjny-bez-depozytu-321 HTTP/1.1" 200 67903 kenilworthcourt.com "-" "Mozilla/5.0 (Windows NT 10.0; Win64; x64) AppleWebKit/537.36 (KHTML, like Gecko) Chrome/68.0.3409.13 Safari/537.36" "-"
51.89.129.0 - - [10/Feb/2026:05:17:29 +0000] "GET /vivez-lexcitation-de-bet-hall-casino-et-sportsbook/feed HTTP/1.1" 200 928 kenilworthcourt.com "-" "Mozilla/5.0 (compatible; AhrefsBot/7.0; +http://ahrefs.com/robot/)" "-"
54.38.147.0 - - [10/Feb/2026:05:17:38 +0000] "GET /725-2 HTTP/1.1" 200 44539 kenilworthcourt.com "-" "Mozilla/5.0 (compatible; AhrefsBot/7.0; +http://ahrefs.com/robot/)" "-"
54.38.147.0 - - [10/Feb/2026:05:17:50 +0000] "GET /microsoft-office-2021-x64-fully-activated-russian-to%F0%9D%9A%9Brent-dow%F0%9D%9A%97l%F0%9D%9A%98ad/feed HTTP/1.1" 200 1018 kenilworthcourt.com "-" "Mozilla/5.0 (compatible; AhrefsBot/7.0; +http://ahrefs.com/robot/)" "-"
198.244.183.0 - - [10/Feb/2026:05:18:00 +0000] "GET /ms-microsoft-365-direct-iso-without-system-requirements-debloated-qxr-get-to%F0%9D%9A%9Brent/feed HTTP/1.1" 200 1015 kenilworthcourt.com "-" "Mozilla/5.0 (compatible; AhrefsBot/7.0; +http://ahrefs.com/robot/)" "-"
116.118.2.0 - - [10/Feb/2026:05:18:04 +0000] "GET /wp-login.php HTTP/1.1" 200 4740 kenilworthcourt.com "-" "Mozilla/5.0 (Windows NT 10.0; Win64; x64) AppleWebKit/537.36 (KHTML, like Gecko) Chrome/130.0.0.0 Safari/537.36" "-"
198.244.168.0 - - [10/Feb/2026:05:18:10 +0000] "GET /ms-microsoft-365-pro-plus-x64-silent-activation-setup-file-english-ultra-lite-edition-eztv-dow%F0%9D%9A%97l%F0%9D%9A%98ad-to%F0%9D%9A%9Brent/feed HTTP/1.1" 200 1143 kenilworthcourt.com "-" "Mozilla/5.0 (compatible; AhrefsBot/7.0; +http://ahrefs.com/robot/)" "-"
116.118.2.0 - - [10/Feb/2026:05:18:16 +0000] "POST /wp-login.php HTTP/1.1" 200 5110 kenilworthcourt.com "https://kenilworthcourt.com/wp-login.php" "Mozilla/5.0 (Windows NT 10.0; Win64; x64) AppleWebKit/537.36 (KHTML, like Gecko) Chrome/130.0.0.0 Safari/537.36" "-"
51.255.148.0 - - [10/Feb/2026:05:18:17 +0000] "GET /wp-login.php HTTP/1.1" 200 4740 kenilworthcourt.com "-" "Mozilla/5.0 (Windows NT 10.0; Win64; x64) AppleWebKit/537.36 (KHTML, like Gecko) Chrome/130.0.0.0 Safari/537.36" "-"
198.244.242.0 - - [10/Feb/2026:05:18:20 +0000] "GET /divine-100-rodadas-acostumado-sem-entreposto-viking-fortune-como-apartar-dinheiro-e-confiavel-melhores-slots/feed HTTP/1.1" 200 1074 kenilworthcourt.com "-" "Mozilla/5.0 (compatible; AhrefsBot/7.0; +http://ahrefs.com/robot/)" "-"
3.83.76.0 - - [10/Feb/2026:05:18:28 +0000] "GET /come-scegliere-il-giusto-programma-di-iniezione HTTP/1.1" 200 29353 kenilworthcourt.com "-" "TerraCotta https://github.com/CeramicTeam/CeramicTerracotta" "-"
51.255.148.0 - - [10/Feb/2026:05:18:29 +0000] "POST /wp-login.php HTTP/1.1" 200 5110 kenilworthcourt.com "https://kenilworthcourt.com/wp-login.php" "Mozilla/5.0 (Windows NT 10.0; Win64; x64) AppleWebKit/537.36 (KHTML, like Gecko) Chrome/130.0.0.0 Safari/537.36" "-"
54.38.147.0 - - [10/Feb/2026:05:18:31 +0000] "GET /betsafe-kasino-5/feed HTTP/1.1" 200 864 kenilworthcourt.com "-" "Mozilla/5.0 (compatible; AhrefsBot/7.0; +http://ahrefs.com/robot/)" "-"
3.83.76.0 - - [10/Feb/2026:05:18:37 +0000] "GET /chickentour-auf-der-huhnerroute HTTP/1.1" 200 33329 kenilworthcourt.com "-" "TerraCotta https://github.com/CeramicTeam/CeramicTerracotta" "-"
3.83.76.0 - - [10/Feb/2026:05:18:38 +0000] "GET /category/1win-online-341 HTTP/1.1" 200 49491 kenilworthcourt.com "-" "TerraCotta https://github.com/CeramicTeam/CeramicTerracotta" "-"
51.195.183.0 - - [10/Feb/2026:05:18:45 +0000] "GET /archicad-portable-activator-patch-latest-genuine/feed HTTP/1.1" 200 893 kenilworthcourt.com "-" "Mozilla/5.0 (compatible; AhrefsBot/7.0; +http://ahrefs.com/robot/)" "-"
51.195.244.0 - - [10/Feb/2026:05:18:56 +0000] "GET /%E1%83%A1%E1%83%9A%E1%83%9D%E1%83%A2%E1%83%98-%E1%83%90%E1%83%95%E1%83%98%E1%83%90%E1%83%9B%E1%83%90%E1%83%A1%E1%83%A2%E1%83%94%E1%83%A0%E1%83%96%E1%83%98/feed HTTP/1.1" 200 1105 kenilworthcourt.com "-" "Mozilla/5.0 (compatible; AhrefsBot/7.0; +http://ahrefs.com/robot/)" "-"
52.140.96.0 - - [10/Feb/2026:05:19:00 +0000] "GET /wp-login.php HTTP/1.1" 200 4740 kenilworthcourt.com "-" "Mozilla/5.0 (Windows NT 10.0; Win64; x64) AppleWebKit/537.36 (KHTML, like Gecko) Chrome/130.0.0.0 Safari/537.36" "-"
51.195.183.0 - - [10/Feb/2026:05:19:07 +0000] "GET /bizzo-casino-no-deposit-bonus-199 HTTP/1.1" 200 42617 kenilworthcourt.com "-" "Mozilla/5.0 (compatible; AhrefsBot/7.0; +http://ahrefs.com/robot/)" "-"
3.83.76.0 - - [10/Feb/2026:05:19:08 +0000] "GET /kings HTTP/1.1" 200 30324 kenilworthcourt.com "-" "TerraCotta https://github.com/CeramicTeam/CeramicTerracotta" "-"
3.83.76.0 - - [10/Feb/2026:05:19:11 +0000] "GET /glucksspiele-im-vasy-casino HTTP/1.1" 200 33194 kenilworthcourt.com "-" "TerraCotta https://github.com/CeramicTeam/CeramicTerracotta" "-"
52.140.96.0 - - [10/Feb/2026:05:19:12 +0000] "POST /wp-login.php HTTP/1.1" 200 5110 kenilworthcourt.com "https://kenilworthcourt.com/wp-login.php" "Mozilla/5.0 (Windows NT 10.0; Win64; x64) AppleWebKit/537.36 (KHTML, like Gecko) Chrome/130.0.0.0 Safari/537.36" "-"
51.195.244.0 - - [10/Feb/2026:05:19:17 +0000] "GET /%E1%83%90%E1%83%95%E1%83%98%E1%83%90%E1%83%9B%E1%83%90%E1%83%A1%E1%83%A2%E1%83%94%E1%83%A0%E1%83%96%E1%83%94-%E1%83%9F%E1%83%9D%E1%83%99%E1%83%98/feed HTTP/1.1" 200 1084 kenilworthcourt.com "-" "Mozilla/5.0 (compatible; AhrefsBot/7.0; +http://ahrefs.com/robot/)" "-"
51.195.215.0 - - [10/Feb/2026:05:19:28 +0000] "GET /aviamasters-7/feed HTTP/1.1" 200 782 kenilworthcourt.com "-" "Mozilla/5.0 (compatible; AhrefsBot/7.0; +http://ahrefs.com/robot/)" "-"
3.83.76.0 - - [10/Feb/2026:05:19:31 +0000] "GET /h1-testimonianze-di-utenti-che-hanno-sfruttato-al-meglio-i-bonus-innovativi-per-aumentare-i-profitti-h1 HTTP/1.1" 200 37614 kenilworthcourt.com "-" "TerraCotta https://github.com/CeramicTeam/CeramicTerracotta" "-"
198.244.240.0 - - [10/Feb/2026:05:19:37 +0000] "GET /aviamasters-8/feed HTTP/1.1" 200 782 kenilworthcourt.com "-" "Mozilla/5.0 (compatible; AhrefsBot/7.0; +http://ahrefs.com/robot/)" "-"
198.244.242.0 - - [10/Feb/2026:05:19:45 +0000] "GET /aviation-masters-slots-machine-gameplay-experience-review/feed HTTP/1.1" 200 916 kenilworthcourt.com "-" "Mozilla/5.0 (compatible; AhrefsBot/7.0; +http://ahrefs.com/robot/)" "-"
3.83.76.0 - - [10/Feb/2026:05:19:48 +0000] "GET /casinos-in-nederland-informatie-over-wetgeving-en-faciliteiten HTTP/1.1" 200 32249 kenilworthcourt.com "-" "TerraCotta https://github.com/CeramicTeam/CeramicTerracotta" "-"
162.240.233.0 - - [10/Feb/2026:05:19:49 +0000] "GET /wp-login.php HTTP/1.1" 200 4740 kenilworthcourt.com "-" "Mozilla/5.0 (Windows NT 10.0; Win64; x64) AppleWebKit/537.36 (KHTML, like Gecko) Chrome/130.0.0.0 Safari/537.36" "-"
198.244.183.0 - - [10/Feb/2026:05:20:00 +0000] "GET /the-six-hyperlink-million-dollar-man-letter-erreichbar-vortragen/feed HTTP/1.1" 200 938 kenilworthcourt.com "-" "Mozilla/5.0 (compatible; AhrefsBot/7.0; +http://ahrefs.com/robot/)" "-"
162.240.233.0 - - [10/Feb/2026:05:20:01 +0000] "POST /wp-login.php HTTP/1.1" 200 5110 kenilworthcourt.com "https://kenilworthcourt.com/wp-login.php" "Mozilla/5.0 (Windows NT 10.0; Win64; x64) AppleWebKit/537.36 (KHTML, like Gecko) Chrome/130.0.0.0 Safari/537.36" "-"
3.83.76.0 - - [10/Feb/2026:05:20:07 +0000] "GET /0xd65389bf HTTP/1.1" 200 28893 kenilworthcourt.com "-" "TerraCotta https://github.com/CeramicTeam/CeramicTerracotta" "-"
198.244.226.0 - - [10/Feb/2026:05:20:12 +0000] "GET /les-machines-a-sous-de-lolympe-casino-2 HTTP/1.1" 200 33729 kenilworthcourt.com "-" "Mozilla/5.0 (compatible; AhrefsBot/7.0; +http://ahrefs.com/robot/)" "-"
3.83.76.0 - - [10/Feb/2026:05:20:19 +0000] "GET /forskellen-mellem-spil-og-okonomi-pa-instaspin HTTP/1.1" 200 33030 kenilworthcourt.com "-" "TerraCotta https://github.com/CeramicTeam/CeramicTerracotta" "-"
17.246.19.0 - - [10/Feb/2026:05:20:20 +0000] "GET / HTTP/1.1" 301 - www.kenilworthcourt.com "-" "Mozilla/5.0 (Macintosh; Intel Mac OS X 10_15_7) AppleWebKit/605.1.15 (KHTML, like Gecko) Version/17.4 Safari/605.1.15 (Applebot/0.1; +http://www.apple.com/go/applebot)" "-"
17.246.19.0 - - [10/Feb/2026:05:20:21 +0000] "GET / HTTP/1.1" 200 32153 kenilworthcourt.com "-" "Mozilla/5.0 (Macintosh; Intel Mac OS X 10_15_7) AppleWebKit/605.1.15 (KHTML, like Gecko) Version/17.4 Safari/605.1.15 (Applebot/0.1; +http://www.apple.com/go/applebot)" "-"
17.246.19.0 - - [10/Feb/2026:05:20:22 +0000] "GET /accumulatore-fotovoltaico-tesla-amazon-k.html HTTP/1.1" 301 280 www.kenilworthcourt.com "-" "Mozilla/5.0 (Macintosh; Intel Mac OS X 10_15_7) AppleWebKit/605.1.15 (KHTML, like Gecko) Version/17.4 Safari/605.1.15 (Applebot/0.1; +http://www.apple.com/go/applebot)" "-"
17.246.19.0 - - [10/Feb/2026:05:20:22 +0000] "GET / HTTP/1.1" 301 - www.kenilworthcourt.com "-" "Mozilla/5.0 (Macintosh; Intel Mac OS X 10_15_7) AppleWebKit/605.1.15 (KHTML, like Gecko) Version/17.4 Safari/605.1.15 (Applebot/0.1; +http://www.apple.com/go/applebot)" "-"
17.246.19.0 - - [10/Feb/2026:05:20:23 +0000] "GET / HTTP/1.1" 200 32153 kenilworthcourt.com "-" "Mozilla/5.0 (Macintosh; Intel Mac OS X 10_15_7) AppleWebKit/605.1.15 (KHTML, like Gecko) Version/17.4 Safari/605.1.15 (Applebot/0.1; +http://www.apple.com/go/applebot)" "-"
51.195.215.0 - - [10/Feb/2026:05:20:23 +0000] "GET /tag/bizzo-casino-it HTTP/1.1" 200 89262 kenilworthcourt.com "-" "Mozilla/5.0 (compatible; AhrefsBot/7.0; +http://ahrefs.com/robot/)" "-"
3.83.76.0 - - [10/Feb/2026:05:20:27 +0000] "GET /big-bass-slot-engage-with-the-slot-that-embodies-fun HTTP/1.1" 200 32858 kenilworthcourt.com "-" "TerraCotta https://github.com/CeramicTeam/CeramicTerracotta" "-"
54.38.147.0 - - [10/Feb/2026:05:20:33 +0000] "GET /frosty-reel-odyssey-icefishing-game-of-chance/feed HTTP/1.1" 200 881 kenilworthcourt.com "-" "Mozilla/5.0 (compatible; AhrefsBot/7.0; +http://ahrefs.com/robot/)" "-"
82.165.149.0 - - [10/Feb/2026:05:20:35 +0000] "GET /wp-login.php HTTP/1.1" 200 4740 kenilworthcourt.com "-" "Mozilla/5.0 (Windows NT 10.0; Win64; x64) AppleWebKit/537.36 (KHTML, like Gecko) Chrome/130.0.0.0 Safari/537.36" "-"
3.83.76.0 - - [10/Feb/2026:05:20:37 +0000] "GET /chicken-road-11 HTTP/1.1" 200 32288 kenilworthcourt.com "-" "TerraCotta https://github.com/CeramicTeam/CeramicTerracotta" "-"
3.83.76.0 - - [10/Feb/2026:05:20:40 +0000] "GET /dendera-casino-egyptian-slot-machines-online-gaming-experience HTTP/1.1" 200 34298 kenilworthcourt.com "-" "TerraCotta https://github.com/CeramicTeam/CeramicTerracotta" "-"
51.195.183.0 - - [10/Feb/2026:05:20:45 +0000] "GET /ms-office-business-basic-activated-micro-rarbg-get-to%F0%9D%9A%9Brent/feed HTTP/1.1" 200 946 kenilworthcourt.com "-" "Mozilla/5.0 (compatible; AhrefsBot/7.0; +http://ahrefs.com/robot/)" "-"
82.165.149.0 - - [10/Feb/2026:05:20:47 +0000] "POST /wp-login.php HTTP/1.1" 200 5110 kenilworthcourt.com "https://kenilworthcourt.com/wp-login.php" "Mozilla/5.0 (Windows NT 10.0; Win64; x64) AppleWebKit/537.36 (KHTML, like Gecko) Chrome/130.0.0.0 Safari/537.36" "-"
198.244.168.0 - - [10/Feb/2026:05:20:55 +0000] "GET /gratis-spins-buitenshuis-betaling-registreer-plus-indian-dreaming-online-slot-vinnig-jou-fre-spins HTTP/1.1" 200 36361 kenilworthcourt.com "-" "Mozilla/5.0 (compatible; AhrefsBot/7.0; +http://ahrefs.com/robot/)" "-"
3.83.76.0 - - [10/Feb/2026:05:20:55 +0000] "GET /beginners-guide-to-birdwatching-in-local-landmarks-your HTTP/1.1" 200 27707 kenilworthcourt.com "-" "TerraCotta https://github.com/CeramicTeam/CeramicTerracotta" "-"
51.195.244.0 - - [10/Feb/2026:05:21:06 +0000] "GET /office-2016-home-student-kms38-mega-no-license-key-needed-slim-kms-vl-all-to%F0%9D%9A%9Brent-dow%F0%9D%9A%97l%F0%9D%9A%98ad/feed HTTP/1.1" 200 1099 kenilworthcourt.com "-" "Mozilla/5.0 (compatible; AhrefsBot/7.0; +http://ahrefs.com/robot/)" "-"
173.212.202.0 - - [10/Feb/2026:05:21:07 +0000] "GET /wp-login.php HTTP/1.1" 200 4740 kenilworthcourt.com "-" "Mozilla/5.0 (Windows NT 10.0; Win64; x64) AppleWebKit/537.36 (KHTML, like Gecko) Chrome/130.0.0.0 Safari/537.36" "-"
198.244.226.0 - - [10/Feb/2026:05:21:15 +0000] "GET /plane-game-3/feed HTTP/1.1" 200 779 kenilworthcourt.com "-" "Mozilla/5.0 (compatible; AhrefsBot/7.0; +http://ahrefs.com/robot/)" "-"
3.83.76.0 - - [10/Feb/2026:05:21:21 +0000] "GET /avia-masters-slot-maschinen-glucksspiel-erfahrungen HTTP/1.1" 200 32472 kenilworthcourt.com "-" "TerraCotta https://github.com/CeramicTeam/CeramicTerracotta" "-"
51.195.215.0 - - [10/Feb/2026:05:21:23 +0000] "GET /zaidimas-lietuviskas-lekstu-kaukolynas/feed HTTP/1.1" 200 864 kenilworthcourt.com "-" "Mozilla/5.0 (compatible; AhrefsBot/7.0; +http://ahrefs.com/robot/)" "-"
37.140.223.0 - - [10/Feb/2026:05:21:26 +0000] "POST /wp-login.php HTTP/1.1" 200 5110 kenilworthcourt.com "-" "Mozilla/5.0" "-"
37.140.223.0 - - [10/Feb/2026:05:21:28 +0000] "POST /wp-login.php HTTP/1.1" 200 5162 kenilworthcourt.com "-" "Mozilla/5.0" "-"
173.212.202.0 - - [10/Feb/2026:05:21:31 +0000] "POST /wp-login.php HTTP/1.1" 200 5110 kenilworthcourt.com "https://kenilworthcourt.com/wp-login.php" "Mozilla/5.0 (Windows NT 10.0; Win64; x64) AppleWebKit/537.36 (KHTML, like Gecko) Chrome/130.0.0.0 Safari/537.36" "-"
54.38.147.0 - - [10/Feb/2026:05:21:32 +0000] "GET /bizzo-casino-bonus-code-684/feed HTTP/1.1" 200 855 kenilworthcourt.com "-" "Mozilla/5.0 (compatible; AhrefsBot/7.0; +http://ahrefs.com/robot/)" "-"
51.195.215.0 - - [10/Feb/2026:05:21:42 +0000] "GET /jogue-on-the-web-safari-temperatures-aperitivo-armazem-descubra-while-the-melhores-ofertas-book-of-ra-online-uk-mundos-los-cuales-%E5%BE%AA%E8%BF%B9%E8%AE%B2%E5%A0%82%E5%AE%98%E7%BD%91/feed HTTP/1.1" 200 1271 kenilworthcourt.com "-" "Mozilla/5.0 (compatible; AhrefsBot/7.0; +http://ahrefs.com/robot/)" "-"
198.244.240.0 - - [10/Feb/2026:05:21:52 +0000] "GET /0x9ae1bc27/feed HTTP/1.1" 200 775 kenilworthcourt.com "-" "Mozilla/5.0 (compatible; AhrefsBot/7.0; +http://ahrefs.com/robot/)" "-"
3.83.76.0 - - [10/Feb/2026:05:22:00 +0000] "GET /cwinz-casino HTTP/1.1" 200 34355 kenilworthcourt.com "-" "TerraCotta https://github.com/CeramicTeam/CeramicTerracotta" "-"
198.244.240.0 - - [10/Feb/2026:05:22:01 +0000] "GET /the-new-deluxe-dollars-money-vegetation-play-all-american-poker-5-hand-online-for-fun-bouquet-houston-beginning/feed HTTP/1.1" 200 1078 kenilworthcourt.com "-" "Mozilla/5.0 (compatible; AhrefsBot/7.0; +http://ahrefs.com/robot/)" "-"
160.16.114.0 - - [10/Feb/2026:05:22:06 +0000] "GET /wp-login.php HTTP/1.1" 200 4740 kenilworthcourt.com "-" "Mozilla/5.0 (Windows NT 10.0; Win64; x64) AppleWebKit/537.36 (KHTML, like Gecko) Chrome/130.0.0.0 Safari/537.36" "-"
3.83.76.0 - - [10/Feb/2026:05:22:11 +0000] "GET /tag/188bet-app HTTP/1.1" 200 170122 kenilworthcourt.com "-" "TerraCotta https://github.com/CeramicTeam/CeramicTerracotta" "-"
198.244.183.0 - - [10/Feb/2026:05:22:13 +0000] "GET /0xd2a0b712/feed HTTP/1.1" 200 775 kenilworthcourt.com "-" "Mozilla/5.0 (compatible; AhrefsBot/7.0; +http://ahrefs.com/robot/)" "-"
3.83.76.0 - - [10/Feb/2026:05:22:15 +0000] "GET /tag/20bet-casino-no-deposit-bonus HTTP/1.1" 200 120715 kenilworthcourt.com "-" "TerraCotta https://github.com/CeramicTeam/CeramicTerracotta" "-"
160.16.114.0 - - [10/Feb/2026:05:22:18 +0000] "POST /wp-login.php HTTP/1.1" 200 5110 kenilworthcourt.com "https://kenilworthcourt.com/wp-login.php" "Mozilla/5.0 (Windows NT 10.0; Win64; x64) AppleWebKit/537.36 (KHTML, like Gecko) Chrome/130.0.0.0 Safari/537.36" "-"
141.94.156.0 - - [10/Feb/2026:05:22:19 +0000] "GET /wp-login.php HTTP/1.1" 200 4740 kenilworthcourt.com "-" "Mozilla/5.0 (Windows NT 10.0; Win64; x64) AppleWebKit/537.36 (KHTML, like Gecko) Chrome/130.0.0.0 Safari/537.36" "-"
198.244.168.0 - - [10/Feb/2026:05:22:23 +0000] "GET /the-fun-never-stops-in-oz-play-22aus-and-enjoy-your-time-down-under/feed HTTP/1.1" 200 948 kenilworthcourt.com "-" "Mozilla/5.0 (compatible; AhrefsBot/7.0; +http://ahrefs.com/robot/)" "-"
3.83.76.0 - - [10/Feb/2026:05:22:25 +0000] "GET /category/20bet-espana-222 HTTP/1.1" 200 65134 kenilworthcourt.com "-" "TerraCotta https://github.com/CeramicTeam/CeramicTerracotta" "-"
3.83.76.0 - - [10/Feb/2026:05:22:27 +0000] "GET /tag/gg-bet-kasyno HTTP/1.1" 200 74600 kenilworthcourt.com "-" "TerraCotta https://github.com/CeramicTeam/CeramicTerracotta" "-"
141.94.156.0 - - [10/Feb/2026:05:22:31 +0000] "POST /wp-login.php HTTP/1.1" 200 5110 kenilworthcourt.com "https://kenilworthcourt.com/wp-login.php" "Mozilla/5.0 (Windows NT 10.0; Win64; x64) AppleWebKit/537.36 (KHTML, like Gecko) Chrome/130.0.0.0 Safari/537.36" "-"
