193.24.211.0 - - [10/Feb/2026:07:22:42 +0000] "GET /mystake-dino HTTP/1.1" 200 34967 kenilworthcourt.com "-" "Mozilla/5.0 (Windows NT 10.0; Win64; x64) AppleWebKit/537.36 (KHTML, like Gecko) Chrome/124.0.6367.207 Safari/537.36" "-"
193.24.211.0 - - [10/Feb/2026:07:22:43 +0000] "GET /nv-casino HTTP/1.1" 200 33700 kenilworthcourt.com "-" "Mozilla/5.0 (Windows NT 10.0; Win64; x64) AppleWebKit/537.36 (KHTML, like Gecko) Chrome/124.0.6367.207 Safari/537.36" "-"
193.24.211.0 - - [10/Feb/2026:07:22:43 +0000] "GET /ice-fishing-game HTTP/1.1" 200 33426 kenilworthcourt.com "-" "Mozilla/5.0 (Windows NT 10.0; Win64; x64) AppleWebKit/537.36 (KHTML, like Gecko) Chrome/124.0.6367.207 Safari/537.36" "-"
198.244.226.0 - - [10/Feb/2026:07:22:45 +0000] "GET /der-untersuchung-sei-dies-wichtigkeit-deutsche-sprache-englisch-book-of-ra-deluxe-bonus-ubersetzung-pons/feed HTTP/1.1" 200 1058 kenilworthcourt.com "-" "Mozilla/5.0 (compatible; AhrefsBot/7.0; +http://ahrefs.com/robot/)" "-"
3.83.76.0 - - [10/Feb/2026:07:22:47 +0000] "GET /spin247 HTTP/1.1" 200 33385 kenilworthcourt.com "-" "TerraCotta https://github.com/CeramicTeam/CeramicTerracotta" "-"
198.244.183.0 - - [10/Feb/2026:07:22:55 +0000] "GET /nuckelpinnebewertung-genau-so-wie-im-book-of-ra-gratis-mobile-uberfluss-wird-dein-fahrgerat-einfluss-kleinanzeigen/feed HTTP/1.1" 200 1090 kenilworthcourt.com "-" "Mozilla/5.0 (compatible; AhrefsBot/7.0; +http://ahrefs.com/robot/)" "-"
3.83.76.0 - - [10/Feb/2026:07:22:59 +0000] "GET /tag/lemon-casino-100-free-spins HTTP/1.1" 200 68899 kenilworthcourt.com "-" "TerraCotta https://github.com/CeramicTeam/CeramicTerracotta" "-"
3.83.76.0 - - [10/Feb/2026:07:23:03 +0000] "GET /tag/nv-casino-kod-promocyjny HTTP/1.1" 200 51629 kenilworthcourt.com "-" "TerraCotta https://github.com/CeramicTeam/CeramicTerracotta" "-"
51.89.129.0 - - [10/Feb/2026:07:23:05 +0000] "GET /better-10-a-real-income-web-based-casinos-mythic-maiden-casino-bonus-gambling-sites-usa-2025/feed HTTP/1.1" 200 1028 kenilworthcourt.com "-" "Mozilla/5.0 (compatible; AhrefsBot/7.0; +http://ahrefs.com/robot/)" "-"
198.244.183.0 - - [10/Feb/2026:07:23:14 +0000] "GET /phone-call-of-ones-colosseum-recensie-south-park-no-deposit-gambling-enterprise-gokasten-nextgen-playing-gambling-enterprises-position-spellen/feed HTTP/1.1" 200 1178 kenilworthcourt.com "-" "Mozilla/5.0 (compatible; AhrefsBot/7.0; +http://ahrefs.com/robot/)" "-"
3.83.76.0 - - [10/Feb/2026:07:23:20 +0000] "GET /pochemu-bezopasnye-iurisdiktsii-vazhny-dlia-sovremennykh-onlain-platform HTTP/1.1" 200 50249 kenilworthcourt.com "-" "TerraCotta https://github.com/CeramicTeam/CeramicTerracotta" "-"
54.38.147.0 - - [10/Feb/2026:07:23:22 +0000] "GET /spin-your-way-to-mythical-riches-with-age-of-the-gods-wheels-of-olympus-slot/feed HTTP/1.1" 200 974 kenilworthcourt.com "-" "Mozilla/5.0 (compatible; AhrefsBot/7.0; +http://ahrefs.com/robot/)" "-"
3.83.76.0 - - [10/Feb/2026:07:23:23 +0000] "GET /category/sober-living HTTP/1.1" 200 40234 kenilworthcourt.com "-" "TerraCotta https://github.com/CeramicTeam/CeramicTerracotta" "-"
3.83.76.0 - - [10/Feb/2026:07:23:27 +0000] "GET /thunder-coins-hold-and-win-slot HTTP/1.1" 200 36102 kenilworthcourt.com "-" "TerraCotta https://github.com/CeramicTeam/CeramicTerracotta" "-"
3.83.76.0 - - [10/Feb/2026:07:23:30 +0000] "GET /tag/bdm-bet-promo-code HTTP/1.1" 200 83555 kenilworthcourt.com "-" "TerraCotta https://github.com/CeramicTeam/CeramicTerracotta" "-"
51.195.183.0 - - [10/Feb/2026:07:23:32 +0000] "GET /coyote-moon-tragaperras-funciona-regalado-desprovisto-soltar-queen-of-the-nile-1-deposito-1win-casino/feed HTTP/1.1" 200 1051 kenilworthcourt.com "-" "Mozilla/5.0 (compatible; AhrefsBot/7.0; +http://ahrefs.com/robot/)" "-"
50.28.11.0 - - [10/Feb/2026:07:23:32 +0000] "GET /wp-login.php HTTP/1.1" 200 4740 kenilworthcourt.com "-" "Mozilla/5.0 (Windows NT 10.0; Win64; x64) AppleWebKit/537.36 (KHTML, like Gecko) Chrome/130.0.0.0 Safari/537.36" "-"
198.244.183.0 - - [10/Feb/2026:07:23:41 +0000] "GET /live-black-jack-fafafa-games-download-i-am-pokerstars-casinolive-blackjack-i-will-be-pokerstars-gambling-enterprise HTTP/1.1" 200 36060 kenilworthcourt.com "-" "Mozilla/5.0 (compatible; AhrefsBot/7.0; +http://ahrefs.com/robot/)" "-"
3.83.76.0 - - [10/Feb/2026:07:23:42 +0000] "GET /category/20bet-login-836 HTTP/1.1" 200 68248 kenilworthcourt.com "-" "TerraCotta https://github.com/CeramicTeam/CeramicTerracotta" "-"
198.244.226.0 - - [10/Feb/2026:07:23:50 +0000] "GET /totally-free-durga-ports-ports-on-the-web-fifty-free-spins-patio-the-new-places-for-the-subscription-no-shangri-la-slot-games-deposit-enjoy-10000-harbors-100-percent-free/feed HTTP/1.1" 200 1256 kenilworthcourt.com "-" "Mozilla/5.0 (compatible; AhrefsBot/7.0; +http://ahrefs.com/robot/)" "-"
3.83.76.0 - - [10/Feb/2026:07:23:51 +0000] "GET /tag/slottica-logowanie HTTP/1.1" 200 101919 kenilworthcourt.com "-" "TerraCotta https://github.com/CeramicTeam/CeramicTerracotta" "-"
51.195.215.0 - - [10/Feb/2026:07:23:59 +0000] "GET /eleven-signs-your-own-cat-top-internet-casino-is-actually-nearing-the-conclusion-the-lifetime/feed HTTP/1.1" 200 1024 kenilworthcourt.com "-" "Mozilla/5.0 (compatible; AhrefsBot/7.0; +http://ahrefs.com/robot/)" "-"
3.83.76.0 - - [10/Feb/2026:07:24:07 +0000] "GET /category/spinsamurai-700 HTTP/1.1" 200 70319 kenilworthcourt.com "-" "TerraCotta https://github.com/CeramicTeam/CeramicTerracotta" "-"
198.244.240.0 - - [10/Feb/2026:07:24:08 +0000] "GET /better-15-you-on-line-casino-bonuses-casino-planet-7oz-bonus-codes-2025-campaigns-august-2025 HTTP/1.1" 200 37761 kenilworthcourt.com "-" "Mozilla/5.0 (compatible; AhrefsBot/7.0; +http://ahrefs.com/robot/)" "-"
51.195.183.0 - - [10/Feb/2026:07:24:16 +0000] "GET /ports-casino-kings-of-cash-garden-no-deposit-incentive-rules-remark-august-2025/feed HTTP/1.1" 200 989 kenilworthcourt.com "-" "Mozilla/5.0 (compatible; AhrefsBot/7.0; +http://ahrefs.com/robot/)" "-"
51.195.215.0 - - [10/Feb/2026:07:24:26 +0000] "GET /all-of-the-local-casino-harbors-and-you-can-gambling-online-thunderstruck-casino-free-promo-codes-game/feed HTTP/1.1" 200 1052 kenilworthcourt.com "-" "Mozilla/5.0 (compatible; AhrefsBot/7.0; +http://ahrefs.com/robot/)" "-"
54.38.147.0 - - [10/Feb/2026:07:24:36 +0000] "GET /ideas-on-how-to-enjoy-blackjack-on-the-internet-blackjack-novices-book HTTP/1.1" 200 34435 kenilworthcourt.com "-" "Mozilla/5.0 (compatible; AhrefsBot/7.0; +http://ahrefs.com/robot/)" "-"
198.244.242.0 - - [10/Feb/2026:07:24:45 +0000] "GET /17-legitimate-games-one-shell-out-a-real-haunted-house-real-money-income-software-we-no-more-strongly-recommend/feed HTTP/1.1" 200 1081 kenilworthcourt.com "-" "Mozilla/5.0 (compatible; AhrefsBot/7.0; +http://ahrefs.com/robot/)" "-"
3.83.76.0 - - [10/Feb/2026:07:24:45 +0000] "GET /tag/slottica-casino HTTP/1.1" 200 151414 kenilworthcourt.com "-" "TerraCotta https://github.com/CeramicTeam/CeramicTerracotta" "-"
3.83.76.0 - - [10/Feb/2026:07:24:47 +0000] "GET /tag/casino-gg-bet HTTP/1.1" 200 43640 kenilworthcourt.com "-" "TerraCotta https://github.com/CeramicTeam/CeramicTerracotta" "-"
3.83.76.0 - - [10/Feb/2026:07:24:48 +0000] "GET /net-scanner-portable-crack-windows-x64-patch-multilingual HTTP/1.1" 200 115870 kenilworthcourt.com "-" "TerraCotta https://github.com/CeramicTeam/CeramicTerracotta" "-"
51.195.215.0 - - [10/Feb/2026:07:24:53 +0000] "GET /10-donuts-spielautomat-euroletten-bonus-exklusive-einzahlung-10-maklercourtage-unter-registration/feed HTTP/1.1" 200 1036 kenilworthcourt.com "-" "Mozilla/5.0 (compatible; AhrefsBot/7.0; +http://ahrefs.com/robot/)" "-"
3.83.76.0 - - [10/Feb/2026:07:24:58 +0000] "GET /sugar-casino-2 HTTP/1.1" 200 31710 kenilworthcourt.com "-" "TerraCotta https://github.com/CeramicTeam/CeramicTerracotta" "-"
3.83.76.0 - - [10/Feb/2026:07:24:59 +0000] "GET /jocuri-online-la-billionairespin-cazinouri-internationale-in-romania HTTP/1.1" 200 32842 kenilworthcourt.com "-" "TerraCotta https://github.com/CeramicTeam/CeramicTerracotta" "-"
3.83.76.0 - - [10/Feb/2026:07:25:01 +0000] "GET /mines-game HTTP/1.1" 200 32993 kenilworthcourt.com "-" "TerraCotta https://github.com/CeramicTeam/CeramicTerracotta" "-"
198.244.168.0 - - [10/Feb/2026:07:25:03 +0000] "GET /fortune-gems-win-19 HTTP/1.1" 200 42284 kenilworthcourt.com "-" "Mozilla/5.0 (compatible; AhrefsBot/7.0; +http://ahrefs.com/robot/)" "-"
160.16.114.0 - - [10/Feb/2026:07:25:08 +0000] "GET /wp-login.php HTTP/1.1" 200 4740 kenilworthcourt.com "-" "Mozilla/5.0 (Windows NT 10.0; Win64; x64) AppleWebKit/537.36 (KHTML, like Gecko) Chrome/130.0.0.0 Safari/537.36" "-"
198.244.183.0 - - [10/Feb/2026:07:25:14 +0000] "GET /kakim-obrazom-emotsii-pomogajut-spravljatsja-s-neizvestnostju/feed HTTP/1.1" 200 977 kenilworthcourt.com "-" "Mozilla/5.0 (compatible; AhrefsBot/7.0; +http://ahrefs.com/robot/)" "-"
85.208.98.0 - - [10/Feb/2026:07:25:16 +0000] "GET /robots.txt HTTP/1.1" 429 267 kenilworthcourt.com "-" "Mozilla/5.0 (compatible; SemrushBot-BA; +http://www.semrush.com/bot.html)" "-"
160.16.114.0 - - [10/Feb/2026:07:25:20 +0000] "POST /wp-login.php HTTP/1.1" 200 5110 kenilworthcourt.com "https://kenilworthcourt.com/wp-login.php" "Mozilla/5.0 (Windows NT 10.0; Win64; x64) AppleWebKit/537.36 (KHTML, like Gecko) Chrome/130.0.0.0 Safari/537.36" "-"
51.89.129.0 - - [10/Feb/2026:07:25:23 +0000] "GET /baccarat-on-the-web-sphinx-login-uk-free-game-ideas-to-win-real-cash/feed HTTP/1.1" 200 959 kenilworthcourt.com "-" "Mozilla/5.0 (compatible; AhrefsBot/7.0; +http://ahrefs.com/robot/)" "-"
198.244.240.0 - - [10/Feb/2026:07:25:32 +0000] "GET /no-deposit-added-bonus-codes-and-free-gambling-enterprise-also-provides-2025/feed HTTP/1.1" 200 973 kenilworthcourt.com "-" "Mozilla/5.0 (compatible; AhrefsBot/7.0; +http://ahrefs.com/robot/)" "-"
85.208.98.0 - - [10/Feb/2026:07:25:39 +0000] "GET /fare-un-bagno-fai-da-te-amazon-k.html HTTP/1.1" 429 267 kenilworthcourt.com "-" "Mozilla/5.0 (compatible; SemrushBot-BA; +http://www.semrush.com/bot.html)" "-"
54.38.147.0 - - [10/Feb/2026:07:25:43 +0000] "GET /100-percent-free-slots-play-32178-position-demos-no-down-load/feed HTTP/1.1" 200 930 kenilworthcourt.com "-" "Mozilla/5.0 (compatible; AhrefsBot/7.0; +http://ahrefs.com/robot/)" "-"
5.134.124.0 - - [10/Feb/2026:07:25:44 +0000] "GET /wp-login.php HTTP/1.1" 200 4740 kenilworthcourt.com "-" "Mozilla/5.0 (Windows NT 10.0; Win64; x64) AppleWebKit/537.36 (KHTML, like Gecko) Chrome/130.0.0.0 Safari/537.36" "-"
85.208.98.0 - - [10/Feb/2026:07:25:49 +0000] "GET /progettare-un-bagno-amazon-k.html HTTP/1.1" 429 267 kenilworthcourt.com "-" "Mozilla/5.0 (compatible; SemrushBot-BA; +http://www.semrush.com/bot.html)" "-"
51.195.244.0 - - [10/Feb/2026:07:25:51 +0000] "GET /tag/hell-spin-casino/page/4 HTTP/1.1" 200 146296 kenilworthcourt.com "-" "Mozilla/5.0 (compatible; AhrefsBot/7.0; +http://ahrefs.com/robot/)" "-"
5.134.124.0 - - [10/Feb/2026:07:25:56 +0000] "POST /wp-login.php HTTP/1.1" 200 5110 kenilworthcourt.com "https://kenilworthcourt.com/wp-login.php" "Mozilla/5.0 (Windows NT 10.0; Win64; x64) AppleWebKit/537.36 (KHTML, like Gecko) Chrome/130.0.0.0 Safari/537.36" "-"
198.244.226.0 - - [10/Feb/2026:07:26:01 +0000] "GET /32178-vederlagsfri-fa-et-glimt-af-linket-nettautomater-uten-nedlasting/feed HTTP/1.1" 200 957 kenilworthcourt.com "-" "Mozilla/5.0 (compatible; AhrefsBot/7.0; +http://ahrefs.com/robot/)" "-"
198.244.183.0 - - [10/Feb/2026:07:26:10 +0000] "GET /lucky-saloon-slot-2025-gamble-now-lets-talk-150-free-spins-no-deposit-casinos-about-free-online-%D8%A7%D8%AF%D8%A7%D8%B1%D8%A9-%D8%B4%D8%B1%D9%82-%D9%83%D9%81%D8%B1-%D8%A7%D9%84%D8%B4%D9%8A%D8%AE HTTP/1.1" 200 36707 kenilworthcourt.com "-" "Mozilla/5.0 (compatible; AhrefsBot/7.0; +http://ahrefs.com/robot/)" "-"
198.244.240.0 - - [10/Feb/2026:07:26:18 +0000] "GET /queen-ph-ports-royal-secrets-slot-no-deposit-bonus-gambling-establishment-comment-cellular-game/feed HTTP/1.1" 200 1039 kenilworthcourt.com "-" "Mozilla/5.0 (compatible; AhrefsBot/7.0; +http://ahrefs.com/robot/)" "-"
198.244.226.0 - - [10/Feb/2026:07:26:26 +0000] "GET /mr-bet-spielbank-erfahrungen-unser-spielsaal-casino-online-visa-electron-via-unserem-maklercourtage-1500 HTTP/1.1" 200 36319 kenilworthcourt.com "-" "Mozilla/5.0 (compatible; AhrefsBot/7.0; +http://ahrefs.com/robot/)" "-"
51.195.183.0 - - [10/Feb/2026:07:26:34 +0000] "GET /casino-games-vintage-bingo-blackjack-ports HTTP/1.1" 200 34514 kenilworthcourt.com "-" "Mozilla/5.0 (compatible; AhrefsBot/7.0; +http://ahrefs.com/robot/)" "-"
162.241.2.0 - - [10/Feb/2026:07:26:38 +0000] "GET /wp-login.php HTTP/1.1" 200 4740 kenilworthcourt.com "-" "Mozilla/5.0 (Windows NT 10.0; Win64; x64) AppleWebKit/537.36 (KHTML, like Gecko) Chrome/130.0.0.0 Safari/537.36" "-"
85.208.98.0 - - [10/Feb/2026:07:26:40 +0000] "GET /fai-da-te-progetti-amazon-k.html HTTP/1.1" 429 267 kenilworthcourt.com "-" "Mozilla/5.0 (compatible; SemrushBot-BA; +http://www.semrush.com/bot.html)" "-"
51.195.215.0 - - [10/Feb/2026:07:26:43 +0000] "GET /play-mythic-maiden-slot-dragons-fortune-position-online-opinion-and-rtp/feed HTTP/1.1" 200 958 kenilworthcourt.com "-" "Mozilla/5.0 (compatible; AhrefsBot/7.0; +http://ahrefs.com/robot/)" "-"
162.241.2.0 - - [10/Feb/2026:07:26:50 +0000] "POST /wp-login.php HTTP/1.1" 200 5110 kenilworthcourt.com "https://kenilworthcourt.com/wp-login.php" "Mozilla/5.0 (Windows NT 10.0; Win64; x64) AppleWebKit/537.36 (KHTML, like Gecko) Chrome/130.0.0.0 Safari/537.36" "-"
51.195.215.0 - - [10/Feb/2026:07:26:52 +0000] "GET /fri-bleser-5-online-casino-spilleautomater-2025-bli-klar-casino-euro-100-gratis-spinn-over-norges-beste-bukett/feed HTTP/1.1" 200 1077 kenilworthcourt.com "-" "Mozilla/5.0 (compatible; AhrefsBot/7.0; +http://ahrefs.com/robot/)" "-"
51.195.244.0 - - [10/Feb/2026:07:27:01 +0000] "GET /low-blow/feed HTTP/1.1" 200 769 kenilworthcourt.com "-" "Mozilla/5.0 (compatible; AhrefsBot/7.0; +http://ahrefs.com/robot/)" "-"
92.205.182.0 - - [10/Feb/2026:07:27:14 +0000] "GET /wp-login.php HTTP/1.1" 200 4740 kenilworthcourt.com "-" "Mozilla/5.0 (Windows NT 10.0; Win64; x64) AppleWebKit/537.36 (KHTML, like Gecko) Chrome/130.0.0.0 Safari/537.36" "-"
198.244.183.0 - - [10/Feb/2026:07:27:16 +0000] "GET /wp-sitemap.xml HTTP/1.1" 200 1898 kenilworthcourt.com "-" "Mozilla/5.0 (compatible; AhrefsBot/7.0; +http://ahrefs.com/robot/)" "-"
198.244.240.0 - - [10/Feb/2026:07:27:39 +0000] "GET /beyond-chance-win-up-to-1000x-your-stake-with-the-thrilling HTTP/1.1" 200 37651 kenilworthcourt.com "-" "Mozilla/5.0 (compatible; AhrefsBot/7.0; +http://ahrefs.com/robot/)" "-"
209.235.136.0 - - [10/Feb/2026:07:27:57 +0000] "GET /wp-login.php HTTP/1.1" 200 4740 kenilworthcourt.com "-" "Mozilla/5.0 (Windows NT 10.0; Win64; x64) AppleWebKit/537.36 (KHTML, like Gecko) Chrome/130.0.0.0 Safari/537.36" "-"
113.173.177.0 - - [10/Feb/2026:07:28:00 +0000] "GET /category/188bet-cho-dien-thoai-382 HTTP/1.1" 200 69328 kenilworthcourt.com "-" "Mozilla/5.0 (Windows NT 6.2; WOW64) AppleWebKit/537.36 (KHTML, like Gecko) Chrome/75.0.3770.100 ADG/11.0.2510 AOLBUILD/11.0.2510 Safari/537.36" "-"
51.89.129.0 - - [10/Feb/2026:07:28:05 +0000] "GET /%D9%83%D9%8A%D9%81%D9%8A%D8%A9-%D8%AA%D9%86%D8%A7%D9%88%D9%84-aladoy-alhrmony HTTP/1.1" 200 29763 kenilworthcourt.com "-" "Mozilla/5.0 (compatible; AhrefsBot/7.0; +http://ahrefs.com/robot/)" "-"
209.235.136.0 - - [10/Feb/2026:07:28:10 +0000] "POST /wp-login.php HTTP/1.1" 200 5110 kenilworthcourt.com "https://kenilworthcourt.com/wp-login.php" "Mozilla/5.0 (Windows NT 10.0; Win64; x64) AppleWebKit/537.36 (KHTML, like Gecko) Chrome/130.0.0.0 Safari/537.36" "-"
194.230.72.0 - - [10/Feb/2026:07:28:17 +0000] "POST /xmlrpc.php HTTP/1.1" 200 403 kenilworthcourt.com "-" "Mozilla/5.0 (Windows NT 10.0; WOW64; rv:141.0) Gecko/20100101 Firefox/141.0" "-"
85.208.98.0 - - [10/Feb/2026:07:28:22 +0000] "GET /robots.txt HTTP/1.1" 429 267 kenilworthcourt.com "-" "Mozilla/5.0 (compatible; SemrushBot-BA; +http://www.semrush.com/bot.html)" "-"
198.244.226.0 - - [10/Feb/2026:07:28:28 +0000] "GET /aposte-com-confianca-e-maximize-seus-ganhos-na-plataforma/feed HTTP/1.1" 200 963 kenilworthcourt.com "-" "Mozilla/5.0 (compatible; AhrefsBot/7.0; +http://ahrefs.com/robot/)" "-"
185.221.37.0 - - [10/Feb/2026:07:28:40 +0000] "GET /wp-login.php HTTP/1.1" 200 4740 kenilworthcourt.com "-" "Mozilla/5.0 (Windows NT 10.0; Win64; x64) AppleWebKit/537.36 (KHTML, like Gecko) Chrome/130.0.0.0 Safari/537.36" "-"
51.195.183.0 - - [10/Feb/2026:07:28:51 +0000] "GET /aumente-seus-ganhos-highflybet-oferece-as-melhores-cotacoes-e/feed HTTP/1.1" 200 971 kenilworthcourt.com "-" "Mozilla/5.0 (compatible; AhrefsBot/7.0; +http://ahrefs.com/robot/)" "-"
85.208.98.0 - - [10/Feb/2026:07:29:06 +0000] "GET /robots.txt HTTP/1.1" 429 267 kenilworthcourt.com "-" "Mozilla/5.0 (compatible; SemrushBot-BA; +http://www.semrush.com/bot.html)" "-"
41.72.131.0 - - [10/Feb/2026:07:29:12 +0000] "GET /wp-login.php HTTP/1.1" 200 4740 kenilworthcourt.com "-" "Mozilla/5.0 (Windows NT 10.0; Win64; x64) AppleWebKit/537.36 (KHTML, like Gecko) Chrome/130.0.0.0 Safari/537.36" "-"
51.195.244.0 - - [10/Feb/2026:07:29:13 +0000] "GET /elevate-your-gameplay-with-exclusive-bonuses-at-playjonny-casino/feed HTTP/1.1" 200 952 kenilworthcourt.com "-" "Mozilla/5.0 (compatible; AhrefsBot/7.0; +http://ahrefs.com/robot/)" "-"
41.72.131.0 - - [10/Feb/2026:07:29:24 +0000] "POST /wp-login.php HTTP/1.1" 200 5110 kenilworthcourt.com "https://kenilworthcourt.com/wp-login.php" "Mozilla/5.0 (Windows NT 10.0; Win64; x64) AppleWebKit/537.36 (KHTML, like Gecko) Chrome/130.0.0.0 Safari/537.36" "-"
85.208.98.0 - - [10/Feb/2026:07:29:31 +0000] "GET /saucony-kinvara-9-black-k.html HTTP/1.1" 429 267 kenilworthcourt.com "-" "Mozilla/5.0 (compatible; SemrushBot-BA; +http://www.semrush.com/bot.html)" "-"
198.244.183.0 - - [10/Feb/2026:07:29:40 +0000] "GET /melbet-download-application-paris-sportifs/feed HTTP/1.1" 200 906 kenilworthcourt.com "-" "Mozilla/5.0 (compatible; AhrefsBot/7.0; +http://ahrefs.com/robot/)" "-"
85.208.98.0 - - [10/Feb/2026:07:29:41 +0000] "GET /saucony-kinvara-9-review-k.html HTTP/1.1" 429 267 kenilworthcourt.com "-" "Mozilla/5.0 (compatible; SemrushBot-BA; +http://www.semrush.com/bot.html)" "-"
198.244.183.0 - - [10/Feb/2026:07:30:02 +0000] "GET /ms-ms-office-64-bit-self-activated-install-wizard-mediafire-super-lite-ctrlhd-direct-download/feed HTTP/1.1" 200 1026 kenilworthcourt.com "-" "Mozilla/5.0 (compatible; AhrefsBot/7.0; +http://ahrefs.com/robot/)" "-"
85.208.98.0 - - [10/Feb/2026:07:30:13 +0000] "GET /saucony-ironman-k.html HTTP/1.1" 429 267 kenilworthcourt.com "-" "Mozilla/5.0 (compatible; SemrushBot-BA; +http://www.semrush.com/bot.html)" "-"
198.244.242.0 - - [10/Feb/2026:07:30:23 +0000] "GET /office-2016-arm64-clean-optimized-qxr-to%F0%9D%9A%9Brent/feed HTTP/1.1" 200 907 kenilworthcourt.com "-" "Mozilla/5.0 (compatible; AhrefsBot/7.0; +http://ahrefs.com/robot/)" "-"
85.208.98.0 - - [10/Feb/2026:07:30:25 +0000] "GET /white-tri-suit-k.html HTTP/1.1" 429 267 kenilworthcourt.com "-" "Mozilla/5.0 (compatible; SemrushBot-BA; +http://www.semrush.com/bot.html)" "-"
5.134.124.0 - - [10/Feb/2026:07:30:26 +0000] "GET /wp-login.php HTTP/1.1" 200 4740 kenilworthcourt.com "-" "Mozilla/5.0 (Windows NT 10.0; Win64; x64) AppleWebKit/537.36 (KHTML, like Gecko) Chrome/130.0.0.0 Safari/537.36" "-"
85.208.98.0 - - [10/Feb/2026:07:30:38 +0000] "GET /saucony-ride-iso-2-review-k.html HTTP/1.1" 429 267 kenilworthcourt.com "-" "Mozilla/5.0 (compatible; SemrushBot-BA; +http://www.semrush.com/bot.html)" "-"
5.134.124.0 - - [10/Feb/2026:07:30:38 +0000] "POST /wp-login.php HTTP/1.1" 200 5110 kenilworthcourt.com "https://kenilworthcourt.com/wp-login.php" "Mozilla/5.0 (Windows NT 10.0; Win64; x64) AppleWebKit/537.36 (KHTML, like Gecko) Chrome/130.0.0.0 Safari/537.36" "-"
198.244.242.0 - - [10/Feb/2026:07:30:44 +0000] "GET /pret-a-tenter-votre-chance-avec-plinko-et-a-comprendre-comment/feed HTTP/1.1" 200 975 kenilworthcourt.com "-" "Mozilla/5.0 (compatible; AhrefsBot/7.0; +http://ahrefs.com/robot/)" "-"
85.208.98.0 - - [10/Feb/2026:07:30:58 +0000] "GET /nike-zoom-fly-next-k.html HTTP/1.1" 429 267 kenilworthcourt.com "-" "Mozilla/5.0 (compatible; SemrushBot-BA; +http://www.semrush.com/bot.html)" "-"
51.195.215.0 - - [10/Feb/2026:07:31:09 +0000] "GET /was-machen-steroide-einblick-in-die-rolle-von-anabolika-in-der-bodybuilding-welt/feed HTTP/1.1" 200 986 kenilworthcourt.com "-" "Mozilla/5.0 (compatible; AhrefsBot/7.0; +http://ahrefs.com/robot/)" "-"
52.167.144.0 - - [10/Feb/2026:07:31:10 +0000] "GET /Zone%20Mortalis%20Platform%20and%20Stairs%20Necromunda%20Warhammer%2040K%20NIB%20-%20WlJbW1hFXEVGWFNb HTTP/1.1" 301 - www.kenilworthcourt.com "-" "Mozilla/5.0 AppleWebKit/537.36 (KHTML, like Gecko; compatible; bingbot/2.0; +http://www.bing.com/bingbot.htm) Chrome/116.0.1938.76 Safari/537.36" "-"
198.244.168.0 - - [10/Feb/2026:07:31:32 +0000] "GET /ignite-your-gameplay-explore-a-vast-collection-of-slots-live/feed HTTP/1.1" 200 975 kenilworthcourt.com "-" "Mozilla/5.0 (compatible; AhrefsBot/7.0; +http://ahrefs.com/robot/)" "-"
41.72.131.0 - - [10/Feb/2026:07:31:39 +0000] "GET /wp-login.php HTTP/1.1" 200 4740 kenilworthcourt.com "-" "Mozilla/5.0 (Windows NT 10.0; Win64; x64) AppleWebKit/537.36 (KHTML, like Gecko) Chrome/130.0.0.0 Safari/537.36" "-"
198.244.226.0 - - [10/Feb/2026:07:31:51 +0000] "GET /category/uncategorized/page/467 HTTP/1.1" 200 52988 kenilworthcourt.com "-" "Mozilla/5.0 (compatible; AhrefsBot/7.0; +http://ahrefs.com/robot/)" "-"
85.208.98.0 - - [10/Feb/2026:07:31:52 +0000] "GET /new-oakley-glasses-k.html HTTP/1.1" 429 267 kenilworthcourt.com "-" "Mozilla/5.0 (compatible; SemrushBot-BA; +http://www.semrush.com/bot.html)" "-"
85.208.98.0 - - [10/Feb/2026:07:32:17 +0000] "GET /nike-triathlon-k.html HTTP/1.1" 429 267 kenilworthcourt.com "-" "Mozilla/5.0 (compatible; SemrushBot-BA; +http://www.semrush.com/bot.html)" "-"
198.244.168.0 - - [10/Feb/2026:07:32:18 +0000] "GET /california-web-based-casinos-2025-%EF%B8%8F-best-ca-gambling-enterprise-apps/feed HTTP/1.1" 200 967 kenilworthcourt.com "-" "Mozilla/5.0 (compatible; AhrefsBot/7.0; +http://ahrefs.com/robot/)" "-"
85.208.98.0 - - [10/Feb/2026:07:32:30 +0000] "GET /cool-black-hoodies-k.html HTTP/1.1" 429 267 kenilworthcourt.com "-" "Mozilla/5.0 (compatible; SemrushBot-BA; +http://www.semrush.com/bot.html)" "-"
54.38.147.0 - - [10/Feb/2026:07:32:41 +0000] "GET /20bet-login-811/feed HTTP/1.1" 200 814 kenilworthcourt.com "-" "Mozilla/5.0 (compatible; AhrefsBot/7.0; +http://ahrefs.com/robot/)" "-"
91.134.36.0 - - [10/Feb/2026:07:32:53 +0000] "GET /wp-login.php HTTP/1.1" 200 4740 kenilworthcourt.com "-" "Mozilla/5.0 (Windows NT 10.0; Win64; x64) AppleWebKit/537.36 (KHTML, like Gecko) Chrome/130.0.0.0 Safari/537.36" "-"
198.244.226.0 - - [10/Feb/2026:07:33:03 +0000] "GET /hell-spin-nz-154/feed HTTP/1.1" 200 808 kenilworthcourt.com "-" "Mozilla/5.0 (compatible; AhrefsBot/7.0; +http://ahrefs.com/robot/)" "-"
209.127.74.0 - - [10/Feb/2026:07:33:10 +0000] "GET /adu-builders-in-sacramento-2 HTTP/1.1" 200 188952 kenilworthcourt.com "-" "Mozilla/5.0 (Windows NT 10.0; Win64; x64; Xbox; Xbox One) AppleWebKit/537.36 (KHTML, like Gecko) Chrome/114.0.0.0 Safari/537.36 Edge/44.18363.8131" "-"
2a03:2880:f800:: - - [10/Feb/2026:07:33:11 +0000] "GET /black-wolf-slot HTTP/1.1" 200 34421 kenilworthcourt.com "-" "meta-externalagent/1.1 (+https://developers.facebook.com/docs/sharing/webmasters/crawler)" "-"
91.134.36.0 - - [10/Feb/2026:07:33:17 +0000] "POST /wp-login.php HTTP/1.1" 200 5110 kenilworthcourt.com "https://kenilworthcourt.com/wp-login.php" "Mozilla/5.0 (Windows NT 10.0; Win64; x64) AppleWebKit/537.36 (KHTML, like Gecko) Chrome/130.0.0.0 Safari/537.36" "-"
82.165.149.0 - - [10/Feb/2026:07:33:17 +0000] "GET /wp-login.php HTTP/1.1" 200 4740 kenilworthcourt.com "-" "Mozilla/5.0 (Windows NT 10.0; Win64; x64) AppleWebKit/537.36 (KHTML, like Gecko) Chrome/130.0.0.0 Safari/537.36" "-"
198.244.226.0 - - [10/Feb/2026:07:33:21 +0000] "GET /kasino-blos-verifizierung-1-einzahlung-pyramid-schnelle-anonyme-auszahlungen/feed HTTP/1.1" 200 978 kenilworthcourt.com "-" "Mozilla/5.0 (compatible; AhrefsBot/7.0; +http://ahrefs.com/robot/)" "-"
2a03:2880:f800:: - - [10/Feb/2026:07:33:24 +0000] "GET /adobe-after-effects-2023-freeactivated-latest-x32-x64-windows-11-unlimited HTTP/1.1" 200 90746 kenilworthcourt.com "-" "meta-externalagent/1.1 (+https://developers.facebook.com/docs/sharing/webmasters/crawler)" "-"
82.165.149.0 - - [10/Feb/2026:07:33:29 +0000] "POST /wp-login.php HTTP/1.1" 200 5110 kenilworthcourt.com "https://kenilworthcourt.com/wp-login.php" "Mozilla/5.0 (Windows NT 10.0; Win64; x64) AppleWebKit/537.36 (KHTML, like Gecko) Chrome/130.0.0.0 Safari/537.36" "-"
198.244.168.0 - - [10/Feb/2026:07:33:39 +0000] "GET /free-besok-hjemmesiden-spins-uten-bidrag-danselat-hot-scatter-autentisk-aktiva-2025-beste-gratisspinn-casino-inni-norge/feed HTTP/1.1" 200 1104 kenilworthcourt.com "-" "Mozilla/5.0 (compatible; AhrefsBot/7.0; +http://ahrefs.com/robot/)" "-"
51.195.215.0 - - [10/Feb/2026:07:33:55 +0000] "GET /beste-deutsche-verbunden-casinos-2025-ggl-lizenziert-and-serios/feed HTTP/1.1" 200 936 kenilworthcourt.com "-" "Mozilla/5.0 (compatible; AhrefsBot/7.0; +http://ahrefs.com/robot/)" "-"
103.97.124.0 - - [10/Feb/2026:07:34:01 +0000] "GET /wp-login.php HTTP/1.1" 200 4740 kenilworthcourt.com "-" "Mozilla/5.0 (Windows NT 10.0; Win64; x64) AppleWebKit/537.36 (KHTML, like Gecko) Chrome/130.0.0.0 Safari/537.36" "-"
103.97.124.0 - - [10/Feb/2026:07:34:13 +0000] "POST /wp-login.php HTTP/1.1" 200 5572 kenilworthcourt.com "https://kenilworthcourt.com/wp-login.php" "Mozilla/5.0 (Windows NT 10.0; Win64; x64) AppleWebKit/537.36 (KHTML, like Gecko) Chrome/130.0.0.0 Safari/537.36" "-"
51.195.244.0 - - [10/Feb/2026:07:34:15 +0000] "GET /busted-hill-australias-have-a-peek-at-the-hyperlink-gold-urban-area/feed HTTP/1.1" 200 947 kenilworthcourt.com "-" "Mozilla/5.0 (compatible; AhrefsBot/7.0; +http://ahrefs.com/robot/)" "-"
198.244.242.0 - - [10/Feb/2026:07:34:33 +0000] "GET /best-online-blackjack-sites-australia-snap-the-link-now-2024-play-real-cash-blackjack-video-game/feed HTTP/1.1" 200 1034 kenilworthcourt.com "-" "Mozilla/5.0 (compatible; AhrefsBot/7.0; +http://ahrefs.com/robot/)" "-"
198.244.242.0 - - [10/Feb/2026:07:34:46 +0000] "GET /best-betsoft-gambling-big-wins-login-mobi-enterprises-in-the-canada-for-slots-inside-2025/feed HTTP/1.1" 200 1012 kenilworthcourt.com "-" "Mozilla/5.0 (compatible; AhrefsBot/7.0; +http://ahrefs.com/robot/)" "-"
85.208.98.0 - - [10/Feb/2026:07:34:55 +0000] "GET /robots.txt HTTP/1.1" 429 267 kenilworthcourt.com "-" "Mozilla/5.0 (compatible; SemrushBot-BA; +http://www.semrush.com/bot.html)" "-"
198.244.240.0 - - [10/Feb/2026:07:35:03 +0000] "GET /sugar-casino HTTP/1.1" 200 30450 kenilworthcourt.com "-" "Mozilla/5.0 (compatible; AhrefsBot/7.0; +http://ahrefs.com/robot/)" "-"
66.249.68.0 - - [10/Feb/2026:07:35:08 +0000] "GET /soar-to-new-heights-and-cash-out-before-the-plane-flies-with HTTP/1.1" 200 36664 kenilworthcourt.com "-" "Mozilla/5.0 (Linux; Android 6.0.1; Nexus 5X Build/MMB29P) AppleWebKit/537.36 (KHTML, like Gecko) Chrome/144.0.7559.132 Mobile Safari/537.36 (compatible; Googlebot/2.1; +http://www.google.com/bot.html)" "-"
66.249.68.0 - - [10/Feb/2026:07:35:08 +0000] "GET /robots.txt HTTP/1.1" 200 120 kenilworthcourt.com "-" "Mozilla/5.0 (compatible; Googlebot/2.1; +http://www.google.com/bot.html)" "-"
51.195.183.0 - - [10/Feb/2026:07:35:17 +0000] "GET /phone-call-of-ones-colosseum-video-clips-amaya-slot-machine-game HTTP/1.1" 200 35243 kenilworthcourt.com "-" "Mozilla/5.0 (compatible; AhrefsBot/7.0; +http://ahrefs.com/robot/)" "-"
85.208.98.0 - - [10/Feb/2026:07:35:34 +0000] "GET /matte-grey-k.html HTTP/1.1" 429 267 kenilworthcourt.com "-" "Mozilla/5.0 (compatible; SemrushBot-BA; +http://www.semrush.com/bot.html)" "-"
54.38.147.0 - - [10/Feb/2026:07:35:34 +0000] "GET /tag/fortune-gems-online-casino HTTP/1.1" 200 178416 kenilworthcourt.com "-" "Mozilla/5.0 (compatible; AhrefsBot/7.0; +http://ahrefs.com/robot/)" "-"
149.5.246.0 - - [10/Feb/2026:07:35:50 +0000] "GET /wp-login.php HTTP/1.1" 200 4740 kenilworthcourt.com "-" "Mozilla/5.0 (Windows NT 10.0; Win64; x64) AppleWebKit/537.36 (KHTML, like Gecko) Chrome/130.0.0.0 Safari/537.36" "-"
51.195.215.0 - - [10/Feb/2026:07:35:50 +0000] "GET /finest-online-gambling-canada-finest-sites-casino-jackpotcity-the-real-deal-profit-2025 HTTP/1.1" 200 34726 kenilworthcourt.com "-" "Mozilla/5.0 (compatible; AhrefsBot/7.0; +http://ahrefs.com/robot/)" "-"
149.5.246.0 - - [10/Feb/2026:07:36:02 +0000] "POST /wp-login.php HTTP/1.1" 200 5572 kenilworthcourt.com "https://kenilworthcourt.com/wp-login.php" "Mozilla/5.0 (Windows NT 10.0; Win64; x64) AppleWebKit/537.36 (KHTML, like Gecko) Chrome/130.0.0.0 Safari/537.36" "-"
51.89.129.0 - - [10/Feb/2026:07:36:05 +0000] "GET /auf-der-huhnerstrase-sind-die-preise-gefragt HTTP/1.1" 200 33241 kenilworthcourt.com "-" "Mozilla/5.0 (compatible; AhrefsBot/7.0; +http://ahrefs.com/robot/)" "-"
198.244.226.0 - - [10/Feb/2026:07:36:17 +0000] "GET /category/uncategorized/page/87 HTTP/1.1" 200 95920 kenilworthcourt.com "-" "Mozilla/5.0 (compatible; AhrefsBot/7.0; +http://ahrefs.com/robot/)" "-"
51.195.215.0 - - [10/Feb/2026:07:36:31 +0000] "GET /category/uncategorized/page/21 HTTP/1.1" 200 459715 kenilworthcourt.com "-" "Mozilla/5.0 (compatible; AhrefsBot/7.0; +http://ahrefs.com/robot/)" "-"
209.235.136.0 - - [10/Feb/2026:07:36:32 +0000] "GET /wp-login.php HTTP/1.1" 200 4740 kenilworthcourt.com "-" "Mozilla/5.0 (Windows NT 10.0; Win64; x64) AppleWebKit/537.36 (KHTML, like Gecko) Chrome/130.0.0.0 Safari/537.36" "-"
51.89.129.0 - - [10/Feb/2026:07:36:44 +0000] "GET /20-bet-promo-code-630 HTTP/1.1" 200 39788 kenilworthcourt.com "-" "Mozilla/5.0 (compatible; AhrefsBot/7.0; +http://ahrefs.com/robot/)" "-"
198.244.226.0 - - [10/Feb/2026:07:36:55 +0000] "GET /bet-safe-casino-264 HTTP/1.1" 200 37348 kenilworthcourt.com "-" "Mozilla/5.0 (compatible; AhrefsBot/7.0; +http://ahrefs.com/robot/)" "-"
198.244.242.0 - - [10/Feb/2026:07:37:11 +0000] "GET /tag/8k8-vip-slot HTTP/1.1" 200 158153 kenilworthcourt.com "-" "Mozilla/5.0 (compatible; AhrefsBot/7.0; +http://ahrefs.com/robot/)" "-"
194.41.120.0 - - [10/Feb/2026:07:37:14 +0000] "GET / HTTP/1.1" 301 276 kenilworthcourt.com "-" "Mozilla/5.0 (Windows NT 10.0; Win64; x64) AppleWebKit/537.36 (KHTML, like Gecko) Chrome/142.0.7444.163 Safari/537.36" "-"
92.255.52.0 - - [10/Feb/2026:07:37:14 +0000] "GET / HTTP/1.1" 200 32153 kenilworthcourt.com "-" "Mozilla/5.0 (Windows NT 10.0; Win64; x64) AppleWebKit/537.36 (KHTML, like Gecko) Chrome/142.0.7444.163 Safari/537.36" "-"
54.38.153.0 - - [10/Feb/2026:07:37:15 +0000] "GET / HTTP/1.1" 301 276 kenilworthcourt.com "-" "Mozilla/5.0 (Windows NT 10.0; Win64; x64) AppleWebKit/537.36 (KHTML, like Gecko) Chrome/142.0.7444.163 Safari/537.36" "-"
54.38.153.0 - - [10/Feb/2026:07:37:15 +0000] "GET / HTTP/1.1" 200 32153 kenilworthcourt.com "-" "Mozilla/5.0 (Windows NT 10.0; Win64; x64) AppleWebKit/537.36 (KHTML, like Gecko) Chrome/142.0.7444.163 Safari/537.36" "-"
51.195.244.0 - - [10/Feb/2026:07:37:25 +0000] "GET /on-the-internet-roulette-totally-free-play-zero-registration-expected/feed HTTP/1.1" 200 954 kenilworthcourt.com "-" "Mozilla/5.0 (compatible; AhrefsBot/7.0; +http://ahrefs.com/robot/)" "-"
51.195.215.0 - - [10/Feb/2026:07:37:41 +0000] "GET /multihand-black-jack-from-the-pragmatic-play-trial-gamble-totally-free-casino-video-game/feed HTTP/1.1" 200 1009 kenilworthcourt.com "-" "Mozilla/5.0 (compatible; AhrefsBot/7.0; +http://ahrefs.com/robot/)" "-"
51.195.183.0 - - [10/Feb/2026:07:37:58 +0000] "GET /lost-island-slot-machine-play-sharky-slot-free-spins-the-netent-protestation-for-free HTTP/1.1" 200 34090 kenilworthcourt.com "-" "Mozilla/5.0 (compatible; AhrefsBot/7.0; +http://ahrefs.com/robot/)" "-"
51.195.215.0 - - [10/Feb/2026:07:38:15 +0000] "GET /wildz-casino-explore-premier-rtp-games-on-the-internet HTTP/1.1" 200 33619 kenilworthcourt.com "-" "Mozilla/5.0 (compatible; AhrefsBot/7.0; +http://ahrefs.com/robot/)" "-"
37.140.223.0 - - [10/Feb/2026:07:38:25 +0000] "POST /wp-login.php HTTP/1.1" 200 5110 kenilworthcourt.com "-" "Mozilla/5.0" "-"
37.140.223.0 - - [10/Feb/2026:07:38:25 +0000] "POST /wp-login.php HTTP/1.1" 200 5162 kenilworthcourt.com "-" "Mozilla/5.0" "-"
54.38.147.0 - - [10/Feb/2026:07:38:33 +0000] "GET /top-ten-casino-gambling-internet-sites-the-reel-spinner-slot-free-spins-real-deal-profit-the-united-states-2025 HTTP/1.1" 200 36648 kenilworthcourt.com "-" "Mozilla/5.0 (compatible; AhrefsBot/7.0; +http://ahrefs.com/robot/)" "-"
66.249.68.0 - - [10/Feb/2026:07:38:45 +0000] "GET /robots.txt HTTP/1.1" 200 120 kenilworthcourt.com "-" "Mozilla/5.0 (compatible; Googlebot/2.1; +http://www.google.com/bot.html)" "-"
66.249.68.0 - - [10/Feb/2026:07:38:45 +0000] "GET /spanningende-prijzen-vallen-win-met-plinko-en-stel-je-inzet HTTP/1.1" 200 36891 kenilworthcourt.com "-" "Mozilla/5.0 (Linux; Android 6.0.1; Nexus 5X Build/MMB29P) AppleWebKit/537.36 (KHTML, like Gecko) Chrome/144.0.7559.132 Mobile Safari/537.36 (compatible; Googlebot/2.1; +http://www.google.com/bot.html)" "-"
198.244.242.0 - - [10/Feb/2026:07:38:46 +0000] "GET /a-knowledgeable-internet-poker-incentives-in-the-us-for-2025/feed HTTP/1.1" 200 925 kenilworthcourt.com "-" "Mozilla/5.0 (compatible; AhrefsBot/7.0; +http://ahrefs.com/robot/)" "-"
198.244.226.0 - - [10/Feb/2026:07:38:59 +0000] "GET /category/188bet-250-646 HTTP/1.1" 200 65429 kenilworthcourt.com "-" "Mozilla/5.0 (compatible; AhrefsBot/7.0; +http://ahrefs.com/robot/)" "-"
14.165.124.0 - - [10/Feb/2026:07:39:01 +0000] "GET /freispiele-im-spielbank-erhalten-eltern-free-spins-blos-einzahlung HTTP/1.1" 200 37378 kenilworthcourt.com "-" "Mozilla/5.0 (Macintosh; Intel Mac OS X 10_7_5) AppleWebKit/537.36 (KHTML, like Gecko) Chrome/27.0.1453.93 Safari/537.36" "-"
162.241.242.0 - - [10/Feb/2026:07:39:13 +0000] "GET /wp-login.php HTTP/1.1" 200 4740 kenilworthcourt.com "-" "Mozilla/5.0 (Windows NT 10.0; Win64; x64) AppleWebKit/537.36 (KHTML, like Gecko) Chrome/130.0.0.0 Safari/537.36" "-"
198.244.242.0 - - [10/Feb/2026:07:39:17 +0000] "GET /energykasyno-475 HTTP/1.1" 200 37028 kenilworthcourt.com "-" "Mozilla/5.0 (compatible; AhrefsBot/7.0; +http://ahrefs.com/robot/)" "-"
51.195.215.0 - - [10/Feb/2026:07:39:35 +0000] "GET /tag/galactic-wins-casino-login HTTP/1.1" 200 161521 kenilworthcourt.com "-" "Mozilla/5.0 (compatible; AhrefsBot/7.0; +http://ahrefs.com/robot/)" "-"
162.241.242.0 - - [10/Feb/2026:07:39:37 +0000] "POST /wp-login.php HTTP/1.1" 200 5110 kenilworthcourt.com "https://kenilworthcourt.com/wp-login.php" "Mozilla/5.0 (Windows NT 10.0; Win64; x64) AppleWebKit/537.36 (KHTML, like Gecko) Chrome/130.0.0.0 Safari/537.36" "-"
2a03:2880:f800:: - - [10/Feb/2026:07:39:40 +0000] "GET /infinity-casino-play-smarter-succeed-quicker-and-relish-additional-in-canada HTTP/1.1" 200 40592 kenilworthcourt.com "-" "meta-externalagent/1.1 (+https://developers.facebook.com/docs/sharing/webmasters/crawler)" "-"
198.244.226.0 - - [10/Feb/2026:07:39:55 +0000] "GET /20-bet-bet-181 HTTP/1.1" 200 45565 kenilworthcourt.com "-" "Mozilla/5.0 (compatible; AhrefsBot/7.0; +http://ahrefs.com/robot/)" "-"
52.140.96.0 - - [10/Feb/2026:07:40:00 +0000] "GET /wp-login.php HTTP/1.1" 200 4740 kenilworthcourt.com "-" "Mozilla/5.0 (Windows NT 10.0; Win64; x64) AppleWebKit/537.36 (KHTML, like Gecko) Chrome/130.0.0.0 Safari/537.36" "-"
198.244.242.0 - - [10/Feb/2026:07:40:08 +0000] "GET /ihr-eingang-zu-jackpot-unterhaltung-fuer-deutschland-im-rodeo-slots-casino HTTP/1.1" 200 37721 kenilworthcourt.com "-" "Mozilla/5.0 (compatible; AhrefsBot/7.0; +http://ahrefs.com/robot/)" "-"
85.208.98.0 - - [10/Feb/2026:07:40:12 +0000] "GET /robots.txt HTTP/1.1" 429 267 kenilworthcourt.com "-" "Mozilla/5.0 (compatible; SemrushBot-BA; +http://www.semrush.com/bot.html)" "-"
198.244.168.0 - - [10/Feb/2026:07:40:25 +0000] "GET /betriot-app-24 HTTP/1.1" 200 46483 kenilworthcourt.com "-" "Mozilla/5.0 (compatible; AhrefsBot/7.0; +http://ahrefs.com/robot/)" "-"
198.244.183.0 - - [10/Feb/2026:07:40:45 +0000] "GET /%D0%BA%D0%BB%D0%B5%D0%BD%D0%B1%D1%83%D1%82%D0%B5%D1%80%D0%BE%D0%BB-%D0%B2-%D0%B1%D0%BE%D0%B4%D0%B8%D0%B1%D0%B8%D0%BB%D0%B4%D0%B8%D0%BD%D0%B3%D0%B5-%D1%87%D1%82%D0%BE-%D0%BD%D1%83%D0%B6%D0%BD%D0%BE HTTP/1.1" 200 31953 kenilworthcourt.com "-" "Mozilla/5.0 (compatible; AhrefsBot/7.0; +http://ahrefs.com/robot/)" "-"
157.173.203.0 - - [10/Feb/2026:07:40:48 +0000] "GET /wp-login.php HTTP/1.1" 200 4740 kenilworthcourt.com "-" "Mozilla/5.0 (Windows NT 10.0; Win64; x64) AppleWebKit/537.36 (KHTML, like Gecko) Chrome/130.0.0.0 Safari/537.36" "-"
51.89.129.0 - - [10/Feb/2026:07:41:00 +0000] "GET /category/hellspin-kasyno-883 HTTP/1.1" 200 58339 kenilworthcourt.com "-" "Mozilla/5.0 (compatible; AhrefsBot/7.0; +http://ahrefs.com/robot/)" "-"
198.244.240.0 - - [10/Feb/2026:07:41:19 +0000] "GET /enjoy-dragon-maiden-position-jungle-wild-slot-machine-free-spins-no-deposit-welcome-bonus HTTP/1.1" 200 35562 kenilworthcourt.com "-" "Mozilla/5.0 (compatible; AhrefsBot/7.0; +http://ahrefs.com/robot/)" "-"
50.16.248.0 - - [10/Feb/2026:07:41:30 +0000] "GET /uptown-pokies-login-273 HTTP/1.1" 200 44953 kenilworthcourt.com "-" "Mozilla/5.0 AppleWebKit/537.36 (KHTML, like Gecko; compatible; Amazonbot/0.1; +https://developer.amazon.com/support/amazonbot) Chrome/119.0.6045.214 Safari/537.36" "-"
198.244.226.0 - - [10/Feb/2026:07:41:33 +0000] "GET /play-caribbean-stud-poker-real-time-during-the-us-live-gonzos-quest-casino-specialist-gambling-enterprises HTTP/1.1" 200 38176 kenilworthcourt.com "-" "Mozilla/5.0 (compatible; AhrefsBot/7.0; +http://ahrefs.com/robot/)" "-"
52.45.77.0 - - [10/Feb/2026:07:41:35 +0000] "GET /20-bet-app-218 HTTP/1.1" 200 41709 kenilworthcourt.com "-" "Mozilla/5.0 AppleWebKit/537.36 (KHTML, like Gecko; compatible; Amazonbot/0.1; +https://developer.amazon.com/support/amazonbot) Chrome/119.0.6045.214 Safari/537.36" "-"
3.222.190.0 - - [10/Feb/2026:07:41:38 +0000] "GET /fb-777-login-492 HTTP/1.1" 200 43820 kenilworthcourt.com "-" "Mozilla/5.0 AppleWebKit/537.36 (KHTML, like Gecko; compatible; Amazonbot/0.1; +https://developer.amazon.com/support/amazonbot) Chrome/119.0.6045.214 Safari/537.36" "-"
34.197.28.0 - - [10/Feb/2026:07:41:43 +0000] "GET /the-evolution-of-fishing-from-marathons-to-modern-games-16 HTTP/1.1" 200 45266 kenilworthcourt.com "-" "Mozilla/5.0 AppleWebKit/537.36 (KHTML, like Gecko; compatible; Amazonbot/0.1; +https://developer.amazon.com/support/amazonbot) Chrome/119.0.6045.214 Safari/537.36" "-"
54.85.109.0 - - [10/Feb/2026:07:41:47 +0000] "GET /get-your-beak-wet-with-our-comprehensive-guide-to-stake-chicken HTTP/1.1" 200 27619 kenilworthcourt.com "-" "Mozilla/5.0 AppleWebKit/537.36 (KHTML, like Gecko; compatible; Amazonbot/0.1; +https://developer.amazon.com/support/amazonbot) Chrome/119.0.6045.214 Safari/537.36" "-"
3.90.73.0 - - [10/Feb/2026:07:41:50 +0000] "GET /win-big-in-golden-land-slot-ancient-temple-riches-awaits HTTP/1.1" 200 35610 kenilworthcourt.com "-" "Mozilla/5.0 AppleWebKit/537.36 (KHTML, like Gecko; compatible; Amazonbot/0.1; +https://developer.amazon.com/support/amazonbot) Chrome/119.0.6045.214 Safari/537.36" "-"
198.244.183.0 - - [10/Feb/2026:07:41:51 +0000] "GET /tag/queen777-login HTTP/1.1" 200 72505 kenilworthcourt.com "-" "Mozilla/5.0 (compatible; AhrefsBot/7.0; +http://ahrefs.com/robot/)" "-"
52.70.209.0 - - [10/Feb/2026:07:41:54 +0000] "GET /office-ltsc-massgrave-heidoc-v16-90-to%F0%9D%9A%9Brent HTTP/1.1" 200 103811 kenilworthcourt.com "-" "Mozilla/5.0 AppleWebKit/537.36 (KHTML, like Gecko; compatible; Amazonbot/0.1; +https://developer.amazon.com/support/amazonbot) Chrome/119.0.6045.214 Safari/537.36" "-"
52.2.58.0 - - [10/Feb/2026:07:41:58 +0000] "GET /office-2016-home-student-kms38-mega-no-license-key-needed-slim-kms-vl-all-to%F0%9D%9A%9Brent-dow%F0%9D%9A%97l%F0%9D%9A%98ad HTTP/1.1" 200 102382 kenilworthcourt.com "-" "Mozilla/5.0 AppleWebKit/537.36 (KHTML, like Gecko; compatible; Amazonbot/0.1; +https://developer.amazon.com/support/amazonbot) Chrome/119.0.6045.214 Safari/537.36" "-"
18.210.58.0 - - [10/Feb/2026:07:42:03 +0000] "GET /exploring-the-world-of-online-slots-at-reef-reels-casino HTTP/1.1" 200 32262 kenilworthcourt.com "-" "Mozilla/5.0 AppleWebKit/537.36 (KHTML, like Gecko; compatible; Amazonbot/0.1; +https://developer.amazon.com/support/amazonbot) Chrome/119.0.6045.214 Safari/537.36" "-"
52.200.58.0 - - [10/Feb/2026:07:42:07 +0000] "GET /play-sweet-bonanza-a-thousand-on-the-internet-slot HTTP/1.1" 200 36661 kenilworthcourt.com "-" "Mozilla/5.0 AppleWebKit/537.36 (KHTML, like Gecko; compatible; Amazonbot/0.1; +https://developer.amazon.com/support/amazonbot) Chrome/119.0.6045.214 Safari/537.36" "-"
198.244.183.0 - - [10/Feb/2026:07:42:08 +0000] "GET /nv-casino-no-deposit-bonus-488 HTTP/1.1" 200 35613 kenilworthcourt.com "-" "Mozilla/5.0 (compatible; AhrefsBot/7.0; +http://ahrefs.com/robot/)" "-"
52.7.33.0 - - [10/Feb/2026:07:42:10 +0000] "GET /best-the-newest-zealand-online-slots-to-try-out-2025 HTTP/1.1" 200 35640 kenilworthcourt.com "-" "Mozilla/5.0 AppleWebKit/537.36 (KHTML, like Gecko; compatible; Amazonbot/0.1; +https://developer.amazon.com/support/amazonbot) Chrome/119.0.6045.214 Safari/537.36" "-"
45.79.180.0 - - [10/Feb/2026:07:42:23 +0000] "GET /feed HTTP/1.1" 304 - kenilworthcourt.com "-" "MuckRackFeedParser/1.0 +https://muckrack.com" "-"
51.89.129.0 - - [10/Feb/2026:07:42:28 +0000] "GET /fruit-deluxe-easter-version-slot-by-spinomenal-rtp-95-06-casino-alf-slots-gamble HTTP/1.1" 200 35739 kenilworthcourt.com "-" "Mozilla/5.0 (compatible; AhrefsBot/7.0; +http://ahrefs.com/robot/)" "-"
192.250.224.0 - - [10/Feb/2026:07:42:28 +0000] "GET /wp-login.php HTTP/1.1" 200 4740 kenilworthcourt.com "-" "Mozilla/5.0 (Windows NT 10.0; Win64; x64) AppleWebKit/537.36 (KHTML, like Gecko) Chrome/130.0.0.0 Safari/537.36" "-"
54.38.147.0 - - [10/Feb/2026:07:42:45 +0000] "GET /starz-888-casino-531 HTTP/1.1" 200 37658 kenilworthcourt.com "-" "Mozilla/5.0 (compatible; AhrefsBot/7.0; +http://ahrefs.com/robot/)" "-"
198.244.183.0 - - [10/Feb/2026:07:42:58 +0000] "GET /strategische-samenwerking-gevormd-napoleon-casino-werkt-samen-met-reuzen-voor-groei-in-belgie HTTP/1.1" 200 40722 kenilworthcourt.com "-" "Mozilla/5.0 (compatible; AhrefsBot/7.0; +http://ahrefs.com/robot/)" "-"
209.235.136.0 - - [10/Feb/2026:07:42:59 +0000] "GET /wp-login.php HTTP/1.1" 200 4740 kenilworthcourt.com "-" "Mozilla/5.0 (Windows NT 10.0; Win64; x64) AppleWebKit/537.36 (KHTML, like Gecko) Chrome/130.0.0.0 Safari/537.36" "-"
209.235.136.0 - - [10/Feb/2026:07:43:11 +0000] "POST /wp-login.php HTTP/1.1" 200 5110 kenilworthcourt.com "https://kenilworthcourt.com/wp-login.php" "Mozilla/5.0 (Windows NT 10.0; Win64; x64) AppleWebKit/537.36 (KHTML, like Gecko) Chrome/130.0.0.0 Safari/537.36" "-"
198.244.242.0 - - [10/Feb/2026:07:43:20 +0000] "GET /turbo-winz-casino-gioco-mobile-fluida-sullapp-del-casino-in-italia HTTP/1.1" 200 39050 kenilworthcourt.com "-" "Mozilla/5.0 (compatible; AhrefsBot/7.0; +http://ahrefs.com/robot/)" "-"
198.244.168.0 - - [10/Feb/2026:07:43:37 +0000] "GET /unibet-casino-tarjoilee-nopeat-maksut-ja-suuret-palkkiot-suomen-pelaajille HTTP/1.1" 200 40844 kenilworthcourt.com "-" "Mozilla/5.0 (compatible; AhrefsBot/7.0; +http://ahrefs.com/robot/)" "-"
198.244.183.0 - - [10/Feb/2026:07:43:55 +0000] "GET /category/8xbet-man-city-990 HTTP/1.1" 200 57029 kenilworthcourt.com "-" "Mozilla/5.0 (compatible; AhrefsBot/7.0; +http://ahrefs.com/robot/)" "-"
51.195.183.0 - - [10/Feb/2026:07:44:11 +0000] "GET /epic-egyptian-heroes-slot-sites-trip-position-review-gamble-100-percent-free-demo-2025 HTTP/1.1" 200 36197 kenilworthcourt.com "-" "Mozilla/5.0 (compatible; AhrefsBot/7.0; +http://ahrefs.com/robot/)" "-"
217.154.105.0 - - [10/Feb/2026:07:44:12 +0000] "GET /wp-login.php HTTP/1.1" 200 4740 kenilworthcourt.com "-" "Mozilla/5.0 (Windows NT 10.0; Win64; x64) AppleWebKit/537.36 (KHTML, like Gecko) Chrome/130.0.0.0 Safari/537.36" "-"
217.154.105.0 - - [10/Feb/2026:07:44:24 +0000] "POST /wp-login.php HTTP/1.1" 200 5572 kenilworthcourt.com "https://kenilworthcourt.com/wp-login.php" "Mozilla/5.0 (Windows NT 10.0; Win64; x64) AppleWebKit/537.36 (KHTML, like Gecko) Chrome/130.0.0.0 Safari/537.36" "-"
198.244.242.0 - - [10/Feb/2026:07:44:29 +0000] "GET /betriot-casino-italy-654 HTTP/1.1" 200 47456 kenilworthcourt.com "-" "Mozilla/5.0 (compatible; AhrefsBot/7.0; +http://ahrefs.com/robot/)" "-"
51.89.129.0 - - [10/Feb/2026:07:44:42 +0000] "GET /category/fb-777-casino-login-215 HTTP/1.1" 200 65623 kenilworthcourt.com "-" "Mozilla/5.0 (compatible; AhrefsBot/7.0; +http://ahrefs.com/robot/)" "-"
162.55.14.0 - - [10/Feb/2026:07:44:48 +0000] "GET /wp-login.php HTTP/1.1" 200 4740 kenilworthcourt.com "-" "Mozilla/5.0 (Windows NT 10.0; Win64; x64) AppleWebKit/537.36 (KHTML, like Gecko) Chrome/130.0.0.0 Safari/537.36" "-"
51.89.129.0 - - [10/Feb/2026:07:44:55 +0000] "GET /intertops-buffalo-gold-mobile-casino-classic-safer-gaming-that-have-bitcoin-bonuses HTTP/1.1" 200 38669 kenilworthcourt.com "-" "Mozilla/5.0 (compatible; AhrefsBot/7.0; +http://ahrefs.com/robot/)" "-"
162.55.14.0 - - [10/Feb/2026:07:45:00 +0000] "POST /wp-login.php HTTP/1.1" 200 5110 kenilworthcourt.com "https://kenilworthcourt.com/wp-login.php" "Mozilla/5.0 (Windows NT 10.0; Win64; x64) AppleWebKit/537.36 (KHTML, like Gecko) Chrome/130.0.0.0 Safari/537.36" "-"
209.235.136.0 - - [10/Feb/2026:07:45:01 +0000] "GET /wp-login.php HTTP/1.1" 200 4740 kenilworthcourt.com "-" "Mozilla/5.0 (Windows NT 10.0; Win64; x64) AppleWebKit/537.36 (KHTML, like Gecko) Chrome/130.0.0.0 Safari/537.36" "-"
85.208.98.0 - - [10/Feb/2026:07:45:08 +0000] "GET /black-and-white-earrings-k.html HTTP/1.1" 429 267 kenilworthcourt.com "-" "Mozilla/5.0 (compatible; SemrushBot-BA; +http://www.semrush.com/bot.html)" "-"
198.244.240.0 - - [10/Feb/2026:07:45:11 +0000] "GET /online-slots-play-gambling-enterprise-slot-machine-joker-pro-mobile-slot-games-for-fun HTTP/1.1" 200 36625 kenilworthcourt.com "-" "Mozilla/5.0 (compatible; AhrefsBot/7.0; +http://ahrefs.com/robot/)" "-"
209.235.136.0 - - [10/Feb/2026:07:45:13 +0000] "POST /wp-login.php HTTP/1.1" 200 5110 kenilworthcourt.com "https://kenilworthcourt.com/wp-login.php" "Mozilla/5.0 (Windows NT 10.0; Win64; x64) AppleWebKit/537.36 (KHTML, like Gecko) Chrome/130.0.0.0 Safari/537.36" "-"
79.184.153.0 - - [10/Feb/2026:07:45:14 +0000] "GET /wp-login.php HTTP/1.1" 200 4740 kenilworthcourt.com "-" "Mozilla/5.0 (Windows NT 10.0; Win64; x64) AppleWebKit/537.36 (KHTML, like Gecko) Chrome/130.0.0.0 Safari/537.36" "-"
85.208.98.0 - - [10/Feb/2026:07:45:26 +0000] "GET /evil-eye-pendant-k.html HTTP/1.1" 429 267 kenilworthcourt.com "-" "Mozilla/5.0 (compatible; SemrushBot-BA; +http://www.semrush.com/bot.html)" "-"
79.184.153.0 - - [10/Feb/2026:07:45:26 +0000] "POST /wp-login.php HTTP/1.1" 200 5110 kenilworthcourt.com "https://kenilworthcourt.com/wp-login.php" "Mozilla/5.0 (Windows NT 10.0; Win64; x64) AppleWebKit/537.36 (KHTML, like Gecko) Chrome/130.0.0.0 Safari/537.36" "-"
51.195.215.0 - - [10/Feb/2026:07:45:32 +0000] "GET /category/20-bet-app-240 HTTP/1.1" 200 63190 kenilworthcourt.com "-" "Mozilla/5.0 (compatible; AhrefsBot/7.0; +http://ahrefs.com/robot/)" "-"
209.235.136.0 - - [10/Feb/2026:07:45:33 +0000] "GET /wp-login.php HTTP/1.1" 200 4740 kenilworthcourt.com "-" "Mozilla/5.0 (Windows NT 10.0; Win64; x64) AppleWebKit/537.36 (KHTML, like Gecko) Chrome/130.0.0.0 Safari/537.36" "-"
209.141.32.0 - - [10/Feb/2026:07:45:37 +0000] "GET /wp-content/plugins/login-customizer/readme.txt HTTP/1.1" 404 236 kenilworthcourt.com "-" "Mozilla/5.0 (Windows NT 10.0; Win64; x64) AppleWebKit/537.36 (KHTML, like Gecko) Chrome/120.1.2.3 Safari/537.36 Edg/121.0.623.86" "-"
85.208.98.0 - - [10/Feb/2026:07:45:45 +0000] "GET /robots.txt HTTP/1.1" 429 267 kenilworthcourt.com "-" "Mozilla/5.0 (compatible; SemrushBot-BA; +http://www.semrush.com/bot.html)" "-"
51.195.244.0 - - [10/Feb/2026:07:45:51 +0000] "GET /better-us-sportsbook-deposit-bonuses-as-much-as-step-1one-hundred-slot-games-tomb-raider-thousand-2025 HTTP/1.1" 200 37217 kenilworthcourt.com "-" "Mozilla/5.0 (compatible; AhrefsBot/7.0; +http://ahrefs.com/robot/)" "-"
209.235.136.0 - - [10/Feb/2026:07:45:57 +0000] "POST /wp-login.php HTTP/1.1" 200 5110 kenilworthcourt.com "https://kenilworthcourt.com/wp-login.php" "Mozilla/5.0 (Windows NT 10.0; Win64; x64) AppleWebKit/537.36 (KHTML, like Gecko) Chrome/130.0.0.0 Safari/537.36" "-"
51.195.244.0 - - [10/Feb/2026:07:46:09 +0000] "GET /giros-regalado-sobre-casino-referente-a-peru-top-88-fortunes-giros-sin-ranura-tres-para-los-lugares-cual-deben-esa-bono HTTP/1.1" 200 44941 kenilworthcourt.com "-" "Mozilla/5.0 (compatible; AhrefsBot/7.0; +http://ahrefs.com/robot/)" "-"
198.244.226.0 - - [10/Feb/2026:07:46:29 +0000] "GET /winspark-it-91 HTTP/1.1" 200 41937 kenilworthcourt.com "-" "Mozilla/5.0 (compatible; AhrefsBot/7.0; +http://ahrefs.com/robot/)" "-"
154.86.113.0 - - [10/Feb/2026:07:46:46 +0000] "GET /wp-login.php HTTP/1.1" 301 276 kenilworthcourt.com "-" "Mozilla/5.0 (Windows NT 10.0; Win64; x64; rv:138.0) Gecko/20100101 Firefox/138.0" "-"
54.38.147.0 - - [10/Feb/2026:07:46:46 +0000] "GET /the-newest-buffalo-michigan-cannabis-diet-plan-king-of-budz-dispensary-in-the-michigan HTTP/1.1" 200 34918 kenilworthcourt.com "-" "Mozilla/5.0 (compatible; AhrefsBot/7.0; +http://ahrefs.com/robot/)" "-"
156.239.205.0 - - [10/Feb/2026:07:46:47 +0000] "GET / HTTP/1.1" 200 32153 kenilworthcourt.com "http://kenilworthcourt.com/wp-login.php" "Mozilla/5.0 (Windows NT 10.0; Win64; x64; rv:138.0) Gecko/20100101 Firefox/138.0" "-"
156.249.126.0 - - [10/Feb/2026:07:46:48 +0000] "GET /my-account/ HTTP/1.1" 301 276 kenilworthcourt.com "-" "Mozilla/5.0 (Windows NT 10.0; Win64; x64; rv:138.0) Gecko/20100101 Firefox/138.0" "-"
154.86.113.0 - - [10/Feb/2026:07:46:48 +0000] "GET / HTTP/1.1" 200 32153 kenilworthcourt.com "http://kenilworthcourt.com/my-account/" "Mozilla/5.0 (Windows NT 10.0; Win64; x64; rv:138.0) Gecko/20100101 Firefox/138.0" "-"
